[INFO] fetching crate jsonrpc_v2_client 0.2.1...
[INFO] testing jsonrpc_v2_client-0.2.1 against 1.99.0-beta.8+cargoflags=--release for beta-release-1.100-2
[INFO] extracting crate jsonrpc_v2_client 0.2.1 into /workspace/builds/worker-3-tc1/source
[INFO] started tweaking crates.io crate jsonrpc_v2_client 0.2.1
[INFO] finished tweaking crates.io crate jsonrpc_v2_client 0.2.1
[INFO] tweaked toml for crates.io crate jsonrpc_v2_client 0.2.1 written to /workspace/builds/worker-3-tc1/source/Cargo.toml
[INFO] validating manifest of crates.io crate jsonrpc_v2_client 0.2.1 on toolchain 1.99.0-beta.8
[INFO] running `Command { std: CARGO_HOME="/workspace/cargo-home" RUSTUP_HOME="/workspace/rustup-home" "/workspace/cargo-home/bin/cargo" "+1.99.0-beta.8" "metadata" "--manifest-path" "Cargo.toml" "--no-deps", kill_on_drop: false }`
[INFO] running `Command { std: CARGO_HOME="/workspace/cargo-home" RUSTUP_HOME="/workspace/rustup-home" "/workspace/cargo-home/bin/cargo" "+1.99.0-beta.8" "generate-lockfile" "--manifest-path" "Cargo.toml", kill_on_drop: false }`
[INFO] [stderr]     Blocking waiting for file lock on package cache
[INFO] [stderr]     Updating crates.io index
[INFO] [stderr]     Blocking waiting for file lock on package cache
[INFO] [stderr]      Locking 63 packages to highest compatible versions
[INFO] running `Command { std: CARGO_HOME="/workspace/cargo-home" RUSTUP_HOME="/workspace/rustup-home" "/workspace/cargo-home/bin/cargo" "+1.99.0-beta.8" "fetch" "--manifest-path" "Cargo.toml", kill_on_drop: false }`
[INFO] running `Command { std: "docker" "create" "-v" "/var/lib/crater-agent-workspace/builds/worker-3-tc1/source:/opt/rustwide/workdir:ro,Z" "-v" "/var/lib/crater-agent-workspace/builds/worker-3-tc1/target:/opt/rustwide/target:rw,Z" "-v" "/var/lib/crater-agent-workspace/cargo-home:/opt/rustwide/cargo-home:ro,Z" "-v" "/var/lib/crater-agent-workspace/rustup-home:/opt/rustwide/rustup-home:ro,Z" "-m" "1610612736" "--network" "none" "ghcr.io/rust-lang/crates-build-env/linux@sha256:77db811e55d90add9212f6832c23229e3de5f1c1f9905e8cb07319ea15df73ac" "sleep" "infinity", kill_on_drop: false }`
[INFO] [stdout] 3369ffda40fa968bf99c2712248dd325500f42db28fac9ca3b292a58d0418c83
[INFO] running `Command { std: "docker" "start" "3369ffda40fa968bf99c2712248dd325500f42db28fac9ca3b292a58d0418c83", kill_on_drop: false }`
[INFO] running `Command { std: "docker" "inspect" "3369ffda40fa968bf99c2712248dd325500f42db28fac9ca3b292a58d0418c83", kill_on_drop: false }`
[INFO] running `Command { std: "docker" "exec" "-e" "SOURCE_DIR=/opt/rustwide/workdir" "-e" "CARGO_HOME=/opt/rustwide/cargo-home" "-e" "RUSTUP_HOME=/opt/rustwide/rustup-home" "-e" "CARGO_TARGET_DIR=/opt/rustwide/target" "-w" "/opt/rustwide/workdir" "--user" "0:0" "3369ffda40fa968bf99c2712248dd325500f42db28fac9ca3b292a58d0418c83" "/opt/rustwide/cargo-home/bin/cargo" "+1.99.0-beta.8" "metadata" "--no-deps" "--format-version=1", kill_on_drop: false }`
[INFO] running `Command { std: "docker" "inspect" "3369ffda40fa968bf99c2712248dd325500f42db28fac9ca3b292a58d0418c83", kill_on_drop: false }`
[INFO] running `Command { std: "docker" "exec" "-e" "SOURCE_DIR=/opt/rustwide/workdir" "-e" "CARGO_HOME=/opt/rustwide/cargo-home" "-e" "RUSTUP_HOME=/opt/rustwide/rustup-home" "-e" "CARGO_TARGET_DIR=/opt/rustwide/target" "-e" "CARGO_INCREMENTAL=0" "-e" "RUST_BACKTRACE=full" "-e" "RUSTFLAGS=--cap-lints=warn" "-e" "RUSTDOCFLAGS=--cap-lints=warn" "-w" "/opt/rustwide/workdir" "--user" "0:0" "3369ffda40fa968bf99c2712248dd325500f42db28fac9ca3b292a58d0418c83" "/opt/rustwide/cargo-home/bin/cargo" "+1.99.0-beta.8" "build" "--frozen" "--message-format=json" "--release", kill_on_drop: false }`
[INFO] [stderr]    Compiling concurrent-queue v2.5.0
[INFO] [stderr]    Compiling rustix v1.1.5
[INFO] [stderr]    Compiling linux-raw-sys v0.12.1
[INFO] [stderr]    Compiling value-bag v1.14.1
[INFO] [stderr]    Compiling futures-lite v2.6.1
[INFO] [stderr]    Compiling async-io v2.6.0
[INFO] [stderr]    Compiling async-lock v3.4.2
[INFO] [stderr]    Compiling serde_json v1.0.154
[INFO] [stderr]    Compiling serde v1.0.229
[INFO] [stderr]    Compiling async-channel v2.5.0
[INFO] [stderr]    Compiling async-channel v1.9.0
[INFO] [stderr]    Compiling log v0.4.34
[INFO] [stderr]    Compiling kv-log-macro v1.0.7
[INFO] [stderr]    Compiling blocking v1.7.0
[INFO] [stderr]    Compiling async-executor v1.14.0
[INFO] [stderr]    Compiling polling v3.11.0
[INFO] [stderr]    Compiling async-global-executor v2.4.1
[INFO] [stderr]    Compiling async-std v1.13.2
[INFO] [stderr]    Compiling jsonrpc_v2_client v0.2.1 (/opt/rustwide/workdir)
[INFO] [stderr]     Finished `release` profile [optimized] target(s) in 18.73s
[INFO] running `Command { std: "docker" "inspect" "3369ffda40fa968bf99c2712248dd325500f42db28fac9ca3b292a58d0418c83", kill_on_drop: false }`
[INFO] running `Command { std: "docker" "exec" "-e" "SOURCE_DIR=/opt/rustwide/workdir" "-e" "CARGO_HOME=/opt/rustwide/cargo-home" "-e" "RUSTUP_HOME=/opt/rustwide/rustup-home" "-e" "CARGO_TARGET_DIR=/opt/rustwide/target" "-e" "CARGO_INCREMENTAL=0" "-e" "RUST_BACKTRACE=full" "-e" "RUSTFLAGS=--cap-lints=warn" "-e" "RUSTDOCFLAGS=--cap-lints=warn" "-w" "/opt/rustwide/workdir" "--user" "0:0" "3369ffda40fa968bf99c2712248dd325500f42db28fac9ca3b292a58d0418c83" "/opt/rustwide/cargo-home/bin/cargo" "+1.99.0-beta.8" "test" "--frozen" "--no-run" "--message-format=json" "--release", kill_on_drop: false }`
[INFO] [stderr]    Compiling jsonrpc_v2_client v0.2.1 (/opt/rustwide/workdir)
[INFO] [stderr]     Finished `release` profile [optimized] target(s) in 1.80s
[INFO] running `Command { std: "docker" "inspect" "3369ffda40fa968bf99c2712248dd325500f42db28fac9ca3b292a58d0418c83", kill_on_drop: false }`
[INFO] running `Command { std: "docker" "exec" "-e" "SOURCE_DIR=/opt/rustwide/workdir" "-e" "CARGO_HOME=/opt/rustwide/cargo-home" "-e" "RUSTUP_HOME=/opt/rustwide/rustup-home" "-e" "CARGO_TARGET_DIR=/opt/rustwide/target" "-e" "CARGO_INCREMENTAL=0" "-e" "RUST_BACKTRACE=full" "-e" "RUSTFLAGS=--cap-lints=warn" "-e" "RUSTDOCFLAGS=--cap-lints=warn" "-w" "/opt/rustwide/workdir" "--user" "0:0" "3369ffda40fa968bf99c2712248dd325500f42db28fac9ca3b292a58d0418c83" "/opt/rustwide/cargo-home/bin/cargo" "+1.99.0-beta.8" "test" "--frozen" "--release", kill_on_drop: false }`
[INFO] [stderr]     Finished `release` profile [optimized] target(s) in 0.07s
[INFO] [stderr]      Running unittests src/lib.rs (/opt/rustwide/target/release/deps/jsonrpc_v2_client-697aa87466367011)
[INFO] [stdout] 
[INFO] [stdout] running 0 tests
[INFO] [stdout] 
[INFO] [stdout] test result: ok. 0 passed; 0 failed; 0 ignored; 0 measured; 0 filtered out; finished in 0.00s
[INFO] [stdout] 
[INFO] [stderr]      Running tests/mod.rs (/opt/rustwide/target/release/deps/mod-b8e18e8af463a170)
[INFO] [stdout] 
[INFO] [stdout] running 5 tests
[INFO] [stdout] test tests::test_api_key ... ok
[INFO] [stdout] test tests::test_params ... ok
[INFO] [stdout] test tests::test_request_with_api_key ... FAILED
[INFO] [stdout] test tests::test_request_without_api_key ... FAILED
[INFO] [stdout] test tests::test_request_error_response ... FAILED
[INFO] [stdout] 
[INFO] [stdout] failures:
[INFO] [stdout] 
[INFO] [stdout] ---- tests::test_request_with_api_key stdout ----
[INFO] [stdout] 
[INFO] [stdout] thread 'tests::test_request_with_api_key' (502) panicked at src/lib.rs:134:77:
[INFO] [stdout] called `Result::unwrap()` on an `Err` value: Os { code: 111, kind: ConnectionRefused, message: "Connection refused" }
[INFO] [stdout] stack backtrace:
[INFO] [stdout]    0:     0x581d5a0fdb21 - <<std[70759c8f55707aa4]::sys::backtrace::BacktraceLock>::print::DisplayBacktrace as core[df12db4294e9bfd3]::fmt::Display>::fmt
[INFO] [stdout]    1:     0x581d5a11396a - core[df12db4294e9bfd3]::fmt::write
[INFO] [stdout]    2:     0x581d5a1024cc - <alloc[2182bb758b4b3781]::vec::Vec<u8> as core[df12db4294e9bfd3]::io::write::Write>::write_fmt
[INFO] [stdout]    3:     0x581d5a0d9496 - std[70759c8f55707aa4]::panicking::default_hook::{closure#0}
[INFO] [stdout]    4:     0x581d5a0f5b69 - std[70759c8f55707aa4]::panicking::default_hook
[INFO] [stdout]    5:     0x581d5a091910 - test[9d35eded1c95d3be]::test_main_inner::<test[9d35eded1c95d3be]::test_main_static::{closure#0}>::{closure#0}
[INFO] [stdout]    6:     0x581d5a0f5e92 - std[70759c8f55707aa4]::panicking::panic_with_hook
[INFO] [stdout]    7:     0x581d5a0d9542 - std[70759c8f55707aa4]::panicking::panic_handler::{closure#0}
[INFO] [stdout]    8:     0x581d5a0d21e9 - std[70759c8f55707aa4]::sys::backtrace::__rust_end_short_backtrace::<std[70759c8f55707aa4]::panicking::panic_handler::{closure#0}, !>
[INFO] [stdout]    9:     0x581d5a0da32d - __rustc[8fa7c3cbc660c2b3]::rust_begin_unwind
[INFO] [stdout]   10:     0x581d5a11409c - core[df12db4294e9bfd3]::panicking::panic_fmt
[INFO] [stdout]   11:     0x581d5a113e72 - core[df12db4294e9bfd3]::result::unwrap_failed
[INFO] [stdout]   12:     0x581d5a04f42c - <std[70759c8f55707aa4]::thread::local::LocalKey<core[df12db4294e9bfd3]::cell::Cell<*const async_std[cdb8bdd1db6199c0]::task::task_locals_wrapper::TaskLocalsWrapper>>>::with::<<async_std[cdb8bdd1db6199c0]::task::task_locals_wrapper::TaskLocalsWrapper>::set_current<<async_std[cdb8bdd1db6199c0]::task::builder::SupportTaskLocals<<jsonrpc_v2_client[252dc775d74511]::Request<[f64; 2usize]>>::send::{closure#0}> as core[df12db4294e9bfd3]::future::future::Future>::poll::{closure#0}, core[df12db4294e9bfd3]::task::poll::Poll<serde_json[7a49fa528b9fa9b7]::value::Value>>::{closure#0}, core[df12db4294e9bfd3]::task::poll::Poll<serde_json[7a49fa528b9fa9b7]::value::Value>>
[INFO] [stdout]   13:     0x581d5a05def6 - <futures_lite[ab3b2cbb366dbff1]::future::Or<async_std[cdb8bdd1db6199c0]::task::builder::SupportTaskLocals<<jsonrpc_v2_client[252dc775d74511]::Request<[f64; 2usize]>>::send::{closure#0}>, <async_executor[54412152318b98eb]::State>::run<serde_json[7a49fa528b9fa9b7]::value::Value, async_std[cdb8bdd1db6199c0]::task::builder::SupportTaskLocals<<jsonrpc_v2_client[252dc775d74511]::Request<[f64; 2usize]>>::send::{closure#0}>>::{closure#0}::{closure#0}> as core[df12db4294e9bfd3]::future::future::Future>::poll
[INFO] [stdout]   14:     0x581d5a05195f - <std[70759c8f55707aa4]::thread::local::LocalKey<core[df12db4294e9bfd3]::cell::RefCell<(parking[bb0b0b8fa49f1c1a]::Parker, core[df12db4294e9bfd3]::task::wake::Waker, alloc[2182bb758b4b3781]::sync::Arc<core[df12db4294e9bfd3]::sync::atomic::Atomic<bool>>)>>>::with::<async_io[b58e030392ec6aab]::driver::block_on<serde_json[7a49fa528b9fa9b7]::value::Value, <async_executor[54412152318b98eb]::LocalExecutor>::run<serde_json[7a49fa528b9fa9b7]::value::Value, async_std[cdb8bdd1db6199c0]::task::builder::SupportTaskLocals<<jsonrpc_v2_client[252dc775d74511]::Request<[f64; 2usize]>>::send::{closure#0}>>::{closure#0}>::{closure#1}, serde_json[7a49fa528b9fa9b7]::value::Value>
[INFO] [stdout]   15:     0x581d5a050d90 - <std[70759c8f55707aa4]::thread::local::LocalKey<core[df12db4294e9bfd3]::cell::Cell<usize>>>::with::<<async_std[cdb8bdd1db6199c0]::task::builder::Builder>::blocking<<jsonrpc_v2_client[252dc775d74511]::Request<[f64; 2usize]>>::send::{closure#0}, serde_json[7a49fa528b9fa9b7]::value::Value>::{closure#0}, serde_json[7a49fa528b9fa9b7]::value::Value>
[INFO] [stdout]   16:     0x581d5a058ba3 - <async_std[cdb8bdd1db6199c0]::task::builder::Builder>::blocking::<<jsonrpc_v2_client[252dc775d74511]::Request<[f64; 2usize]>>::send::{closure#0}, serde_json[7a49fa528b9fa9b7]::value::Value>
[INFO] [stdout]   17:     0x581d5a057df4 - <mod[7d66d2896537f5ce]::tests::test_request_with_api_key::{closure#0} as core[df12db4294e9bfd3]::ops::function::FnOnce<()>>::call_once
[INFO] [stdout]   18:     0x581d5a084bfb - test[9d35eded1c95d3be]::__rust_begin_short_backtrace::<core[df12db4294e9bfd3]::result::Result<(), alloc[2182bb758b4b3781]::string::String>, fn() -> core[df12db4294e9bfd3]::result::Result<(), alloc[2182bb758b4b3781]::string::String>>
[INFO] [stdout]   19:     0x581d5a092265 - test[9d35eded1c95d3be]::run_test::{closure#0}
[INFO] [stdout]   20:     0x581d5a08bb24 - std[70759c8f55707aa4]::sys::backtrace::__rust_begin_short_backtrace::<test[9d35eded1c95d3be]::run_test::{closure#1}, ()>
[INFO] [stdout]   21:     0x581d5a0953c2 - <std[70759c8f55707aa4]::thread::lifecycle::spawn_unchecked<test[9d35eded1c95d3be]::run_test::{closure#1}, ()>::{closure#1} as core[df12db4294e9bfd3]::ops::function::FnOnce<()>>::call_once::{shim:vtable#0}
[INFO] [stdout]   22:     0x581d5a0fd049 - <std[70759c8f55707aa4]::sys::thread::unix::Thread>::new::thread_start
[INFO] [stdout]   23:     0x76347a830dfa - <unknown>
[INFO] [stdout]   24:     0x76347a8c43d4 - clone
[INFO] [stdout]   25:                0x0 - <unknown>
[INFO] [stdout] 
[INFO] [stdout] ---- tests::test_request_without_api_key stdout ----
[INFO] [stdout] 
[INFO] [stdout] thread 'tests::test_request_without_api_key' (503) panicked at src/lib.rs:134:77:
[INFO] [stdout] called `Result::unwrap()` on an `Err` value: Os { code: 111, kind: ConnectionRefused, message: "Connection refused" }
[INFO] [stdout] stack backtrace:
[INFO] [stdout]    0:     0x581d5a0fdb21 - <<std[70759c8f55707aa4]::sys::backtrace::BacktraceLock>::print::DisplayBacktrace as core[df12db4294e9bfd3]::fmt::Display>::fmt
[INFO] [stdout]    1:     0x581d5a11396a - core[df12db4294e9bfd3]::fmt::write
[INFO] [stdout]    2:     0x581d5a1024cc - <alloc[2182bb758b4b3781]::vec::Vec<u8> as core[df12db4294e9bfd3]::io::write::Write>::write_fmt
[INFO] [stdout]    3:     0x581d5a0d9496 - std[70759c8f55707aa4]::panicking::default_hook::{closure#0}
[INFO] [stdout]    4:     0x581d5a0f5b69 - std[70759c8f55707aa4]::panicking::default_hook
[INFO] [stdout]    5:     0x581d5a091910 - test[9d35eded1c95d3be]::test_main_inner::<test[9d35eded1c95d3be]::test_main_static::{closure#0}>::{closure#0}
[INFO] [stdout]    6:     0x581d5a0f5e92 - std[70759c8f55707aa4]::panicking::panic_with_hook
[INFO] [stdout]    7:     0x581d5a0d9542 - std[70759c8f55707aa4]::panicking::panic_handler::{closure#0}
[INFO] [stdout]    8:     0x581d5a0d21e9 - std[70759c8f55707aa4]::sys::backtrace::__rust_end_short_backtrace::<std[70759c8f55707aa4]::panicking::panic_handler::{closure#0}, !>
[INFO] [stdout]    9:     0x581d5a0da32d - __rustc[8fa7c3cbc660c2b3]::rust_begin_unwind
[INFO] [stdout]   10:     0x581d5a11409c - core[df12db4294e9bfd3]::panicking::panic_fmt
[INFO] [stdout]   11:     0x581d5a113e72 - core[df12db4294e9bfd3]::result::unwrap_failed
[INFO] [stdout]   12:     0x581d5a04f42c - <std[70759c8f55707aa4]::thread::local::LocalKey<core[df12db4294e9bfd3]::cell::Cell<*const async_std[cdb8bdd1db6199c0]::task::task_locals_wrapper::TaskLocalsWrapper>>>::with::<<async_std[cdb8bdd1db6199c0]::task::task_locals_wrapper::TaskLocalsWrapper>::set_current<<async_std[cdb8bdd1db6199c0]::task::builder::SupportTaskLocals<<jsonrpc_v2_client[252dc775d74511]::Request<[f64; 2usize]>>::send::{closure#0}> as core[df12db4294e9bfd3]::future::future::Future>::poll::{closure#0}, core[df12db4294e9bfd3]::task::poll::Poll<serde_json[7a49fa528b9fa9b7]::value::Value>>::{closure#0}, core[df12db4294e9bfd3]::task::poll::Poll<serde_json[7a49fa528b9fa9b7]::value::Value>>
[INFO] [stdout]   13:     0x581d5a05def6 - <futures_lite[ab3b2cbb366dbff1]::future::Or<async_std[cdb8bdd1db6199c0]::task::builder::SupportTaskLocals<<jsonrpc_v2_client[252dc775d74511]::Request<[f64; 2usize]>>::send::{closure#0}>, <async_executor[54412152318b98eb]::State>::run<serde_json[7a49fa528b9fa9b7]::value::Value, async_std[cdb8bdd1db6199c0]::task::builder::SupportTaskLocals<<jsonrpc_v2_client[252dc775d74511]::Request<[f64; 2usize]>>::send::{closure#0}>>::{closure#0}::{closure#0}> as core[df12db4294e9bfd3]::future::future::Future>::poll
[INFO] [stdout]   14:     0x581d5a05195f - <std[70759c8f55707aa4]::thread::local::LocalKey<core[df12db4294e9bfd3]::cell::RefCell<(parking[bb0b0b8fa49f1c1a]::Parker, core[df12db4294e9bfd3]::task::wake::Waker, alloc[2182bb758b4b3781]::sync::Arc<core[df12db4294e9bfd3]::sync::atomic::Atomic<bool>>)>>>::with::<async_io[b58e030392ec6aab]::driver::block_on<serde_json[7a49fa528b9fa9b7]::value::Value, <async_executor[54412152318b98eb]::LocalExecutor>::run<serde_json[7a49fa528b9fa9b7]::value::Value, async_std[cdb8bdd1db6199c0]::task::builder::SupportTaskLocals<<jsonrpc_v2_client[252dc775d74511]::Request<[f64; 2usize]>>::send::{closure#0}>>::{closure#0}>::{closure#1}, serde_json[7a49fa528b9fa9b7]::value::Value>
[INFO] [stdout]   15:     0x581d5a050d90 - <std[70759c8f55707aa4]::thread::local::LocalKey<core[df12db4294e9bfd3]::cell::Cell<usize>>>::with::<<async_std[cdb8bdd1db6199c0]::task::builder::Builder>::blocking<<jsonrpc_v2_client[252dc775d74511]::Request<[f64; 2usize]>>::send::{closure#0}, serde_json[7a49fa528b9fa9b7]::value::Value>::{closure#0}, serde_json[7a49fa528b9fa9b7]::value::Value>
[INFO] [stdout]   16:     0x581d5a058ba3 - <async_std[cdb8bdd1db6199c0]::task::builder::Builder>::blocking::<<jsonrpc_v2_client[252dc775d74511]::Request<[f64; 2usize]>>::send::{closure#0}, serde_json[7a49fa528b9fa9b7]::value::Value>
[INFO] [stdout]   17:     0x581d5a0586ac - <mod[7d66d2896537f5ce]::tests::test_request_without_api_key::{closure#0} as core[df12db4294e9bfd3]::ops::function::FnOnce<()>>::call_once
[INFO] [stdout]   18:     0x581d5a084bfb - test[9d35eded1c95d3be]::__rust_begin_short_backtrace::<core[df12db4294e9bfd3]::result::Result<(), alloc[2182bb758b4b3781]::string::String>, fn() -> core[df12db4294e9bfd3]::result::Result<(), alloc[2182bb758b4b3781]::string::String>>
[INFO] [stdout]   19:     0x581d5a092265 - test[9d35eded1c95d3be]::run_test::{closure#0}
[INFO] [stdout]   20:     0x581d5a08bb24 - std[70759c8f55707aa4]::sys::backtrace::__rust_begin_short_backtrace::<test[9d35eded1c95d3be]::run_test::{closure#1}, ()>
[INFO] [stdout]   21:     0x581d5a0953c2 - <std[70759c8f55707aa4]::thread::lifecycle::spawn_unchecked<test[9d35eded1c95d3be]::run_test::{closure#1}, ()>::{closure#1} as core[df12db4294e9bfd3]::ops::function::FnOnce<()>>::call_once::{shim:vtable#0}
[INFO] [stdout]   22:     0x581d5a0fd049 - <std[70759c8f55707aa4]::sys::thread::unix::Thread>::new::thread_start
[INFO] [stdout]   23:     0x76347a830dfa - <unknown>
[INFO] [stdout]   24:     0x76347a8c43d4 - clone
[INFO] [stdout]   25:                0x0 - <unknown>
[INFO] [stdout] 
[INFO] [stdout] ---- tests::test_request_error_response stdout ----
[INFO] [stdout] 
[INFO] [stdout] thread 'tests::test_request_error_response' (501) panicked at src/lib.rs:134:77:
[INFO] [stdout] called `Result::unwrap()` on an `Err` value: Os { code: 111, kind: ConnectionRefused, message: "Connection refused" }
[INFO] [stdout] stack backtrace:
[INFO] [stdout]    0:     0x581d5a0fdb21 - <<std[70759c8f55707aa4]::sys::backtrace::BacktraceLock>::print::DisplayBacktrace as core[df12db4294e9bfd3]::fmt::Display>::fmt
[INFO] [stdout]    1:     0x581d5a11396a - core[df12db4294e9bfd3]::fmt::write
[INFO] [stdout]    2:     0x581d5a1024cc - <alloc[2182bb758b4b3781]::vec::Vec<u8> as core[df12db4294e9bfd3]::io::write::Write>::write_fmt
[INFO] [stdout]    3:     0x581d5a0d9496 - std[70759c8f55707aa4]::panicking::default_hook::{closure#0}
[INFO] [stdout]    4:     0x581d5a0f5b69 - std[70759c8f55707aa4]::panicking::default_hook
[INFO] [stdout]    5:     0x581d5a091910 - test[9d35eded1c95d3be]::test_main_inner::<test[9d35eded1c95d3be]::test_main_static::{closure#0}>::{closure#0}
[INFO] [stdout]    6:     0x581d5a0f5e92 - std[70759c8f55707aa4]::panicking::panic_with_hook
[INFO] [stdout]    7:     0x581d5a0d9542 - std[70759c8f55707aa4]::panicking::panic_handler::{closure#0}
[INFO] [stdout]    8:     0x581d5a0d21e9 - std[70759c8f55707aa4]::sys::backtrace::__rust_end_short_backtrace::<std[70759c8f55707aa4]::panicking::panic_handler::{closure#0}, !>
[INFO] [stdout]    9:     0x581d5a0da32d - __rustc[8fa7c3cbc660c2b3]::rust_begin_unwind
[INFO] [stdout]   10:     0x581d5a11409c - core[df12db4294e9bfd3]::panicking::panic_fmt
[INFO] [stdout]   11:     0x581d5a113e72 - core[df12db4294e9bfd3]::result::unwrap_failed
[INFO] [stdout]   12:     0x581d5a05078c - <std[70759c8f55707aa4]::thread::local::LocalKey<core[df12db4294e9bfd3]::cell::Cell<*const async_std[cdb8bdd1db6199c0]::task::task_locals_wrapper::TaskLocalsWrapper>>>::with::<<async_std[cdb8bdd1db6199c0]::task::task_locals_wrapper::TaskLocalsWrapper>::set_current<<async_std[cdb8bdd1db6199c0]::task::builder::SupportTaskLocals<<jsonrpc_v2_client[252dc775d74511]::Request<[f64; 3usize]>>::send::{closure#0}> as core[df12db4294e9bfd3]::future::future::Future>::poll::{closure#0}, core[df12db4294e9bfd3]::task::poll::Poll<serde_json[7a49fa528b9fa9b7]::value::Value>>::{closure#0}, core[df12db4294e9bfd3]::task::poll::Poll<serde_json[7a49fa528b9fa9b7]::value::Value>>
[INFO] [stdout]   13:     0x581d5a05e046 - <futures_lite[ab3b2cbb366dbff1]::future::Or<async_std[cdb8bdd1db6199c0]::task::builder::SupportTaskLocals<<jsonrpc_v2_client[252dc775d74511]::Request<[f64; 3usize]>>::send::{closure#0}>, <async_executor[54412152318b98eb]::State>::run<serde_json[7a49fa528b9fa9b7]::value::Value, async_std[cdb8bdd1db6199c0]::task::builder::SupportTaskLocals<<jsonrpc_v2_client[252dc775d74511]::Request<[f64; 3usize]>>::send::{closure#0}>>::{closure#0}::{closure#0}> as core[df12db4294e9bfd3]::future::future::Future>::poll
[INFO] [stdout]   14:     0x581d5a0524ff - <std[70759c8f55707aa4]::thread::local::LocalKey<core[df12db4294e9bfd3]::cell::RefCell<(parking[bb0b0b8fa49f1c1a]::Parker, core[df12db4294e9bfd3]::task::wake::Waker, alloc[2182bb758b4b3781]::sync::Arc<core[df12db4294e9bfd3]::sync::atomic::Atomic<bool>>)>>>::with::<async_io[b58e030392ec6aab]::driver::block_on<serde_json[7a49fa528b9fa9b7]::value::Value, <async_executor[54412152318b98eb]::LocalExecutor>::run<serde_json[7a49fa528b9fa9b7]::value::Value, async_std[cdb8bdd1db6199c0]::task::builder::SupportTaskLocals<<jsonrpc_v2_client[252dc775d74511]::Request<[f64; 3usize]>>::send::{closure#0}>>::{closure#0}>::{closure#1}, serde_json[7a49fa528b9fa9b7]::value::Value>
[INFO] [stdout]   15:     0x581d5a051100 - <std[70759c8f55707aa4]::thread::local::LocalKey<core[df12db4294e9bfd3]::cell::Cell<usize>>>::with::<<async_std[cdb8bdd1db6199c0]::task::builder::Builder>::blocking<<jsonrpc_v2_client[252dc775d74511]::Request<[f64; 3usize]>>::send::{closure#0}, serde_json[7a49fa528b9fa9b7]::value::Value>::{closure#0}, serde_json[7a49fa528b9fa9b7]::value::Value>
[INFO] [stdout]   16:     0x581d5a058e53 - <async_std[cdb8bdd1db6199c0]::task::builder::Builder>::blocking::<<jsonrpc_v2_client[252dc775d74511]::Request<[f64; 3usize]>>::send::{closure#0}, serde_json[7a49fa528b9fa9b7]::value::Value>
[INFO] [stdout]   17:     0x581d5a0581fa - <mod[7d66d2896537f5ce]::tests::test_request_error_response::{closure#0} as core[df12db4294e9bfd3]::ops::function::FnOnce<()>>::call_once
[INFO] [stdout]   18:     0x581d5a084bfb - test[9d35eded1c95d3be]::__rust_begin_short_backtrace::<core[df12db4294e9bfd3]::result::Result<(), alloc[2182bb758b4b3781]::string::String>, fn() -> core[df12db4294e9bfd3]::result::Result<(), alloc[2182bb758b4b3781]::string::String>>
[INFO] [stdout]   19:     0x581d5a092265 - test[9d35eded1c95d3be]::run_test::{closure#0}
[INFO] [stdout]   20:     0x581d5a08bb24 - std[70759c8f55707aa4]::sys::backtrace::__rust_begin_short_backtrace::<test[9d35eded1c95d3be]::run_test::{closure#1}, ()>
[INFO] [stdout]   21:     0x581d5a0953c2 - <std[70759c8f55707aa4]::thread::lifecycle::spawn_unchecked<test[9d35eded1c95d3be]::run_test::{closure#1}, ()>::{closure#1} as core[df12db4294e9bfd3]::ops::function::FnOnce<()>>::call_once::{shim:vtable#0}
[INFO] [stdout]   22:     0x581d5a0fd049 - <std[70759c8f55707aa4]::sys::thread::unix::Thread>::new::thread_start
[INFO] [stdout]   23:     0x76347a830dfa - <unknown>
[INFO] [stdout]   24:     0x76347a8c43d4 - clone
[INFO] [stdout]   25:                0x0 - <unknown>
[INFO] [stdout] 
[INFO] [stdout] 
[INFO] [stdout] failures:
[INFO] [stdout]     tests::test_request_error_response
[INFO] [stdout]     tests::test_request_with_api_key
[INFO] [stdout]     tests::test_request_without_api_key
[INFO] [stdout] 
[INFO] [stdout] test result: FAILED. 2 passed; 3 failed; 0 ignored; 0 measured; 0 filtered out; finished in 0.02s
[INFO] [stdout] 
[INFO] [stderr] error: test failed, to rerun pass `--test mod`
[INFO] running `Command { std: "docker" "inspect" "3369ffda40fa968bf99c2712248dd325500f42db28fac9ca3b292a58d0418c83", kill_on_drop: false }`
[INFO] running `Command { std: "docker" "rm" "-f" "3369ffda40fa968bf99c2712248dd325500f42db28fac9ca3b292a58d0418c83", kill_on_drop: false }`
[INFO] [stdout] 3369ffda40fa968bf99c2712248dd325500f42db28fac9ca3b292a58d0418c83
