[INFO] fetching crate jsonrpc 0.21.0...
[INFO] testing jsonrpc-0.21.0 against 1.100.0-beta.1+cargoflags=--release for beta-release-1.100-2
[INFO] extracting crate jsonrpc 0.21.0 into /workspace/builds/worker-7-tc2/source
[INFO] started tweaking crates.io crate jsonrpc 0.21.0
[INFO] finished tweaking crates.io crate jsonrpc 0.21.0
[INFO] tweaked toml for crates.io crate jsonrpc 0.21.0 written to /workspace/builds/worker-7-tc2/source/Cargo.toml
[INFO] validating manifest of crates.io crate jsonrpc 0.21.0 on toolchain 1.100.0-beta.1
[INFO] running `Command { std: CARGO_HOME="/workspace/cargo-home" RUSTUP_HOME="/workspace/rustup-home" "/workspace/cargo-home/bin/cargo" "+1.100.0-beta.1" "metadata" "--manifest-path" "Cargo.toml" "--no-deps", kill_on_drop: false }`
[INFO] crate crates.io crate jsonrpc 0.21.0 already has a lockfile, it will not be regenerated
[INFO] running `Command { std: CARGO_HOME="/workspace/cargo-home" RUSTUP_HOME="/workspace/rustup-home" "/workspace/cargo-home/bin/cargo" "+1.100.0-beta.1" "fetch" "--manifest-path" "Cargo.toml", kill_on_drop: false }`
[INFO] running `Command { std: "docker" "create" "-v" "/var/lib/crater-agent-workspace/builds/worker-7-tc2/source:/opt/rustwide/workdir:ro,Z" "-v" "/var/lib/crater-agent-workspace/builds/worker-7-tc2/target:/opt/rustwide/target:rw,Z" "-v" "/var/lib/crater-agent-workspace/cargo-home:/opt/rustwide/cargo-home:ro,Z" "-v" "/var/lib/crater-agent-workspace/rustup-home:/opt/rustwide/rustup-home:ro,Z" "-m" "1610612736" "--network" "none" "ghcr.io/rust-lang/crates-build-env/linux@sha256:77db811e55d90add9212f6832c23229e3de5f1c1f9905e8cb07319ea15df73ac" "sleep" "infinity", kill_on_drop: false }`
[INFO] [stdout] 8e009d922fadedd735858bb9b7b0ccbe41804c02537e045e7beb2a33164632a8
[INFO] running `Command { std: "docker" "start" "8e009d922fadedd735858bb9b7b0ccbe41804c02537e045e7beb2a33164632a8", kill_on_drop: false }`
[INFO] running `Command { std: "docker" "inspect" "8e009d922fadedd735858bb9b7b0ccbe41804c02537e045e7beb2a33164632a8", kill_on_drop: false }`
[INFO] running `Command { std: "docker" "exec" "-e" "SOURCE_DIR=/opt/rustwide/workdir" "-e" "CARGO_HOME=/opt/rustwide/cargo-home" "-e" "RUSTUP_HOME=/opt/rustwide/rustup-home" "-e" "CARGO_TARGET_DIR=/opt/rustwide/target" "-w" "/opt/rustwide/workdir" "--user" "0:0" "8e009d922fadedd735858bb9b7b0ccbe41804c02537e045e7beb2a33164632a8" "/opt/rustwide/cargo-home/bin/cargo" "+1.100.0-beta.1" "metadata" "--no-deps" "--format-version=1", kill_on_drop: false }`
[INFO] running `Command { std: "docker" "inspect" "8e009d922fadedd735858bb9b7b0ccbe41804c02537e045e7beb2a33164632a8", kill_on_drop: false }`
[INFO] running `Command { std: "docker" "exec" "-e" "SOURCE_DIR=/opt/rustwide/workdir" "-e" "CARGO_HOME=/opt/rustwide/cargo-home" "-e" "RUSTUP_HOME=/opt/rustwide/rustup-home" "-e" "CARGO_TARGET_DIR=/opt/rustwide/target" "-e" "CARGO_INCREMENTAL=0" "-e" "RUST_BACKTRACE=full" "-e" "RUSTFLAGS=--cap-lints=warn" "-e" "RUSTDOCFLAGS=--cap-lints=warn" "-w" "/opt/rustwide/workdir" "--user" "0:0" "8e009d922fadedd735858bb9b7b0ccbe41804c02537e045e7beb2a33164632a8" "/opt/rustwide/cargo-home/bin/cargo" "+1.100.0-beta.1" "build" "--frozen" "--message-format=json" "--release", kill_on_drop: false }`
[INFO] [stderr]    Compiling serde_json v1.0.151
[INFO] [stderr]    Compiling jsonrpc v0.21.0 (/opt/rustwide/workdir)
[INFO] [stderr]     Finished `release` profile [optimized] target(s) in 5.11s
[INFO] running `Command { std: "docker" "inspect" "8e009d922fadedd735858bb9b7b0ccbe41804c02537e045e7beb2a33164632a8", kill_on_drop: false }`
[INFO] running `Command { std: "docker" "exec" "-e" "SOURCE_DIR=/opt/rustwide/workdir" "-e" "CARGO_HOME=/opt/rustwide/cargo-home" "-e" "RUSTUP_HOME=/opt/rustwide/rustup-home" "-e" "CARGO_TARGET_DIR=/opt/rustwide/target" "-e" "CARGO_INCREMENTAL=0" "-e" "RUST_BACKTRACE=full" "-e" "RUSTFLAGS=--cap-lints=warn" "-e" "RUSTDOCFLAGS=--cap-lints=warn" "-w" "/opt/rustwide/workdir" "--user" "0:0" "8e009d922fadedd735858bb9b7b0ccbe41804c02537e045e7beb2a33164632a8" "/opt/rustwide/cargo-home/bin/cargo" "+1.100.0-beta.1" "test" "--frozen" "--no-run" "--message-format=json" "--release", kill_on_drop: false }`
[INFO] [stderr]    Compiling syn v3.0.4
[INFO] [stderr]    Compiling serde_json v1.0.151
[INFO] [stderr]    Compiling futures-macro v0.3.34
[INFO] [stderr]    Compiling serde_derive v1.0.229
[INFO] [stderr]    Compiling futures-util v0.3.34
[INFO] [stderr]    Compiling serde v1.0.229
[INFO] [stderr]    Compiling jsonrpc v0.21.0 (/opt/rustwide/workdir)
[INFO] [stderr]    Compiling futures-executor v0.3.34
[INFO] [stderr]    Compiling futures v0.3.34
[INFO] [stderr]     Finished `release` profile [optimized] target(s) in 16.88s
[INFO] running `Command { std: "docker" "inspect" "8e009d922fadedd735858bb9b7b0ccbe41804c02537e045e7beb2a33164632a8", kill_on_drop: false }`
[INFO] running `Command { std: "docker" "exec" "-e" "SOURCE_DIR=/opt/rustwide/workdir" "-e" "CARGO_HOME=/opt/rustwide/cargo-home" "-e" "RUSTUP_HOME=/opt/rustwide/rustup-home" "-e" "CARGO_TARGET_DIR=/opt/rustwide/target" "-e" "CARGO_INCREMENTAL=0" "-e" "RUST_BACKTRACE=full" "-e" "RUSTFLAGS=--cap-lints=warn" "-e" "RUSTDOCFLAGS=--cap-lints=warn" "-w" "/opt/rustwide/workdir" "--user" "0:0" "8e009d922fadedd735858bb9b7b0ccbe41804c02537e045e7beb2a33164632a8" "/opt/rustwide/cargo-home/bin/cargo" "+1.100.0-beta.1" "test" "--frozen" "--release", kill_on_drop: false }`
[INFO] [stderr]     Finished `release` profile [optimized] target(s) in 0.04s
[INFO] [stderr]      Running unittests src/lib.rs (/opt/rustwide/target/release/build/jsonrpc/5143d9828b2b022d/out/jsonrpc-5143d9828b2b022d)
[INFO] [stdout] 
[INFO] [stdout] running 20 tests
[INFO] [stdout] test client::tests::hash_value ... ok
[INFO] [stdout] test error::tests::test_invalid_params ... ok
[INFO] [stdout] test client::tests::sanity ... ok
[INFO] [stdout] test error::tests::test_invalid_request ... ok
[INFO] [stdout] test tests::batch_response ... ok
[INFO] [stdout] test error::tests::test_internal_error ... ok
[INFO] [stdout] test error::tests::test_parse_error ... ok
[INFO] [stdout] test simple_tcp::tests::sanity_check_tcp_transport ... ok
[INFO] [stdout] test http::simple_http::tests::construct ... ok
[INFO] [stdout] test tests::response_extract ... ok
[INFO] [stdout] test tests::response_is_none ... ok
[INFO] [stdout] test tests::test_arg ... ok
[INFO] [stdout] test tests::test_request_object ... ok
[INFO] [stdout] test tests::test_request_list ... ok
[INFO] [stdout] test error::tests::test_method_not_found ... ok
[INFO] [stdout] test http::simple_http::tests::test_urls ... ok
[INFO] [stdout] test http::simple_http::tests::check_url_host_header ... FAILED
[INFO] [stdout] test http::simple_http::tests::request_uses_url_host_in_host_header ... ok
[INFO] [stdout] test tests::null_result ... ok
[INFO] [stdout] test http::simple_http::tests::request_to_closed_socket ... ok
[INFO] [stdout] 
[INFO] [stdout] failures:
[INFO] [stdout] 
[INFO] [stdout] ---- http::simple_http::tests::check_url_host_header stdout ----
[INFO] [stdout] 
[INFO] [stdout] thread 'http::simple_http::tests::check_url_host_header' (398) panicked at src/http/simple_http.rs:820:51:
[INFO] [stdout] check_url failed for http://example.com/: SocketError(Custom { kind: Uncategorized, error: "failed to lookup address information: Temporary failure in name resolution" })
[INFO] [stdout] stack backtrace:
[INFO] [stdout]    0:     0x5a03db05d461 - <<std[617be2ca0a6fd877]::sys::backtrace::BacktraceLock>::print::DisplayBacktrace as core[a373ad73a504971]::fmt::Display>::fmt
[INFO] [stdout]    1:     0x5a03db07337a - core[a373ad73a504971]::fmt::write
[INFO] [stdout]    2:     0x5a03db061e2c - <alloc[2e1b2a31b91974c5]::vec::Vec<u8> as core[a373ad73a504971]::io::write::Write>::write_fmt
[INFO] [stdout]    3:     0x5a03db037ff6 - std[617be2ca0a6fd877]::panicking::default_hook::{closure#0}
[INFO] [stdout]    4:     0x5a03db0552c9 - std[617be2ca0a6fd877]::panicking::default_hook
[INFO] [stdout]    5:     0x5a03dafe5240 - test[aada8e7e76ba119b]::test_main_inner::{closure#0}
[INFO] [stdout]    6:     0x5a03db055482 - std[617be2ca0a6fd877]::panicking::panic_with_hook
[INFO] [stdout]    7:     0x5a03db0380a2 - std[617be2ca0a6fd877]::panicking::panic_handler::{closure#0}
[INFO] [stdout]    8:     0x5a03db030d09 - std[617be2ca0a6fd877]::sys::backtrace::__rust_end_short_backtrace::<std[617be2ca0a6fd877]::panicking::panic_handler::{closure#0}, !>
[INFO] [stdout]    9:     0x5a03db038e9d - __rustc[ea4f61d10b84890b]::rust_begin_unwind
[INFO] [stdout]   10:     0x5a03db073aac - core[a373ad73a504971]::panicking::panic_fmt
[INFO] [stdout]   11:     0x5a03dafcf055 - jsonrpc[f8bc24b79e7234c2]::http::simple_http::tests::check_url_host_header::{closure#0}
[INFO] [stdout]   12:     0x5a03dafcfd2d - <jsonrpc[f8bc24b79e7234c2]::http::simple_http::tests::check_url_host_header::{closure#0} as core[a373ad73a504971]::ops::function::FnOnce<()>>::call_once
[INFO] [stdout]   13:     0x5a03dafd868b - test[aada8e7e76ba119b]::__rust_begin_short_backtrace::<core[a373ad73a504971]::result::Result<(), alloc[2e1b2a31b91974c5]::string::String>, fn() -> core[a373ad73a504971]::result::Result<(), alloc[2e1b2a31b91974c5]::string::String>>
[INFO] [stdout]   14:     0x5a03dafe5865 - test[aada8e7e76ba119b]::run_test::{closure#0}
[INFO] [stdout]   15:     0x5a03dafdf154 - std[617be2ca0a6fd877]::sys::backtrace::__rust_begin_short_backtrace::<test[aada8e7e76ba119b]::run_test::{closure#1}, ()>
[INFO] [stdout]   16:     0x5a03dafe88f2 - <std[617be2ca0a6fd877]::thread::lifecycle::spawn_unchecked<test[aada8e7e76ba119b]::run_test::{closure#1}, ()>::{closure#1} as core[a373ad73a504971]::ops::function::FnOnce<()>>::call_once::{shim:vtable#0}
[INFO] [stdout]   17:     0x5a03db05c54f - <std[617be2ca0a6fd877]::sys::thread::unix::Thread>::new::thread_start
[INFO] [stdout]   18:     0x781ec644adfa - <unknown>
[INFO] [stdout]   19:     0x781ec64de3d4 - clone
[INFO] [stdout]   20:                0x0 - <unknown>
[INFO] [stdout] 
[INFO] [stdout] 
[INFO] [stdout] failures:
[INFO] [stdout]     http::simple_http::tests::check_url_host_header
[INFO] [stdout] 
[INFO] [stdout] test result: FAILED. 19 passed; 1 failed; 0 ignored; 0 measured; 0 filtered out; finished in 2.00s
[INFO] [stdout] 
[INFO] [stderr] error: test failed, to rerun pass `--lib`
[INFO] running `Command { std: "docker" "inspect" "8e009d922fadedd735858bb9b7b0ccbe41804c02537e045e7beb2a33164632a8", kill_on_drop: false }`
[INFO] running `Command { std: "docker" "rm" "-f" "8e009d922fadedd735858bb9b7b0ccbe41804c02537e045e7beb2a33164632a8", kill_on_drop: false }`
[INFO] [stdout] 8e009d922fadedd735858bb9b7b0ccbe41804c02537e045e7beb2a33164632a8
