[INFO] fetching crate jsonref 0.4.0...
[INFO] testing jsonref-0.4.0 against 1.99.0-beta.8+cargoflags=--release for beta-release-1.100-2
[INFO] extracting crate jsonref 0.4.0 into /workspace/builds/worker-6-tc1/source
[INFO] started tweaking crates.io crate jsonref 0.4.0
[INFO] finished tweaking crates.io crate jsonref 0.4.0
[INFO] tweaked toml for crates.io crate jsonref 0.4.0 written to /workspace/builds/worker-6-tc1/source/Cargo.toml
[INFO] validating manifest of crates.io crate jsonref 0.4.0 on toolchain 1.99.0-beta.8
[INFO] running `Command { std: CARGO_HOME="/workspace/cargo-home" RUSTUP_HOME="/workspace/rustup-home" "/workspace/cargo-home/bin/cargo" "+1.99.0-beta.8" "metadata" "--manifest-path" "Cargo.toml" "--no-deps", kill_on_drop: false }`
[INFO] running `Command { std: CARGO_HOME="/workspace/cargo-home" RUSTUP_HOME="/workspace/rustup-home" "/workspace/cargo-home/bin/cargo" "+1.99.0-beta.8" "generate-lockfile" "--manifest-path" "Cargo.toml", kill_on_drop: false }`
[INFO] [stderr]     Updating crates.io index
[INFO] [stderr]      Locking 85 packages to highest compatible versions
[INFO] [stderr]       Adding snafu v0.6.10 (available: v0.9.2)
[INFO] [stderr]       Adding ureq v2.12.1 (available: v3.4.2)
[INFO] running `Command { std: CARGO_HOME="/workspace/cargo-home" RUSTUP_HOME="/workspace/rustup-home" "/workspace/cargo-home/bin/cargo" "+1.99.0-beta.8" "fetch" "--manifest-path" "Cargo.toml", kill_on_drop: false }`
[INFO] [stderr]  Downloading crates ...
[INFO] [stderr]   Downloaded snafu-derive v0.6.10
[INFO] [stderr]   Downloaded snafu v0.6.10
[INFO] running `Command { std: "docker" "create" "-v" "/var/lib/crater-agent-workspace/builds/worker-6-tc1/source:/opt/rustwide/workdir:ro,Z" "-v" "/var/lib/crater-agent-workspace/builds/worker-6-tc1/target:/opt/rustwide/target:rw,Z" "-v" "/var/lib/crater-agent-workspace/cargo-home:/opt/rustwide/cargo-home:ro,Z" "-v" "/var/lib/crater-agent-workspace/rustup-home:/opt/rustwide/rustup-home:ro,Z" "-m" "1610612736" "--network" "none" "ghcr.io/rust-lang/crates-build-env/linux@sha256:77db811e55d90add9212f6832c23229e3de5f1c1f9905e8cb07319ea15df73ac" "sleep" "infinity", kill_on_drop: false }`
[INFO] [stdout] fd9971c1042ead5e5d0c91168a29659454656ceb2d8d4221bbe9d03f5215b02f
[INFO] running `Command { std: "docker" "start" "fd9971c1042ead5e5d0c91168a29659454656ceb2d8d4221bbe9d03f5215b02f", kill_on_drop: false }`
[INFO] running `Command { std: "docker" "inspect" "fd9971c1042ead5e5d0c91168a29659454656ceb2d8d4221bbe9d03f5215b02f", kill_on_drop: false }`
[INFO] running `Command { std: "docker" "exec" "-e" "SOURCE_DIR=/opt/rustwide/workdir" "-e" "CARGO_HOME=/opt/rustwide/cargo-home" "-e" "RUSTUP_HOME=/opt/rustwide/rustup-home" "-e" "CARGO_TARGET_DIR=/opt/rustwide/target" "-w" "/opt/rustwide/workdir" "--user" "0:0" "fd9971c1042ead5e5d0c91168a29659454656ceb2d8d4221bbe9d03f5215b02f" "/opt/rustwide/cargo-home/bin/cargo" "+1.99.0-beta.8" "metadata" "--no-deps" "--format-version=1", kill_on_drop: false }`
[INFO] running `Command { std: "docker" "inspect" "fd9971c1042ead5e5d0c91168a29659454656ceb2d8d4221bbe9d03f5215b02f", kill_on_drop: false }`
[INFO] running `Command { std: "docker" "exec" "-e" "SOURCE_DIR=/opt/rustwide/workdir" "-e" "CARGO_HOME=/opt/rustwide/cargo-home" "-e" "RUSTUP_HOME=/opt/rustwide/rustup-home" "-e" "CARGO_TARGET_DIR=/opt/rustwide/target" "-e" "CARGO_INCREMENTAL=0" "-e" "RUST_BACKTRACE=full" "-e" "RUSTFLAGS=--cap-lints=warn" "-e" "RUSTDOCFLAGS=--cap-lints=warn" "-w" "/opt/rustwide/workdir" "--user" "0:0" "fd9971c1042ead5e5d0c91168a29659454656ceb2d8d4221bbe9d03f5215b02f" "/opt/rustwide/cargo-home/bin/cargo" "+1.99.0-beta.8" "build" "--frozen" "--message-format=json" "--release", kill_on_drop: false }`
[INFO] [stderr]    Compiling snafu-derive v0.6.10
[INFO] [stderr]    Compiling ureq v2.12.1
[INFO] [stderr]    Compiling snafu v0.6.10
[INFO] [stderr]    Compiling jsonref v0.4.0 (/opt/rustwide/workdir)
[INFO] [stderr]     Finished `release` profile [optimized] target(s) in 6.76s
[INFO] running `Command { std: "docker" "inspect" "fd9971c1042ead5e5d0c91168a29659454656ceb2d8d4221bbe9d03f5215b02f", kill_on_drop: false }`
[INFO] running `Command { std: "docker" "exec" "-e" "SOURCE_DIR=/opt/rustwide/workdir" "-e" "CARGO_HOME=/opt/rustwide/cargo-home" "-e" "RUSTUP_HOME=/opt/rustwide/rustup-home" "-e" "CARGO_TARGET_DIR=/opt/rustwide/target" "-e" "CARGO_INCREMENTAL=0" "-e" "RUST_BACKTRACE=full" "-e" "RUSTFLAGS=--cap-lints=warn" "-e" "RUSTDOCFLAGS=--cap-lints=warn" "-w" "/opt/rustwide/workdir" "--user" "0:0" "fd9971c1042ead5e5d0c91168a29659454656ceb2d8d4221bbe9d03f5215b02f" "/opt/rustwide/cargo-home/bin/cargo" "+1.99.0-beta.8" "test" "--frozen" "--no-run" "--message-format=json" "--release", kill_on_drop: false }`
[INFO] [stderr]    Compiling jsonref v0.4.0 (/opt/rustwide/workdir)
[INFO] [stderr]     Finished `release` profile [optimized] target(s) in 2.51s
[INFO] running `Command { std: "docker" "inspect" "fd9971c1042ead5e5d0c91168a29659454656ceb2d8d4221bbe9d03f5215b02f", kill_on_drop: false }`
[INFO] running `Command { std: "docker" "exec" "-e" "SOURCE_DIR=/opt/rustwide/workdir" "-e" "CARGO_HOME=/opt/rustwide/cargo-home" "-e" "RUSTUP_HOME=/opt/rustwide/rustup-home" "-e" "CARGO_TARGET_DIR=/opt/rustwide/target" "-e" "CARGO_INCREMENTAL=0" "-e" "RUST_BACKTRACE=full" "-e" "RUSTFLAGS=--cap-lints=warn" "-e" "RUSTDOCFLAGS=--cap-lints=warn" "-w" "/opt/rustwide/workdir" "--user" "0:0" "fd9971c1042ead5e5d0c91168a29659454656ceb2d8d4221bbe9d03f5215b02f" "/opt/rustwide/cargo-home/bin/cargo" "+1.99.0-beta.8" "test" "--frozen" "--release", kill_on_drop: false }`
[INFO] [stderr]     Finished `release` profile [optimized] target(s) in 0.12s
[INFO] [stderr]      Running unittests src/lib.rs (/opt/rustwide/target/release/deps/jsonref-42bc43fdc38fc93c)
[INFO] [stdout] 
[INFO] [stdout] running 5 tests
[INFO] [stdout] test tests::json_no_refs ... ok
[INFO] [stdout] test tests::json_with_recursion ... ok
[INFO] [stdout] test tests::nested_ref_from_local_file ... ok
[INFO] [stdout] test tests::nested_with_ref_from_url ... FAILED
[INFO] [stdout] test tests::simple_from_url ... FAILED
[INFO] [stdout] 
[INFO] [stdout] failures:
[INFO] [stdout] 
[INFO] [stdout] ---- tests::nested_with_ref_from_url stdout ----
[INFO] [stdout] 
[INFO] [stdout] thread 'tests::nested_with_ref_from_url' (256) panicked at src/lib.rs:368:55:
[INFO] [stdout] called `Result::unwrap()` on an `Err` value: SchemaFromUrl { url: "https://gist.githubusercontent.com/kindly/35a631d33792413ed8e34548abaa9d61/raw/0a691c035251f742e8710f71ba92ead307823385/test_nested.json", source: Transport(Transport { kind: Dns, message: Some("resolve dns name 'gist.githubusercontent.com:443'"), url: Some(Url { scheme: "https", cannot_be_a_base: false, username: "", password: None, host: Some(Domain("gist.githubusercontent.com")), port: None, path: "/kindly/35a631d33792413ed8e34548abaa9d61/raw/0a691c035251f742e8710f71ba92ead307823385/test_nested.json", query: None, fragment: None }), source: Some(Custom { kind: Uncategorized, error: "failed to lookup address information: Temporary failure in name resolution" }) }) }
[INFO] [stdout] stack backtrace:
[INFO] [stdout]    0:     0x61b3a61fee61 - <<std[70759c8f55707aa4]::sys::backtrace::BacktraceLock>::print::DisplayBacktrace as core[df12db4294e9bfd3]::fmt::Display>::fmt
[INFO] [stdout]    1:     0x61b3a621527a - core[df12db4294e9bfd3]::fmt::write
[INFO] [stdout]    2:     0x61b3a6203a3c - <alloc[2182bb758b4b3781]::vec::Vec<u8> as core[df12db4294e9bfd3]::io::write::Write>::write_fmt
[INFO] [stdout]    3:     0x61b3a61d97e6 - std[70759c8f55707aa4]::panicking::default_hook::{closure#0}
[INFO] [stdout]    4:     0x61b3a61f6b89 - std[70759c8f55707aa4]::panicking::default_hook
[INFO] [stdout]    5:     0x61b3a6174630 - test[9d35eded1c95d3be]::test_main_inner::<test[9d35eded1c95d3be]::test_main_static::{closure#0}>::{closure#0}
[INFO] [stdout]    6:     0x61b3a61f6d42 - std[70759c8f55707aa4]::panicking::panic_with_hook
[INFO] [stdout]    7:     0x61b3a61d9892 - std[70759c8f55707aa4]::panicking::panic_handler::{closure#0}
[INFO] [stdout]    8:     0x61b3a61d2539 - std[70759c8f55707aa4]::sys::backtrace::__rust_end_short_backtrace::<std[70759c8f55707aa4]::panicking::panic_handler::{closure#0}, !>
[INFO] [stdout]    9:     0x61b3a61da67d - __rustc[8fa7c3cbc660c2b3]::rust_begin_unwind
[INFO] [stdout]   10:     0x61b3a62159ac - core[df12db4294e9bfd3]::panicking::panic_fmt
[INFO] [stdout]   11:     0x61b3a6215782 - core[df12db4294e9bfd3]::result::unwrap_failed
[INFO] [stdout]   12:     0x61b3a602e1a9 - jsonref[ee5481f9e88f0a9f]::tests::nested_with_ref_from_url
[INFO] [stdout]   13:     0x61b3a6032f39 - <jsonref[ee5481f9e88f0a9f]::tests::nested_with_ref_from_url::{closure#0} as core[df12db4294e9bfd3]::ops::function::FnOnce<()>>::call_once
[INFO] [stdout]   14:     0x61b3a616791b - test[9d35eded1c95d3be]::__rust_begin_short_backtrace::<core[df12db4294e9bfd3]::result::Result<(), alloc[2182bb758b4b3781]::string::String>, fn() -> core[df12db4294e9bfd3]::result::Result<(), alloc[2182bb758b4b3781]::string::String>>
[INFO] [stdout]   15:     0x61b3a6174f85 - test[9d35eded1c95d3be]::run_test::{closure#0}
[INFO] [stdout]   16:     0x61b3a616e844 - std[70759c8f55707aa4]::sys::backtrace::__rust_begin_short_backtrace::<test[9d35eded1c95d3be]::run_test::{closure#1}, ()>
[INFO] [stdout]   17:     0x61b3a61780e2 - <std[70759c8f55707aa4]::thread::lifecycle::spawn_unchecked<test[9d35eded1c95d3be]::run_test::{closure#1}, ()>::{closure#1} as core[df12db4294e9bfd3]::ops::function::FnOnce<()>>::call_once::{shim:vtable#0}
[INFO] [stdout]   18:     0x61b3a61fdf99 - <std[70759c8f55707aa4]::sys::thread::unix::Thread>::new::thread_start
[INFO] [stdout]   19:     0x79317d2f8dfa - <unknown>
[INFO] [stdout]   20:     0x79317d38c3d4 - clone
[INFO] [stdout]   21:                0x0 - <unknown>
[INFO] [stdout] 
[INFO] [stdout] ---- tests::simple_from_url stdout ----
[INFO] [stdout] 
[INFO] [stdout] thread 'tests::simple_from_url' (257) panicked at src/lib.rs:343:55:
[INFO] [stdout] called `Result::unwrap()` on an `Err` value: SchemaFromUrl { url: "https://gist.githubusercontent.com/kindly/35a631d33792413ed8e34548abaa9d61/raw/b43dc7a76cc2a04fde2a2087f0eb389099b952fb/test.json", source: Transport(Transport { kind: Dns, message: Some("resolve dns name 'gist.githubusercontent.com:443'"), url: Some(Url { scheme: "https", cannot_be_a_base: false, username: "", password: None, host: Some(Domain("gist.githubusercontent.com")), port: None, path: "/kindly/35a631d33792413ed8e34548abaa9d61/raw/b43dc7a76cc2a04fde2a2087f0eb389099b952fb/test.json", query: None, fragment: None }), source: Some(Custom { kind: Uncategorized, error: "failed to lookup address information: Temporary failure in name resolution" }) }) }
[INFO] [stdout] stack backtrace:
[INFO] [stdout]    0:     0x61b3a61fee61 - <<std[70759c8f55707aa4]::sys::backtrace::BacktraceLock>::print::DisplayBacktrace as core[df12db4294e9bfd3]::fmt::Display>::fmt
[INFO] [stdout]    1:     0x61b3a621527a - core[df12db4294e9bfd3]::fmt::write
[INFO] [stdout]    2:     0x61b3a6203a3c - <alloc[2182bb758b4b3781]::vec::Vec<u8> as core[df12db4294e9bfd3]::io::write::Write>::write_fmt
[INFO] [stdout]    3:     0x61b3a61d97e6 - std[70759c8f55707aa4]::panicking::default_hook::{closure#0}
[INFO] [stdout]    4:     0x61b3a61f6b89 - std[70759c8f55707aa4]::panicking::default_hook
[INFO] [stdout]    5:     0x61b3a6174630 - test[9d35eded1c95d3be]::test_main_inner::<test[9d35eded1c95d3be]::test_main_static::{closure#0}>::{closure#0}
[INFO] [stdout]    6:     0x61b3a61f6d42 - std[70759c8f55707aa4]::panicking::panic_with_hook
[INFO] [stdout]    7:     0x61b3a61d9892 - std[70759c8f55707aa4]::panicking::panic_handler::{closure#0}
[INFO] [stdout]    8:     0x61b3a61d2539 - std[70759c8f55707aa4]::sys::backtrace::__rust_end_short_backtrace::<std[70759c8f55707aa4]::panicking::panic_handler::{closure#0}, !>
[INFO] [stdout]    9:     0x61b3a61da67d - __rustc[8fa7c3cbc660c2b3]::rust_begin_unwind
[INFO] [stdout]   10:     0x61b3a62159ac - core[df12db4294e9bfd3]::panicking::panic_fmt
[INFO] [stdout]   11:     0x61b3a6215782 - core[df12db4294e9bfd3]::result::unwrap_failed
[INFO] [stdout]   12:     0x61b3a602c47e - jsonref[ee5481f9e88f0a9f]::tests::simple_from_url
[INFO] [stdout]   13:     0x61b3a6032ef9 - <jsonref[ee5481f9e88f0a9f]::tests::simple_from_url::{closure#0} as core[df12db4294e9bfd3]::ops::function::FnOnce<()>>::call_once
[INFO] [stdout]   14:     0x61b3a616791b - test[9d35eded1c95d3be]::__rust_begin_short_backtrace::<core[df12db4294e9bfd3]::result::Result<(), alloc[2182bb758b4b3781]::string::String>, fn() -> core[df12db4294e9bfd3]::result::Result<(), alloc[2182bb758b4b3781]::string::String>>
[INFO] [stdout]   15:     0x61b3a6174f85 - test[9d35eded1c95d3be]::run_test::{closure#0}
[INFO] [stdout]   16:     0x61b3a616e844 - std[70759c8f55707aa4]::sys::backtrace::__rust_begin_short_backtrace::<test[9d35eded1c95d3be]::run_test::{closure#1}, ()>
[INFO] [stdout]   17:     0x61b3a61780e2 - <std[70759c8f55707aa4]::thread::lifecycle::spawn_unchecked<test[9d35eded1c95d3be]::run_test::{closure#1}, ()>::{closure#1} as core[df12db4294e9bfd3]::ops::function::FnOnce<()>>::call_once::{shim:vtable#0}
[INFO] [stdout]   18:     0x61b3a61fdf99 - <std[70759c8f55707aa4]::sys::thread::unix::Thread>::new::thread_start
[INFO] [stdout]   19:     0x79317d2f8dfa - <unknown>
[INFO] [stdout]   20:     0x79317d38c3d4 - clone
[INFO] [stdout]   21:                0x0 - <unknown>
[INFO] [stdout] 
[INFO] [stdout] 
[INFO] [stdout] failures:
[INFO] [stdout]     tests::nested_with_ref_from_url
[INFO] [stdout]     tests::simple_from_url
[INFO] [stdout] 
[INFO] [stdout] test result: FAILED. 3 passed; 2 failed; 0 ignored; 0 measured; 0 filtered out; finished in 0.01s
[INFO] [stdout] 
[INFO] [stderr] error: test failed, to rerun pass `--lib`
[INFO] running `Command { std: "docker" "inspect" "fd9971c1042ead5e5d0c91168a29659454656ceb2d8d4221bbe9d03f5215b02f", kill_on_drop: false }`
[INFO] running `Command { std: "docker" "rm" "-f" "fd9971c1042ead5e5d0c91168a29659454656ceb2d8d4221bbe9d03f5215b02f", kill_on_drop: false }`
[INFO] [stdout] fd9971c1042ead5e5d0c91168a29659454656ceb2d8d4221bbe9d03f5215b02f
