[INFO] fetching crate jsonpiler 0.11.0...
[INFO] testing jsonpiler-0.11.0 against 1.100.0-beta.1+cargoflags=--release for beta-release-1.100-2
[INFO] extracting crate jsonpiler 0.11.0 into /workspace/builds/worker-7-tc2/source
[INFO] started tweaking crates.io crate jsonpiler 0.11.0
[INFO] removed 0 missing tests
[INFO] finished tweaking crates.io crate jsonpiler 0.11.0
[INFO] tweaked toml for crates.io crate jsonpiler 0.11.0 written to /workspace/builds/worker-7-tc2/source/Cargo.toml
[INFO] validating manifest of crates.io crate jsonpiler 0.11.0 on toolchain 1.100.0-beta.1
[INFO] running `Command { std: CARGO_HOME="/workspace/cargo-home" RUSTUP_HOME="/workspace/rustup-home" "/workspace/cargo-home/bin/cargo" "+1.100.0-beta.1" "metadata" "--manifest-path" "Cargo.toml" "--no-deps", kill_on_drop: false }`
[INFO] crate crates.io crate jsonpiler 0.11.0 already has a lockfile, it will not be regenerated
[INFO] running `Command { std: CARGO_HOME="/workspace/cargo-home" RUSTUP_HOME="/workspace/rustup-home" "/workspace/cargo-home/bin/cargo" "+1.100.0-beta.1" "fetch" "--manifest-path" "Cargo.toml", kill_on_drop: false }`
[INFO] running `Command { std: "docker" "create" "-v" "/var/lib/crater-agent-workspace/builds/worker-7-tc2/source:/opt/rustwide/workdir:ro,Z" "-v" "/var/lib/crater-agent-workspace/builds/worker-7-tc2/target:/opt/rustwide/target:rw,Z" "-v" "/var/lib/crater-agent-workspace/cargo-home:/opt/rustwide/cargo-home:ro,Z" "-v" "/var/lib/crater-agent-workspace/rustup-home:/opt/rustwide/rustup-home:ro,Z" "-m" "1610612736" "--network" "none" "ghcr.io/rust-lang/crates-build-env/linux@sha256:77db811e55d90add9212f6832c23229e3de5f1c1f9905e8cb07319ea15df73ac" "sleep" "infinity", kill_on_drop: false }`
[INFO] [stdout] b956cd119c667fe0dd10c830957ee41889303ce207f362e6f9803e5634b27d68
[INFO] running `Command { std: "docker" "start" "b956cd119c667fe0dd10c830957ee41889303ce207f362e6f9803e5634b27d68", kill_on_drop: false }`
[INFO] running `Command { std: "docker" "inspect" "b956cd119c667fe0dd10c830957ee41889303ce207f362e6f9803e5634b27d68", kill_on_drop: false }`
[INFO] running `Command { std: "docker" "exec" "-e" "SOURCE_DIR=/opt/rustwide/workdir" "-e" "CARGO_HOME=/opt/rustwide/cargo-home" "-e" "RUSTUP_HOME=/opt/rustwide/rustup-home" "-e" "CARGO_TARGET_DIR=/opt/rustwide/target" "-w" "/opt/rustwide/workdir" "--user" "0:0" "b956cd119c667fe0dd10c830957ee41889303ce207f362e6f9803e5634b27d68" "/opt/rustwide/cargo-home/bin/cargo" "+1.100.0-beta.1" "metadata" "--no-deps" "--format-version=1", kill_on_drop: false }`
[INFO] running `Command { std: "docker" "inspect" "b956cd119c667fe0dd10c830957ee41889303ce207f362e6f9803e5634b27d68", kill_on_drop: false }`
[INFO] running `Command { std: "docker" "exec" "-e" "SOURCE_DIR=/opt/rustwide/workdir" "-e" "CARGO_HOME=/opt/rustwide/cargo-home" "-e" "RUSTUP_HOME=/opt/rustwide/rustup-home" "-e" "CARGO_TARGET_DIR=/opt/rustwide/target" "-e" "CARGO_INCREMENTAL=0" "-e" "RUST_BACKTRACE=full" "-e" "RUSTFLAGS=--cap-lints=warn" "-e" "RUSTDOCFLAGS=--cap-lints=warn" "-w" "/opt/rustwide/workdir" "--user" "0:0" "b956cd119c667fe0dd10c830957ee41889303ce207f362e6f9803e5634b27d68" "/opt/rustwide/cargo-home/bin/cargo" "+1.100.0-beta.1" "build" "--frozen" "--message-format=json" "--release", kill_on_drop: false }`
[INFO] [stderr]    Compiling jsonpiler v0.11.0 (/opt/rustwide/workdir)
[INFO] [stderr]     Finished `release` profile [optimized] target(s) in 28.03s
[INFO] running `Command { std: "docker" "inspect" "b956cd119c667fe0dd10c830957ee41889303ce207f362e6f9803e5634b27d68", kill_on_drop: false }`
[INFO] running `Command { std: "docker" "exec" "-e" "SOURCE_DIR=/opt/rustwide/workdir" "-e" "CARGO_HOME=/opt/rustwide/cargo-home" "-e" "RUSTUP_HOME=/opt/rustwide/rustup-home" "-e" "CARGO_TARGET_DIR=/opt/rustwide/target" "-e" "CARGO_INCREMENTAL=0" "-e" "RUST_BACKTRACE=full" "-e" "RUSTFLAGS=--cap-lints=warn" "-e" "RUSTDOCFLAGS=--cap-lints=warn" "-w" "/opt/rustwide/workdir" "--user" "0:0" "b956cd119c667fe0dd10c830957ee41889303ce207f362e6f9803e5634b27d68" "/opt/rustwide/cargo-home/bin/cargo" "+1.100.0-beta.1" "test" "--frozen" "--no-run" "--message-format=json" "--release", kill_on_drop: false }`
[INFO] [stderr]    Compiling jsonpiler v0.11.0 (/opt/rustwide/workdir)
[INFO] [stderr]     Finished `release` profile [optimized] target(s) in 33.14s
[INFO] running `Command { std: "docker" "inspect" "b956cd119c667fe0dd10c830957ee41889303ce207f362e6f9803e5634b27d68", kill_on_drop: false }`
[INFO] running `Command { std: "docker" "exec" "-e" "SOURCE_DIR=/opt/rustwide/workdir" "-e" "CARGO_HOME=/opt/rustwide/cargo-home" "-e" "RUSTUP_HOME=/opt/rustwide/rustup-home" "-e" "CARGO_TARGET_DIR=/opt/rustwide/target" "-e" "CARGO_INCREMENTAL=0" "-e" "RUST_BACKTRACE=full" "-e" "RUSTFLAGS=--cap-lints=warn" "-e" "RUSTDOCFLAGS=--cap-lints=warn" "-w" "/opt/rustwide/workdir" "--user" "0:0" "b956cd119c667fe0dd10c830957ee41889303ce207f362e6f9803e5634b27d68" "/opt/rustwide/cargo-home/bin/cargo" "+1.100.0-beta.1" "test" "--frozen" "--release", kill_on_drop: false }`
[INFO] [stderr]     Finished `release` profile [optimized] target(s) in 0.01s
[INFO] [stderr]      Running unittests src/lib.rs (/opt/rustwide/target/release/build/jsonpiler/6fcdbe523687280f/out/jsonpiler-6fcdbe523687280f)
[INFO] [stdout] 
[INFO] [stdout] running 2 tests
[INFO] [stdout] test assembler::a64::sha256::tests::sha_256 ... ok
[INFO] [stdout] test assembler::a64::encode::tests::encode_a64_inst ... ok
[INFO] [stdout] 
[INFO] [stdout] test result: ok. 2 passed; 0 failed; 0 ignored; 0 measured; 0 filtered out; finished in 0.00s
[INFO] [stdout] 
[INFO] [stderr]      Running unittests src/main.rs (/opt/rustwide/target/release/build/jsonpiler/8ae474407e7decff/out/jsonpiler-8ae474407e7decff)
[INFO] [stdout] 
[INFO] [stdout] running 0 tests
[INFO] [stdout] 
[INFO] [stdout] test result: ok. 0 passed; 0 failed; 0 ignored; 0 measured; 0 filtered out; finished in 0.00s
[INFO] [stdout] 
[INFO] [stderr]      Running tests/test.rs (/opt/rustwide/target/release/build/jsonpiler/dfa912802bbf1d59/out/test-dfa912802bbf1d59)
[INFO] [stdout] 
[INFO] [stdout] running 3 tests
[INFO] [stdout] test tests::run_jspl_examples_and_check_exit_codes ... FAILED
[INFO] [stdout] test tests::run_gui_examples ... FAILED
[INFO] [stdout] test tests::run_random_example_and_check_exit_code_range ... FAILED
[INFO] [stdout] 
[INFO] [stdout] failures:
[INFO] [stdout] 
[INFO] [stdout] ---- tests::run_jspl_examples_and_check_exit_codes stdout ----
[INFO] [stdout] 
[INFO] [stdout] thread 'tests::run_jspl_examples_and_check_exit_codes' (292) panicked at tests/test.rs:55:19:
[INFO] [stdout] Failed to run example: arithmetic.jspl
[INFO] [stdout] 
[INFO] [stdout] ╭- PlatformError ------------
[INFO] [stdout] | The executable requires 
[INFO] [stdout] | Windows x64 or macOS a64
[INFO] [stdout] ╰-----------------------------
[INFO] [stdout] 
[INFO] [stdout] stack backtrace:
[INFO] [stdout]    0:     0x5cfbd11124e1 - <<std[617be2ca0a6fd877]::sys::backtrace::BacktraceLock>::print::DisplayBacktrace as core[a373ad73a504971]::fmt::Display>::fmt
[INFO] [stdout]    1:     0x5cfbd112831a - core[a373ad73a504971]::fmt::write
[INFO] [stdout]    2:     0x5cfbd111704c - <alloc[2e1b2a31b91974c5]::vec::Vec<u8> as core[a373ad73a504971]::io::write::Write>::write_fmt
[INFO] [stdout]    3:     0x5cfbd10eb676 - std[617be2ca0a6fd877]::panicking::default_hook::{closure#0}
[INFO] [stdout]    4:     0x5cfbd1108e59 - std[617be2ca0a6fd877]::panicking::default_hook
[INFO] [stdout]    5:     0x5cfbd0f84ed0 - test[aada8e7e76ba119b]::test_main_inner::{closure#0}
[INFO] [stdout]    6:     0x5cfbd1109012 - std[617be2ca0a6fd877]::panicking::panic_with_hook
[INFO] [stdout]    7:     0x5cfbd10eb722 - std[617be2ca0a6fd877]::panicking::panic_handler::{closure#0}
[INFO] [stdout]    8:     0x5cfbd10e4069 - std[617be2ca0a6fd877]::sys::backtrace::__rust_end_short_backtrace::<std[617be2ca0a6fd877]::panicking::panic_handler::{closure#0}, !>
[INFO] [stdout]    9:     0x5cfbd10ec3ad - __rustc[ea4f61d10b84890b]::rust_begin_unwind
[INFO] [stdout]   10:     0x5cfbd1128a4c - core[a373ad73a504971]::panicking::panic_fmt
[INFO] [stdout]   11:     0x5cfbd0f75179 - test[c64c27e1220e3efe]::tests::run_example
[INFO] [stdout]   12:     0x5cfbd0f76163 - <test[c64c27e1220e3efe]::tests::run_jspl_examples_and_check_exit_codes::{closure#0} as core[a373ad73a504971]::ops::function::FnOnce<()>>::call_once
[INFO] [stdout]   13:     0x5cfbd0f7831b - test[aada8e7e76ba119b]::__rust_begin_short_backtrace::<core[a373ad73a504971]::result::Result<(), alloc[2e1b2a31b91974c5]::string::String>, fn() -> core[a373ad73a504971]::result::Result<(), alloc[2e1b2a31b91974c5]::string::String>>
[INFO] [stdout]   14:     0x5cfbd0f854f5 - test[aada8e7e76ba119b]::run_test::{closure#0}
[INFO] [stdout]   15:     0x5cfbd0f7ede4 - std[617be2ca0a6fd877]::sys::backtrace::__rust_begin_short_backtrace::<test[aada8e7e76ba119b]::run_test::{closure#1}, ()>
[INFO] [stdout]   16:     0x5cfbd0f88582 - <std[617be2ca0a6fd877]::thread::lifecycle::spawn_unchecked<test[aada8e7e76ba119b]::run_test::{closure#1}, ()>::{closure#1} as core[a373ad73a504971]::ops::function::FnOnce<()>>::call_once::{shim:vtable#0}
[INFO] [stdout]   17:     0x5cfbd111173f - <std[617be2ca0a6fd877]::sys::thread::unix::Thread>::new::thread_start
[INFO] [stdout]   18:     0x7a20b410bdfa - <unknown>
[INFO] [stdout]   19:     0x7a20b419f3d4 - clone
[INFO] [stdout]   20:                0x0 - <unknown>
[INFO] [stdout] 
[INFO] [stdout] ---- tests::run_gui_examples stdout ----
[INFO] [stdout] 
[INFO] [stdout] thread 'tests::run_gui_examples' (291) panicked at tests/test.rs:110:8:
[INFO] [stdout] Failed to build GUI example: Os { code: 2, kind: NotFound, message: "No such file or directory" }
[INFO] [stdout] stack backtrace:
[INFO] [stdout]    0:     0x5cfbd11124e1 - <<std[617be2ca0a6fd877]::sys::backtrace::BacktraceLock>::print::DisplayBacktrace as core[a373ad73a504971]::fmt::Display>::fmt
[INFO] [stdout]    1:     0x5cfbd112831a - core[a373ad73a504971]::fmt::write
[INFO] [stdout]    2:     0x5cfbd111704c - <alloc[2e1b2a31b91974c5]::vec::Vec<u8> as core[a373ad73a504971]::io::write::Write>::write_fmt
[INFO] [stdout]    3:     0x5cfbd10eb676 - std[617be2ca0a6fd877]::panicking::default_hook::{closure#0}
[INFO] [stdout]    4:     0x5cfbd1108e59 - std[617be2ca0a6fd877]::panicking::default_hook
[INFO] [stdout]    5:     0x5cfbd0f84ed0 - test[aada8e7e76ba119b]::test_main_inner::{closure#0}
[INFO] [stdout]    6:     0x5cfbd1109012 - std[617be2ca0a6fd877]::panicking::panic_with_hook
[INFO] [stdout]    7:     0x5cfbd10eb722 - std[617be2ca0a6fd877]::panicking::panic_handler::{closure#0}
[INFO] [stdout]    8:     0x5cfbd10e4069 - std[617be2ca0a6fd877]::sys::backtrace::__rust_end_short_backtrace::<std[617be2ca0a6fd877]::panicking::panic_handler::{closure#0}, !>
[INFO] [stdout]    9:     0x5cfbd10ec3ad - __rustc[ea4f61d10b84890b]::rust_begin_unwind
[INFO] [stdout]   10:     0x5cfbd1128a4c - core[a373ad73a504971]::panicking::panic_fmt
[INFO] [stdout]   11:     0x5cfbd1128822 - core[a373ad73a504971]::result::unwrap_failed
[INFO] [stdout]   12:     0x5cfbd0f75dff - <test[c64c27e1220e3efe]::tests::run_gui_examples::{closure#0} as core[a373ad73a504971]::ops::function::FnOnce<()>>::call_once
[INFO] [stdout]   13:     0x5cfbd0f7831b - test[aada8e7e76ba119b]::__rust_begin_short_backtrace::<core[a373ad73a504971]::result::Result<(), alloc[2e1b2a31b91974c5]::string::String>, fn() -> core[a373ad73a504971]::result::Result<(), alloc[2e1b2a31b91974c5]::string::String>>
[INFO] [stdout]   14:     0x5cfbd0f854f5 - test[aada8e7e76ba119b]::run_test::{closure#0}
[INFO] [stdout]   15:     0x5cfbd0f7ede4 - std[617be2ca0a6fd877]::sys::backtrace::__rust_begin_short_backtrace::<test[aada8e7e76ba119b]::run_test::{closure#1}, ()>
[INFO] [stdout]   16:     0x5cfbd0f88582 - <std[617be2ca0a6fd877]::thread::lifecycle::spawn_unchecked<test[aada8e7e76ba119b]::run_test::{closure#1}, ()>::{closure#1} as core[a373ad73a504971]::ops::function::FnOnce<()>>::call_once::{shim:vtable#0}
[INFO] [stdout]   17:     0x5cfbd111173f - <std[617be2ca0a6fd877]::sys::thread::unix::Thread>::new::thread_start
[INFO] [stdout]   18:     0x7a20b410bdfa - <unknown>
[INFO] [stdout]   19:     0x7a20b419f3d4 - clone
[INFO] [stdout]   20:                0x0 - <unknown>
[INFO] [stdout] 
[INFO] [stdout] ---- tests::run_random_example_and_check_exit_code_range stdout ----
[INFO] [stdout] 
[INFO] [stdout] thread 'tests::run_random_example_and_check_exit_code_range' (293) panicked at tests/test.rs:55:19:
[INFO] [stdout] Failed to run example: random.jspl
[INFO] [stdout] 
[INFO] [stdout] ╭- PlatformError ------------
[INFO] [stdout] | The executable requires 
[INFO] [stdout] | Windows x64 or macOS a64
[INFO] [stdout] ╰-----------------------------
[INFO] [stdout] 
[INFO] [stdout] stack backtrace:
[INFO] [stdout]    0:     0x5cfbd11124e1 - <<std[617be2ca0a6fd877]::sys::backtrace::BacktraceLock>::print::DisplayBacktrace as core[a373ad73a504971]::fmt::Display>::fmt
[INFO] [stdout]    1:     0x5cfbd112831a - core[a373ad73a504971]::fmt::write
[INFO] [stdout]    2:     0x5cfbd111704c - <alloc[2e1b2a31b91974c5]::vec::Vec<u8> as core[a373ad73a504971]::io::write::Write>::write_fmt
[INFO] [stdout]    3:     0x5cfbd10eb676 - std[617be2ca0a6fd877]::panicking::default_hook::{closure#0}
[INFO] [stdout]    4:     0x5cfbd1108e59 - std[617be2ca0a6fd877]::panicking::default_hook
[INFO] [stdout]    5:     0x5cfbd0f84ed0 - test[aada8e7e76ba119b]::test_main_inner::{closure#0}
[INFO] [stdout]    6:     0x5cfbd1109012 - std[617be2ca0a6fd877]::panicking::panic_with_hook
[INFO] [stdout]    7:     0x5cfbd10eb722 - std[617be2ca0a6fd877]::panicking::panic_handler::{closure#0}
[INFO] [stdout]    8:     0x5cfbd10e4069 - std[617be2ca0a6fd877]::sys::backtrace::__rust_end_short_backtrace::<std[617be2ca0a6fd877]::panicking::panic_handler::{closure#0}, !>
[INFO] [stdout]    9:     0x5cfbd10ec3ad - __rustc[ea4f61d10b84890b]::rust_begin_unwind
[INFO] [stdout]   10:     0x5cfbd1128a4c - core[a373ad73a504971]::panicking::panic_fmt
[INFO] [stdout]   11:     0x5cfbd0f75179 - test[c64c27e1220e3efe]::tests::run_example
[INFO] [stdout]   12:     0x5cfbd0f76500 - <test[c64c27e1220e3efe]::tests::run_random_example_and_check_exit_code_range::{closure#0} as core[a373ad73a504971]::ops::function::FnOnce<()>>::call_once
[INFO] [stdout]   13:     0x5cfbd0f7831b - test[aada8e7e76ba119b]::__rust_begin_short_backtrace::<core[a373ad73a504971]::result::Result<(), alloc[2e1b2a31b91974c5]::string::String>, fn() -> core[a373ad73a504971]::result::Result<(), alloc[2e1b2a31b91974c5]::string::String>>
[INFO] [stdout]   14:     0x5cfbd0f854f5 - test[aada8e7e76ba119b]::run_test::{closure#0}
[INFO] [stdout]   15:     0x5cfbd0f7ede4 - std[617be2ca0a6fd877]::sys::backtrace::__rust_begin_short_backtrace::<test[aada8e7e76ba119b]::run_test::{closure#1}, ()>
[INFO] [stdout]   16:     0x5cfbd0f88582 - <std[617be2ca0a6fd877]::thread::lifecycle::spawn_unchecked<test[aada8e7e76ba119b]::run_test::{closure#1}, ()>::{closure#1} as core[a373ad73a504971]::ops::function::FnOnce<()>>::call_once::{shim:vtable#0}
[INFO] [stdout]   17:     0x5cfbd111173f - <std[617be2ca0a6fd877]::sys::thread::unix::Thread>::new::thread_start
[INFO] [stdout]   18:     0x7a20b410bdfa - <unknown>
[INFO] [stdout]   19:     0x7a20b419f3d4 - clone
[INFO] [stdout]   20:                0x0 - <unknown>
[INFO] [stdout] 
[INFO] [stdout] 
[INFO] [stdout] failures:
[INFO] [stdout]     tests::run_gui_examples
[INFO] [stdout]     tests::run_jspl_examples_and_check_exit_codes
[INFO] [stdout]     tests::run_random_example_and_check_exit_code_range
[INFO] [stdout] 
[INFO] [stderr] error: test failed, to rerun pass `--test test`
[INFO] [stdout] test result: FAILED. 0 passed; 3 failed; 0 ignored; 0 measured; 0 filtered out; finished in 0.01s
[INFO] [stdout] 
[INFO] running `Command { std: "docker" "inspect" "b956cd119c667fe0dd10c830957ee41889303ce207f362e6f9803e5634b27d68", kill_on_drop: false }`
[INFO] running `Command { std: "docker" "rm" "-f" "b956cd119c667fe0dd10c830957ee41889303ce207f362e6f9803e5634b27d68", kill_on_drop: false }`
[INFO] [stdout] b956cd119c667fe0dd10c830957ee41889303ce207f362e6f9803e5634b27d68
