[INFO] fetching crate jsonpath_lib_polars_vendor 0.0.1...
[INFO] testing jsonpath_lib_polars_vendor-0.0.1 against 1.100.0-beta.1+cargoflags=--release for beta-release-1.100-2
[INFO] extracting crate jsonpath_lib_polars_vendor 0.0.1 into /workspace/builds/worker-4-tc2/source
[INFO] started tweaking crates.io crate jsonpath_lib_polars_vendor 0.0.1
[INFO] finished tweaking crates.io crate jsonpath_lib_polars_vendor 0.0.1
[INFO] tweaked toml for crates.io crate jsonpath_lib_polars_vendor 0.0.1 written to /workspace/builds/worker-4-tc2/source/Cargo.toml
[INFO] validating manifest of crates.io crate jsonpath_lib_polars_vendor 0.0.1 on toolchain 1.100.0-beta.1
[INFO] running `Command { std: CARGO_HOME="/workspace/cargo-home" RUSTUP_HOME="/workspace/rustup-home" "/workspace/cargo-home/bin/cargo" "+1.100.0-beta.1" "metadata" "--manifest-path" "Cargo.toml" "--no-deps", kill_on_drop: false }`
[INFO] running `Command { std: CARGO_HOME="/workspace/cargo-home" RUSTUP_HOME="/workspace/rustup-home" "/workspace/cargo-home/bin/cargo" "+1.100.0-beta.1" "generate-lockfile" "--manifest-path" "Cargo.toml", kill_on_drop: false }`
[INFO] [stderr]     Updating crates.io index
[INFO] [stderr]      Locking 32 packages to highest compatible versions
[INFO] [stderr]       Adding env_logger v0.8.4 (available: v0.11.11)
[INFO] running `Command { std: CARGO_HOME="/workspace/cargo-home" RUSTUP_HOME="/workspace/rustup-home" "/workspace/cargo-home/bin/cargo" "+1.100.0-beta.1" "fetch" "--manifest-path" "Cargo.toml", kill_on_drop: false }`
[INFO] [stderr] warning: Cargo.toml: `package.edition` is unspecified, defaulting to `2015` while the latest is `2024`
[INFO] [stderr] warning: `jsonpath_lib_polars_vendor` (manifest) generated 1 warning
[INFO] running `Command { std: "docker" "create" "-v" "/var/lib/crater-agent-workspace/builds/worker-4-tc2/source:/opt/rustwide/workdir:ro,Z" "-v" "/var/lib/crater-agent-workspace/builds/worker-4-tc2/target:/opt/rustwide/target:rw,Z" "-v" "/var/lib/crater-agent-workspace/cargo-home:/opt/rustwide/cargo-home:ro,Z" "-v" "/var/lib/crater-agent-workspace/rustup-home:/opt/rustwide/rustup-home:ro,Z" "-m" "1610612736" "--network" "none" "ghcr.io/rust-lang/crates-build-env/linux@sha256:77db811e55d90add9212f6832c23229e3de5f1c1f9905e8cb07319ea15df73ac" "sleep" "infinity", kill_on_drop: false }`
[INFO] [stdout] 57f7122453427b3988a433d2eb79bd2ea691c2c2a41d22e45b752ca747ec132e
[INFO] running `Command { std: "docker" "start" "57f7122453427b3988a433d2eb79bd2ea691c2c2a41d22e45b752ca747ec132e", kill_on_drop: false }`
[INFO] running `Command { std: "docker" "inspect" "57f7122453427b3988a433d2eb79bd2ea691c2c2a41d22e45b752ca747ec132e", kill_on_drop: false }`
[INFO] running `Command { std: "docker" "exec" "-e" "SOURCE_DIR=/opt/rustwide/workdir" "-e" "CARGO_HOME=/opt/rustwide/cargo-home" "-e" "RUSTUP_HOME=/opt/rustwide/rustup-home" "-e" "CARGO_TARGET_DIR=/opt/rustwide/target" "-w" "/opt/rustwide/workdir" "--user" "0:0" "57f7122453427b3988a433d2eb79bd2ea691c2c2a41d22e45b752ca747ec132e" "/opt/rustwide/cargo-home/bin/cargo" "+1.100.0-beta.1" "metadata" "--no-deps" "--format-version=1", kill_on_drop: false }`
[INFO] running `Command { std: "docker" "inspect" "57f7122453427b3988a433d2eb79bd2ea691c2c2a41d22e45b752ca747ec132e", kill_on_drop: false }`
[INFO] running `Command { std: "docker" "exec" "-e" "SOURCE_DIR=/opt/rustwide/workdir" "-e" "CARGO_HOME=/opt/rustwide/cargo-home" "-e" "RUSTUP_HOME=/opt/rustwide/rustup-home" "-e" "CARGO_TARGET_DIR=/opt/rustwide/target" "-e" "CARGO_INCREMENTAL=0" "-e" "RUST_BACKTRACE=full" "-e" "RUSTFLAGS=--cap-lints=warn" "-e" "RUSTDOCFLAGS=--cap-lints=warn" "-w" "/opt/rustwide/workdir" "--user" "0:0" "57f7122453427b3988a433d2eb79bd2ea691c2c2a41d22e45b752ca747ec132e" "/opt/rustwide/cargo-home/bin/cargo" "+1.100.0-beta.1" "build" "--frozen" "--message-format=json" "--release", kill_on_drop: false }`
[INFO] [stderr] warning: Cargo.toml: `package.edition` is unspecified, defaulting to `2015` while the latest is `2024`
[INFO] [stderr] warning: `jsonpath_lib_polars_vendor` (manifest) generated 1 warning
[INFO] [stderr]    Compiling serde_json v1.0.154
[INFO] [stderr]    Compiling indexmap v2.14.2
[INFO] [stderr]    Compiling serde v1.0.229
[INFO] [stderr]    Compiling jsonpath_lib_polars_vendor v0.0.1 (/opt/rustwide/workdir)
[INFO] [stdout] warning: unused import: `self::parser_node_visitor::ParserNodeVisitor`
[INFO] [stdout]  --> src/paths/mod.rs:1:9
[INFO] [stdout]   |
[INFO] [stdout] 1 | pub use self::parser_node_visitor::ParserNodeVisitor;
[INFO] [stdout]   |         ^^^^^^^^^^^^^^^^^^^^^^^^^^^^^^^^^^^^^^^^^^^^
[INFO] [stdout]   |
[INFO] [stdout]   = note: `#[warn(unused_imports)]` (part of `#[warn(unused)]`) on by default
[INFO] [stdout] 
[INFO] [stdout] 
[INFO] [stdout] warning: field `err` is never read
[INFO] [stdout]    --> src/paths/tokenizer.rs:249:5
[INFO] [stdout]     |
[INFO] [stdout] 246 | pub(super) struct TokenReader<'a> {
[INFO] [stdout]     |                   ----------- field in this struct
[INFO] [stdout] ...
[INFO] [stdout] 249 |     err: Option<TokenError>,
[INFO] [stdout]     |     ^^^
[INFO] [stdout]     |
[INFO] [stdout]     = note: `TokenReader` has derived impls for the traits `Debug` and `Clone`, but these are intentionally ignored during dead code analysis
[INFO] [stdout]     = note: `#[warn(dead_code)]` (part of `#[warn(unused)]`) on by default
[INFO] [stdout] 
[INFO] [stdout] 
[INFO] [stdout] warning: eliding a lifetime that's named elsewhere is confusing
[INFO] [stdout]    --> src/lib.rs:307:110
[INFO] [stdout]     |
[INFO] [stdout] 306 | pub fn selector_as<'a, T: serde::de::DeserializeOwned>(json: &'a Value)
[INFO] [stdout]     |                                                               -- the lifetime is named here
[INFO] [stdout] 307 |                                                    -> impl FnMut(&'a str) -> Result<Vec<T>, JsonPathError> + '_
[INFO] [stdout]     |                                                                   -- the same lifetime is named here         ^^ the same lifetime is elided here
[INFO] [stdout]     |
[INFO] [stdout]     = help: the same lifetime is referred to in inconsistent ways, making the signature confusing
[INFO] [stdout]     = note: `#[warn(mismatched_lifetime_syntaxes)]` on by default
[INFO] [stdout] help: consistently use `'a`
[INFO] [stdout]     |
[INFO] [stdout] 307 -                                                    -> impl FnMut(&'a str) -> Result<Vec<T>, JsonPathError> + '_
[INFO] [stdout] 307 +                                                    -> impl FnMut(&'a str) -> Result<Vec<T>, JsonPathError> + 'a
[INFO] [stdout]     |
[INFO] [stdout] 
[INFO] [stdout] 
[INFO] [stdout] warning: hiding a lifetime that's elided elsewhere is confusing
[INFO] [stdout]    --> src/lib.rs:654:26
[INFO] [stdout]     |
[INFO] [stdout] 654 |     pub fn compile(path: &str) -> Result<PathCompiled, JsonPathError> {
[INFO] [stdout]     |                          ^^^^            ^^^^^^^^^^^^ the same lifetime is hidden here
[INFO] [stdout]     |                          |
[INFO] [stdout]     |                          the lifetime is elided here
[INFO] [stdout]     |
[INFO] [stdout]     = help: the same lifetime is referred to in inconsistent ways, making the signature confusing
[INFO] [stdout] help: use `'_` for type paths
[INFO] [stdout]     |
[INFO] [stdout] 654 |     pub fn compile(path: &str) -> Result<PathCompiled<'_>, JsonPathError> {
[INFO] [stdout]     |                                                      ++++
[INFO] [stdout] 
[INFO] [stdout] 
[INFO] [stdout] warning: calls to `std::mem::forget` with a value that implements `Copy` does nothing
[INFO] [stdout]   --> src/ffi/mod.rs:39:5
[INFO] [stdout]    |
[INFO] [stdout] 39 |     std::mem::forget(ref_node);
[INFO] [stdout]    |     ^^^^^^^^^^^^^^^^^--------^
[INFO] [stdout]    |                      |
[INFO] [stdout]    |                      argument has type `*mut parser::Node`
[INFO] [stdout]    |
[INFO] [stdout]    = note: `#[warn(forgetting_copy_types)]` on by default
[INFO] [stdout] help: use `let _ = ...` to ignore the expression or result
[INFO] [stdout]    |
[INFO] [stdout] 39 -     std::mem::forget(ref_node);
[INFO] [stdout] 39 +     let _ = ref_node;
[INFO] [stdout]    |
[INFO] [stdout] 
[INFO] [stdout] 
[INFO] [stdout] warning: hiding a lifetime that's elided elsewhere is confusing
[INFO] [stdout]   --> src/selector/utils.rs:40:25
[INFO] [stdout]    |
[INFO] [stdout] 40 | pub fn to_path_str(key: &str) -> PathKey {
[INFO] [stdout]    |                         ^^^^     ^^^^^^^ the same lifetime is hidden here
[INFO] [stdout]    |                         |
[INFO] [stdout]    |                         the lifetime is elided here
[INFO] [stdout]    |
[INFO] [stdout]    = help: the same lifetime is referred to in inconsistent ways, making the signature confusing
[INFO] [stdout] help: use `'_` for type paths
[INFO] [stdout]    |
[INFO] [stdout] 40 | pub fn to_path_str(key: &str) -> PathKey<'_> {
[INFO] [stdout]    |                                         ++++
[INFO] [stdout] 
[INFO] [stdout] 
[INFO] [stderr]     Finished `release` profile [optimized] target(s) in 9.27s
[INFO] running `Command { std: "docker" "inspect" "57f7122453427b3988a433d2eb79bd2ea691c2c2a41d22e45b752ca747ec132e", kill_on_drop: false }`
[INFO] running `Command { std: "docker" "exec" "-e" "SOURCE_DIR=/opt/rustwide/workdir" "-e" "CARGO_HOME=/opt/rustwide/cargo-home" "-e" "RUSTUP_HOME=/opt/rustwide/rustup-home" "-e" "CARGO_TARGET_DIR=/opt/rustwide/target" "-e" "CARGO_INCREMENTAL=0" "-e" "RUST_BACKTRACE=full" "-e" "RUSTFLAGS=--cap-lints=warn" "-e" "RUSTDOCFLAGS=--cap-lints=warn" "-w" "/opt/rustwide/workdir" "--user" "0:0" "57f7122453427b3988a433d2eb79bd2ea691c2c2a41d22e45b752ca747ec132e" "/opt/rustwide/cargo-home/bin/cargo" "+1.100.0-beta.1" "test" "--frozen" "--no-run" "--message-format=json" "--release", kill_on_drop: false }`
[INFO] [stderr] warning: Cargo.toml: `package.edition` is unspecified, defaulting to `2015` while the latest is `2024`
[INFO] [stderr] warning: `jsonpath_lib_polars_vendor` (manifest) generated 1 warning
[INFO] [stderr]    Compiling regex-syntax v0.8.11
[INFO] [stderr]    Compiling humantime v2.4.0
[INFO] [stderr]    Compiling termcolor v1.4.1
[INFO] [stderr]    Compiling atty v0.2.14
[INFO] [stdout] warning: unused import: `self::parser_node_visitor::ParserNodeVisitor`
[INFO] [stdout]  --> src/paths/mod.rs:1:9
[INFO] [stdout]   |
[INFO] [stdout] 1 | pub use self::parser_node_visitor::ParserNodeVisitor;
[INFO] [stdout]   |         ^^^^^^^^^^^^^^^^^^^^^^^^^^^^^^^^^^^^^^^^^^^^
[INFO] [stdout]   |
[INFO] [stdout]   = note: `#[warn(unused_imports)]` (part of `#[warn(unused)]`) on by default
[INFO] [stdout] 
[INFO] [stdout] 
[INFO] [stdout] warning: field `err` is never read
[INFO] [stdout]    --> src/paths/tokenizer.rs:249:5
[INFO] [stdout]     |
[INFO] [stdout] 246 | pub(super) struct TokenReader<'a> {
[INFO] [stdout]     |                   ----------- field in this struct
[INFO] [stdout] ...
[INFO] [stdout] 249 |     err: Option<TokenError>,
[INFO] [stdout]     |     ^^^
[INFO] [stdout]     |
[INFO] [stdout]     = note: `TokenReader` has derived impls for the traits `Debug` and `Clone`, but these are intentionally ignored during dead code analysis
[INFO] [stdout]     = note: `#[warn(dead_code)]` (part of `#[warn(unused)]`) on by default
[INFO] [stdout] 
[INFO] [stdout] 
[INFO] [stdout] warning: eliding a lifetime that's named elsewhere is confusing
[INFO] [stdout]    --> src/lib.rs:307:110
[INFO] [stdout]     |
[INFO] [stdout] 306 | pub fn selector_as<'a, T: serde::de::DeserializeOwned>(json: &'a Value)
[INFO] [stdout]     |                                                               -- the lifetime is named here
[INFO] [stdout] 307 |                                                    -> impl FnMut(&'a str) -> Result<Vec<T>, JsonPathError> + '_
[INFO] [stdout]     |                                                                   -- the same lifetime is named here         ^^ the same lifetime is elided here
[INFO] [stdout]     |
[INFO] [stdout]     = help: the same lifetime is referred to in inconsistent ways, making the signature confusing
[INFO] [stdout]     = note: `#[warn(mismatched_lifetime_syntaxes)]` on by default
[INFO] [stdout] help: consistently use `'a`
[INFO] [stdout]     |
[INFO] [stdout] 307 -                                                    -> impl FnMut(&'a str) -> Result<Vec<T>, JsonPathError> + '_
[INFO] [stdout] 307 +                                                    -> impl FnMut(&'a str) -> Result<Vec<T>, JsonPathError> + 'a
[INFO] [stdout]     |
[INFO] [stdout] 
[INFO] [stdout] 
[INFO] [stdout] warning: hiding a lifetime that's elided elsewhere is confusing
[INFO] [stdout]    --> src/lib.rs:654:26
[INFO] [stdout]     |
[INFO] [stdout] 654 |     pub fn compile(path: &str) -> Result<PathCompiled, JsonPathError> {
[INFO] [stdout]     |                          ^^^^            ^^^^^^^^^^^^ the same lifetime is hidden here
[INFO] [stdout]     |                          |
[INFO] [stdout]     |                          the lifetime is elided here
[INFO] [stdout]     |
[INFO] [stdout]     = help: the same lifetime is referred to in inconsistent ways, making the signature confusing
[INFO] [stdout] help: use `'_` for type paths
[INFO] [stdout]     |
[INFO] [stdout] 654 |     pub fn compile(path: &str) -> Result<PathCompiled<'_>, JsonPathError> {
[INFO] [stdout]     |                                                      ++++
[INFO] [stdout] 
[INFO] [stdout] 
[INFO] [stdout] warning: calls to `std::mem::forget` with a value that implements `Copy` does nothing
[INFO] [stdout]   --> src/ffi/mod.rs:39:5
[INFO] [stdout]    |
[INFO] [stdout] 39 |     std::mem::forget(ref_node);
[INFO] [stdout]    |     ^^^^^^^^^^^^^^^^^--------^
[INFO] [stdout]    |                      |
[INFO] [stdout]    |                      argument has type `*mut parser::Node`
[INFO] [stdout]    |
[INFO] [stdout]    = note: `#[warn(forgetting_copy_types)]` on by default
[INFO] [stdout] help: use `let _ = ...` to ignore the expression or result
[INFO] [stdout]    |
[INFO] [stdout] 39 -     std::mem::forget(ref_node);
[INFO] [stdout] 39 +     let _ = ref_node;
[INFO] [stdout]    |
[INFO] [stdout] 
[INFO] [stdout] 
[INFO] [stdout] warning: hiding a lifetime that's elided elsewhere is confusing
[INFO] [stdout]   --> src/selector/utils.rs:40:25
[INFO] [stdout]    |
[INFO] [stdout] 40 | pub fn to_path_str(key: &str) -> PathKey {
[INFO] [stdout]    |                         ^^^^     ^^^^^^^ the same lifetime is hidden here
[INFO] [stdout]    |                         |
[INFO] [stdout]    |                         the lifetime is elided here
[INFO] [stdout]    |
[INFO] [stdout]    = help: the same lifetime is referred to in inconsistent ways, making the signature confusing
[INFO] [stdout] help: use `'_` for type paths
[INFO] [stdout]    |
[INFO] [stdout] 40 | pub fn to_path_str(key: &str) -> PathKey<'_> {
[INFO] [stdout]    |                                         ++++
[INFO] [stdout] 
[INFO] [stdout] 
[INFO] [stderr]    Compiling regex-automata v0.4.18
[INFO] [stderr]    Compiling regex v1.13.1
[INFO] [stderr]    Compiling env_logger v0.8.4
[INFO] [stderr]    Compiling jsonpath_lib_polars_vendor v0.0.1 (/opt/rustwide/workdir)
[INFO] [stdout] warning: unused import: `self::parser_node_visitor::ParserNodeVisitor`
[INFO] [stdout]  --> src/paths/mod.rs:1:9
[INFO] [stdout]   |
[INFO] [stdout] 1 | pub use self::parser_node_visitor::ParserNodeVisitor;
[INFO] [stdout]   |         ^^^^^^^^^^^^^^^^^^^^^^^^^^^^^^^^^^^^^^^^^^^^
[INFO] [stdout]   |
[INFO] [stdout]   = note: `#[warn(unused_imports)]` (part of `#[warn(unused)]`) on by default
[INFO] [stdout] 
[INFO] [stdout] 
[INFO] [stdout] warning: field `err` is never read
[INFO] [stdout]    --> src/paths/tokenizer.rs:249:5
[INFO] [stdout]     |
[INFO] [stdout] 246 | pub(super) struct TokenReader<'a> {
[INFO] [stdout]     |                   ----------- field in this struct
[INFO] [stdout] ...
[INFO] [stdout] 249 |     err: Option<TokenError>,
[INFO] [stdout]     |     ^^^
[INFO] [stdout]     |
[INFO] [stdout]     = note: `TokenReader` has derived impls for the traits `Debug` and `Clone`, but these are intentionally ignored during dead code analysis
[INFO] [stdout]     = note: `#[warn(dead_code)]` (part of `#[warn(unused)]`) on by default
[INFO] [stdout] 
[INFO] [stdout] 
[INFO] [stdout] warning: eliding a lifetime that's named elsewhere is confusing
[INFO] [stdout]    --> src/lib.rs:307:110
[INFO] [stdout]     |
[INFO] [stdout] 306 | pub fn selector_as<'a, T: serde::de::DeserializeOwned>(json: &'a Value)
[INFO] [stdout]     |                                                               -- the lifetime is named here
[INFO] [stdout] 307 |                                                    -> impl FnMut(&'a str) -> Result<Vec<T>, JsonPathError> + '_
[INFO] [stdout]     |                                                                   -- the same lifetime is named here         ^^ the same lifetime is elided here
[INFO] [stdout]     |
[INFO] [stdout]     = help: the same lifetime is referred to in inconsistent ways, making the signature confusing
[INFO] [stdout]     = note: `#[warn(mismatched_lifetime_syntaxes)]` on by default
[INFO] [stdout] help: consistently use `'a`
[INFO] [stdout]     |
[INFO] [stdout] 307 -                                                    -> impl FnMut(&'a str) -> Result<Vec<T>, JsonPathError> + '_
[INFO] [stdout] 307 +                                                    -> impl FnMut(&'a str) -> Result<Vec<T>, JsonPathError> + 'a
[INFO] [stdout]     |
[INFO] [stdout] 
[INFO] [stdout] 
[INFO] [stdout] warning: hiding a lifetime that's elided elsewhere is confusing
[INFO] [stdout]    --> src/lib.rs:654:26
[INFO] [stdout]     |
[INFO] [stdout] 654 |     pub fn compile(path: &str) -> Result<PathCompiled, JsonPathError> {
[INFO] [stdout]     |                          ^^^^            ^^^^^^^^^^^^ the same lifetime is hidden here
[INFO] [stdout]     |                          |
[INFO] [stdout]     |                          the lifetime is elided here
[INFO] [stdout]     |
[INFO] [stdout]     = help: the same lifetime is referred to in inconsistent ways, making the signature confusing
[INFO] [stdout] help: use `'_` for type paths
[INFO] [stdout]     |
[INFO] [stdout] 654 |     pub fn compile(path: &str) -> Result<PathCompiled<'_>, JsonPathError> {
[INFO] [stdout]     |                                                      ++++
[INFO] [stdout] 
[INFO] [stdout] 
[INFO] [stdout] warning: calls to `std::mem::forget` with a value that implements `Copy` does nothing
[INFO] [stdout]   --> src/ffi/mod.rs:39:5
[INFO] [stdout]    |
[INFO] [stdout] 39 |     std::mem::forget(ref_node);
[INFO] [stdout]    |     ^^^^^^^^^^^^^^^^^--------^
[INFO] [stdout]    |                      |
[INFO] [stdout]    |                      argument has type `*mut parser::Node`
[INFO] [stdout]    |
[INFO] [stdout]    = note: `#[warn(forgetting_copy_types)]` on by default
[INFO] [stdout] help: use `let _ = ...` to ignore the expression or result
[INFO] [stdout]    |
[INFO] [stdout] 39 -     std::mem::forget(ref_node);
[INFO] [stdout] 39 +     let _ = ref_node;
[INFO] [stdout]    |
[INFO] [stdout] 
[INFO] [stdout] 
[INFO] [stdout] warning: hiding a lifetime that's elided elsewhere is confusing
[INFO] [stdout]   --> src/selector/utils.rs:40:25
[INFO] [stdout]    |
[INFO] [stdout] 40 | pub fn to_path_str(key: &str) -> PathKey {
[INFO] [stdout]    |                         ^^^^     ^^^^^^^ the same lifetime is hidden here
[INFO] [stdout]    |                         |
[INFO] [stdout]    |                         the lifetime is elided here
[INFO] [stdout]    |
[INFO] [stdout]    = help: the same lifetime is referred to in inconsistent ways, making the signature confusing
[INFO] [stdout] help: use `'_` for type paths
[INFO] [stdout]    |
[INFO] [stdout] 40 | pub fn to_path_str(key: &str) -> PathKey<'_> {
[INFO] [stdout]    |                                         ++++
[INFO] [stdout] 
[INFO] [stdout] 
[INFO] [stderr]     Finished `release` profile [optimized] target(s) in 23.14s
[INFO] running `Command { std: "docker" "inspect" "57f7122453427b3988a433d2eb79bd2ea691c2c2a41d22e45b752ca747ec132e", kill_on_drop: false }`
[INFO] running `Command { std: "docker" "exec" "-e" "SOURCE_DIR=/opt/rustwide/workdir" "-e" "CARGO_HOME=/opt/rustwide/cargo-home" "-e" "RUSTUP_HOME=/opt/rustwide/rustup-home" "-e" "CARGO_TARGET_DIR=/opt/rustwide/target" "-e" "CARGO_INCREMENTAL=0" "-e" "RUST_BACKTRACE=full" "-e" "RUSTFLAGS=--cap-lints=warn" "-e" "RUSTDOCFLAGS=--cap-lints=warn" "-w" "/opt/rustwide/workdir" "--user" "0:0" "57f7122453427b3988a433d2eb79bd2ea691c2c2a41d22e45b752ca747ec132e" "/opt/rustwide/cargo-home/bin/cargo" "+1.100.0-beta.1" "test" "--frozen" "--release", kill_on_drop: false }`
[INFO] [stderr] warning: Cargo.toml: `package.edition` is unspecified, defaulting to `2015` while the latest is `2024`
[INFO] [stderr] warning: `jsonpath_lib_polars_vendor` (manifest) generated 1 warning
[INFO] [stderr] warning: unused import: `self::parser_node_visitor::ParserNodeVisitor`
[INFO] [stderr]  --> src/paths/mod.rs:1:9
[INFO] [stderr]   |
[INFO] [stderr] 1 | pub use self::parser_node_visitor::ParserNodeVisitor;
[INFO] [stderr]   |         ^^^^^^^^^^^^^^^^^^^^^^^^^^^^^^^^^^^^^^^^^^^^
[INFO] [stderr]   |
[INFO] [stderr]   = note: `#[warn(unused_imports)]` (part of `#[warn(unused)]`) on by default
[INFO] [stderr] 
[INFO] [stderr] warning: field `err` is never read
[INFO] [stderr]    --> src/paths/tokenizer.rs:249:5
[INFO] [stderr]     |
[INFO] [stderr] 246 | pub(super) struct TokenReader<'a> {
[INFO] [stderr]     |                   ----------- field in this struct
[INFO] [stderr] ...
[INFO] [stderr] 249 |     err: Option<TokenError>,
[INFO] [stderr]     |     ^^^
[INFO] [stderr]     |
[INFO] [stderr]     = note: `TokenReader` has derived impls for the traits `Debug` and `Clone`, but these are intentionally ignored during dead code analysis
[INFO] [stderr]     = note: `#[warn(dead_code)]` (part of `#[warn(unused)]`) on by default
[INFO] [stderr] 
[INFO] [stderr] warning: eliding a lifetime that's named elsewhere is confusing
[INFO] [stderr]    --> src/lib.rs:307:110
[INFO] [stderr]     |
[INFO] [stderr] 306 | pub fn selector_as<'a, T: serde::de::DeserializeOwned>(json: &'a Value)
[INFO] [stderr]     |                                                               -- the lifetime is named here
[INFO] [stderr] 307 |                                                    -> impl FnMut(&'a str) -> Result<Vec<T>, JsonPathError> + '_
[INFO] [stderr]     |                                                                   -- the same lifetime is named here         ^^ the same lifetime is elided here
[INFO] [stderr]     |
[INFO] [stderr]     = help: the same lifetime is referred to in inconsistent ways, making the signature confusing
[INFO] [stderr]     = note: `#[warn(mismatched_lifetime_syntaxes)]` on by default
[INFO] [stderr] help: consistently use `'a`
[INFO] [stderr]     |
[INFO] [stderr] 307 -                                                    -> impl FnMut(&'a str) -> Result<Vec<T>, JsonPathError> + '_
[INFO] [stderr] 307 +                                                    -> impl FnMut(&'a str) -> Result<Vec<T>, JsonPathError> + 'a
[INFO] [stderr]     |
[INFO] [stderr] 
[INFO] [stderr] warning: hiding a lifetime that's elided elsewhere is confusing
[INFO] [stderr]    --> src/lib.rs:654:26
[INFO] [stderr]     |
[INFO] [stderr] 654 |     pub fn compile(path: &str) -> Result<PathCompiled, JsonPathError> {
[INFO] [stderr]     |                          ^^^^            ^^^^^^^^^^^^ the same lifetime is hidden here
[INFO] [stderr]     |                          |
[INFO] [stderr]     |                          the lifetime is elided here
[INFO] [stderr]     |
[INFO] [stderr]     = help: the same lifetime is referred to in inconsistent ways, making the signature confusing
[INFO] [stderr] help: use `'_` for type paths
[INFO] [stderr]     |
[INFO] [stderr] 654 |     pub fn compile(path: &str) -> Result<PathCompiled<'_>, JsonPathError> {
[INFO] [stderr]     |                                                      ++++
[INFO] [stderr] 
[INFO] [stderr] warning: calls to `std::mem::forget` with a value that implements `Copy` does nothing
[INFO] [stderr]   --> src/ffi/mod.rs:39:5
[INFO] [stderr]    |
[INFO] [stderr] 39 |     std::mem::forget(ref_node);
[INFO] [stderr]    |     ^^^^^^^^^^^^^^^^^--------^
[INFO] [stderr]    |                      |
[INFO] [stderr]    |                      argument has type `*mut parser::Node`
[INFO] [stderr]    |
[INFO] [stderr]    = note: `#[warn(forgetting_copy_types)]` on by default
[INFO] [stderr] help: use `let _ = ...` to ignore the expression or result
[INFO] [stderr]    |
[INFO] [stderr] 39 -     std::mem::forget(ref_node);
[INFO] [stderr] 39 +     let _ = ref_node;
[INFO] [stderr]    |
[INFO] [stderr] 
[INFO] [stderr] warning: hiding a lifetime that's elided elsewhere is confusing
[INFO] [stderr]   --> src/selector/utils.rs:40:25
[INFO] [stderr]    |
[INFO] [stderr] 40 | pub fn to_path_str(key: &str) -> PathKey {
[INFO] [stderr]    |                         ^^^^     ^^^^^^^ the same lifetime is hidden here
[INFO] [stderr]    |                         |
[INFO] [stderr]    |                         the lifetime is elided here
[INFO] [stderr]    |
[INFO] [stderr]    = help: the same lifetime is referred to in inconsistent ways, making the signature confusing
[INFO] [stderr] help: use `'_` for type paths
[INFO] [stderr]    |
[INFO] [stderr] 40 | pub fn to_path_str(key: &str) -> PathKey<'_> {
[INFO] [stderr]    |                                         ++++
[INFO] [stderr] 
[INFO] [stderr] warning: `jsonpath_lib_polars_vendor` (lib) generated 6 warnings (run `cargo fix --lib -p jsonpath_lib_polars_vendor` to apply 4 suggestions)
[INFO] [stderr] warning: `jsonpath_lib_polars_vendor` (lib test) generated 6 warnings (6 duplicates)
[INFO] [stderr]     Finished `release` profile [optimized] target(s) in 0.06s
[INFO] [stderr]      Running unittests src/lib.rs (/opt/rustwide/target/release/build/jsonpath_lib_polars_vendor/7b5c5c622d7b45ea/out/jsonpath_lib-7b5c5c622d7b45ea)
[INFO] [stdout] 
[INFO] [stdout] running 16 tests
[INFO] [stdout] test paths::path_parser::path_parser_tests::parse_array_float ... ok
[INFO] [stdout] test paths::path_parser::path_parser_tests::parse_path ... ok
[INFO] [stdout] test paths::path_parser::path_parser_tests::parse_array_syntax ... ok
[INFO] [stdout] test paths::tokenizer::tokenizer_tests::peek ... ok
[INFO] [stdout] test selector::cmp::cmp_inner_tests::cmp_le ... ok
[INFO] [stdout] test paths::tokenizer::tokenizer_tests::token ... ok
[INFO] [stdout] test selector::cmp::cmp_inner_tests::cmp_and ... ok
[INFO] [stdout] test selector::cmp::cmp_inner_tests::cmp_lt ... ok
[INFO] [stdout] test selector::cmp::cmp_inner_tests::cmp_eq ... ok
[INFO] [stdout] test selector::cmp::cmp_inner_tests::cmp_ge ... ok
[INFO] [stdout] test selector::cmp::cmp_inner_tests::cmp_gt ... ok
[INFO] [stdout] test selector::cmp::cmp_inner_tests::cmp_ne ... ok
[INFO] [stdout] test selector::cmp::cmp_inner_tests::cmp_json ... ok
[INFO] [stdout] test selector::terms::expr_term_inner_tests::value_vec_into ... ok
[INFO] [stdout] test paths::path_parser::path_parser_tests::parse_error ... ok
[INFO] [stdout] test selector::cmp::cmp_inner_tests::cmp_or ... ok
[INFO] [stdout] 
[INFO] [stdout] test result: ok. 16 passed; 0 failed; 0 ignored; 0 measured; 0 filtered out; finished in 0.00s
[INFO] [stdout] 
[INFO] [stderr]      Running tests/array_filter.rs (/opt/rustwide/target/release/build/jsonpath_lib_polars_vendor/e081992dcfebd26b/out/array_filter-e081992dcfebd26b)
[INFO] [stdout] 
[INFO] [stdout] running 20 tests
[INFO] [stdout] test array_all_and_then_key ... FAILED
[INFO] [stdout] test array_range_all ... ok
[INFO] [stdout] test array_range_step_all ... ok
[INFO] [stdout] test array_index_and_then_key ... FAILED
[INFO] [stdout] test array_range_step_empty_step_value ... ok
[INFO] [stdout] test array_index ... FAILED
[INFO] [stdout] test array_multiple_key ... FAILED
[INFO] [stdout] test array_range_only_negative_index ... ok
[INFO] [stdout] test array_range_only_nagative_end_index ... FAILED
[INFO] [stdout] test array_range_only_end_index ... ok
[INFO] [stdout] test array_range_step_by_2 ... ok
[INFO] [stdout] test array_range_only_from_index ... FAILED
[INFO] [stdout] test array_range_step_only_start_index ... ok
[INFO] [stdout] test array_all_index ... FAILED
[INFO] [stdout] test array_range_step_empty_end_index ... ok
[INFO] [stdout] test bugs50 ... ok
[INFO] [stdout] test bugs40_bracket_notation_after_recursive_descent ... ok
[INFO] [stdout] test array_range_step_by_1 ... ok
[INFO] [stdout] test array_range_step_only_step_value ... ok
[INFO] [stdout] test array_range_default ... FAILED
[INFO] [stdout] 
[INFO] [stdout] failures:
[INFO] [stdout] 
[INFO] [stdout] ---- array_all_and_then_key stdout ----
[INFO] [stdout] 
[INFO] [stdout] thread 'array_all_and_then_key' (810) panicked at tests/common.rs:18:43:
[INFO] [stdout] called `Result::unwrap()` on an `Err` value: Os { code: 2, kind: NotFound, message: "No such file or directory" }
[INFO] [stdout] stack backtrace:
[INFO] [stdout]    0:     0x6366d8608151 - <<std[617be2ca0a6fd877]::sys::backtrace::BacktraceLock>::print::DisplayBacktrace as core[a373ad73a504971]::fmt::Display>::fmt
[INFO] [stdout]    1:     0x6366d861e5fa - core[a373ad73a504971]::fmt::write
[INFO] [stdout]    2:     0x6366d860c6ec - <alloc[2e1b2a31b91974c5]::vec::Vec<u8> as core[a373ad73a504971]::io::write::Write>::write_fmt
[INFO] [stdout]    3:     0x6366d85e45b6 - std[617be2ca0a6fd877]::panicking::default_hook::{closure#0}
[INFO] [stdout]    4:     0x6366d86007e9 - std[617be2ca0a6fd877]::panicking::default_hook
[INFO] [stdout]    5:     0x6366d84ab860 - test[aada8e7e76ba119b]::test_main_inner::{closure#0}
[INFO] [stdout]    6:     0x6366d86009a2 - std[617be2ca0a6fd877]::panicking::panic_with_hook
[INFO] [stdout]    7:     0x6366d85e4662 - std[617be2ca0a6fd877]::panicking::panic_handler::{closure#0}
[INFO] [stdout]    8:     0x6366d85dd349 - std[617be2ca0a6fd877]::sys::backtrace::__rust_end_short_backtrace::<std[617be2ca0a6fd877]::panicking::panic_handler::{closure#0}, !>
[INFO] [stdout]    9:     0x6366d85e526d - __rustc[ea4f61d10b84890b]::rust_begin_unwind
[INFO] [stdout]   10:     0x6366d861eddc - core[a373ad73a504971]::panicking::panic_fmt
[INFO] [stdout]   11:     0x6366d861ebb2 - core[a373ad73a504971]::result::unwrap_failed
[INFO] [stdout]   12:     0x6366d849c19d - array_filter[da95a53d7796d5ca]::common::read_json
[INFO] [stdout]   13:     0x6366d84969ce - <array_filter[da95a53d7796d5ca]::array_all_and_then_key::{closure#0} as core[a373ad73a504971]::ops::function::FnOnce<()>>::call_once
[INFO] [stdout]   14:     0x6366d849ecab - test[aada8e7e76ba119b]::__rust_begin_short_backtrace::<core[a373ad73a504971]::result::Result<(), alloc[2e1b2a31b91974c5]::string::String>, fn() -> core[a373ad73a504971]::result::Result<(), alloc[2e1b2a31b91974c5]::string::String>>
[INFO] [stdout]   15:     0x6366d84abe85 - test[aada8e7e76ba119b]::run_test::{closure#0}
[INFO] [stdout]   16:     0x6366d84a5774 - std[617be2ca0a6fd877]::sys::backtrace::__rust_begin_short_backtrace::<test[aada8e7e76ba119b]::run_test::{closure#1}, ()>
[INFO] [stdout]   17:     0x6366d84aef12 - <std[617be2ca0a6fd877]::thread::lifecycle::spawn_unchecked<test[aada8e7e76ba119b]::run_test::{closure#1}, ()>::{closure#1} as core[a373ad73a504971]::ops::function::FnOnce<()>>::call_once::{shim:vtable#0}
[INFO] [stdout]   18:     0x6366d86079af - <std[617be2ca0a6fd877]::sys::thread::unix::Thread>::new::thread_start
[INFO] [stdout]   19:     0x70a374c95dfa - <unknown>
[INFO] [stdout]   20:     0x70a374d293d4 - clone
[INFO] [stdout]   21:                0x0 - <unknown>
[INFO] [stdout] 
[INFO] [stdout] ---- array_index_and_then_key stdout ----
[INFO] [stdout] 
[INFO] [stdout] thread 'array_index_and_then_key' (813) panicked at tests/common.rs:18:43:
[INFO] [stdout] called `Result::unwrap()` on an `Err` value: Os { code: 2, kind: NotFound, message: "No such file or directory" }
[INFO] [stdout] stack backtrace:
[INFO] [stdout]    0:     0x6366d8608151 - <<std[617be2ca0a6fd877]::sys::backtrace::BacktraceLock>::print::DisplayBacktrace as core[a373ad73a504971]::fmt::Display>::fmt
[INFO] [stdout]    1:     0x6366d861e5fa - core[a373ad73a504971]::fmt::write
[INFO] [stdout]    2:     0x6366d860c6ec - <alloc[2e1b2a31b91974c5]::vec::Vec<u8> as core[a373ad73a504971]::io::write::Write>::write_fmt
[INFO] [stdout]    3:     0x6366d85e45b6 - std[617be2ca0a6fd877]::panicking::default_hook::{closure#0}
[INFO] [stdout]    4:     0x6366d86007e9 - std[617be2ca0a6fd877]::panicking::default_hook
[INFO] [stdout]    5:     0x6366d84ab860 - test[aada8e7e76ba119b]::test_main_inner::{closure#0}
[INFO] [stdout]    6:     0x6366d86009a2 - std[617be2ca0a6fd877]::panicking::panic_with_hook
[INFO] [stdout]    7:     0x6366d85e4662 - std[617be2ca0a6fd877]::panicking::panic_handler::{closure#0}
[INFO] [stdout]    8:     0x6366d85dd349 - std[617be2ca0a6fd877]::sys::backtrace::__rust_end_short_backtrace::<std[617be2ca0a6fd877]::panicking::panic_handler::{closure#0}, !>
[INFO] [stdout]    9:     0x6366d85e526d - __rustc[ea4f61d10b84890b]::rust_begin_unwind
[INFO] [stdout]   10:     0x6366d861eddc - core[a373ad73a504971]::panicking::panic_fmt
[INFO] [stdout]   11:     0x6366d861ebb2 - core[a373ad73a504971]::result::unwrap_failed
[INFO] [stdout]   12:     0x6366d849c19d - array_filter[da95a53d7796d5ca]::common::read_json
[INFO] [stdout]   13:     0x6366d8496c69 - <array_filter[da95a53d7796d5ca]::array_index_and_then_key::{closure#0} as core[a373ad73a504971]::ops::function::FnOnce<()>>::call_once
[INFO] [stdout]   14:     0x6366d849ecab - test[aada8e7e76ba119b]::__rust_begin_short_backtrace::<core[a373ad73a504971]::result::Result<(), alloc[2e1b2a31b91974c5]::string::String>, fn() -> core[a373ad73a504971]::result::Result<(), alloc[2e1b2a31b91974c5]::string::String>>
[INFO] [stdout]   15:     0x6366d84abe85 - test[aada8e7e76ba119b]::run_test::{closure#0}
[INFO] [stdout]   16:     0x6366d84a5774 - std[617be2ca0a6fd877]::sys::backtrace::__rust_begin_short_backtrace::<test[aada8e7e76ba119b]::run_test::{closure#1}, ()>
[INFO] [stdout]   17:     0x6366d84aef12 - <std[617be2ca0a6fd877]::thread::lifecycle::spawn_unchecked<test[aada8e7e76ba119b]::run_test::{closure#1}, ()>::{closure#1} as core[a373ad73a504971]::ops::function::FnOnce<()>>::call_once::{shim:vtable#0}
[INFO] [stdout]   18:     0x6366d86079af - <std[617be2ca0a6fd877]::sys::thread::unix::Thread>::new::thread_start
[INFO] [stdout]   19:     0x70a374c95dfa - <unknown>
[INFO] [stdout]   20:     0x70a374d293d4 - clone
[INFO] [stdout]   21:                0x0 - <unknown>
[INFO] [stdout] 
[INFO] [stdout] ---- array_index stdout ----
[INFO] [stdout] 
[INFO] [stdout] thread 'array_index' (812) panicked at tests/common.rs:18:43:
[INFO] [stdout] called `Result::unwrap()` on an `Err` value: Os { code: 2, kind: NotFound, message: "No such file or directory" }
[INFO] [stdout] stack backtrace:
[INFO] [stdout]    0:     0x6366d8608151 - <<std[617be2ca0a6fd877]::sys::backtrace::BacktraceLock>::print::DisplayBacktrace as core[a373ad73a504971]::fmt::Display>::fmt
[INFO] [stdout]    1:     0x6366d861e5fa - core[a373ad73a504971]::fmt::write
[INFO] [stdout]    2:     0x6366d860c6ec - <alloc[2e1b2a31b91974c5]::vec::Vec<u8> as core[a373ad73a504971]::io::write::Write>::write_fmt
[INFO] [stdout]    3:     0x6366d85e45b6 - std[617be2ca0a6fd877]::panicking::default_hook::{closure#0}
[INFO] [stdout]    4:     0x6366d86007e9 - std[617be2ca0a6fd877]::panicking::default_hook
[INFO] [stdout]    5:     0x6366d84ab860 - test[aada8e7e76ba119b]::test_main_inner::{closure#0}
[INFO] [stdout]    6:     0x6366d86009a2 - std[617be2ca0a6fd877]::panicking::panic_with_hook
[INFO] [stdout]    7:     0x6366d85e4662 - std[617be2ca0a6fd877]::panicking::panic_handler::{closure#0}
[INFO] [stdout]    8:     0x6366d85dd349 - std[617be2ca0a6fd877]::sys::backtrace::__rust_end_short_backtrace::<std[617be2ca0a6fd877]::panicking::panic_handler::{closure#0}, !>
[INFO] [stdout]    9:     0x6366d85e526d - __rustc[ea4f61d10b84890b]::rust_begin_unwind
[INFO] [stdout]   10:     0x6366d861eddc - core[a373ad73a504971]::panicking::panic_fmt
[INFO] [stdout]   11:     0x6366d861ebb2 - core[a373ad73a504971]::result::unwrap_failed
[INFO] [stdout]   12:     0x6366d849c19d - array_filter[da95a53d7796d5ca]::common::read_json
[INFO] [stdout]   13:     0x6366d849442d - <array_filter[da95a53d7796d5ca]::array_index::{closure#0} as core[a373ad73a504971]::ops::function::FnOnce<()>>::call_once
[INFO] [stdout]   14:     0x6366d849ecab - test[aada8e7e76ba119b]::__rust_begin_short_backtrace::<core[a373ad73a504971]::result::Result<(), alloc[2e1b2a31b91974c5]::string::String>, fn() -> core[a373ad73a504971]::result::Result<(), alloc[2e1b2a31b91974c5]::string::String>>
[INFO] [stdout]   15:     0x6366d84abe85 - test[aada8e7e76ba119b]::run_test::{closure#0}
[INFO] [stdout]   16:     0x6366d84a5774 - std[617be2ca0a6fd877]::sys::backtrace::__rust_begin_short_backtrace::<test[aada8e7e76ba119b]::run_test::{closure#1}, ()>
[INFO] [stdout]   17:     0x6366d84aef12 - <std[617be2ca0a6fd877]::thread::lifecycle::spawn_unchecked<test[aada8e7e76ba119b]::run_test::{closure#1}, ()>::{closure#1} as core[a373ad73a504971]::ops::function::FnOnce<()>>::call_once::{shim:vtable#0}
[INFO] [stdout]   18:     0x6366d86079af - <std[617be2ca0a6fd877]::sys::thread::unix::Thread>::new::thread_start
[INFO] [stdout]   19:     0x70a374c95dfa - <unknown>
[INFO] [stdout]   20:     0x70a374d293d4 - clone
[INFO] [stdout]   21:                0x0 - <unknown>
[INFO] [stdout] 
[INFO] [stdout] ---- array_multiple_key stdout ----
[INFO] [stdout] 
[INFO] [stdout] thread 'array_multiple_key' (814) panicked at tests/common.rs:18:43:
[INFO] [stdout] called `Result::unwrap()` on an `Err` value: Os { code: 2, kind: NotFound, message: "No such file or directory" }
[INFO] [stdout] stack backtrace:
[INFO] [stdout]    0:     0x6366d8608151 - <<std[617be2ca0a6fd877]::sys::backtrace::BacktraceLock>::print::DisplayBacktrace as core[a373ad73a504971]::fmt::Display>::fmt
[INFO] [stdout]    1:     0x6366d861e5fa - core[a373ad73a504971]::fmt::write
[INFO] [stdout]    2:     0x6366d860c6ec - <alloc[2e1b2a31b91974c5]::vec::Vec<u8> as core[a373ad73a504971]::io::write::Write>::write_fmt
[INFO] [stdout]    3:     0x6366d85e45b6 - std[617be2ca0a6fd877]::panicking::default_hook::{closure#0}
[INFO] [stdout]    4:     0x6366d86007e9 - std[617be2ca0a6fd877]::panicking::default_hook
[INFO] [stdout]    5:     0x6366d84ab860 - test[aada8e7e76ba119b]::test_main_inner::{closure#0}
[INFO] [stdout]    6:     0x6366d86009a2 - std[617be2ca0a6fd877]::panicking::panic_with_hook
[INFO] [stdout]    7:     0x6366d85e4662 - std[617be2ca0a6fd877]::panicking::panic_handler::{closure#0}
[INFO] [stdout]    8:     0x6366d85dd349 - std[617be2ca0a6fd877]::sys::backtrace::__rust_end_short_backtrace::<std[617be2ca0a6fd877]::panicking::panic_handler::{closure#0}, !>
[INFO] [stdout]    9:     0x6366d85e526d - __rustc[ea4f61d10b84890b]::rust_begin_unwind
[INFO] [stdout]   10:     0x6366d861eddc - core[a373ad73a504971]::panicking::panic_fmt
[INFO] [stdout]   11:     0x6366d861ebb2 - core[a373ad73a504971]::result::unwrap_failed
[INFO] [stdout]   12:     0x6366d849c19d - array_filter[da95a53d7796d5ca]::common::read_json
[INFO] [stdout]   13:     0x6366d8494d4b - <array_filter[da95a53d7796d5ca]::array_multiple_key::{closure#0} as core[a373ad73a504971]::ops::function::FnOnce<()>>::call_once
[INFO] [stdout]   14:     0x6366d849ecab - test[aada8e7e76ba119b]::__rust_begin_short_backtrace::<core[a373ad73a504971]::result::Result<(), alloc[2e1b2a31b91974c5]::string::String>, fn() -> core[a373ad73a504971]::result::Result<(), alloc[2e1b2a31b91974c5]::string::String>>
[INFO] [stdout]   15:     0x6366d84abe85 - test[aada8e7e76ba119b]::run_test::{closure#0}
[INFO] [stdout]   16:     0x6366d84a5774 - std[617be2ca0a6fd877]::sys::backtrace::__rust_begin_short_backtrace::<test[aada8e7e76ba119b]::run_test::{closure#1}, ()>
[INFO] [stdout]   17:     0x6366d84aef12 - <std[617be2ca0a6fd877]::thread::lifecycle::spawn_unchecked<test[aada8e7e76ba119b]::run_test::{closure#1}, ()>::{closure#1} as core[a373ad73a504971]::ops::function::FnOnce<()>>::call_once::{shim:vtable#0}
[INFO] [stdout]   18:     0x6366d86079af - <std[617be2ca0a6fd877]::sys::thread::unix::Thread>::new::thread_start
[INFO] [stdout]   19:     0x70a374c95dfa - <unknown>
[INFO] [stdout]   20:     0x70a374d293d4 - clone
[INFO] [stdout]   21:                0x0 - <unknown>
[INFO] [stdout] 
[INFO] [stdout] ---- array_range_only_nagative_end_index stdout ----
[INFO] [stdout] 
[INFO] [stdout] thread 'array_range_only_nagative_end_index' (819) panicked at tests/common.rs:18:43:
[INFO] [stdout] called `Result::unwrap()` on an `Err` value: Os { code: 2, kind: NotFound, message: "No such file or directory" }
[INFO] [stdout] stack backtrace:
[INFO] [stdout]    0:     0x6366d8608151 - <<std[617be2ca0a6fd877]::sys::backtrace::BacktraceLock>::print::DisplayBacktrace as core[a373ad73a504971]::fmt::Display>::fmt
[INFO] [stdout]    1:     0x6366d861e5fa - core[a373ad73a504971]::fmt::write
[INFO] [stdout]    2:     0x6366d860c6ec - <alloc[2e1b2a31b91974c5]::vec::Vec<u8> as core[a373ad73a504971]::io::write::Write>::write_fmt
[INFO] [stdout]    3:     0x6366d85e45b6 - std[617be2ca0a6fd877]::panicking::default_hook::{closure#0}
[INFO] [stdout]    4:     0x6366d86007e9 - std[617be2ca0a6fd877]::panicking::default_hook
[INFO] [stdout]    5:     0x6366d84ab860 - test[aada8e7e76ba119b]::test_main_inner::{closure#0}
[INFO] [stdout]    6:     0x6366d86009a2 - std[617be2ca0a6fd877]::panicking::panic_with_hook
[INFO] [stdout]    7:     0x6366d85e4662 - std[617be2ca0a6fd877]::panicking::panic_handler::{closure#0}
[INFO] [stdout]    8:     0x6366d85dd349 - std[617be2ca0a6fd877]::sys::backtrace::__rust_end_short_backtrace::<std[617be2ca0a6fd877]::panicking::panic_handler::{closure#0}, !>
[INFO] [stdout]    9:     0x6366d85e526d - __rustc[ea4f61d10b84890b]::rust_begin_unwind
[INFO] [stdout]   10:     0x6366d861eddc - core[a373ad73a504971]::panicking::panic_fmt
[INFO] [stdout]   11:     0x6366d861ebb2 - core[a373ad73a504971]::result::unwrap_failed
[INFO] [stdout]   12:     0x6366d849c19d - array_filter[da95a53d7796d5ca]::common::read_json
[INFO] [stdout]   13:     0x6366d8499552 - <array_filter[da95a53d7796d5ca]::array_range_only_nagative_end_index::{closure#0} as core[a373ad73a504971]::ops::function::FnOnce<()>>::call_once
[INFO] [stdout]   14:     0x6366d849ecab - test[aada8e7e76ba119b]::__rust_begin_short_backtrace::<core[a373ad73a504971]::result::Result<(), alloc[2e1b2a31b91974c5]::string::String>, fn() -> core[a373ad73a504971]::result::Result<(), alloc[2e1b2a31b91974c5]::string::String>>
[INFO] [stdout]   15:     0x6366d84abe85 - test[aada8e7e76ba119b]::run_test::{closure#0}
[INFO] [stdout]   16:     0x6366d84a5774 - std[617be2ca0a6fd877]::sys::backtrace::__rust_begin_short_backtrace::<test[aada8e7e76ba119b]::run_test::{closure#1}, ()>
[INFO] [stdout]   17:     0x6366d84aef12 - <std[617be2ca0a6fd877]::thread::lifecycle::spawn_unchecked<test[aada8e7e76ba119b]::run_test::{closure#1}, ()>::{closure#1} as core[a373ad73a504971]::ops::function::FnOnce<()>>::call_once::{shim:vtable#0}
[INFO] [stdout]   18:     0x6366d86079af - <std[617be2ca0a6fd877]::sys::thread::unix::Thread>::new::thread_start
[INFO] [stdout]   19:     0x70a374c95dfa - <unknown>
[INFO] [stdout]   20:     0x70a374d293d4 - clone
[INFO] [stdout]   21:                0x0 - <unknown>
[INFO] [stdout] 
[INFO] [stdout] ---- array_range_only_from_index stdout ----
[INFO] [stdout] 
[INFO] [stdout] thread 'array_range_only_from_index' (818) panicked at tests/common.rs:18:43:
[INFO] [stdout] called `Result::unwrap()` on an `Err` value: Os { code: 2, kind: NotFound, message: "No such file or directory" }
[INFO] [stdout] stack backtrace:
[INFO] [stdout]    0:     0x6366d8608151 - <<std[617be2ca0a6fd877]::sys::backtrace::BacktraceLock>::print::DisplayBacktrace as core[a373ad73a504971]::fmt::Display>::fmt
[INFO] [stdout]    1:     0x6366d861e5fa - core[a373ad73a504971]::fmt::write
[INFO] [stdout]    2:     0x6366d860c6ec - <alloc[2e1b2a31b91974c5]::vec::Vec<u8> as core[a373ad73a504971]::io::write::Write>::write_fmt
[INFO] [stdout]    3:     0x6366d85e45b6 - std[617be2ca0a6fd877]::panicking::default_hook::{closure#0}
[INFO] [stdout]    4:     0x6366d86007e9 - std[617be2ca0a6fd877]::panicking::default_hook
[INFO] [stdout]    5:     0x6366d84ab860 - test[aada8e7e76ba119b]::test_main_inner::{closure#0}
[INFO] [stdout]    6:     0x6366d86009a2 - std[617be2ca0a6fd877]::panicking::panic_with_hook
[INFO] [stdout]    7:     0x6366d85e4662 - std[617be2ca0a6fd877]::panicking::panic_handler::{closure#0}
[INFO] [stdout]    8:     0x6366d85dd349 - std[617be2ca0a6fd877]::sys::backtrace::__rust_end_short_backtrace::<std[617be2ca0a6fd877]::panicking::panic_handler::{closure#0}, !>
[INFO] [stdout]    9:     0x6366d85e526d - __rustc[ea4f61d10b84890b]::rust_begin_unwind
[INFO] [stdout]   10:     0x6366d861eddc - core[a373ad73a504971]::panicking::panic_fmt
[INFO] [stdout]   11:     0x6366d861ebb2 - core[a373ad73a504971]::result::unwrap_failed
[INFO] [stdout]   12:     0x6366d849c19d - array_filter[da95a53d7796d5ca]::common::read_json
[INFO] [stdout]   13:     0x6366d8497233 - <array_filter[da95a53d7796d5ca]::array_range_only_from_index::{closure#0} as core[a373ad73a504971]::ops::function::FnOnce<()>>::call_once
[INFO] [stdout]   14:     0x6366d849ecab - test[aada8e7e76ba119b]::__rust_begin_short_backtrace::<core[a373ad73a504971]::result::Result<(), alloc[2e1b2a31b91974c5]::string::String>, fn() -> core[a373ad73a504971]::result::Result<(), alloc[2e1b2a31b91974c5]::string::String>>
[INFO] [stdout]   15:     0x6366d84abe85 - test[aada8e7e76ba119b]::run_test::{closure#0}
[INFO] [stdout]   16:     0x6366d84a5774 - std[617be2ca0a6fd877]::sys::backtrace::__rust_begin_short_backtrace::<test[aada8e7e76ba119b]::run_test::{closure#1}, ()>
[INFO] [stdout]   17:     0x6366d84aef12 - <std[617be2ca0a6fd877]::thread::lifecycle::spawn_unchecked<test[aada8e7e76ba119b]::run_test::{closure#1}, ()>::{closure#1} as core[a373ad73a504971]::ops::function::FnOnce<()>>::call_once::{shim:vtable#0}
[INFO] [stdout]   18:     0x6366d86079af - <std[617be2ca0a6fd877]::sys::thread::unix::Thread>::new::thread_start
[INFO] [stdout]   19:     0x70a374c95dfa - <unknown>
[INFO] [stdout]   20:     0x70a374d293d4 - clone
[INFO] [stdout]   21:                0x0 - <unknown>
[INFO] [stdout] 
[INFO] [stdout] ---- array_all_index stdout ----
[INFO] [stdout] 
[INFO] [stdout] thread 'array_all_index' (811) panicked at tests/common.rs:18:43:
[INFO] [stdout] called `Result::unwrap()` on an `Err` value: Os { code: 2, kind: NotFound, message: "No such file or directory" }
[INFO] [stdout] stack backtrace:
[INFO] [stdout]    0:     0x6366d8608151 - <<std[617be2ca0a6fd877]::sys::backtrace::BacktraceLock>::print::DisplayBacktrace as core[a373ad73a504971]::fmt::Display>::fmt
[INFO] [stdout]    1:     0x6366d861e5fa - core[a373ad73a504971]::fmt::write
[INFO] [stdout]    2:     0x6366d860c6ec - <alloc[2e1b2a31b91974c5]::vec::Vec<u8> as core[a373ad73a504971]::io::write::Write>::write_fmt
[INFO] [stdout]    3:     0x6366d85e45b6 - std[617be2ca0a6fd877]::panicking::default_hook::{closure#0}
[INFO] [stdout]    4:     0x6366d86007e9 - std[617be2ca0a6fd877]::panicking::default_hook
[INFO] [stdout]    5:     0x6366d84ab860 - test[aada8e7e76ba119b]::test_main_inner::{closure#0}
[INFO] [stdout]    6:     0x6366d86009a2 - std[617be2ca0a6fd877]::panicking::panic_with_hook
[INFO] [stdout]    7:     0x6366d85e4662 - std[617be2ca0a6fd877]::panicking::panic_handler::{closure#0}
[INFO] [stdout]    8:     0x6366d85dd349 - std[617be2ca0a6fd877]::sys::backtrace::__rust_end_short_backtrace::<std[617be2ca0a6fd877]::panicking::panic_handler::{closure#0}, !>
[INFO] [stdout]    9:     0x6366d85e526d - __rustc[ea4f61d10b84890b]::rust_begin_unwind
[INFO] [stdout]   10:     0x6366d861eddc - core[a373ad73a504971]::panicking::panic_fmt
[INFO] [stdout]   11:     0x6366d861ebb2 - core[a373ad73a504971]::result::unwrap_failed
[INFO] [stdout]   12:     0x6366d849c19d - array_filter[da95a53d7796d5ca]::common::read_json
[INFO] [stdout]   13:     0x6366d8494613 - <array_filter[da95a53d7796d5ca]::array_all_index::{closure#0} as core[a373ad73a504971]::ops::function::FnOnce<()>>::call_once
[INFO] [stdout]   14:     0x6366d849ecab - test[aada8e7e76ba119b]::__rust_begin_short_backtrace::<core[a373ad73a504971]::result::Result<(), alloc[2e1b2a31b91974c5]::string::String>, fn() -> core[a373ad73a504971]::result::Result<(), alloc[2e1b2a31b91974c5]::string::String>>
[INFO] [stdout]   15:     0x6366d84abe85 - test[aada8e7e76ba119b]::run_test::{closure#0}
[INFO] [stdout]   16:     0x6366d84a5774 - std[617be2ca0a6fd877]::sys::backtrace::__rust_begin_short_backtrace::<test[aada8e7e76ba119b]::run_test::{closure#1}, ()>
[INFO] [stdout]   17:     0x6366d84aef12 - <std[617be2ca0a6fd877]::thread::lifecycle::spawn_unchecked<test[aada8e7e76ba119b]::run_test::{closure#1}, ()>::{closure#1} as core[a373ad73a504971]::ops::function::FnOnce<()>>::call_once::{shim:vtable#0}
[INFO] [stdout]   18:     0x6366d86079af - <std[617be2ca0a6fd877]::sys::thread::unix::Thread>::new::thread_start
[INFO] [stdout]   19:     0x70a374c95dfa - <unknown>
[INFO] [stdout]   20:     0x70a374d293d4 - clone
[INFO] [stdout]   21:                0x0 - <unknown>
[INFO] [stdout] 
[INFO] [stdout] ---- array_range_default stdout ----
[INFO] [stdout] 
[INFO] [stdout] thread 'array_range_default' (816) panicked at tests/common.rs:18:43:
[INFO] [stdout] called `Result::unwrap()` on an `Err` value: Os { code: 2, kind: NotFound, message: "No such file or directory" }
[INFO] [stdout] stack backtrace:
[INFO] [stdout]    0:     0x6366d8608151 - <<std[617be2ca0a6fd877]::sys::backtrace::BacktraceLock>::print::DisplayBacktrace as core[a373ad73a504971]::fmt::Display>::fmt
[INFO] [stdout]    1:     0x6366d861e5fa - core[a373ad73a504971]::fmt::write
[INFO] [stdout]    2:     0x6366d860c6ec - <alloc[2e1b2a31b91974c5]::vec::Vec<u8> as core[a373ad73a504971]::io::write::Write>::write_fmt
[INFO] [stdout]    3:     0x6366d85e45b6 - std[617be2ca0a6fd877]::panicking::default_hook::{closure#0}
[INFO] [stdout]    4:     0x6366d86007e9 - std[617be2ca0a6fd877]::panicking::default_hook
[INFO] [stdout]    5:     0x6366d84ab860 - test[aada8e7e76ba119b]::test_main_inner::{closure#0}
[INFO] [stdout]    6:     0x6366d86009a2 - std[617be2ca0a6fd877]::panicking::panic_with_hook
[INFO] [stdout]    7:     0x6366d85e4662 - std[617be2ca0a6fd877]::panicking::panic_handler::{closure#0}
[INFO] [stdout]    8:     0x6366d85dd349 - std[617be2ca0a6fd877]::sys::backtrace::__rust_end_short_backtrace::<std[617be2ca0a6fd877]::panicking::panic_handler::{closure#0}, !>
[INFO] [stdout]    9:     0x6366d85e526d - __rustc[ea4f61d10b84890b]::rust_begin_unwind
[INFO] [stdout]   10:     0x6366d861eddc - core[a373ad73a504971]::panicking::panic_fmt
[INFO] [stdout]   11:     0x6366d861ebb2 - core[a373ad73a504971]::result::unwrap_failed
[INFO] [stdout]   12:     0x6366d849c19d - array_filter[da95a53d7796d5ca]::common::read_json
[INFO] [stdout]   13:     0x6366d8494f33 - <array_filter[da95a53d7796d5ca]::array_range_default::{closure#0} as core[a373ad73a504971]::ops::function::FnOnce<()>>::call_once
[INFO] [stdout]   14:     0x6366d849ecab - test[aada8e7e76ba119b]::__rust_begin_short_backtrace::<core[a373ad73a504971]::result::Result<(), alloc[2e1b2a31b91974c5]::string::String>, fn() -> core[a373ad73a504971]::result::Result<(), alloc[2e1b2a31b91974c5]::string::String>>
[INFO] [stdout]   15:     0x6366d84abe85 - test[aada8e7e76ba119b]::run_test::{closure#0}
[INFO] [stdout]   16:     0x6366d84a5774 - std[617be2ca0a6fd877]::sys::backtrace::__rust_begin_short_backtrace::<test[aada8e7e76ba119b]::run_test::{closure#1}, ()>
[INFO] [stdout]   17:     0x6366d84aef12 - <std[617be2ca0a6fd877]::thread::lifecycle::spawn_unchecked<test[aada8e7e76ba119b]::run_test::{closure#1}, ()>::{closure#1} as core[a373ad73a504971]::ops::function::FnOnce<()>>::call_once::{shim:vtable#0}
[INFO] [stdout]   18:     0x6366d86079af - <std[617be2ca0a6fd877]::sys::thread::unix::Thread>::new::thread_start
[INFO] [stdout]   19:     0x70a374c95dfa - <unknown>
[INFO] [stdout]   20:     0x70a374d293d4 - clone
[INFO] [stdout]   21:                0x0 - <unknown>
[INFO] [stdout] 
[INFO] [stdout] 
[INFO] [stdout] failures:
[INFO] [stdout]     array_all_and_then_key
[INFO] [stdout]     array_all_index
[INFO] [stdout]     array_index
[INFO] [stdout]     array_index_and_then_key
[INFO] [stdout]     array_multiple_key
[INFO] [stdout]     array_range_default
[INFO] [stdout]     array_range_only_from_index
[INFO] [stdout]     array_range_only_nagative_end_index
[INFO] [stdout] 
[INFO] [stdout] test result: FAILED. 12 passed; 8 failed; 0 ignored; 0 measured; 0 filtered out; finished in 0.03s
[INFO] [stdout] 
[INFO] [stderr] error: test failed, to rerun pass `--test array_filter`
[INFO] running `Command { std: "docker" "inspect" "57f7122453427b3988a433d2eb79bd2ea691c2c2a41d22e45b752ca747ec132e", kill_on_drop: false }`
[INFO] running `Command { std: "docker" "rm" "-f" "57f7122453427b3988a433d2eb79bd2ea691c2c2a41d22e45b752ca747ec132e", kill_on_drop: false }`
[INFO] [stdout] 57f7122453427b3988a433d2eb79bd2ea691c2c2a41d22e45b752ca747ec132e
