[INFO] fetching crate jsonld-expansion 0.24.0...
[INFO] testing jsonld-expansion-0.24.0 against 1.100.0-beta.1+cargoflags=--release for beta-release-1.100-2
[INFO] extracting crate jsonld-expansion 0.24.0 into /workspace/builds/worker-1-tc2/source
[INFO] started tweaking crates.io crate jsonld-expansion 0.24.0
[INFO] finished tweaking crates.io crate jsonld-expansion 0.24.0
[INFO] tweaked toml for crates.io crate jsonld-expansion 0.24.0 written to /workspace/builds/worker-1-tc2/source/Cargo.toml
[INFO] validating manifest of crates.io crate jsonld-expansion 0.24.0 on toolchain 1.100.0-beta.1
[INFO] running `Command { std: CARGO_HOME="/workspace/cargo-home" RUSTUP_HOME="/workspace/rustup-home" "/workspace/cargo-home/bin/cargo" "+1.100.0-beta.1" "metadata" "--manifest-path" "Cargo.toml" "--no-deps", kill_on_drop: false }`
[INFO] crate crates.io crate jsonld-expansion 0.24.0 already has a lockfile, it will not be regenerated
[INFO] running `Command { std: CARGO_HOME="/workspace/cargo-home" RUSTUP_HOME="/workspace/rustup-home" "/workspace/cargo-home/bin/cargo" "+1.100.0-beta.1" "fetch" "--manifest-path" "Cargo.toml", kill_on_drop: false }`
[INFO] running `Command { std: "docker" "create" "-v" "/var/lib/crater-agent-workspace/builds/worker-1-tc2/source:/opt/rustwide/workdir:ro,Z" "-v" "/var/lib/crater-agent-workspace/builds/worker-1-tc2/target:/opt/rustwide/target:rw,Z" "-v" "/var/lib/crater-agent-workspace/cargo-home:/opt/rustwide/cargo-home:ro,Z" "-v" "/var/lib/crater-agent-workspace/rustup-home:/opt/rustwide/rustup-home:ro,Z" "-m" "1610612736" "--network" "none" "ghcr.io/rust-lang/crates-build-env/linux@sha256:77db811e55d90add9212f6832c23229e3de5f1c1f9905e8cb07319ea15df73ac" "sleep" "infinity", kill_on_drop: false }`
[INFO] [stdout] 574d8b5e151479b0cd4f789732bffa3b405dd9507ebb415e7b44e0e1df6020a2
[INFO] running `Command { std: "docker" "start" "574d8b5e151479b0cd4f789732bffa3b405dd9507ebb415e7b44e0e1df6020a2", kill_on_drop: false }`
[INFO] running `Command { std: "docker" "inspect" "574d8b5e151479b0cd4f789732bffa3b405dd9507ebb415e7b44e0e1df6020a2", kill_on_drop: false }`
[INFO] running `Command { std: "docker" "exec" "-e" "SOURCE_DIR=/opt/rustwide/workdir" "-e" "CARGO_HOME=/opt/rustwide/cargo-home" "-e" "RUSTUP_HOME=/opt/rustwide/rustup-home" "-e" "CARGO_TARGET_DIR=/opt/rustwide/target" "-w" "/opt/rustwide/workdir" "--user" "0:0" "574d8b5e151479b0cd4f789732bffa3b405dd9507ebb415e7b44e0e1df6020a2" "/opt/rustwide/cargo-home/bin/cargo" "+1.100.0-beta.1" "metadata" "--no-deps" "--format-version=1", kill_on_drop: false }`
[INFO] running `Command { std: "docker" "inspect" "574d8b5e151479b0cd4f789732bffa3b405dd9507ebb415e7b44e0e1df6020a2", kill_on_drop: false }`
[INFO] running `Command { std: "docker" "exec" "-e" "SOURCE_DIR=/opt/rustwide/workdir" "-e" "CARGO_HOME=/opt/rustwide/cargo-home" "-e" "RUSTUP_HOME=/opt/rustwide/rustup-home" "-e" "CARGO_TARGET_DIR=/opt/rustwide/target" "-e" "CARGO_INCREMENTAL=0" "-e" "RUST_BACKTRACE=full" "-e" "RUSTFLAGS=--cap-lints=warn" "-e" "RUSTDOCFLAGS=--cap-lints=warn" "-w" "/opt/rustwide/workdir" "--user" "0:0" "574d8b5e151479b0cd4f789732bffa3b405dd9507ebb415e7b44e0e1df6020a2" "/opt/rustwide/cargo-home/bin/cargo" "+1.100.0-beta.1" "build" "--frozen" "--message-format=json" "--release", kill_on_drop: false }`
[INFO] [stderr]    Compiling syn v1.0.109
[INFO] [stderr]    Compiling utf8-decode v2.0.0
[INFO] [stderr]    Compiling object v0.39.1
[INFO] [stderr]    Compiling proc-macro-error-attr v1.0.4
[INFO] [stderr]    Compiling proc-macro-error v1.0.4
[INFO] [stderr]    Compiling find-msvc-tools v0.1.12
[INFO] [stderr]    Compiling thiserror v1.0.69
[INFO] [stderr]    Compiling lexical-util v1.0.7
[INFO] [stderr]    Compiling simdutf8 v0.1.5
[INFO] [stderr]    Compiling syn v3.0.6
[INFO] [stderr]    Compiling syn v2.0.119
[INFO] [stderr]    Compiling smallvec v1.16.2
[INFO] [stderr]    Compiling zerocopy v0.8.57
[INFO] [stderr]    Compiling serde_core v1.0.229
[INFO] [stderr]    Compiling generic-array v0.14.7
[INFO] [stderr]    Compiling pct v4.0.1
[INFO] [stderr]    Compiling cc v1.4.5
[INFO] [stderr]    Compiling serde v1.0.229
[INFO] [stderr]    Compiling ahash v0.8.12
[INFO] [stderr]    Compiling nom v7.1.3
[INFO] [stderr]    Compiling cc-traits v2.0.0
[INFO] [stderr]    Compiling hashbrown v0.17.1
[INFO] [stderr]    Compiling ciborium-io v0.2.2
[INFO] [stderr]    Compiling crossbeam-utils v0.8.22
[INFO] [stderr]    Compiling heapless v0.8.0
[INFO] [stderr]    Compiling ryu_floating_decimal v0.1.0
[INFO] [stderr]    Compiling btree-slab v0.6.1
[INFO] [stderr]    Compiling parking_lot_core v0.9.12
[INFO] [stderr]    Compiling range-traits v0.3.2
[INFO] [stderr]    Compiling escape-simd v0.1.0
[INFO] [stderr]    Compiling json-escape-simd v3.1.2
[INFO] [stderr]    Compiling compact_str v0.10.0
[INFO] [stderr]    Compiling crypto-common v0.1.7
[INFO] [stderr]    Compiling block-buffer v0.10.4
[INFO] [stderr]    Compiling digest v0.10.7
[INFO] [stderr]    Compiling triomphe v0.1.16
[INFO] [stderr]    Compiling outref v0.5.2
[INFO] [stderr]    Compiling replace_with v0.1.8
[INFO] [stderr]    Compiling sha2 v0.10.9
[INFO] [stderr]    Compiling raw-btree v0.3.3
[INFO] [stderr]    Compiling contextual v0.1.6
[INFO] [stderr]    Compiling locspan v1.0.0
[INFO] [stderr]    Compiling vsimd v0.8.0
[INFO] [stderr]    Compiling lexical-write-integer v1.0.6
[INFO] [stderr]    Compiling lexical-parse-integer v1.0.6
[INFO] [stderr]    Compiling xsd-rs v0.10.0
[INFO] [stderr]    Compiling ryu-js v1.0.3
[INFO] [stderr]    Compiling hex_fmt v0.3.0
[INFO] [stderr]    Compiling decoded-char v0.1.1
[INFO] [stderr]    Compiling chrono v0.4.45
[INFO] [stderr]    Compiling lexical-write-float v1.0.6
[INFO] [stderr]    Compiling lexical-parse-float v1.0.6
[INFO] [stderr]    Compiling archery v1.2.3
[INFO] [stderr]    Compiling stacker v0.1.25
[INFO] [stderr]    Compiling indexmap v2.14.2
[INFO] [stderr]    Compiling base64-simd v0.8.0
[INFO] [stderr]    Compiling num-rational v0.4.2
[INFO] [stderr]    Compiling pretty_dtoa v0.3.0
[INFO] [stderr]    Compiling ordered-float v5.5.0
[INFO] [stderr]    Compiling rpds v1.2.1
[INFO] [stderr]    Compiling parking_lot v0.12.5
[INFO] [stderr]    Compiling mediatype v0.23.0
[INFO] [stderr]    Compiling abnf-core v0.5.0
[INFO] [stderr]    Compiling abnf v0.13.0
[INFO] [stderr]    Compiling lexical-core v1.0.6
[INFO] [stderr]    Compiling lexical v7.0.5
[INFO] [stderr]    Compiling thiserror-impl v1.0.69
[INFO] [stderr]    Compiling zerocopy-derive v0.8.57
[INFO] [stderr]    Compiling derive_more-impl v2.1.1
[INFO] [stderr]    Compiling ar_archive_writer v0.5.3
[INFO] [stderr]    Compiling psm v0.1.32
[INFO] [stderr]    Compiling str-newtype-derive v2.0.0
[INFO] [stderr]    Compiling thiserror-impl v2.0.21
[INFO] [stderr]    Compiling serde_derive v1.0.229
[INFO] [stderr]    Compiling enum-ordinalize-derive v4.4.2
[INFO] [stderr]    Compiling derive-where v1.7.0
[INFO] [stderr]    Compiling jstrict v0.16.0
[INFO] [stderr]    Compiling derive_more v2.1.1
[INFO] [stderr]    Compiling enum-ordinalize v4.4.2
[INFO] [stderr]    Compiling educe v0.6.0
[INFO] [stderr]    Compiling str-newtype v2.0.0
[INFO] [stderr]    Compiling thiserror v2.0.21
[INFO] [stderr]    Compiling iri-rs-core v3.4.1
[INFO] [stderr]    Compiling static-automata-macros v1.0.3
[INFO] [stderr]    Compiling static-automata v1.0.3
[INFO] [stderr]    Compiling langtag v1.1.0
[INFO] [stderr]    Compiling hashbrown v0.14.5
[INFO] [stderr]    Compiling iri-rs-static v3.4.1
[INFO] [stderr]    Compiling iri-rs v3.4.1
[INFO] [stderr]    Compiling ld-core-derive v0.6.0
[INFO] [stderr]    Compiling dashmap v6.2.1
[INFO] [stderr]    Compiling rdfx v0.24.0
[INFO] [stderr]    Compiling lasso v0.7.3
[INFO] [stderr]    Compiling btree-range-map v0.7.2
[INFO] [stderr]    Compiling faster-hex v0.10.0
[INFO] [stderr]    Compiling half v2.7.1
[INFO] [stderr]    Compiling jsonld-syntax v0.24.0
[INFO] [stderr]    Compiling ciborium-ll v0.2.2
[INFO] [stderr]    Compiling ciborium v0.2.2
[INFO] [stderr]    Compiling static-regular-grammar v2.0.2
[INFO] [stderr]    Compiling ld-core v0.6.0
[INFO] [stderr]    Compiling jsonld-core v0.24.0
[INFO] [stderr]    Compiling jsonld-context-processing v0.24.0
[INFO] [stderr]    Compiling jsonld-expansion v0.24.0 (/opt/rustwide/workdir)
[INFO] [stderr]     Finished `release` profile [optimized] target(s) in 1m 01s
[INFO] running `Command { std: "docker" "inspect" "574d8b5e151479b0cd4f789732bffa3b405dd9507ebb415e7b44e0e1df6020a2", kill_on_drop: false }`
[INFO] running `Command { std: "docker" "exec" "-e" "SOURCE_DIR=/opt/rustwide/workdir" "-e" "CARGO_HOME=/opt/rustwide/cargo-home" "-e" "RUSTUP_HOME=/opt/rustwide/rustup-home" "-e" "CARGO_TARGET_DIR=/opt/rustwide/target" "-e" "CARGO_INCREMENTAL=0" "-e" "RUST_BACKTRACE=full" "-e" "RUSTFLAGS=--cap-lints=warn" "-e" "RUSTDOCFLAGS=--cap-lints=warn" "-w" "/opt/rustwide/workdir" "--user" "0:0" "574d8b5e151479b0cd4f789732bffa3b405dd9507ebb415e7b44e0e1df6020a2" "/opt/rustwide/cargo-home/bin/cargo" "+1.100.0-beta.1" "test" "--frozen" "--no-run" "--message-format=json" "--release", kill_on_drop: false }`
[INFO] [stderr]    Compiling tokio-macros v2.7.2
[INFO] [stderr]    Compiling tokio v1.53.1
[INFO] [stderr]    Compiling jsonld-expansion v0.24.0 (/opt/rustwide/workdir)
[INFO] [stderr]     Finished `release` profile [optimized] target(s) in 4.33s
[INFO] running `Command { std: "docker" "inspect" "574d8b5e151479b0cd4f789732bffa3b405dd9507ebb415e7b44e0e1df6020a2", kill_on_drop: false }`
[INFO] running `Command { std: "docker" "exec" "-e" "SOURCE_DIR=/opt/rustwide/workdir" "-e" "CARGO_HOME=/opt/rustwide/cargo-home" "-e" "RUSTUP_HOME=/opt/rustwide/rustup-home" "-e" "CARGO_TARGET_DIR=/opt/rustwide/target" "-e" "CARGO_INCREMENTAL=0" "-e" "RUST_BACKTRACE=full" "-e" "RUSTFLAGS=--cap-lints=warn" "-e" "RUSTDOCFLAGS=--cap-lints=warn" "-w" "/opt/rustwide/workdir" "--user" "0:0" "574d8b5e151479b0cd4f789732bffa3b405dd9507ebb415e7b44e0e1df6020a2" "/opt/rustwide/cargo-home/bin/cargo" "+1.100.0-beta.1" "test" "--frozen" "--release", kill_on_drop: false }`
[INFO] [stderr]     Finished `release` profile [optimized] target(s) in 0.14s
[INFO] [stderr]      Running unittests src/lib.rs (/opt/rustwide/target/release/build/jsonld-expansion/fb3e225da8cd3e11/out/jsonld_expansion-fb3e225da8cd3e11)
[INFO] [stdout] 
[INFO] [stdout] running 0 tests
[INFO] [stdout] 
[INFO] [stdout] test result: ok. 0 passed; 0 failed; 0 ignored; 0 measured; 0 filtered out; finished in 0.00s
[INFO] [stdout] 
[INFO] [stderr]    Doc-tests jsonld_expansion
[INFO] [stdout] 
[INFO] [stdout] running 1 test
[INFO] [stdout] test src/lib.rs - Expand (line 88) ... FAILED
[INFO] [stdout] 
[INFO] [stdout] failures:
[INFO] [stdout] 
[INFO] [stdout] ---- src/lib.rs - Expand (line 88) stdout ----
[INFO] [stdout] error[E0433]: cannot find module or crate `jsonld` in this scope
[INFO] [stdout]   --> src/lib.rs:90:5
[INFO] [stdout]    |
[INFO] [stdout] 90 | use jsonld::{Expand, NoLoader, syntax::Parse};
[INFO] [stdout]    |     ^^^^^^ use of unresolved module or unlinked crate `jsonld`
[INFO] [stdout]    |
[INFO] [stdout]    = help: if you wanted to use a crate named `jsonld`, use `cargo add jsonld` to add it to your `Cargo.toml`
[INFO] [stdout] 
[INFO] [stdout] error[E0432]: unresolved import `jsonld`
[INFO] [stdout]   --> src/lib.rs:90:5
[INFO] [stdout]    |
[INFO] [stdout] 90 | use jsonld::{Expand, NoLoader, syntax::Parse};
[INFO] [stdout]    |     ^^^^^^ use of unresolved module or unlinked crate `jsonld`
[INFO] [stdout]    |
[INFO] [stdout]    = help: if you wanted to use a crate named `jsonld`, use `cargo add jsonld` to add it to your `Cargo.toml`
[INFO] [stdout] 
[INFO] [stdout] error[E0433]: cannot find module or crate `jsonld` in this scope
[INFO] [stdout]   --> src/lib.rs:95:17
[INFO] [stdout]    |
[INFO] [stdout] 95 | let (json, _) = jsonld::syntax::Value::parse_str(
[INFO] [stdout]    |                 ^^^^^^ use of unresolved module or unlinked crate `jsonld`
[INFO] [stdout]    |
[INFO] [stdout]    = help: if you wanted to use a crate named `jsonld`, use `cargo add jsonld` to add it to your `Cargo.toml`
[INFO] [stdout] 
[INFO] [stdout] error: aborting due to 3 previous errors
[INFO] [stdout] 
[INFO] [stdout] Some errors have detailed explanations: E0432, E0433.
[INFO] [stdout] For more information about an error, try `rustc --explain E0432`.
[INFO] [stdout] Couldn't compile the test.
[INFO] [stdout] 
[INFO] [stdout] failures:
[INFO] [stdout]     src/lib.rs - Expand (line 88)
[INFO] [stdout] 
[INFO] [stdout] test result: FAILED. 0 passed; 1 failed; 0 ignored; 0 measured; 0 filtered out; finished in 0.08s
[INFO] [stdout] 
[INFO] [stdout] all doctests ran in 0.17s; merged doctests compilation took 0.09s
[INFO] [stderr] error: doctest failed, to rerun pass `--doc`
[INFO] running `Command { std: "docker" "inspect" "574d8b5e151479b0cd4f789732bffa3b405dd9507ebb415e7b44e0e1df6020a2", kill_on_drop: false }`
[INFO] running `Command { std: "docker" "rm" "-f" "574d8b5e151479b0cd4f789732bffa3b405dd9507ebb415e7b44e0e1df6020a2", kill_on_drop: false }`
[INFO] [stdout] 574d8b5e151479b0cd4f789732bffa3b405dd9507ebb415e7b44e0e1df6020a2
