[INFO] fetching crate json2arrow 0.26.1...
[INFO] testing json2arrow-0.26.1 against 1.100.0-beta.1+cargoflags=--release for beta-release-1.100-2
[INFO] extracting crate json2arrow 0.26.1 into /workspace/builds/worker-5-tc2/source
[INFO] started tweaking crates.io crate json2arrow 0.26.1
[INFO] finished tweaking crates.io crate json2arrow 0.26.1
[INFO] tweaked toml for crates.io crate json2arrow 0.26.1 written to /workspace/builds/worker-5-tc2/source/Cargo.toml
[INFO] validating manifest of crates.io crate json2arrow 0.26.1 on toolchain 1.100.0-beta.1
[INFO] running `Command { std: CARGO_HOME="/workspace/cargo-home" RUSTUP_HOME="/workspace/rustup-home" "/workspace/cargo-home/bin/cargo" "+1.100.0-beta.1" "metadata" "--manifest-path" "Cargo.toml" "--no-deps", kill_on_drop: false }`
[INFO] crate crates.io crate json2arrow 0.26.1 already has a lockfile, it will not be regenerated
[INFO] running `Command { std: CARGO_HOME="/workspace/cargo-home" RUSTUP_HOME="/workspace/rustup-home" "/workspace/cargo-home/bin/cargo" "+1.100.0-beta.1" "fetch" "--manifest-path" "Cargo.toml", kill_on_drop: false }`
[INFO] running `Command { std: "docker" "create" "-v" "/var/lib/crater-agent-workspace/builds/worker-5-tc2/source:/opt/rustwide/workdir:ro,Z" "-v" "/var/lib/crater-agent-workspace/builds/worker-5-tc2/target:/opt/rustwide/target:rw,Z" "-v" "/var/lib/crater-agent-workspace/cargo-home:/opt/rustwide/cargo-home:ro,Z" "-v" "/var/lib/crater-agent-workspace/rustup-home:/opt/rustwide/rustup-home:ro,Z" "-m" "1610612736" "--network" "none" "ghcr.io/rust-lang/crates-build-env/linux@sha256:77db811e55d90add9212f6832c23229e3de5f1c1f9905e8cb07319ea15df73ac" "sleep" "infinity", kill_on_drop: false }`
[INFO] [stdout] d7874197c1d180d5e5d0c71426b970a35d4b1c31434642ad54fec33b3afdbd8c
[INFO] running `Command { std: "docker" "start" "d7874197c1d180d5e5d0c71426b970a35d4b1c31434642ad54fec33b3afdbd8c", kill_on_drop: false }`
[INFO] running `Command { std: "docker" "inspect" "d7874197c1d180d5e5d0c71426b970a35d4b1c31434642ad54fec33b3afdbd8c", kill_on_drop: false }`
[INFO] running `Command { std: "docker" "exec" "-e" "SOURCE_DIR=/opt/rustwide/workdir" "-e" "CARGO_HOME=/opt/rustwide/cargo-home" "-e" "RUSTUP_HOME=/opt/rustwide/rustup-home" "-e" "CARGO_TARGET_DIR=/opt/rustwide/target" "-w" "/opt/rustwide/workdir" "--user" "0:0" "d7874197c1d180d5e5d0c71426b970a35d4b1c31434642ad54fec33b3afdbd8c" "/opt/rustwide/cargo-home/bin/cargo" "+1.100.0-beta.1" "metadata" "--no-deps" "--format-version=1", kill_on_drop: false }`
[INFO] running `Command { std: "docker" "inspect" "d7874197c1d180d5e5d0c71426b970a35d4b1c31434642ad54fec33b3afdbd8c", kill_on_drop: false }`
[INFO] running `Command { std: "docker" "exec" "-e" "SOURCE_DIR=/opt/rustwide/workdir" "-e" "CARGO_HOME=/opt/rustwide/cargo-home" "-e" "RUSTUP_HOME=/opt/rustwide/rustup-home" "-e" "CARGO_TARGET_DIR=/opt/rustwide/target" "-e" "CARGO_INCREMENTAL=0" "-e" "RUST_BACKTRACE=full" "-e" "RUSTFLAGS=--cap-lints=warn" "-e" "RUSTDOCFLAGS=--cap-lints=warn" "-w" "/opt/rustwide/workdir" "--user" "0:0" "d7874197c1d180d5e5d0c71426b970a35d4b1c31434642ad54fec33b3afdbd8c" "/opt/rustwide/cargo-home/bin/cargo" "+1.100.0-beta.1" "build" "--frozen" "--message-format=json" "--release", kill_on_drop: false }`
[INFO] [stderr]    Compiling proc-macro2 v1.0.104
[INFO] [stderr]    Compiling serde_core v1.0.228
[INFO] [stderr]    Compiling zerocopy v0.8.31
[INFO] [stderr]    Compiling serde v1.0.228
[INFO] [stderr]    Compiling num-integer v0.1.46
[INFO] [stderr]    Compiling once_cell v1.21.3
[INFO] [stderr]    Compiling chrono v0.4.42
[INFO] [stderr]    Compiling num-complex v0.4.6
[INFO] [stderr]    Compiling cc v1.2.51
[INFO] [stderr]    Compiling zmij v1.0.7
[INFO] [stderr]    Compiling ryu v1.0.22
[INFO] [stderr]    Compiling regex-syntax v0.8.8
[INFO] [stderr]    Compiling num-bigint v0.4.6
[INFO] [stderr]    Compiling flatbuffers v25.12.19
[INFO] [stderr]    Compiling quote v1.0.42
[INFO] [stderr]    Compiling syn v2.0.112
[INFO] [stderr]    Compiling cmake v0.1.57
[INFO] [stderr]    Compiling csv-core v0.1.13
[INFO] [stderr]    Compiling indexmap v2.12.1
[INFO] [stderr]    Compiling anstream v0.6.21
[INFO] [stderr]    Compiling libz-ng-sys v1.1.23
[INFO] [stderr]    Compiling clap_lex v0.7.6
[INFO] [stderr]    Compiling clap_builder v4.5.56
[INFO] [stderr]    Compiling regex-automata v0.4.13
[INFO] [stderr]    Compiling csv v1.4.0
[INFO] [stderr]    Compiling serde_json v1.0.149
[INFO] [stderr]    Compiling zerocopy-derive v0.8.31
[INFO] [stderr]    Compiling serde_derive v1.0.228
[INFO] [stderr]    Compiling regex v1.12.2
[INFO] [stderr]    Compiling clap_derive v4.5.55
[INFO] [stderr]    Compiling half v2.7.1
[INFO] [stderr]    Compiling arrow-buffer v58.1.0
[INFO] [stderr]    Compiling ahash v0.8.12
[INFO] [stderr]    Compiling arrow-schema v58.1.0
[INFO] [stderr]    Compiling clap v4.5.56
[INFO] [stderr]    Compiling arrow-data v58.1.0
[INFO] [stderr]    Compiling arrow-array v58.1.0
[INFO] [stderr]    Compiling arrow-select v58.1.0
[INFO] [stderr]    Compiling arrow-row v58.1.0
[INFO] [stderr]    Compiling arrow-arith v58.1.0
[INFO] [stderr]    Compiling flate2 v1.1.8
[INFO] [stderr]    Compiling arrow-tools v0.26.1
[INFO] [stderr]    Compiling arrow-ord v58.1.0
[INFO] [stderr]    Compiling arrow-string v58.1.0
[INFO] [stderr]    Compiling arrow-ipc v58.1.0
[INFO] [stderr]    Compiling arrow-cast v58.1.0
[INFO] [stderr]    Compiling arrow-json v58.1.0
[INFO] [stderr]    Compiling arrow-csv v58.1.0
[INFO] [stderr]    Compiling arrow v58.1.0
[INFO] [stderr]    Compiling json2arrow v0.26.1 (/opt/rustwide/workdir)
[INFO] [stderr]     Finished `release` profile [optimized] target(s) in 7m 02s
[INFO] running `Command { std: "docker" "inspect" "d7874197c1d180d5e5d0c71426b970a35d4b1c31434642ad54fec33b3afdbd8c", kill_on_drop: false }`
[INFO] running `Command { std: "docker" "exec" "-e" "SOURCE_DIR=/opt/rustwide/workdir" "-e" "CARGO_HOME=/opt/rustwide/cargo-home" "-e" "RUSTUP_HOME=/opt/rustwide/rustup-home" "-e" "CARGO_TARGET_DIR=/opt/rustwide/target" "-e" "CARGO_INCREMENTAL=0" "-e" "RUST_BACKTRACE=full" "-e" "RUSTFLAGS=--cap-lints=warn" "-e" "RUSTDOCFLAGS=--cap-lints=warn" "-w" "/opt/rustwide/workdir" "--user" "0:0" "d7874197c1d180d5e5d0c71426b970a35d4b1c31434642ad54fec33b3afdbd8c" "/opt/rustwide/cargo-home/bin/cargo" "+1.100.0-beta.1" "test" "--frozen" "--no-run" "--message-format=json" "--release", kill_on_drop: false }`
[INFO] [stderr]    Compiling regex-automata v0.4.13
[INFO] [stderr]    Compiling float-cmp v0.10.0
[INFO] [stderr]    Compiling assert_cmd v2.1.2
[INFO] [stderr]    Compiling wait-timeout v0.2.1
[INFO] [stderr]    Compiling regex v1.12.2
[INFO] [stderr]    Compiling bstr v1.12.1
[INFO] [stderr]    Compiling arrow-csv v58.1.0
[INFO] [stderr]    Compiling arrow-string v58.1.0
[INFO] [stderr]    Compiling predicates v3.1.3
[INFO] [stderr]    Compiling arrow v58.1.0
[INFO] [stderr]    Compiling json2arrow v0.26.1 (/opt/rustwide/workdir)
[INFO] [stderr]     Finished `release` profile [optimized] target(s) in 50.67s
[INFO] running `Command { std: "docker" "inspect" "d7874197c1d180d5e5d0c71426b970a35d4b1c31434642ad54fec33b3afdbd8c", kill_on_drop: false }`
[INFO] running `Command { std: "docker" "exec" "-e" "SOURCE_DIR=/opt/rustwide/workdir" "-e" "CARGO_HOME=/opt/rustwide/cargo-home" "-e" "RUSTUP_HOME=/opt/rustwide/rustup-home" "-e" "CARGO_TARGET_DIR=/opt/rustwide/target" "-e" "CARGO_INCREMENTAL=0" "-e" "RUST_BACKTRACE=full" "-e" "RUSTFLAGS=--cap-lints=warn" "-e" "RUSTDOCFLAGS=--cap-lints=warn" "-w" "/opt/rustwide/workdir" "--user" "0:0" "d7874197c1d180d5e5d0c71426b970a35d4b1c31434642ad54fec33b3afdbd8c" "/opt/rustwide/cargo-home/bin/cargo" "+1.100.0-beta.1" "test" "--frozen" "--release", kill_on_drop: false }`
[INFO] [stderr]     Finished `release` profile [optimized] target(s) in 0.18s
[INFO] [stderr]      Running unittests src/main.rs (/opt/rustwide/target/release/build/json2arrow/ffd314c9fdfe2358/out/json2arrow-ffd314c9fdfe2358)
[INFO] [stdout] 
[INFO] [stdout] running 3 tests
[INFO] [stdout] test test::get_schema ... FAILED
[INFO] [stdout] test test::get_schema_gz ... FAILED
[INFO] [stdout] test test::help ... FAILED
[INFO] [stdout] 
[INFO] [stdout] failures:
[INFO] [stdout] 
[INFO] [stdout] ---- test::get_schema stdout ----
[INFO] [stdout] Error: CargoError { cause: Some(NotFoundError { path: "/opt/rustwide/target/release/build/json2arrow/ffd314c9fdfe2358/out/json2arrow" }) }
[INFO] [stdout] 
[INFO] [stdout] ---- test::get_schema_gz stdout ----
[INFO] [stdout] Error: CargoError { cause: Some(NotFoundError { path: "/opt/rustwide/target/release/build/json2arrow/ffd314c9fdfe2358/out/json2arrow" }) }
[INFO] [stdout] 
[INFO] [stdout] ---- test::help stdout ----
[INFO] [stdout] Error: CargoError { cause: Some(NotFoundError { path: "/opt/rustwide/target/release/build/json2arrow/ffd314c9fdfe2358/out/json2arrow" }) }
[INFO] [stdout] 
[INFO] [stdout] 
[INFO] [stdout] failures:
[INFO] [stdout]     test::get_schema
[INFO] [stdout]     test::get_schema_gz
[INFO] [stdout]     test::help
[INFO] [stdout] 
[INFO] [stdout] test result: FAILED. 0 passed; 3 failed; 0 ignored; 0 measured; 0 filtered out; finished in 0.00s
[INFO] [stdout] 
[INFO] [stderr] error: test failed, to rerun pass `--bin json2arrow`
[INFO] running `Command { std: "docker" "inspect" "d7874197c1d180d5e5d0c71426b970a35d4b1c31434642ad54fec33b3afdbd8c", kill_on_drop: false }`
[INFO] running `Command { std: "docker" "rm" "-f" "d7874197c1d180d5e5d0c71426b970a35d4b1c31434642ad54fec33b3afdbd8c", kill_on_drop: false }`
[INFO] [stdout] d7874197c1d180d5e5d0c71426b970a35d4b1c31434642ad54fec33b3afdbd8c
