[INFO] fetching crate json-web-tolkien 0.2.0...
[INFO] testing json-web-tolkien-0.2.0 against 1.100.0-beta.1+cargoflags=--release for beta-release-1.100-2
[INFO] extracting crate json-web-tolkien 0.2.0 into /workspace/builds/worker-2-tc2/source
[INFO] started tweaking crates.io crate json-web-tolkien 0.2.0
[INFO] finished tweaking crates.io crate json-web-tolkien 0.2.0
[INFO] tweaked toml for crates.io crate json-web-tolkien 0.2.0 written to /workspace/builds/worker-2-tc2/source/Cargo.toml
[INFO] validating manifest of crates.io crate json-web-tolkien 0.2.0 on toolchain 1.100.0-beta.1
[INFO] running `Command { std: CARGO_HOME="/workspace/cargo-home" RUSTUP_HOME="/workspace/rustup-home" "/workspace/cargo-home/bin/cargo" "+1.100.0-beta.1" "metadata" "--manifest-path" "Cargo.toml" "--no-deps", kill_on_drop: false }`
[INFO] crate crates.io crate json-web-tolkien 0.2.0 already has a lockfile, it will not be regenerated
[INFO] running `Command { std: CARGO_HOME="/workspace/cargo-home" RUSTUP_HOME="/workspace/rustup-home" "/workspace/cargo-home/bin/cargo" "+1.100.0-beta.1" "fetch" "--manifest-path" "Cargo.toml", kill_on_drop: false }`
[INFO] [stderr] warning: `package.homepage` is redundant with `package.repository`
[INFO] [stderr]   --> Cargo.toml:48:12
[INFO] [stderr]    |
[INFO] [stderr] 48 | homepage = "https://github.com/Ameelio/json-web-tolkien/"
[INFO] [stderr]    |            ^^^^^^^^^^^^^^^^^^^^^^^^^^^^^^^^^^^^^^^^^^^^^^
[INFO] [stderr] ...
[INFO] [stderr] 52 | repository = "https://github.com/Ameelio/json-web-tolkien/"
[INFO] [stderr]    |              ----------------------------------------------
[INFO] [stderr]    |
[INFO] [stderr]    = note: `cargo::redundant_homepage` is set to `warn` by default
[INFO] [stderr] help: consider removing `package.homepage`
[INFO] [stderr] warning: `json-web-tolkien` (manifest) generated 1 warning
[INFO] running `Command { std: "docker" "create" "-v" "/var/lib/crater-agent-workspace/builds/worker-2-tc2/source:/opt/rustwide/workdir:ro,Z" "-v" "/var/lib/crater-agent-workspace/builds/worker-2-tc2/target:/opt/rustwide/target:rw,Z" "-v" "/var/lib/crater-agent-workspace/cargo-home:/opt/rustwide/cargo-home:ro,Z" "-v" "/var/lib/crater-agent-workspace/rustup-home:/opt/rustwide/rustup-home:ro,Z" "-m" "1610612736" "--network" "none" "ghcr.io/rust-lang/crates-build-env/linux@sha256:77db811e55d90add9212f6832c23229e3de5f1c1f9905e8cb07319ea15df73ac" "sleep" "infinity", kill_on_drop: false }`
[INFO] [stdout] 65f0064cf4a3a4b21b14f774d5fa5a42ded44e4e140cc9618cb6f27a79fcce66
[INFO] running `Command { std: "docker" "start" "65f0064cf4a3a4b21b14f774d5fa5a42ded44e4e140cc9618cb6f27a79fcce66", kill_on_drop: false }`
[INFO] running `Command { std: "docker" "inspect" "65f0064cf4a3a4b21b14f774d5fa5a42ded44e4e140cc9618cb6f27a79fcce66", kill_on_drop: false }`
[INFO] running `Command { std: "docker" "exec" "-e" "SOURCE_DIR=/opt/rustwide/workdir" "-e" "CARGO_HOME=/opt/rustwide/cargo-home" "-e" "RUSTUP_HOME=/opt/rustwide/rustup-home" "-e" "CARGO_TARGET_DIR=/opt/rustwide/target" "-w" "/opt/rustwide/workdir" "--user" "0:0" "65f0064cf4a3a4b21b14f774d5fa5a42ded44e4e140cc9618cb6f27a79fcce66" "/opt/rustwide/cargo-home/bin/cargo" "+1.100.0-beta.1" "metadata" "--no-deps" "--format-version=1", kill_on_drop: false }`
[INFO] running `Command { std: "docker" "inspect" "65f0064cf4a3a4b21b14f774d5fa5a42ded44e4e140cc9618cb6f27a79fcce66", kill_on_drop: false }`
[INFO] running `Command { std: "docker" "exec" "-e" "SOURCE_DIR=/opt/rustwide/workdir" "-e" "CARGO_HOME=/opt/rustwide/cargo-home" "-e" "RUSTUP_HOME=/opt/rustwide/rustup-home" "-e" "CARGO_TARGET_DIR=/opt/rustwide/target" "-e" "CARGO_INCREMENTAL=0" "-e" "RUST_BACKTRACE=full" "-e" "RUSTFLAGS=--cap-lints=warn" "-e" "RUSTDOCFLAGS=--cap-lints=warn" "-w" "/opt/rustwide/workdir" "--user" "0:0" "65f0064cf4a3a4b21b14f774d5fa5a42ded44e4e140cc9618cb6f27a79fcce66" "/opt/rustwide/cargo-home/bin/cargo" "+1.100.0-beta.1" "build" "--frozen" "--message-format=json" "--release", kill_on_drop: false }`
[INFO] [stderr] warning: `package.homepage` is redundant with `package.repository`
[INFO] [stderr]   --> Cargo.toml:48:12
[INFO] [stderr]    |
[INFO] [stderr] 48 | homepage = "https://github.com/Ameelio/json-web-tolkien/"
[INFO] [stderr]    |            ^^^^^^^^^^^^^^^^^^^^^^^^^^^^^^^^^^^^^^^^^^^^^^
[INFO] [stderr] ...
[INFO] [stderr] 52 | repository = "https://github.com/Ameelio/json-web-tolkien/"
[INFO] [stderr]    |              ----------------------------------------------
[INFO] [stderr]    |
[INFO] [stderr]    = note: `cargo::redundant_homepage` is set to `warn` by default
[INFO] [stderr] help: consider removing `package.homepage`
[INFO] [stderr] warning: `json-web-tolkien` (manifest) generated 1 warning
[INFO] [stderr]    Compiling serde v1.0.219
[INFO] [stderr]    Compiling serde_json v1.0.142
[INFO] [stderr]    Compiling base64ct v1.8.0
[INFO] [stderr]    Compiling syn v2.0.104
[INFO] [stderr]    Compiling serde_derive v1.0.219
[INFO] [stderr]    Compiling thiserror-impl v2.0.18
[INFO] [stderr]    Compiling thiserror v2.0.18
[INFO] [stderr]    Compiling chrono v0.4.44
[INFO] [stderr]    Compiling json-web-tolkien v0.2.0 (/opt/rustwide/workdir)
[INFO] [stderr]     Finished `release` profile [optimized] target(s) in 19.59s
[INFO] running `Command { std: "docker" "inspect" "65f0064cf4a3a4b21b14f774d5fa5a42ded44e4e140cc9618cb6f27a79fcce66", kill_on_drop: false }`
[INFO] running `Command { std: "docker" "exec" "-e" "SOURCE_DIR=/opt/rustwide/workdir" "-e" "CARGO_HOME=/opt/rustwide/cargo-home" "-e" "RUSTUP_HOME=/opt/rustwide/rustup-home" "-e" "CARGO_TARGET_DIR=/opt/rustwide/target" "-e" "CARGO_INCREMENTAL=0" "-e" "RUST_BACKTRACE=full" "-e" "RUSTFLAGS=--cap-lints=warn" "-e" "RUSTDOCFLAGS=--cap-lints=warn" "-w" "/opt/rustwide/workdir" "--user" "0:0" "65f0064cf4a3a4b21b14f774d5fa5a42ded44e4e140cc9618cb6f27a79fcce66" "/opt/rustwide/cargo-home/bin/cargo" "+1.100.0-beta.1" "test" "--frozen" "--no-run" "--message-format=json" "--release", kill_on_drop: false }`
[INFO] [stderr] warning: `package.homepage` is redundant with `package.repository`
[INFO] [stderr]   --> Cargo.toml:48:12
[INFO] [stderr]    |
[INFO] [stderr] 48 | homepage = "https://github.com/Ameelio/json-web-tolkien/"
[INFO] [stderr]    |            ^^^^^^^^^^^^^^^^^^^^^^^^^^^^^^^^^^^^^^^^^^^^^^
[INFO] [stderr] ...
[INFO] [stderr] 52 | repository = "https://github.com/Ameelio/json-web-tolkien/"
[INFO] [stderr]    |              ----------------------------------------------
[INFO] [stderr]    |
[INFO] [stderr]    = note: `cargo::redundant_homepage` is set to `warn` by default
[INFO] [stderr] help: consider removing `package.homepage`
[INFO] [stderr] warning: `json-web-tolkien` (manifest) generated 1 warning
[INFO] [stderr]    Compiling serde_test v1.0.177
[INFO] [stderr]    Compiling sha2 v0.10.9
[INFO] [stderr]    Compiling hmac v0.12.1
[INFO] [stderr]    Compiling json-web-tolkien v0.2.0 (/opt/rustwide/workdir)
[INFO] [stdout] warning: unused imports: `Token` and `assert_tokens`
[INFO] [stdout]    --> src/jwt.rs:161:22
[INFO] [stdout]     |
[INFO] [stdout] 161 |     use serde_test::{Token, assert_tokens};
[INFO] [stdout]     |                      ^^^^^  ^^^^^^^^^^^^^
[INFO] [stdout]     |
[INFO] [stdout]     = note: `#[warn(unused_imports)]` (part of `#[warn(unused)]`) on by default
[INFO] [stdout] 
[INFO] [stdout] 
[INFO] [stdout] warning: unused import: `super::*`
[INFO] [stdout]    --> src/jwt.rs:164:9
[INFO] [stdout]     |
[INFO] [stdout] 164 |     use super::*;
[INFO] [stdout]     |         ^^^^^^^^
[INFO] [stdout] 
[INFO] [stdout] 
[INFO] [stdout] warning: struct `TestHeader` is never constructed
[INFO] [stdout]    --> src/jwt.rs:170:12
[INFO] [stdout]     |
[INFO] [stdout] 170 |     struct TestHeader {
[INFO] [stdout]     |            ^^^^^^^^^^
[INFO] [stdout]     |
[INFO] [stdout]     = note: `#[warn(dead_code)]` (part of `#[warn(unused)]`) on by default
[INFO] [stdout] 
[INFO] [stdout] 
[INFO] [stdout] warning: struct `TestClaims` is never constructed
[INFO] [stdout]    --> src/jwt.rs:176:12
[INFO] [stdout]     |
[INFO] [stdout] 176 |     struct TestClaims {
[INFO] [stdout]     |            ^^^^^^^^^^
[INFO] [stdout] 
[INFO] [stdout] 
[INFO] [stderr]     Finished `release` profile [optimized] target(s) in 5.29s
[INFO] running `Command { std: "docker" "inspect" "65f0064cf4a3a4b21b14f774d5fa5a42ded44e4e140cc9618cb6f27a79fcce66", kill_on_drop: false }`
[INFO] running `Command { std: "docker" "exec" "-e" "SOURCE_DIR=/opt/rustwide/workdir" "-e" "CARGO_HOME=/opt/rustwide/cargo-home" "-e" "RUSTUP_HOME=/opt/rustwide/rustup-home" "-e" "CARGO_TARGET_DIR=/opt/rustwide/target" "-e" "CARGO_INCREMENTAL=0" "-e" "RUST_BACKTRACE=full" "-e" "RUSTFLAGS=--cap-lints=warn" "-e" "RUSTDOCFLAGS=--cap-lints=warn" "-w" "/opt/rustwide/workdir" "--user" "0:0" "65f0064cf4a3a4b21b14f774d5fa5a42ded44e4e140cc9618cb6f27a79fcce66" "/opt/rustwide/cargo-home/bin/cargo" "+1.100.0-beta.1" "test" "--frozen" "--release", kill_on_drop: false }`
[INFO] [stderr] warning: `package.homepage` is redundant with `package.repository`
[INFO] [stderr]   --> Cargo.toml:48:12
[INFO] [stderr]    |
[INFO] [stderr] 48 | homepage = "https://github.com/Ameelio/json-web-tolkien/"
[INFO] [stderr]    |            ^^^^^^^^^^^^^^^^^^^^^^^^^^^^^^^^^^^^^^^^^^^^^^
[INFO] [stderr] ...
[INFO] [stderr] 52 | repository = "https://github.com/Ameelio/json-web-tolkien/"
[INFO] [stderr]    |              ----------------------------------------------
[INFO] [stderr]    |
[INFO] [stderr]    = note: `cargo::redundant_homepage` is set to `warn` by default
[INFO] [stderr] help: consider removing `package.homepage`
[INFO] [stderr] warning: `json-web-tolkien` (manifest) generated 1 warning
[INFO] [stderr] warning: unused imports: `Token` and `assert_tokens`
[INFO] [stderr]    --> src/jwt.rs:161:22
[INFO] [stderr]     |
[INFO] [stderr] 161 |     use serde_test::{Token, assert_tokens};
[INFO] [stderr]     |                      ^^^^^  ^^^^^^^^^^^^^
[INFO] [stderr]     |
[INFO] [stderr]     = note: `#[warn(unused_imports)]` (part of `#[warn(unused)]`) on by default
[INFO] [stderr] 
[INFO] [stderr] warning: unused import: `super::*`
[INFO] [stderr]    --> src/jwt.rs:164:9
[INFO] [stderr]     |
[INFO] [stderr] 164 |     use super::*;
[INFO] [stderr]     |         ^^^^^^^^
[INFO] [stderr] 
[INFO] [stderr] warning: struct `TestHeader` is never constructed
[INFO] [stderr]    --> src/jwt.rs:170:12
[INFO] [stderr]     |
[INFO] [stderr] 170 |     struct TestHeader {
[INFO] [stderr]     |            ^^^^^^^^^^
[INFO] [stderr]     |
[INFO] [stderr]     = note: `#[warn(dead_code)]` (part of `#[warn(unused)]`) on by default
[INFO] [stderr] 
[INFO] [stderr] warning: struct `TestClaims` is never constructed
[INFO] [stderr]    --> src/jwt.rs:176:12
[INFO] [stderr]     |
[INFO] [stderr] 176 |     struct TestClaims {
[INFO] [stderr]     |            ^^^^^^^^^^
[INFO] [stderr] 
[INFO] [stderr] warning: `json-web-tolkien` (lib test) generated 4 warnings (run `cargo fix --lib -p json-web-tolkien --tests` to apply 2 suggestions)
[INFO] [stderr]     Finished `release` profile [optimized] target(s) in 0.05s
[INFO] [stderr]      Running unittests src/lib.rs (/opt/rustwide/target/release/build/json-web-tolkien/b95e3e83defedf61/out/json_web_tolkien-b95e3e83defedf61)
[INFO] [stdout] 
[INFO] [stdout] running 5 tests
[INFO] [stdout] test util::one_or_more::test::it_will_match_any_against_one ... ok
[INFO] [stdout] test jws::test::test_signature_validation ... ok
[INFO] [stdout] test jws::test::test_from_str ... ok
[INFO] [stdout] test numeric_date::test::it_serailizes_and_deserializes_json ... ok
[INFO] [stdout] test util::epoch::test::it_serializes_and_deserializes ... ok
[INFO] [stdout] 
[INFO] [stdout] test result: ok. 5 passed; 0 failed; 0 ignored; 0 measured; 0 filtered out; finished in 0.01s
[INFO] [stdout] 
[INFO] [stderr]    Doc-tests json_web_tolkien
[INFO] [stdout] 
[INFO] [stdout] running 3 tests
[INFO] [stdout] test src/util.rs - util (line 45) ... FAILED
[INFO] [stdout] test src/util.rs - util (line 11) ... FAILED
[INFO] [stdout] test src/lib.rs - (line 12) ... FAILED
[INFO] [stdout] 
[INFO] [stdout] failures:
[INFO] [stdout] 
[INFO] [stdout] ---- src/util.rs - util (line 45) stdout ----
[INFO] [stdout] error[E0433]: cannot find module or crate `json_web_token` in this scope
[INFO] [stdout]   --> src/util.rs:47:5
[INFO] [stdout]    |
[INFO] [stdout] 47 | use json_web_token::util::epoch::UtcDateTime;
[INFO] [stdout]    |     ^^^^^^^^^^^^^^ use of unresolved module or unlinked crate `json_web_token`
[INFO] [stdout]    |
[INFO] [stdout] help: there is a crate or module with a similar name
[INFO] [stdout]    |
[INFO] [stdout] 47 - use json_web_token::util::epoch::UtcDateTime;
[INFO] [stdout] 47 + use json_web_tolkien::util::epoch::UtcDateTime;
[INFO] [stdout]    |
[INFO] [stdout] 
[INFO] [stdout] error: aborting due to 1 previous error
[INFO] [stdout] 
[INFO] [stdout] For more information about this error, try `rustc --explain E0433`.
[INFO] [stdout] Couldn't compile the test.
[INFO] [stdout] ---- src/util.rs - util (line 11) stdout ----
[INFO] [stdout] error[E0433]: cannot find module or crate `json_web_token` in this scope
[INFO] [stdout]   --> src/util.rs:12:5
[INFO] [stdout]    |
[INFO] [stdout] 12 | use json_web_token::util::OneOrMore;
[INFO] [stdout]    |     ^^^^^^^^^^^^^^ use of unresolved module or unlinked crate `json_web_token`
[INFO] [stdout]    |
[INFO] [stdout] help: there is a crate or module with a similar name
[INFO] [stdout]    |
[INFO] [stdout] 12 - use json_web_token::util::OneOrMore;
[INFO] [stdout] 12 + use json_web_tolkien::util::OneOrMore;
[INFO] [stdout]    |
[INFO] [stdout] 
[INFO] [stdout] error: aborting due to 1 previous error
[INFO] [stdout] 
[INFO] [stdout] For more information about this error, try `rustc --explain E0433`.
[INFO] [stdout] Couldn't compile the test.
[INFO] [stdout] ---- src/lib.rs - (line 12) stdout ----
[INFO] [stdout] error[E0433]: cannot find module or crate `json_web_token` in this scope
[INFO] [stdout]   --> src/lib.rs:13:5
[INFO] [stdout]    |
[INFO] [stdout] 13 | use json_web_token::prelude::*;
[INFO] [stdout]    |     ^^^^^^^^^^^^^^ use of unresolved module or unlinked crate `json_web_token`
[INFO] [stdout]    |
[INFO] [stdout] help: there is a crate or module with a similar name
[INFO] [stdout]    |
[INFO] [stdout] 13 - use json_web_token::prelude::*;
[INFO] [stdout] 13 + use json_web_tolkien::prelude::*;
[INFO] [stdout]    |
[INFO] [stdout] 
[INFO] [stdout] error[E0425]: cannot find type `Jwt` in this scope
[INFO] [stdout]   --> src/lib.rs:18:14
[INFO] [stdout]    |
[INFO] [stdout] 18 | type Token = Jwt<Claims, Header>;
[INFO] [stdout]    |              ^^^ not found in this scope
[INFO] [stdout] 
[INFO] [stdout] error[E0425]: cannot find type `Algorithm` in this scope
[INFO] [stdout]   --> src/lib.rs:23:16
[INFO] [stdout]    |
[INFO] [stdout] 23 |     algorithm: Algorithm
[INFO] [stdout]    |                ^^^^^^^^^ not found in this scope
[INFO] [stdout] 
[INFO] [stdout] error[E0425]: cannot find type `Jws` in this scope
[INFO] [stdout]   --> src/lib.rs:32:35
[INFO] [stdout]    |
[INFO] [stdout] 32 | fn decode(input: &str) -> Result<(Jws, Token), value::Error> {
[INFO] [stdout]    |                                   ^^^ not found in this scope
[INFO] [stdout]    |
[INFO] [stdout] help: you might be missing a type parameter
[INFO] [stdout]    |
[INFO] [stdout] 32 | fn decode<Jws>(input: &str) -> Result<(Jws, Token), value::Error> {
[INFO] [stdout]    |          +++++
[INFO] [stdout] 
[INFO] [stdout] error[E0425]: cannot find type `Jws` in this scope
[INFO] [stdout]   --> src/lib.rs:34:15
[INFO] [stdout]    |
[INFO] [stdout] 34 |     let jws : Jws;
[INFO] [stdout]    |               ^^^ not found in this scope
[INFO] [stdout] 
[INFO] [stdout] error[E0433]: cannot find type `Jws` in this scope
[INFO] [stdout]   --> src/lib.rs:39:15
[INFO] [stdout]    |
[INFO] [stdout] 39 |         jws = Jws::deserialize(de)?;
[INFO] [stdout]    |               ^^^ use of undeclared type `Jws`
[INFO] [stdout] 
[INFO] [stdout] error: aborting due to 6 previous errors
[INFO] [stdout] 
[INFO] [stdout] Some errors have detailed explanations: E0425, E0433.
[INFO] [stdout] For more information about an error, try `rustc --explain E0425`.
[INFO] [stdout] Couldn't compile the test.
[INFO] [stdout] 
[INFO] [stdout] failures:
[INFO] [stdout]     src/lib.rs - (line 12)
[INFO] [stdout]     src/util.rs - util (line 11)
[INFO] [stdout]     src/util.rs - util (line 45)
[INFO] [stdout] 
[INFO] [stdout] test result: FAILED. 0 passed; 3 failed; 0 ignored; 0 measured; 0 filtered out; finished in 0.28s
[INFO] [stdout] 
[INFO] [stdout] all doctests ran in 0.51s; merged doctests compilation took 0.23s
[INFO] [stderr] error: doctest failed, to rerun pass `--doc`
[INFO] running `Command { std: "docker" "inspect" "65f0064cf4a3a4b21b14f774d5fa5a42ded44e4e140cc9618cb6f27a79fcce66", kill_on_drop: false }`
[INFO] running `Command { std: "docker" "rm" "-f" "65f0064cf4a3a4b21b14f774d5fa5a42ded44e4e140cc9618cb6f27a79fcce66", kill_on_drop: false }`
[INFO] [stdout] 65f0064cf4a3a4b21b14f774d5fa5a42ded44e4e140cc9618cb6f27a79fcce66
