[INFO] fetching crate json-steroids 0.3.1...
[INFO] testing json-steroids-0.3.1 against 1.100.0-beta.1+cargoflags=--release for beta-release-1.100-2
[INFO] extracting crate json-steroids 0.3.1 into /workspace/builds/worker-0-tc2/source
[INFO] started tweaking crates.io crate json-steroids 0.3.1
[INFO] removed 0 missing examples
[INFO] removed 0 missing tests
[INFO] finished tweaking crates.io crate json-steroids 0.3.1
[INFO] tweaked toml for crates.io crate json-steroids 0.3.1 written to /workspace/builds/worker-0-tc2/source/Cargo.toml
[INFO] validating manifest of crates.io crate json-steroids 0.3.1 on toolchain 1.100.0-beta.1
[INFO] running `Command { std: CARGO_HOME="/workspace/cargo-home" RUSTUP_HOME="/workspace/rustup-home" "/workspace/cargo-home/bin/cargo" "+1.100.0-beta.1" "metadata" "--manifest-path" "Cargo.toml" "--no-deps", kill_on_drop: false }`
[INFO] crate crates.io crate json-steroids 0.3.1 already has a lockfile, it will not be regenerated
[INFO] running `Command { std: CARGO_HOME="/workspace/cargo-home" RUSTUP_HOME="/workspace/rustup-home" "/workspace/cargo-home/bin/cargo" "+1.100.0-beta.1" "fetch" "--manifest-path" "Cargo.toml", kill_on_drop: false }`
[INFO] running `Command { std: "docker" "create" "-v" "/var/lib/crater-agent-workspace/builds/worker-0-tc2/source:/opt/rustwide/workdir:ro,Z" "-v" "/var/lib/crater-agent-workspace/builds/worker-0-tc2/target:/opt/rustwide/target:rw,Z" "-v" "/var/lib/crater-agent-workspace/cargo-home:/opt/rustwide/cargo-home:ro,Z" "-v" "/var/lib/crater-agent-workspace/rustup-home:/opt/rustwide/rustup-home:ro,Z" "-m" "1610612736" "--network" "none" "ghcr.io/rust-lang/crates-build-env/linux@sha256:77db811e55d90add9212f6832c23229e3de5f1c1f9905e8cb07319ea15df73ac" "sleep" "infinity", kill_on_drop: false }`
[INFO] [stdout] 5b0df5c3be92b1b05a13369760ff8fb291e60b9821e808f7f7eb9dc961e89f3d
[INFO] running `Command { std: "docker" "start" "5b0df5c3be92b1b05a13369760ff8fb291e60b9821e808f7f7eb9dc961e89f3d", kill_on_drop: false }`
[INFO] running `Command { std: "docker" "inspect" "5b0df5c3be92b1b05a13369760ff8fb291e60b9821e808f7f7eb9dc961e89f3d", kill_on_drop: false }`
[INFO] running `Command { std: "docker" "exec" "-e" "SOURCE_DIR=/opt/rustwide/workdir" "-e" "CARGO_HOME=/opt/rustwide/cargo-home" "-e" "RUSTUP_HOME=/opt/rustwide/rustup-home" "-e" "CARGO_TARGET_DIR=/opt/rustwide/target" "-w" "/opt/rustwide/workdir" "--user" "0:0" "5b0df5c3be92b1b05a13369760ff8fb291e60b9821e808f7f7eb9dc961e89f3d" "/opt/rustwide/cargo-home/bin/cargo" "+1.100.0-beta.1" "metadata" "--no-deps" "--format-version=1", kill_on_drop: false }`
[INFO] running `Command { std: "docker" "inspect" "5b0df5c3be92b1b05a13369760ff8fb291e60b9821e808f7f7eb9dc961e89f3d", kill_on_drop: false }`
[INFO] running `Command { std: "docker" "exec" "-e" "SOURCE_DIR=/opt/rustwide/workdir" "-e" "CARGO_HOME=/opt/rustwide/cargo-home" "-e" "RUSTUP_HOME=/opt/rustwide/rustup-home" "-e" "CARGO_TARGET_DIR=/opt/rustwide/target" "-e" "CARGO_INCREMENTAL=0" "-e" "RUST_BACKTRACE=full" "-e" "RUSTFLAGS=--cap-lints=warn" "-e" "RUSTDOCFLAGS=--cap-lints=warn" "-w" "/opt/rustwide/workdir" "--user" "0:0" "5b0df5c3be92b1b05a13369760ff8fb291e60b9821e808f7f7eb9dc961e89f3d" "/opt/rustwide/cargo-home/bin/cargo" "+1.100.0-beta.1" "build" "--frozen" "--message-format=json" "--release", kill_on_drop: false }`
[INFO] [stderr]    Compiling toml_parser v1.0.9+spec-1.1.0
[INFO] [stderr]    Compiling syn v2.0.117
[INFO] [stderr]    Compiling toml_edit v0.23.10+spec-1.0.0
[INFO] [stderr]    Compiling proc-macro-crate v3.4.0
[INFO] [stderr]    Compiling json-steroids-derive v0.3.0
[INFO] [stderr]    Compiling json-steroids v0.3.1 (/opt/rustwide/workdir)
[INFO] [stderr]     Finished `release` profile [optimized] target(s) in 8.83s
[INFO] running `Command { std: "docker" "inspect" "5b0df5c3be92b1b05a13369760ff8fb291e60b9821e808f7f7eb9dc961e89f3d", kill_on_drop: false }`
[INFO] running `Command { std: "docker" "exec" "-e" "SOURCE_DIR=/opt/rustwide/workdir" "-e" "CARGO_HOME=/opt/rustwide/cargo-home" "-e" "RUSTUP_HOME=/opt/rustwide/rustup-home" "-e" "CARGO_TARGET_DIR=/opt/rustwide/target" "-e" "CARGO_INCREMENTAL=0" "-e" "RUST_BACKTRACE=full" "-e" "RUSTFLAGS=--cap-lints=warn" "-e" "RUSTDOCFLAGS=--cap-lints=warn" "-w" "/opt/rustwide/workdir" "--user" "0:0" "5b0df5c3be92b1b05a13369760ff8fb291e60b9821e808f7f7eb9dc961e89f3d" "/opt/rustwide/cargo-home/bin/cargo" "+1.100.0-beta.1" "test" "--frozen" "--no-run" "--message-format=json" "--release", kill_on_drop: false }`
[INFO] [stderr]    Compiling serde_core v1.0.228
[INFO] [stderr]    Compiling zerocopy v0.8.39
[INFO] [stderr]    Compiling serde v1.0.228
[INFO] [stderr]    Compiling zerocopy-derive v0.8.39
[INFO] [stderr]    Compiling serde_derive v1.0.228
[INFO] [stderr]    Compiling clap_lex v1.0.0
[INFO] [stderr]    Compiling ref-cast v1.0.25
[INFO] [stderr]    Compiling thiserror-impl v2.0.18
[INFO] [stderr]    Compiling clap_builder v4.5.60
[INFO] [stderr]    Compiling ref-cast-impl v1.0.25
[INFO] [stderr]    Compiling simdutf8 v0.1.5
[INFO] [stderr]    Compiling is-terminal v0.4.17
[INFO] [stderr]    Compiling sonic-simd v0.1.4
[INFO] [stderr]    Compiling sonic-number v0.1.2
[INFO] [stderr]    Compiling bumpalo v3.20.2
[INFO] [stderr]    Compiling thiserror v2.0.18
[INFO] [stderr]    Compiling clap v4.5.60
[INFO] [stderr]    Compiling serde_json v1.0.149
[INFO] [stderr]    Compiling faststr v0.2.34
[INFO] [stderr]    Compiling tinytemplate v1.2.1
[INFO] [stderr]    Compiling half v2.7.1
[INFO] [stderr]    Compiling ahash v0.8.12
[INFO] [stderr]    Compiling ciborium-ll v0.2.2
[INFO] [stderr]    Compiling sonic-rs v0.5.8
[INFO] [stderr]    Compiling ciborium v0.2.2
[INFO] [stderr]    Compiling criterion v0.5.1
[INFO] [stderr]    Compiling json-steroids v0.3.1 (/opt/rustwide/workdir)
[INFO] [stderr]     Finished `release` profile [optimized] target(s) in 1m 22s
[INFO] running `Command { std: "docker" "inspect" "5b0df5c3be92b1b05a13369760ff8fb291e60b9821e808f7f7eb9dc961e89f3d", kill_on_drop: false }`
[INFO] running `Command { std: "docker" "exec" "-e" "SOURCE_DIR=/opt/rustwide/workdir" "-e" "CARGO_HOME=/opt/rustwide/cargo-home" "-e" "RUSTUP_HOME=/opt/rustwide/rustup-home" "-e" "CARGO_TARGET_DIR=/opt/rustwide/target" "-e" "CARGO_INCREMENTAL=0" "-e" "RUST_BACKTRACE=full" "-e" "RUSTFLAGS=--cap-lints=warn" "-e" "RUSTDOCFLAGS=--cap-lints=warn" "-w" "/opt/rustwide/workdir" "--user" "0:0" "5b0df5c3be92b1b05a13369760ff8fb291e60b9821e808f7f7eb9dc961e89f3d" "/opt/rustwide/cargo-home/bin/cargo" "+1.100.0-beta.1" "test" "--frozen" "--release", kill_on_drop: false }`
[INFO] [stderr]     Finished `release` profile [optimized] target(s) in 0.12s
[INFO] [stderr]      Running unittests src/lib.rs (/opt/rustwide/target/release/build/json-steroids/58f24457df998e5c/out/json_steroids-58f24457df998e5c)
[INFO] [stdout] 
[INFO] [stdout] running 40 tests
[INFO] [stdout] test parser::tests::test_parse_array ... ok
[INFO] [stdout] test parser::tests::test_parse_number_integer ... ok
[INFO] [stdout] test parser::tests::test_parse_object ... ok
[INFO] [stdout] test parser::tests::test_parse_string_escapes ... ok
[INFO] [stdout] test simd::tests::test_find_escape_needed ... ok
[INFO] [stdout] test simd::tests::test_find_escape_needed_control ... ok
[INFO] [stdout] test parser::tests::test_parse_string_simple ... ok
[INFO] [stdout] test simd::tests::test_scan_string_quote_only ... ok
[INFO] [stdout] test simd::tests::test_find_escape_needed_quote ... ok
[INFO] [stdout] test simd::tests::test_scan_string_no_escapes ... ok
[INFO] [stdout] test simd::tests::test_scan_string_with_escapes ... ok
[INFO] [stdout] test simd::tests::test_skip_whitespace ... ok
[INFO] [stdout] test simd::tests::test_skip_whitespace_none ... ok
[INFO] [stdout] test tests::test_dynamic_value ... ok
[INFO] [stdout] test tests::test_escape_sequences ... ok
[INFO] [stdout] test tests::test_nested_struct_roundtrip ... ok
[INFO] [stdout] test tests::test_option_none ... ok
[INFO] [stdout] test parser::tests::test_parse_number_negative ... ok
[INFO] [stdout] test tests::test_parse_primitives ... ok
[INFO] [stdout] test tests::test_option_some ... ok
[INFO] [stdout] test tests::test_simple_struct_roundtrip ... ok
[INFO] [stdout] test tests::test_struct_enum ... ok
[INFO] [stdout] test tests::test_pretty_print ... ok
[INFO] [stdout] test tests::test_primitives ... ok
[INFO] [stdout] test tests::test_tuple_enum ... ok
[INFO] [stdout] test tests::test_unit_enum ... ok
[INFO] [stdout] test tests::test_vec_roundtrip ... ok
[INFO] [stdout] test value::tests::test_index_object ... ok
[INFO] [stdout] test value::tests::test_is_methods ... ok
[INFO] [stdout] test value::tests::test_index_array ... ok
[INFO] [stdout] test parser::tests::test_parse_number_float ... ok
[INFO] [stdout] test writer::tests::test_write_array ... ok
[INFO] [stdout] test writer::tests::test_write_escaped_string ... ok
[INFO] [stdout] test writer::tests::test_write_object ... ok
[INFO] [stdout] test writer::tests::test_pretty_print ... ok
[INFO] [stderr] error: test failed, to rerun pass `--lib`
[INFO] [stdout] test parser::tests::test_parse_string_unicode ... ok
[INFO] [stdout] test parser::tests::test_parse_bool ... ok
[INFO] [stdout] test writer::tests::test_write_string ... ok
[INFO] [stdout] test value::tests::test_as_methods ... ok
[INFO] [stdout] test tests::test_unicode ... FAILED
[INFO] [stdout] 
[INFO] [stdout] failures:
[INFO] [stdout] 
[INFO] [stdout] ---- tests::test_unicode stdout ----
[INFO] [stdout] 
[INFO] [stdout] thread 'tests::test_unicode' (1012) panicked at src/lib.rs:237:46:
[INFO] [stdout] called `Result::unwrap()` on an `Err` value: InvalidUtf8
[INFO] [stdout] stack backtrace:
[INFO] [stdout]    0:     0x62aac08e00f1 - <<std[617be2ca0a6fd877]::sys::backtrace::BacktraceLock>::print::DisplayBacktrace as core[a373ad73a504971]::fmt::Display>::fmt
[INFO] [stdout]    1:     0x62aac08f538a - core[a373ad73a504971]::fmt::write
[INFO] [stdout]    2:     0x62aac08e430c - <alloc[2e1b2a31b91974c5]::vec::Vec<u8> as core[a373ad73a504971]::io::write::Write>::write_fmt
[INFO] [stdout]    3:     0x62aac08bc556 - std[617be2ca0a6fd877]::panicking::default_hook::{closure#0}
[INFO] [stdout]    4:     0x62aac08d8789 - std[617be2ca0a6fd877]::panicking::default_hook
[INFO] [stdout]    5:     0x62aac0874e30 - test[aada8e7e76ba119b]::test_main_inner::{closure#0}
[INFO] [stdout]    6:     0x62aac08d8942 - std[617be2ca0a6fd877]::panicking::panic_with_hook
[INFO] [stdout]    7:     0x62aac08bc602 - std[617be2ca0a6fd877]::panicking::panic_handler::{closure#0}
[INFO] [stdout]    8:     0x62aac08b5319 - std[617be2ca0a6fd877]::sys::backtrace::__rust_end_short_backtrace::<std[617be2ca0a6fd877]::panicking::panic_handler::{closure#0}, !>
[INFO] [stdout]    9:     0x62aac08bd20d - __rustc[ea4f61d10b84890b]::rust_begin_unwind
[INFO] [stdout]   10:     0x62aac08f5abc - core[a373ad73a504971]::panicking::panic_fmt
[INFO] [stdout]   11:     0x62aac08f5892 - core[a373ad73a504971]::result::unwrap_failed
[INFO] [stdout]   12:     0x62aac085cb3d - <json_steroids[904a06aec10fbc5a]::tests::test_unicode::{closure#0} as core[a373ad73a504971]::ops::function::FnOnce<()>>::call_once
[INFO] [stdout]   13:     0x62aac086827b - test[aada8e7e76ba119b]::__rust_begin_short_backtrace::<core[a373ad73a504971]::result::Result<(), alloc[2e1b2a31b91974c5]::string::String>, fn() -> core[a373ad73a504971]::result::Result<(), alloc[2e1b2a31b91974c5]::string::String>>
[INFO] [stdout]   14:     0x62aac0875455 - test[aada8e7e76ba119b]::run_test::{closure#0}
[INFO] [stdout]   15:     0x62aac086ed44 - std[617be2ca0a6fd877]::sys::backtrace::__rust_begin_short_backtrace::<test[aada8e7e76ba119b]::run_test::{closure#1}, ()>
[INFO] [stdout]   16:     0x62aac08784e2 - <std[617be2ca0a6fd877]::thread::lifecycle::spawn_unchecked<test[aada8e7e76ba119b]::run_test::{closure#1}, ()>::{closure#1} as core[a373ad73a504971]::ops::function::FnOnce<()>>::call_once::{shim:vtable#0}
[INFO] [stdout]   17:     0x62aac08df94f - <std[617be2ca0a6fd877]::sys::thread::unix::Thread>::new::thread_start
[INFO] [stdout]   18:     0x7c5e49c6edfa - <unknown>
[INFO] [stdout]   19:     0x7c5e49d023d4 - clone
[INFO] [stdout]   20:                0x0 - <unknown>
[INFO] [stdout] 
[INFO] [stdout] 
[INFO] [stdout] failures:
[INFO] [stdout]     tests::test_unicode
[INFO] [stdout] 
[INFO] [stdout] test result: FAILED. 39 passed; 1 failed; 0 ignored; 0 measured; 0 filtered out; finished in 0.00s
[INFO] [stdout] 
[INFO] running `Command { std: "docker" "inspect" "5b0df5c3be92b1b05a13369760ff8fb291e60b9821e808f7f7eb9dc961e89f3d", kill_on_drop: false }`
[INFO] running `Command { std: "docker" "rm" "-f" "5b0df5c3be92b1b05a13369760ff8fb291e60b9821e808f7f7eb9dc961e89f3d", kill_on_drop: false }`
[INFO] [stdout] 5b0df5c3be92b1b05a13369760ff8fb291e60b9821e808f7f7eb9dc961e89f3d
