[INFO] fetching crate jscpd-rs 0.1.12...
[INFO] testing jscpd-rs-0.1.12 against 1.100.0-beta.1+cargoflags=--release for beta-release-1.100-2
[INFO] extracting crate jscpd-rs 0.1.12 into /workspace/builds/worker-5-tc2/source
[INFO] started tweaking crates.io crate jscpd-rs 0.1.12
[INFO] removed 0 missing examples
[INFO] removed 0 missing tests
[INFO] finished tweaking crates.io crate jscpd-rs 0.1.12
[INFO] tweaked toml for crates.io crate jscpd-rs 0.1.12 written to /workspace/builds/worker-5-tc2/source/Cargo.toml
[INFO] validating manifest of crates.io crate jscpd-rs 0.1.12 on toolchain 1.100.0-beta.1
[INFO] running `Command { std: CARGO_HOME="/workspace/cargo-home" RUSTUP_HOME="/workspace/rustup-home" "/workspace/cargo-home/bin/cargo" "+1.100.0-beta.1" "metadata" "--manifest-path" "Cargo.toml" "--no-deps", kill_on_drop: false }`
[INFO] crate crates.io crate jscpd-rs 0.1.12 already has a lockfile, it will not be regenerated
[INFO] running `Command { std: CARGO_HOME="/workspace/cargo-home" RUSTUP_HOME="/workspace/rustup-home" "/workspace/cargo-home/bin/cargo" "+1.100.0-beta.1" "fetch" "--manifest-path" "Cargo.toml", kill_on_drop: false }`
[INFO] running `Command { std: "docker" "create" "-v" "/var/lib/crater-agent-workspace/builds/worker-5-tc2/source:/opt/rustwide/workdir:ro,Z" "-v" "/var/lib/crater-agent-workspace/builds/worker-5-tc2/target:/opt/rustwide/target:rw,Z" "-v" "/var/lib/crater-agent-workspace/cargo-home:/opt/rustwide/cargo-home:ro,Z" "-v" "/var/lib/crater-agent-workspace/rustup-home:/opt/rustwide/rustup-home:ro,Z" "-m" "1610612736" "--network" "none" "ghcr.io/rust-lang/crates-build-env/linux@sha256:77db811e55d90add9212f6832c23229e3de5f1c1f9905e8cb07319ea15df73ac" "sleep" "infinity", kill_on_drop: false }`
[INFO] [stdout] 5d65fda204b7e35bfec77eb06dea09f19602d6188d35c19928f5593a5d2492cf
[INFO] running `Command { std: "docker" "start" "5d65fda204b7e35bfec77eb06dea09f19602d6188d35c19928f5593a5d2492cf", kill_on_drop: false }`
[INFO] running `Command { std: "docker" "inspect" "5d65fda204b7e35bfec77eb06dea09f19602d6188d35c19928f5593a5d2492cf", kill_on_drop: false }`
[INFO] running `Command { std: "docker" "exec" "-e" "SOURCE_DIR=/opt/rustwide/workdir" "-e" "CARGO_HOME=/opt/rustwide/cargo-home" "-e" "RUSTUP_HOME=/opt/rustwide/rustup-home" "-e" "CARGO_TARGET_DIR=/opt/rustwide/target" "-w" "/opt/rustwide/workdir" "--user" "0:0" "5d65fda204b7e35bfec77eb06dea09f19602d6188d35c19928f5593a5d2492cf" "/opt/rustwide/cargo-home/bin/cargo" "+1.100.0-beta.1" "metadata" "--no-deps" "--format-version=1", kill_on_drop: false }`
[INFO] running `Command { std: "docker" "inspect" "5d65fda204b7e35bfec77eb06dea09f19602d6188d35c19928f5593a5d2492cf", kill_on_drop: false }`
[INFO] running `Command { std: "docker" "exec" "-e" "SOURCE_DIR=/opt/rustwide/workdir" "-e" "CARGO_HOME=/opt/rustwide/cargo-home" "-e" "RUSTUP_HOME=/opt/rustwide/rustup-home" "-e" "CARGO_TARGET_DIR=/opt/rustwide/target" "-e" "CARGO_INCREMENTAL=0" "-e" "RUST_BACKTRACE=full" "-e" "RUSTFLAGS=--cap-lints=warn" "-e" "RUSTDOCFLAGS=--cap-lints=warn" "-w" "/opt/rustwide/workdir" "--user" "0:0" "5d65fda204b7e35bfec77eb06dea09f19602d6188d35c19928f5593a5d2492cf" "/opt/rustwide/cargo-home/bin/cargo" "+1.100.0-beta.1" "build" "--frozen" "--message-format=json" "--release", kill_on_drop: false }`
[INFO] [stderr]    Compiling proc-macro2 v1.0.106
[INFO] [stderr]    Compiling quote v1.0.45
[INFO] [stderr]    Compiling unicode-ident v1.0.24
[INFO] [stderr]    Compiling itoa v1.0.18
[INFO] [stderr]    Compiling serde_core v1.0.228
[INFO] [stderr]    Compiling siphasher v1.0.3
[INFO] [stderr]    Compiling rustversion v1.0.22
[INFO] [stderr]    Compiling cfg-if v1.0.4
[INFO] [stderr]    Compiling ryu v1.0.23
[INFO] [stderr]    Compiling thiserror v2.0.18
[INFO] [stderr]    Compiling libc v0.2.186
[INFO] [stderr]    Compiling owo-colors v4.3.0
[INFO] [stderr]    Compiling unicode-width v0.2.2
[INFO] [stderr]    Compiling pin-project-lite v0.2.17
[INFO] [stderr]    Compiling memchr v2.8.1
[INFO] [stderr]    Compiling smawk v0.3.2
[INFO] [stderr]    Compiling unicode-linebreak v0.1.5
[INFO] [stderr]    Compiling serde v1.0.228
[INFO] [stderr]    Compiling phf_shared v0.13.1
[INFO] [stderr]    Compiling allocator-api2 v0.2.21
[INFO] [stderr]    Compiling oxc_data_structures v0.133.0
[INFO] [stderr]    Compiling unicode-segmentation v1.13.2
[INFO] [stderr]    Compiling fastrand v2.4.1
[INFO] [stderr]    Compiling futures-core v0.3.32
[INFO] [stderr]    Compiling rustc-hash v2.1.2
[INFO] [stderr]    Compiling percent-encoding v2.3.2
[INFO] [stderr]    Compiling static_assertions v1.1.0
[INFO] [stderr]    Compiling oxc_estree v0.133.0
[INFO] [stderr]    Compiling autocfg v1.5.1
[INFO] [stderr]    Compiling crossbeam-utils v0.8.21
[INFO] [stderr]    Compiling textwrap v0.16.2
[INFO] [stderr]    Compiling bytes v1.11.1
[INFO] [stderr]    Compiling phf v0.13.1
[INFO] [stderr]    Compiling phf_generator v0.13.1
[INFO] [stderr]    Compiling log v0.4.30
[INFO] [stderr]    Compiling cow-utils v0.1.3
[INFO] [stderr]    Compiling hashbrown v0.17.1
[INFO] [stderr]    Compiling dragonbox_ecma v0.1.12
[INFO] [stderr]    Compiling httparse v1.10.1
[INFO] [stderr]    Compiling castaway v0.2.4
[INFO] [stderr]    Compiling num-traits v0.2.19
[INFO] [stderr]    Compiling nonmax v0.5.5
[INFO] [stderr]    Compiling unicode-id-start v1.4.0
[INFO] [stderr]    Compiling compact_str v0.9.1
[INFO] [stderr]    Compiling bitflags v2.11.1
[INFO] [stderr]    Compiling once_cell v1.21.4
[INFO] [stderr]    Compiling tracing-core v0.1.36
[INFO] [stderr]    Compiling syn v2.0.117
[INFO] [stderr]    Compiling crossbeam-epoch v0.9.18
[INFO] [stderr]    Compiling aho-corasick v1.1.4
[INFO] [stderr]    Compiling regex-syntax v0.8.10
[INFO] [stderr]    Compiling zmij v1.0.21
[INFO] [stderr]    Compiling http v1.4.1
[INFO] [stderr]    Compiling utf8parse v0.2.2
[INFO] [stderr]    Compiling tower-service v0.3.3
[INFO] [stderr]    Compiling anstyle-parse v1.0.0
[INFO] [stderr]    Compiling futures-channel v0.3.32
[INFO] [stderr]    Compiling mio v1.2.1
[INFO] [stderr]    Compiling socket2 v0.6.4
[INFO] [stderr]    Compiling tracing v0.1.44
[INFO] [stderr]    Compiling oxc_allocator v0.133.0
[INFO] [stderr]    Compiling crossbeam-deque v0.8.6
[INFO] [stderr]    Compiling colorchoice v1.0.5
[INFO] [stderr]    Compiling tower-layer v0.3.3
[INFO] [stderr]    Compiling is_terminal_polyfill v1.70.2
[INFO] [stderr]    Compiling futures-task v0.3.32
[INFO] [stderr]    Compiling serde_json v1.0.150
[INFO] [stderr]    Compiling sync_wrapper v1.0.2
[INFO] [stderr]    Compiling httpdate v1.0.3
[INFO] [stderr]    Compiling atomic-waker v1.1.2
[INFO] [stderr]    Compiling slab v0.4.12
[INFO] [stderr]    Compiling anstyle v1.0.14
[INFO] [stderr]    Compiling rayon-core v1.13.0
[INFO] [stderr]    Compiling smallvec v1.15.1
[INFO] [stderr]    Compiling anstyle-query v1.1.5
[INFO] [stderr]    Compiling bstr v1.12.1
[INFO] [stderr]    Compiling form_urlencoded v1.2.2
[INFO] [stderr]    Compiling futures-util v0.3.32
[INFO] [stderr]    Compiling oxc_str v0.133.0
[INFO] [stderr]    Compiling num-integer v0.1.46
[INFO] [stderr]    Compiling anstream v1.0.0
[INFO] [stderr]    Compiling http-body v1.0.1
[INFO] [stderr]    Compiling clap_lex v1.1.0
[INFO] [stderr]    Compiling http-body-util v0.1.3
[INFO] [stderr]    Compiling powerfmt v0.2.0
[INFO] [stderr]    Compiling strsim v0.11.1
[INFO] [stderr]    Compiling heck v0.5.0
[INFO] [stderr]    Compiling num-bigint v0.4.6
[INFO] [stderr]    Compiling mime v0.3.17
[INFO] [stderr]    Compiling anyhow v1.0.102
[INFO] [stderr]    Compiling same-file v1.0.6
[INFO] [stderr]    Compiling clap_builder v4.6.0
[INFO] [stderr]    Compiling deranged v0.5.8
[INFO] [stderr]    Compiling axum-core v0.5.6
[INFO] [stderr]    Compiling walkdir v2.5.0
[INFO] [stderr]    Compiling seq-macro v0.3.6
[INFO] [stderr]    Compiling either v1.16.0
[INFO] [stderr]    Compiling num-conv v0.2.2
[INFO] [stderr]    Compiling matchit v0.8.4
[INFO] [stderr]    Compiling serde_path_to_error v0.1.20
[INFO] [stderr]    Compiling time-core v0.1.8
[INFO] [stderr]    Compiling regex-automata v0.4.14
[INFO] [stderr]    Compiling rayon v1.12.0
[INFO] [stderr]    Compiling getrandom v0.2.17
[INFO] [stderr]    Compiling xxhash-rust v0.8.15
[INFO] [stderr]    Compiling time v0.3.47
[INFO] [stderr]    Compiling thiserror-impl v2.0.18
[INFO] [stderr]    Compiling oxc-miette-derive v2.7.1
[INFO] [stderr]    Compiling serde_derive v1.0.228
[INFO] [stderr]    Compiling oxc_ast_macros v0.133.0
[INFO] [stderr]    Compiling phf_macros v0.13.1
[INFO] [stderr]    Compiling tokio-macros v2.7.0
[INFO] [stderr]    Compiling clap_derive v4.6.1
[INFO] [stderr]    Compiling oxc-miette v2.7.1
[INFO] [stderr]    Compiling tokio v1.52.3
[INFO] [stderr]    Compiling clap v4.6.1
[INFO] [stderr]    Compiling oxc_span v0.133.0
[INFO] [stderr]    Compiling oxc_diagnostics v0.133.0
[INFO] [stderr]    Compiling oxc_regular_expression v0.133.0
[INFO] [stderr]    Compiling globset v0.4.18
[INFO] [stderr]    Compiling regex v1.12.3
[INFO] [stderr]    Compiling oxc_index v4.1.0
[INFO] [stderr]    Compiling serde_urlencoded v0.7.1
[INFO] [stderr]    Compiling oxc_syntax v0.133.0
[INFO] [stderr]    Compiling ignore v0.4.25
[INFO] [stderr]    Compiling oxc_ast v0.133.0
[INFO] [stderr]    Compiling hyper v1.10.1
[INFO] [stderr]    Compiling tower v0.5.3
[INFO] [stderr]    Compiling hyper-util v0.1.20
[INFO] [stderr]    Compiling axum v0.8.9
[INFO] [stderr]    Compiling oxc_ecmascript v0.133.0
[INFO] [stderr]    Compiling oxc_parser v0.133.0
[INFO] [stderr]    Compiling jscpd-rs v0.1.12 (/opt/rustwide/workdir)
[INFO] [stderr]     Finished `release` profile [optimized] target(s) in 1m 44s
[INFO] running `Command { std: "docker" "inspect" "5d65fda204b7e35bfec77eb06dea09f19602d6188d35c19928f5593a5d2492cf", kill_on_drop: false }`
[INFO] running `Command { std: "docker" "exec" "-e" "SOURCE_DIR=/opt/rustwide/workdir" "-e" "CARGO_HOME=/opt/rustwide/cargo-home" "-e" "RUSTUP_HOME=/opt/rustwide/rustup-home" "-e" "CARGO_TARGET_DIR=/opt/rustwide/target" "-e" "CARGO_INCREMENTAL=0" "-e" "RUST_BACKTRACE=full" "-e" "RUSTFLAGS=--cap-lints=warn" "-e" "RUSTDOCFLAGS=--cap-lints=warn" "-w" "/opt/rustwide/workdir" "--user" "0:0" "5d65fda204b7e35bfec77eb06dea09f19602d6188d35c19928f5593a5d2492cf" "/opt/rustwide/cargo-home/bin/cargo" "+1.100.0-beta.1" "test" "--frozen" "--no-run" "--message-format=json" "--release", kill_on_drop: false }`
[INFO] [stderr]    Compiling itoa v1.0.18
[INFO] [stderr]    Compiling cfg-if v1.0.4
[INFO] [stderr]    Compiling ryu v1.0.23
[INFO] [stderr]    Compiling serde_core v1.0.228
[INFO] [stderr]    Compiling pin-project-lite v0.2.17
[INFO] [stderr]    Compiling allocator-api2 v0.2.21
[INFO] [stderr]    Compiling unicode-width v0.2.2
[INFO] [stderr]    Compiling smawk v0.3.2
[INFO] [stderr]    Compiling unicode-linebreak v0.1.5
[INFO] [stderr]    Compiling memchr v2.8.1
[INFO] [stderr]    Compiling thiserror v2.0.18
[INFO] [stderr]    Compiling castaway v0.2.4
[INFO] [stderr]    Compiling owo-colors v4.3.0
[INFO] [stderr]    Compiling libc v0.2.186
[INFO] [stderr]    Compiling static_assertions v1.1.0
[INFO] [stderr]    Compiling unicode-segmentation v1.13.2
[INFO] [stderr]    Compiling oxc_data_structures v0.133.0
[INFO] [stderr]    Compiling percent-encoding v2.3.2
[INFO] [stderr]    Compiling rustc-hash v2.1.2
[INFO] [stderr]    Compiling futures-core v0.3.32
[INFO] [stderr]    Compiling bytes v1.11.1
[INFO] [stderr]    Compiling oxc_estree v0.133.0
[INFO] [stderr]    Compiling siphasher v1.0.3
[INFO] [stderr]    Compiling textwrap v0.16.2
[INFO] [stderr]    Compiling compact_str v0.9.1
[INFO] [stderr]    Compiling phf_shared v0.13.1
[INFO] [stderr]    Compiling cow-utils v0.1.3
[INFO] [stderr]    Compiling log v0.4.30
[INFO] [stderr]    Compiling crossbeam-utils v0.8.21
[INFO] [stderr]    Compiling once_cell v1.21.4
[INFO] [stderr]    Compiling hashbrown v0.17.1
[INFO] [stderr]    Compiling nonmax v0.5.5
[INFO] [stderr]    Compiling unicode-id-start v1.4.0
[INFO] [stderr]    Compiling bitflags v2.11.1
[INFO] [stderr]    Compiling tracing-core v0.1.36
[INFO] [stderr]    Compiling aho-corasick v1.1.4
[INFO] [stderr]    Compiling num-traits v0.2.19
[INFO] [stderr]    Compiling phf v0.13.1
[INFO] [stderr]    Compiling dragonbox_ecma v0.1.12
[INFO] [stderr]    Compiling tower-service v0.3.3
[INFO] [stderr]    Compiling regex-syntax v0.8.10
[INFO] [stderr]    Compiling utf8parse v0.2.2
[INFO] [stderr]    Compiling futures-channel v0.3.32
[INFO] [stderr]    Compiling httparse v1.10.1
[INFO] [stderr]    Compiling anstyle-parse v1.0.0
[INFO] [stderr]    Compiling is_terminal_polyfill v1.70.2
[INFO] [stderr]    Compiling http v1.4.1
[INFO] [stderr]    Compiling crossbeam-epoch v0.9.18
[INFO] [stderr]    Compiling sync_wrapper v1.0.2
[INFO] [stderr]    Compiling tower-layer v0.3.3
[INFO] [stderr]    Compiling tracing v0.1.44
[INFO] [stderr]    Compiling oxc-miette v2.7.1
[INFO] [stderr]    Compiling mio v1.2.1
[INFO] [stderr]    Compiling socket2 v0.6.4
[INFO] [stderr]    Compiling crossbeam-deque v0.8.6
[INFO] [stderr]    Compiling oxc_allocator v0.133.0
[INFO] [stderr]    Compiling futures-task v0.3.32
[INFO] [stderr]    Compiling anstyle v1.0.14
[INFO] [stderr]    Compiling smallvec v1.15.1
[INFO] [stderr]    Compiling num-integer v0.1.46
[INFO] [stderr]    Compiling anstyle-query v1.1.5
[INFO] [stderr]    Compiling atomic-waker v1.1.2
[INFO] [stderr]    Compiling colorchoice v1.0.5
[INFO] [stderr]    Compiling slab v0.4.12
[INFO] [stderr]    Compiling httpdate v1.0.3
[INFO] [stderr]    Compiling oxc_str v0.133.0
[INFO] [stderr]    Compiling anstream v1.0.0
[INFO] [stderr]    Compiling bstr v1.12.1
[INFO] [stderr]    Compiling form_urlencoded v1.2.2
[INFO] [stderr]    Compiling http-body v1.0.1
[INFO] [stderr]    Compiling tokio v1.52.3
[INFO] [stderr]    Compiling futures-util v0.3.32
[INFO] [stderr]    Compiling num-bigint v0.4.6
[INFO] [stderr]    Compiling http-body-util v0.1.3
[INFO] [stderr]    Compiling zmij v1.0.21
[INFO] [stderr]    Compiling strsim v0.11.1
[INFO] [stderr]    Compiling powerfmt v0.2.0
[INFO] [stderr]    Compiling same-file v1.0.6
[INFO] [stderr]    Compiling mime v0.3.17
[INFO] [stderr]    Compiling clap_lex v1.1.0
[INFO] [stderr]    Compiling oxc_span v0.133.0
[INFO] [stderr]    Compiling oxc_diagnostics v0.133.0
[INFO] [stderr]    Compiling clap_builder v4.6.0
[INFO] [stderr]    Compiling deranged v0.5.8
[INFO] [stderr]    Compiling axum-core v0.5.6
[INFO] [stderr]    Compiling oxc_regular_expression v0.133.0
[INFO] [stderr]    Compiling walkdir v2.5.0
[INFO] [stderr]    Compiling rayon-core v1.13.0
[INFO] [stderr]    Compiling time-core v0.1.8
[INFO] [stderr]    Compiling matchit v0.8.4
[INFO] [stderr]    Compiling serde v1.0.228
[INFO] [stderr]    Compiling serde_json v1.0.150
[INFO] [stderr]    Compiling serde_path_to_error v0.1.20
[INFO] [stderr]    Compiling num-conv v0.2.2
[INFO] [stderr]    Compiling either v1.16.0
[INFO] [stderr]    Compiling time v0.3.47
[INFO] [stderr]    Compiling regex-automata v0.4.14
[INFO] [stderr]    Compiling rayon v1.12.0
[INFO] [stderr]    Compiling getrandom v0.2.17
[INFO] [stderr]    Compiling anyhow v1.0.102
[INFO] [stderr]    Compiling xxhash-rust v0.8.15
[INFO] [stderr]    Compiling oxc_index v4.1.0
[INFO] [stderr]    Compiling serde_urlencoded v0.7.1
[INFO] [stderr]    Compiling oxc_syntax v0.133.0
[INFO] [stderr]    Compiling clap v4.6.1
[INFO] [stderr]    Compiling oxc_ast v0.133.0
[INFO] [stderr]    Compiling globset v0.4.18
[INFO] [stderr]    Compiling regex v1.12.3
[INFO] [stderr]    Compiling hyper v1.10.1
[INFO] [stderr]    Compiling tower v0.5.3
[INFO] [stderr]    Compiling ignore v0.4.25
[INFO] [stderr]    Compiling hyper-util v0.1.20
[INFO] [stderr]    Compiling axum v0.8.9
[INFO] [stderr]    Compiling oxc_ecmascript v0.133.0
[INFO] [stderr]    Compiling oxc_parser v0.133.0
[INFO] [stderr]    Compiling jscpd-rs v0.1.12 (/opt/rustwide/workdir)
[INFO] [stderr]     Finished `release` profile [optimized] target(s) in 2m 18s
[INFO] running `Command { std: "docker" "inspect" "5d65fda204b7e35bfec77eb06dea09f19602d6188d35c19928f5593a5d2492cf", kill_on_drop: false }`
[INFO] running `Command { std: "docker" "exec" "-e" "SOURCE_DIR=/opt/rustwide/workdir" "-e" "CARGO_HOME=/opt/rustwide/cargo-home" "-e" "RUSTUP_HOME=/opt/rustwide/rustup-home" "-e" "CARGO_TARGET_DIR=/opt/rustwide/target" "-e" "CARGO_INCREMENTAL=0" "-e" "RUST_BACKTRACE=full" "-e" "RUSTFLAGS=--cap-lints=warn" "-e" "RUSTDOCFLAGS=--cap-lints=warn" "-w" "/opt/rustwide/workdir" "--user" "0:0" "5d65fda204b7e35bfec77eb06dea09f19602d6188d35c19928f5593a5d2492cf" "/opt/rustwide/cargo-home/bin/cargo" "+1.100.0-beta.1" "test" "--frozen" "--release", kill_on_drop: false }`
[INFO] [stderr]     Finished `release` profile [optimized] target(s) in 0.51s
[INFO] [stderr]      Running unittests src/lib.rs (/opt/rustwide/target/release/build/jscpd-rs/961c8f287d4e2c50/out/jscpd_rs-961c8f287d4e2c50)
[INFO] [stdout] 
[INFO] [stdout] running 235 tests
[INFO] [stdout] test app::tests::debug_output_lists_options_and_files ... ok
[INFO] [stdout] test app::tests::list_output_matches_upstream_shape ... ok
[INFO] [stdout] test app::tests::node_like_errors_match_upstream_stdout_shape ... ok
[INFO] [stdout] test app::tests::run_cli_args_handles_version_without_detection ... ok
[INFO] [stdout] test app::tests::store_warning_matches_upstream_fallback_shape ... ok
[INFO] [stdout] test cli::config::tests::config_number_strings_follow_node_number_rules ... ok
[INFO] [stdout] test cli::config::tests::malformed_config_json_uses_upstream_style_syntax_error ... ok
[INFO] [stdout] test cli::config::tests::node_like_json_syntax_message_handles_eof ... ok
[INFO] [stdout] test app::tests::terminal_footer_matches_upstream_silent_and_tips_rules ... ok
[INFO] [stdout] test cli::config::tests::apply_config_updates_main_runtime_flags ... ok
[INFO] [stdout] test cli::config::tests::clean_lexical_path_collapses_dot_and_parent_components ... ok
[INFO] [stdout] test blame::tests::slices_blame_to_fragment_range ... ok
[INFO] [stdout] test blame::tests::omits_cached_blame_when_file_or_range_has_no_blame ... ok
[INFO] [stdout] test cli::config::tests::read_config_preserves_symlink_path_like_upstream ... ok
[INFO] [stdout] test blame::tests::ignores_malformed_git_blame_lines ... ok
[INFO] [stdout] test cli::tests::accepts_bare_optional_cli_values_that_upstream_continues_with ... ok
[INFO] [stdout] test cli::config::tests::applies_config_mappings_and_exit_code_variants ... ok
[INFO] [stdout] test blame::tests::applies_cached_blame_to_fragment_range ... ok
[INFO] [stdout] test blame::tests::parses_git_blame_lines ... ok
[INFO] [stdout] test cli::config::tests::config_number_deserializers_accept_numbers_nulls_and_reject_wrong_types ... ok
[INFO] [stdout] test cli::tests::config_format_mappings_preserve_upstream_object_order ... ok
[INFO] [stdout] test cli::tests::bare_optional_string_flags_match_upstream_runtime_errors ... ok
[INFO] [stdout] test cli::tests::config_accepts_string_numbers_that_upstream_coerces ... ok
[INFO] [stdout] test cli::tests::config_format_order_is_preserved_for_debug_output_like_upstream ... ok
[INFO] [stdout] test cli::tests::config_output_stays_cwd_relative_like_upstream ... ok
[INFO] [stdout] test cli::config::tests::read_config_reports_syntax_errors_with_upstream_shape ... ok
[INFO] [stdout] test cli::tests::appends_cwd_gitignore_patterns_to_debug_option_surface_like_upstream ... ok
[INFO] [stdout] test cli::tests::invalid_mode_reports_upstream_error_after_cli_parsing ... ok
[INFO] [stdout] test cli::config::tests::resolves_config_paths_and_ignores_like_upstream ... ok
[INFO] [stdout] test cli::tests::parses_size_suffixes ... ok
[INFO] [stdout] test cli::tests::default_path_matches_upstream_cwd ... ok
[INFO] [stdout] test cli::tests::normalizes_threshold_reporter_like_upstream ... ok
[INFO] [stdout] test cli::tests::default_execution_id_matches_upstream_shape ... ok
[INFO] [stdout] test cli::tests::parses_version_flag_for_upstream_output_shape ... ok
[INFO] [stdout] test cli::tests::parses_threshold_like_upstream_number ... ok
[INFO] [stdout] test cli::tests::preserves_cli_format_order_for_debug_output_like_upstream ... ok
[INFO] [stdout] test cli::tests::repeated_value_flags_match_upstream_last_value_wins_behavior ... ok
[INFO] [stdout] test cli::tests::resolves_config_ignore_relative_to_config_dir ... ok
[INFO] [stdout] test cli::tests::parses_cli_integer_flags_like_upstream_parse_int ... ok
[INFO] [stdout] test detector::tests::deduplicates_exact_clone_records ... ok
[INFO] [stdout] test detector::matching::secondary::tests::secondary_clones_only_extend_uncovered_lines ... ok
[INFO] [stdout] test cli::tests::parses_upstream_workflow_options ... ok
[INFO] [stdout] test cli::tests::skip_comments_does_not_override_explicit_mode ... ok
[INFO] [stdout] test cli::tests::store_warning_matches_upstream_missing_store_fallback ... ok
[INFO] [stdout] test cli::tests::normalizes_silent_reporter_like_upstream ... ok
[INFO] [stdout] test app::tests::jscpd_api_returns_clones_and_calls_exit_callback ... FAILED
[INFO] [stdout] test cli::tests::parses_exit_code_values_like_node_process_exit ... ok
[INFO] [stdout] test cli::tests::malformed_cli_format_mappings_match_upstream_runtime_error ... ok
[INFO] [stdout] test detector::tests::detects_cross_file_duplicates ... ok
[INFO] [stdout] test detector::tests::detects_typescript_template_tail_clone_before_member_name_difference ... ok
[INFO] [stdout] test detector::tests::skips_empty_token_sources_in_statistics ... ok
[INFO] [stdout] test cli::tests::accepts_bare_config_during_cli_parse_then_matches_upstream_runtime_error ... ok
[INFO] [stdout] test cli::tests::accepts_missing_cli_integer_values_like_upstream ... ok
[INFO] [stdout] test cli::tests::help_output_keeps_upstream_cli_contract_text ... ok
[INFO] [stdout] test detector::tests::detects_generic_format_duplicates ... ok
[INFO] [stdout] test files::gitignore::tests::scoped_gitignore_globs_cover_rooted_nested_and_filename_patterns ... ok
[INFO] [stdout] test files::gitignore::tests::gitignore_lines_trim_slashes_backslashes_and_negations ... ok
[INFO] [stdout] test files::gitignore::tests::collect_gitignore_patterns_walks_parents_and_repo_exclude_once ... ok
[INFO] [stdout] test detector::tests::skip_local_keeps_clones_across_configured_roots ... ok
[INFO] [stdout] test detector::tests::prepared_drafts_detection_matches_direct_detection ... ok
[INFO] [stdout] test files::shebang::tests::detects_executable_env_shebangs ... ok
[INFO] [stdout] test cli::tests::parses_format_mappings ... ok
[INFO] [stdout] test detector::tests::skip_local_skips_clones_inside_same_configured_root ... ok
[INFO] [stdout] test files::tests::discovers_executable_node_shebang_without_extension ... ok
[INFO] [stdout] test files::tests::discovery_filters_line_count_bounds ... ok
[INFO] [stdout] test files::tests::discovery_skips_formats_outside_filter ... ok
[INFO] [stdout] test files::shebang::tests::normalizes_versioned_interpreter_names ... ok
[INFO] [stdout] test files::shebang::tests::ignores_non_executable_or_env_option_shebangs ... ok
[INFO] [stdout] test files::tests::empty_glob_set_matches_nothing ... ok
[INFO] [stdout] test files::tests::collect_gitignore_patterns_includes_global_excludes_like_upstream ... ok
[INFO] [stdout] test files::tests::count_lines_matches_upstream_empty_and_newline_rules ... ok
[INFO] [stdout] test files::tests::empty_file_counts_as_one_line_like_upstream ... ok
[INFO] [stdout] test files::tests::fast_glob_like_order_places_parent_files_before_child_files ... ok
[INFO] [stdout] test files::tests::format_filter_skip_message_matches_upstream_shape ... ok
[INFO] [stdout] test files::tests::gitignore_line_to_globs_anchors_rooted_patterns_to_base_dir ... ok
[INFO] [stdout] test files::tests::debug_discovery_uses_sequential_walk_and_pattern_filter ... ok
[INFO] [stdout] test files::tests::gitignore_line_to_globs_preserves_negations_like_upstream ... ok
[INFO] [stdout] test files::tests::explicit_file_paths_preserve_cli_order_like_upstream ... ok
[INFO] [stdout] test files::tests::ignore_matcher_checks_paths_relative_to_cwd ... ok
[INFO] [stdout] test files::tests::known_extension_files_over_max_size_are_filtered ... ok
[INFO] [stdout] test files::tests::no_symlinks_skips_symlink_scan_directory_like_upstream ... ok
[INFO] [stdout] test files::tests::gitignore_line_to_globs_keeps_upstream_variants_for_cwd_base_dir ... ok
[INFO] [stdout] test files::tests::gitignore_line_to_globs_matches_upstream_conversion_without_base_dir ... ok
[INFO] [stdout] test files::tests::collect_cwd_gitignore_patterns_returns_empty_without_gitignore ... ok
[INFO] [stdout] test files::shebang::tests::maps_common_interpreter_names_to_formats ... ok
[INFO] [stdout] test files::tests::decode_source_reuses_valid_utf8_and_falls_back_to_lossy ... ok
[INFO] [stdout] test files::tests::absolute_discovery_uses_canonical_source_id ... ok
[INFO] [stdout] test files::tests::collect_cwd_gitignore_patterns_uses_upstream_unscoped_conversion ... ok
[INFO] [stdout] test files::tests::directory_discovery_preserves_glob_like_order_with_parallel_walk ... ok
[INFO] [stdout] test files::tests::discovers_custom_extension_mappings ... ok
[INFO] [stdout] test files::tests::gitignore_negation_reincludes_files_during_compat_discovery ... ok
[INFO] [stdout] test files::tests::dot_relative_ignore_pattern_matches_absolute_scan_root_like_upstream ... ok
[INFO] [stdout] test files::tests::discovers_common_non_native_formats ... ok
[INFO] [stdout] test files::tests::gitignore_broad_ignore_with_negated_filename_keeps_nested_file ... ok
[INFO] [stdout] test files::tests::normalize_glob_path_removes_dot_and_parent_components ... ok
[INFO] [stdout] test files::tests::relative_path_formats_sibling_paths_like_upstream ... ok
[INFO] [stdout] test formats::tests::maps_javascript_module_extensions_like_upstream ... ok
[INFO] [stdout] test files::tests::no_symlinks_skips_symlink_scan_file_like_upstream ... ok
[INFO] [stdout] test report::ai::tests::compress_clone_line_no_common_prefix_matches_upstream ... ok
[INFO] [stdout] test files::tests::discovers_custom_extensionless_name_mappings ... ok
[INFO] [stdout] test report::ai::tests::compress_clone_line_same_directory_matches_upstream ... ok
[INFO] [stdout] test report::ai::tests::compress_clone_line_same_file_matches_upstream ... ok
[INFO] [stdout] test formats::tests::maps_module_typescript_extensions_like_upstream ... ok
[INFO] [stdout] test formats::tests::syncs_supported_format_surface_from_upstream ... ok
[INFO] [stdout] test report::ai::tests::compress_clone_line_normalizes_windows_paths ... ok
[INFO] [stdout] test report::ai::tests::clone_line_uses_clone_ranges ... ok
[INFO] [stdout] test report::ai::tests::compress_clone_line_cross_directory_matches_upstream ... ok
[INFO] [stdout] test files::tests::reporter_uses_report_paths_when_silent ... ok
[INFO] [stdout] test report::console_full::tests::console_full_fragment_table_uses_source_fragment_lines ... ok
[INFO] [stdout] test report::badge::tests::badge_report_uses_reporter_options_like_upstream ... ok
[INFO] [stdout] test report::console_full::tests::console_full_header_matches_upstream_shape ... ok
[INFO] [stdout] test report::badge::tests::badge_report_matches_upstream_default_shape ... ok
[INFO] [stdout] test report::badge::tests::write_reports_writes_badge_report ... ok
[INFO] [stdout] test report::badge::tests::write_reports_uses_badge_reporter_path_option ... ok
[INFO] [stdout] test report::console::tests::console_report_matches_upstream_shape ... ok
[INFO] [stdout] test report::console_full::tests::console_full_report_prints_final_clone_count ... ok
[INFO] [stdout] test report::console_full::tests::console_full_fragment_table_uses_blame_columns_when_available ... ok
[INFO] [stdout] test report::console::tests::console_report_includes_zero_clone_table ... ok
[INFO] [stdout] test report::csv::tests::csv_report_matches_upstream_summary_shape ... ok
[INFO] [stdout] test report::badge::tests::badge_color_matches_upstream_threshold_rules ... ok
[INFO] [stdout] test report::html::tests::html_report_escapes_fragment_and_paths ... ok
[INFO] [stdout] test report::json::tests::json_report_includes_blame_when_present ... ok
[INFO] [stdout] test report::silent::tests::silent_reporter_matches_upstream_summary_shape ... ok
[INFO] [stdout] test report::tests::bare_output_fails_for_file_reporters_like_upstream ... ok
[INFO] [stdout] test report::tests::progress_is_suppressed_for_silent_and_ai_reports_like_upstream ... ok
[INFO] [stdout] test report::csv::tests::write_reports_writes_csv_report ... ok
[INFO] [stdout] test report::tests::progress_prints_clone_headers_when_not_silent_or_ai ... ok
[INFO] [stdout] test report::tests::recognizes_builtin_reporters ... ok
[INFO] [stdout] test files::tests::relative_ignore_patterns_match_dot_relative_walk_paths ... ok
[INFO] [stdout] test report::tests::warns_for_duplicate_unknown_reporters_in_order ... ok
[INFO] [stdout] test formats::tests::extensionless_names_require_formats_names_like_upstream ... ok
[INFO] [stdout] test report::tests::warns_for_unknown_reporters_like_upstream ... ok
[INFO] [stdout] test formats::tests::maps_header_extensions_like_upstream ... ok
[INFO] [stdout] test formats::tests::maps_long_tail_extensions_like_upstream ... ok
[INFO] [stdout] test report::sarif::tests::write_reports_writes_sarif_report ... ok
[INFO] [stdout] test report::html::tests::html_report_writes_upstream_layout_files ... ok
[INFO] [stdout] test report::html::tests::html_report_writes_static_assets ... ok
[INFO] [stdout] test report::xcode::tests::xcode_warning_matches_upstream_shape ... ok
[INFO] [stdout] test report::markdown::tests::markdown_report_matches_upstream_summary_shape ... ok
[INFO] [stdout] test report::markdown::tests::write_reports_writes_markdown_report ... ok
[INFO] [stdout] test report::sarif::tests::sarif_report_includes_threshold_result_like_upstream ... ok
[INFO] [stdout] test report::sarif::tests::sarif_report_matches_upstream_shape ... ok
[INFO] [stdout] test report::threshold::tests::threshold_reporter_uses_strictly_greater_percentage_like_upstream ... ok
[INFO] [stdout] test report::xml::tests::xml_report_matches_upstream_pmd_cpd_shape ... ok
[INFO] [stdout] test report::xcode::tests::xcode_warning_respects_absolute_second_path ... ok
[INFO] [stdout] test report::xml::tests::write_reports_writes_xml_report ... ok
[INFO] [stdout] test server::tests::server_host_binding_preserves_upstream_display_host ... ok
[INFO] [stdout] test files::tests::relative_ignore_pattern_matches_absolute_scan_root_like_upstream ... ok
[INFO] [stdout] test server::tests::server_check_snippet_accepts_form_urlencoded_body ... ok
[INFO] [stdout] test server::mcp::tests::mcp_rejects_non_initialize_without_session ... ok
[INFO] [stdout] test server::mcp::tests::mcp_batch_requests_match_upstream_sdk_shape ... ok
[INFO] [stdout] test server::mcp::tests::mcp_tools_list_matches_upstream_schema_shape ... ok
[INFO] [stdout] test server::tests::server_uninitialized_api_matches_upstream_error_shapes ... ok
[INFO] [stdout] test server::tests::server_unknown_routes_return_upstream_style_json_error ... ok
[INFO] [stdout] test server::tests::server_unsupported_mcp_methods_return_upstream_style_not_found ... ok
[INFO] [stdout] test tokenizer::oxc::jsx::tests::embedded_gap_positions_count_prism_whitespace_and_non_skip_tokens ... ok
[INFO] [stdout] test tokenizer::oxc::fallback::tests::multiline_template_literals_are_single_string_tokens ... ok
[INFO] [stdout] test tokenizer::oxc::jsx::tests::jsx_attribute_expression_end_handles_nested_and_unclosed_braces ... ok
[INFO] [stdout] test tokenizer::oxc::jsx::tests::recognizes_opening_and_closing_jsx_tag_starts ... ok
[INFO] [stdout] test tokenizer::oxc::jsx::tests::finds_jsx_attribute_expression_groups ... ok
[INFO] [stdout] test tokenizer::tests::apex_soql_blocks_emit_sql_map ... ok
[INFO] [stdout] test tokenizer::tests::astro_markup_trims_blanked_frontmatter_whitespace ... ok
[INFO] [stdout] test server::tests::server_wrong_api_methods_return_upstream_style_not_found ... ok
[INFO] [stdout] test server::tests::server_check_snippet_invalid_json_matches_upstream_error ... ok
[INFO] [stdout] test server::mcp::tests::mcp_initialized_notification_omits_session_echo ... ok
[INFO] [stdout] test tokenizer::tests::all_supported_formats_have_a_tokenizer_smoke_path ... ok
[INFO] [stdout] test blame::tests::reads_git_blame_for_tracked_file ... ok
[INFO] [stdout] test server::mcp::tests::mcp_statistics_resource_returns_stats ... ok
[INFO] [stdout] test tokenizer::tests::css_like_tokenizer_splits_punctuation ... ok
[INFO] [stdout] test tokenizer::tests::generic_css_ids_are_not_treated_as_hash_comments ... ok
[INFO] [stdout] test tokenizer::tests::generic_tokenizer_handles_common_non_native_formats ... ok
[INFO] [stdout] test tokenizer::tests::haml_comment_block_is_single_comment_token ... ok
[INFO] [stdout] test tokenizer::tests::js_hashbang_splits_like_prism ... ok
[INFO] [stdout] test tokenizer::tests::js_line_comments_split_into_comment_tokens ... ok
[INFO] [stdout] test tokenizer::tests::js_spread_token_is_operator_like_prism ... ok
[INFO] [stdout] test tokenizer::tests::js_like_json_report_positions_count_prism_whitespace_tokens ... ok
[INFO] [stdout] test tokenizer::tests::js_regex_after_recoverable_parse_error_stays_single_token ... ok
[INFO] [stdout] test tokenizer::tests::detection_tokenizer_avoids_token_value_allocations ... ok
[INFO] [stdout] test tokenizer::tests::jsx_attribute_expression_emits_embedded_javascript_map ... ok
[INFO] [stdout] test tokenizer::tests::jsx_dashed_identifiers_are_split_like_prism ... ok
[INFO] [stdout] test tokenizer::tests::jsx_embedded_javascript_keeps_nested_object_whitespace ... ok
[INFO] [stdout] test tokenizer::tests::jsx_text_is_split_like_javascript_text ... ok
[INFO] [stdout] test tokenizer::tests::keeps_template_interpolation_space_tokens_like_prism ... ok
[INFO] [stdout] test tokenizer::tests::astro_sfc_emits_frontmatter_script_style_and_markup_maps ... ok
[INFO] [stdout] test tokenizer::tests::code_like_tokenizer_splits_punctuation_and_operators ... ok
[INFO] [stdout] test server::tests::server_check_snippet_rejects_empty_code ... ok
[INFO] [stdout] test tokenizer::tests::markdown_fenced_gap_tokens_stay_on_their_lines ... ok
[INFO] [stdout] test server::mcp::tests::mcp_rejects_unsupported_content_type_like_upstream_sdk ... ok
[INFO] [stdout] test tokenizer::tests::markdown_embedded_generic_blocks_keep_whitespace_tokens ... ok
[INFO] [stdout] test tokenizer::tests::long_tail_code_like_formats_split_punctuation_and_operators ... ok
[INFO] [stdout] test tokenizer::tests::jsx_text_unclosed_quote_stops_at_line_end ... ok
[INFO] [stdout] test tokenizer::tests::markdown_fenced_javascript_emits_embedded_map ... ok
[INFO] [stdout] test tokenizer::tests::js_division_after_identifier_is_not_recovered_as_regex ... ok
[INFO] [stdout] test server::tests::server_scan_uses_working_directory_over_config_paths_like_upstream ... ok
[INFO] [stdout] test server::tests::server_initialization_populates_stats_and_health ... ok
[INFO] [stdout] test server::tests::server_check_snippet_rejects_non_string_format_like_upstream ... ok
[INFO] [stdout] test tokenizer::tests::oxc_tokenizer_falls_back_on_non_whitespace_control_input ... ok
[INFO] [stdout] test tokenizer::tests::markdown_fenced_code_is_removed_from_markdown_map ... ok
[INFO] [stdout] test server::mcp::tests::mcp_initialize_creates_session ... ok
[INFO] [stdout] test server::tests::server_check_snippet_reports_codebase_duplications ... ok
[INFO] [stdout] test tokenizer::tests::splits_template_interpolation_like_prism ... ok
[INFO] [stdout] test tokenizer::tests::oxc_tokenizer_falls_back_on_nul_input ... ok
[INFO] [stdout] test tokenizer::tests::strict_mode_keeps_js_whitespace_tokens ... ok
[INFO] [stdout] test tokenizer::tests::markup_emits_inline_style_attr_css_map ... ok
[INFO] [stdout] test tokenizer::tests::tap_yamlish_blocks_emit_yaml_map ... ok
[INFO] [stdout] test tokenizer::tests::tokenizes_non_whitespace_tokens_with_locations ... ok
[INFO] [stdout] test tokenizer::tests::svelte_sfc_emits_markup_script_and_style_maps ... ok
[INFO] [stdout] test tokenizer::tests::markdown_fenced_typescript_uses_language_name ... ok
[INFO] [stdout] test tokenizer::tests::markdown_front_matter_emits_yaml_map ... ok
[INFO] [stdout] test tokenizer::tests::public_tokenizer_generates_source_maps_like_upstream_entrypoint ... ok
[INFO] [stdout] test tokenizer::tests::markup_emits_embedded_script_and_style_maps ... ok
[INFO] [stdout] test tokenizer::tests::vue_sfc_style_blocks_skip_internal_whitespace_tokens ... ok
[INFO] [stdout] test tokenizer::tests::vue_sfc_trims_edge_whitespace_from_embedded_block_maps ... ok
[INFO] [stdout] test tokenizer::tests::vue_template_emits_inline_style_attr_css_map ... ok
[INFO] [stdout] test tokenizer::tests::twig_mild_mode_keeps_prism_default_whitespace ... ok
[INFO] [stdout] test tokenizer::tests::weak_mode_skips_generic_comments ... ok
[INFO] [stdout] test tokenizer::tests::typescript_array_regex_splits_like_prism ... ok
[INFO] [stdout] test tokenizer::tests::weak_mode_skips_generic_double_dash_comments ... ok
[INFO] [stdout] test tokenizer::tests::yaml_quoted_scalars_are_single_string_tokens ... ok
[INFO] [stdout] test tokenizer::tests::weak_mode_skips_generic_markup_comments ... ok
[INFO] [stdout] test verbose::tests::verbose_events_emit_unmatched_clones_after_source_ordered_events ... ok
[INFO] [stdout] test verbose::tests::verbose_events_emit_unmatched_skipped_clones ... ok
[INFO] [stdout] test verbose::tests::verbose_events_match_upstream_event_shape ... ok
[INFO] [stdout] test tokenizer::tests::pug_dot_block_is_single_plain_text_token ... ok
[INFO] [stdout] test tokenizer::tests::markup_inline_style_attr_respects_ignore_regions ... ok
[INFO] [stdout] test tokenizer::tests::skips_ignore_regions ... ok
[INFO] [stdout] test tokenizer::tests::merges_adjacent_generic_closing_angles_like_prism ... ok
[INFO] [stdout] test tokenizer::tests::strict_mode_keeps_generic_whitespace_tokens ... ok
[INFO] [stdout] test tokenizer::tests::public_tokenizer_uses_configured_options ... ok
[INFO] [stdout] test tokenizer::tests::vue_sfc_emits_template_script_and_style_maps ... ok
[INFO] [stdout] test tokenizer::tests::weak_mode_skips_generic_semicolon_comments ... ok
[INFO] [stdout] test tokenizer::tests::splits_optional_chaining_like_prism ... ok
[INFO] [stdout] test tokenizer::tests::weak_mode_skips_js_comments ... ok
[INFO] [stdout] test server::mcp::tests::mcp_check_duplication_tool_returns_content ... ok
[INFO] [stdout] test server::tests::server_recheck_refreshes_statistics ... ok
[INFO] [stdout] 
[INFO] [stdout] failures:
[INFO] [stdout] 
[INFO] [stdout] ---- app::tests::jscpd_api_returns_clones_and_calls_exit_callback stdout ----
[INFO] [stdout] 
[INFO] [stdout] thread 'app::tests::jscpd_api_returns_clones_and_calls_exit_callback' (4289) panicked at src/app.rs:390:10:
[INFO] [stdout] run jscpd app API: failed to inspect path `jscpd/fixtures/clike/file2.c`
[INFO] [stdout] 
[INFO] [stdout] Caused by:
[INFO] [stdout]     No such file or directory (os error 2)
[INFO] [stdout] 
[INFO] [stdout] Stack backtrace:
[INFO] [stdout]    0: <unknown>
[INFO] [stdout]    1: <unknown>
[INFO] [stdout]    2: <unknown>
[INFO] [stdout]    3: <unknown>
[INFO] [stdout]    4: <unknown>
[INFO] [stdout]    5: <unknown>
[INFO] [stdout]    6: <unknown>
[INFO] [stdout]    7: <unknown>
[INFO] [stdout]    8: <unknown>
[INFO] [stdout]    9: <unknown>
[INFO] [stdout]   10: <unknown>
[INFO] [stdout]   11: clone
[INFO] [stdout] stack backtrace:
[INFO] [stdout]    0:     0x64aa40149021 - <unknown>
[INFO] [stdout]    1:     0x64aa401622da - <unknown>
[INFO] [stdout]    2:     0x64aa4014e9bc - <unknown>
[INFO] [stdout]    3:     0x64aa401212f6 - <unknown>
[INFO] [stdout]    4:     0x64aa4013f789 - <unknown>
[INFO] [stdout]    5:     0x64aa3fec7d70 - <unknown>
[INFO] [stdout]    6:     0x64aa4013fab2 - <unknown>
[INFO] [stdout]    7:     0x64aa401213a2 - <unknown>
[INFO] [stdout]    8:     0x64aa40119699 - <unknown>
[INFO] [stdout]    9:     0x64aa4012245d - <unknown>
[INFO] [stdout]   10:     0x64aa40162abc - <unknown>
[INFO] [stdout]   11:     0x64aa40162892 - <unknown>
[INFO] [stdout]   12:     0x64aa3fdbdf76 - <unknown>
[INFO] [stdout]   13:     0x64aa3febb1bb - <unknown>
[INFO] [stdout]   14:     0x64aa3fec8395 - <unknown>
[INFO] [stdout]   15:     0x64aa3fec1c84 - <unknown>
[INFO] [stdout]   16:     0x64aa3fecb422 - <unknown>
[INFO] [stdout]   17:     0x64aa40147c7f - <unknown>
[INFO] [stdout]   18:     0x7c7f3940bdfa - <unknown>
[INFO] [stdout]   19:     0x7c7f3949f3d4 - clone
[INFO] [stdout]   20:                0x0 - <unknown>
[INFO] [stdout] 
[INFO] [stdout] 
[INFO] [stdout] failures:
[INFO] [stdout]     app::tests::jscpd_api_returns_clones_and_calls_exit_callback
[INFO] [stdout] 
[INFO] [stdout] test result: FAILED. 234 passed; 1 failed; 0 ignored; 0 measured; 0 filtered out; finished in 0.23s
[INFO] [stdout] 
[INFO] [stderr] error: test failed, to rerun pass `--lib`
[INFO] running `Command { std: "docker" "inspect" "5d65fda204b7e35bfec77eb06dea09f19602d6188d35c19928f5593a5d2492cf", kill_on_drop: false }`
[INFO] running `Command { std: "docker" "rm" "-f" "5d65fda204b7e35bfec77eb06dea09f19602d6188d35c19928f5593a5d2492cf", kill_on_drop: false }`
[INFO] [stdout] 5d65fda204b7e35bfec77eb06dea09f19602d6188d35c19928f5593a5d2492cf
