[INFO] fetching crate jscontact 0.2.1...
[INFO] testing jscontact-0.2.1 against 1.100.0-beta.1+cargoflags=--release for beta-release-1.100-2
[INFO] extracting crate jscontact 0.2.1 into /workspace/builds/worker-4-tc2/source
[INFO] started tweaking crates.io crate jscontact 0.2.1
[INFO] removed 0 missing tests
[INFO] finished tweaking crates.io crate jscontact 0.2.1
[INFO] tweaked toml for crates.io crate jscontact 0.2.1 written to /workspace/builds/worker-4-tc2/source/Cargo.toml
[INFO] validating manifest of crates.io crate jscontact 0.2.1 on toolchain 1.100.0-beta.1
[INFO] running `Command { std: CARGO_HOME="/workspace/cargo-home" RUSTUP_HOME="/workspace/rustup-home" "/workspace/cargo-home/bin/cargo" "+1.100.0-beta.1" "metadata" "--manifest-path" "Cargo.toml" "--no-deps", kill_on_drop: false }`
[INFO] crate crates.io crate jscontact 0.2.1 already has a lockfile, it will not be regenerated
[INFO] running `Command { std: CARGO_HOME="/workspace/cargo-home" RUSTUP_HOME="/workspace/rustup-home" "/workspace/cargo-home/bin/cargo" "+1.100.0-beta.1" "fetch" "--manifest-path" "Cargo.toml", kill_on_drop: false }`
[INFO] running `Command { std: "docker" "create" "-v" "/var/lib/crater-agent-workspace/builds/worker-4-tc2/source:/opt/rustwide/workdir:ro,Z" "-v" "/var/lib/crater-agent-workspace/builds/worker-4-tc2/target:/opt/rustwide/target:rw,Z" "-v" "/var/lib/crater-agent-workspace/cargo-home:/opt/rustwide/cargo-home:ro,Z" "-v" "/var/lib/crater-agent-workspace/rustup-home:/opt/rustwide/rustup-home:ro,Z" "-m" "1610612736" "--network" "none" "ghcr.io/rust-lang/crates-build-env/linux@sha256:77db811e55d90add9212f6832c23229e3de5f1c1f9905e8cb07319ea15df73ac" "sleep" "infinity", kill_on_drop: false }`
[INFO] [stdout] eff57e6a5ec4cddc46a28669200f2da279f276f38f84f23b33353996da41445a
[INFO] running `Command { std: "docker" "start" "eff57e6a5ec4cddc46a28669200f2da279f276f38f84f23b33353996da41445a", kill_on_drop: false }`
[INFO] running `Command { std: "docker" "inspect" "eff57e6a5ec4cddc46a28669200f2da279f276f38f84f23b33353996da41445a", kill_on_drop: false }`
[INFO] running `Command { std: "docker" "exec" "-e" "SOURCE_DIR=/opt/rustwide/workdir" "-e" "CARGO_HOME=/opt/rustwide/cargo-home" "-e" "RUSTUP_HOME=/opt/rustwide/rustup-home" "-e" "CARGO_TARGET_DIR=/opt/rustwide/target" "-w" "/opt/rustwide/workdir" "--user" "0:0" "eff57e6a5ec4cddc46a28669200f2da279f276f38f84f23b33353996da41445a" "/opt/rustwide/cargo-home/bin/cargo" "+1.100.0-beta.1" "metadata" "--no-deps" "--format-version=1", kill_on_drop: false }`
[INFO] running `Command { std: "docker" "inspect" "eff57e6a5ec4cddc46a28669200f2da279f276f38f84f23b33353996da41445a", kill_on_drop: false }`
[INFO] running `Command { std: "docker" "exec" "-e" "SOURCE_DIR=/opt/rustwide/workdir" "-e" "CARGO_HOME=/opt/rustwide/cargo-home" "-e" "RUSTUP_HOME=/opt/rustwide/rustup-home" "-e" "CARGO_TARGET_DIR=/opt/rustwide/target" "-e" "CARGO_INCREMENTAL=0" "-e" "RUST_BACKTRACE=full" "-e" "RUSTFLAGS=--cap-lints=warn" "-e" "RUSTDOCFLAGS=--cap-lints=warn" "-w" "/opt/rustwide/workdir" "--user" "0:0" "eff57e6a5ec4cddc46a28669200f2da279f276f38f84f23b33353996da41445a" "/opt/rustwide/cargo-home/bin/cargo" "+1.100.0-beta.1" "build" "--frozen" "--message-format=json" "--release", kill_on_drop: false }`
[INFO] [stderr]    Compiling proc-macro2 v1.0.93
[INFO] [stderr]    Compiling unicode-ident v1.0.15
[INFO] [stderr]    Compiling serde v1.0.217
[INFO] [stderr]    Compiling serde_json v1.0.138
[INFO] [stderr]    Compiling quote v1.0.38
[INFO] [stderr]    Compiling syn v2.0.96
[INFO] [stderr]    Compiling serde_derive v1.0.217
[INFO] [stderr]    Compiling jsonptr v0.6.3
[INFO] [stderr]    Compiling jscontact v0.2.1 (/opt/rustwide/workdir)
[INFO] [stderr]     Finished `release` profile [optimized] target(s) in 34.85s
[INFO] running `Command { std: "docker" "inspect" "eff57e6a5ec4cddc46a28669200f2da279f276f38f84f23b33353996da41445a", kill_on_drop: false }`
[INFO] running `Command { std: "docker" "exec" "-e" "SOURCE_DIR=/opt/rustwide/workdir" "-e" "CARGO_HOME=/opt/rustwide/cargo-home" "-e" "RUSTUP_HOME=/opt/rustwide/rustup-home" "-e" "CARGO_TARGET_DIR=/opt/rustwide/target" "-e" "CARGO_INCREMENTAL=0" "-e" "RUST_BACKTRACE=full" "-e" "RUSTFLAGS=--cap-lints=warn" "-e" "RUSTDOCFLAGS=--cap-lints=warn" "-w" "/opt/rustwide/workdir" "--user" "0:0" "eff57e6a5ec4cddc46a28669200f2da279f276f38f84f23b33353996da41445a" "/opt/rustwide/cargo-home/bin/cargo" "+1.100.0-beta.1" "test" "--frozen" "--no-run" "--message-format=json" "--release", kill_on_drop: false }`
[INFO] [stderr]    Compiling serde_json v1.0.138
[INFO] [stderr]    Compiling indexmap v2.7.1
[INFO] [stderr]    Compiling jsonptr v0.6.3
[INFO] [stderr]    Compiling jscontact v0.2.1 (/opt/rustwide/workdir)
[INFO] [stderr]     Finished `release` profile [optimized] target(s) in 49.54s
[INFO] running `Command { std: "docker" "inspect" "eff57e6a5ec4cddc46a28669200f2da279f276f38f84f23b33353996da41445a", kill_on_drop: false }`
[INFO] running `Command { std: "docker" "exec" "-e" "SOURCE_DIR=/opt/rustwide/workdir" "-e" "CARGO_HOME=/opt/rustwide/cargo-home" "-e" "RUSTUP_HOME=/opt/rustwide/rustup-home" "-e" "CARGO_TARGET_DIR=/opt/rustwide/target" "-e" "CARGO_INCREMENTAL=0" "-e" "RUST_BACKTRACE=full" "-e" "RUSTFLAGS=--cap-lints=warn" "-e" "RUSTDOCFLAGS=--cap-lints=warn" "-w" "/opt/rustwide/workdir" "--user" "0:0" "eff57e6a5ec4cddc46a28669200f2da279f276f38f84f23b33353996da41445a" "/opt/rustwide/cargo-home/bin/cargo" "+1.100.0-beta.1" "test" "--frozen" "--release", kill_on_drop: false }`
[INFO] [stderr]     Finished `release` profile [optimized] target(s) in 0.04s
[INFO] [stderr]      Running unittests src/lib.rs (/opt/rustwide/target/release/build/jscontact/e4e9e4fb00af4e06/out/jscontact-e4e9e4fb00af4e06)
[INFO] [stdout] 
[INFO] [stdout] running 0 tests
[INFO] [stdout] 
[INFO] [stdout] test result: ok. 0 passed; 0 failed; 0 ignored; 0 measured; 0 filtered out; finished in 0.00s
[INFO] [stdout] 
[INFO] [stderr]      Running unittests src/main.rs (/opt/rustwide/target/release/build/jscontact/b01f6771b57d1a45/out/jscontact-b01f6771b57d1a45)
[INFO] [stderr]      Running tests/test_from_rfc.rs (/opt/rustwide/target/release/build/jscontact/5488b4bb8f0a3218/out/test_from_rfc-5488b4bb8f0a3218)
[INFO] [stdout] 
[INFO] [stdout] running 0 tests
[INFO] [stdout] 
[INFO] [stdout] test result: ok. 0 passed; 0 failed; 0 ignored; 0 measured; 0 filtered out; finished in 0.00s
[INFO] [stdout] 
[INFO] [stdout] 
[INFO] [stdout] running 40 tests
[INFO] [stdout] test test::test_figure_14 ... ok
[INFO] [stdout] test test::test_figure_15 ... ok
[INFO] [stdout] test test::test_figure_16 ... ok
[INFO] [stdout] test test::test_figure_17 ... ok
[INFO] [stdout] test test::test_figure_18 ... ok
[INFO] [stdout] test test::test_figure_07 ... ok
[INFO] [stdout] test test::test_figure_08 ... ok
[INFO] [stdout] test test::test_figure_01 ... ok
[INFO] [stdout] test test::test_figure_13 ... ok
[INFO] [stdout] test test::test_figure_09 ... ok
[INFO] [stdout] test test::test_figure_12 ... ok
[INFO] [stdout] test test::test_figure_23 ... ok
[INFO] [stdout] test test::test_figure_22 ... ok
[INFO] [stdout] test test::test_figure_19 ... ok
[INFO] [stdout] test test::test_figure_25 ... ok
[INFO] [stdout] test test::test_figure_21 ... ok
[INFO] [stdout] test test::test_figure_20 ... ok
[INFO] [stdout] test test::test_figure_24 ... ok
[INFO] [stdout] test test::test_figure_28 ... ok
[INFO] [stdout] test test::test_figure_30 ... ok
[INFO] [stdout] test test::test_figure_10 ... ok
[INFO] [stdout] test test::test_figure_06 ... ok
[INFO] [stdout] test test::test_figure_27 ... ok
[INFO] [stdout] test test::test_figure_29 ... ok
[INFO] [stdout] test test::test_figure_26 ... ok
[INFO] [stdout] test test::test_figure_11 ... ok
[INFO] [stdout] test test::test_figure_34 ... ok
[INFO] [stdout] test test::test_figure_36 ... ok
[INFO] [stdout] test test::test_figure_35 ... ok
[INFO] [stdout] test test::test_figure_43 ... ok
[INFO] [stdout] test test::test_figure_31 ... ok
[INFO] [stdout] test test::test_figure_41 ... ok
[INFO] [stdout] test test::test_figure_42 ... ok
[INFO] [stdout] test test::test_figure_32 ... ok
[INFO] [stdout] test test::test_figure_44 ... ok
[INFO] [stdout] test test::test_figure_33 ... ok
[INFO] [stdout] test test::test_figure_40 ... ok
[INFO] [stderr]      Running tests/test_localizations.rs (/opt/rustwide/target/release/build/jscontact/d49008c55fa9605f/out/test_localizations-d49008c55fa9605f)
[INFO] [stdout] test test::test_figure_37 ... ok
[INFO] [stdout] test test::test_figure_38 ... ok
[INFO] [stdout] test test::test_figure_39 ... ok
[INFO] [stdout] 
[INFO] [stdout] test result: ok. 40 passed; 0 failed; 0 ignored; 0 measured; 0 filtered out; finished in 0.01s
[INFO] [stdout] 
[INFO] [stdout] 
[INFO] [stdout] running 39 tests
[INFO] [stdout] test test::test_localizations_addresses ... FAILED
[INFO] [stdout] test test::test_localizations_addresses_path_object_2 ... FAILED
[INFO] [stdout] test test::test_localizations ... FAILED
[INFO] [stdout] test test::test_localizations_directory_path_object_2 ... FAILED
[INFO] [stdout] test test::test_localizations_calendars_path_object_1 ... FAILED
[INFO] [stdout] test test::test_localizations_media ... FAILED
[INFO] [stdout] test test::test_localizations_media_path_object_1 ... FAILED
[INFO] [stdout] test test::test_localizations_links_path_object_1 ... FAILED
[INFO] [stdout] test test::test_localizations_name_path ... FAILED
[INFO] [stdout] test test::test_localizations_directory ... FAILED
[INFO] [stdout] test test::test_localizations_directory_path_object_1 ... FAILED
[INFO] [stdout] test test::test_localizations_links_path_object_2 ... FAILED
[INFO] [stdout] test test::test_localizations_media_path_object_2 ... FAILED
[INFO] [stdout] test test::test_localizations_notes ... FAILED
[INFO] [stdout] test test::test_localizations_addresses_path_object_1 ... FAILED
[INFO] [stdout] test test::test_localizations_personal_info_path_object_1 ... FAILED
[INFO] [stdout] test test::test_localizations_full_replacement_hashtable ... FAILED
[INFO] [stdout] test test::test_localizations_keywords ... FAILED
[INFO] [stdout] test test::test_localizations_nicknames ... FAILED
[INFO] [stdout] test test::test_localizations_links ... FAILED
[INFO] [stdout] test test::test_localizations_nicknames_path_object_1 ... FAILED
[INFO] [stdout] test test::test_localizations_personal_info_path_object_3 ... FAILED
[INFO] [stdout] test test::test_localizations_personal_info_path_object_2 ... FAILED
[INFO] [stdout] test test::test_localizations_name ... FAILED
[INFO] [stdout] test test::test_localizations_scheduling_addresses ... FAILED
[INFO] [stdout] test test::test_localizations_notes_path_object_1 ... FAILED
[INFO] [stdout] test test::test_localizations_name_components ... FAILED
[INFO] [stdout] test test::test_localizations_nicknames_path_object_2 ... FAILED
[INFO] [stdout] test test::test_localizations_personal_info ... FAILED
[INFO] [stdout] test test::test_localizations_calendars_path_object_2 ... FAILED
[INFO] [stdout] test test::test_localizations_name_components_path_object_1 ... FAILED
[INFO] [stdout] test test::test_localizations_scheduling_addresses_path_object_1 ... FAILED
[INFO] [stdout] test test::test_localizations_calendars ... FAILED
[INFO] [stdout] test test::test_localizations_titles ... FAILED
[INFO] [stdout] test test::test_localizations_scheduling_addresses_path_object_2 ... FAILED
[INFO] [stdout] test test::test_localizations_titles_path_object_2 ... FAILED
[INFO] [stdout] test test::test_localizations_titles_path ... FAILED
[INFO] [stdout] test test::test_localizations_notes_path_object_2 ... FAILED
[INFO] [stdout] test test::test_localizations_name_components_2 ... FAILED
[INFO] [stdout] 
[INFO] [stdout] failures:
[INFO] [stdout] 
[INFO] [stdout] ---- test::test_localizations_addresses stdout ----
[INFO] [stdout] Error: Os { code: 30, kind: ReadOnlyFilesystem, message: "Read-only file system" }
[INFO] [stdout] 
[INFO] [stdout] ---- test::test_localizations_addresses_path_object_2 stdout ----
[INFO] [stdout] Error: Os { code: 30, kind: ReadOnlyFilesystem, message: "Read-only file system" }
[INFO] [stdout] 
[INFO] [stdout] ---- test::test_localizations stdout ----
[INFO] [stdout] Error: Os { code: 30, kind: ReadOnlyFilesystem, message: "Read-only file system" }
[INFO] [stdout] 
[INFO] [stdout] ---- test::test_localizations_directory_path_object_2 stdout ----
[INFO] [stdout] Error: Os { code: 30, kind: ReadOnlyFilesystem, message: "Read-only file system" }
[INFO] [stdout] 
[INFO] [stdout] ---- test::test_localizations_calendars_path_object_1 stdout ----
[INFO] [stdout] Error: Os { code: 30, kind: ReadOnlyFilesystem, message: "Read-only file system" }
[INFO] [stdout] 
[INFO] [stdout] ---- test::test_localizations_media stdout ----
[INFO] [stdout] Error: Os { code: 30, kind: ReadOnlyFilesystem, message: "Read-only file system" }
[INFO] [stdout] 
[INFO] [stdout] ---- test::test_localizations_media_path_object_1 stdout ----
[INFO] [stdout] Error: Os { code: 30, kind: ReadOnlyFilesystem, message: "Read-only file system" }
[INFO] [stdout] 
[INFO] [stdout] ---- test::test_localizations_links_path_object_1 stdout ----
[INFO] [stdout] Error: Os { code: 30, kind: ReadOnlyFilesystem, message: "Read-only file system" }
[INFO] [stdout] 
[INFO] [stdout] ---- test::test_localizations_name_path stdout ----
[INFO] [stdout] Error: Os { code: 30, kind: ReadOnlyFilesystem, message: "Read-only file system" }
[INFO] [stdout] 
[INFO] [stdout] ---- test::test_localizations_directory stdout ----
[INFO] [stdout] Error: Os { code: 30, kind: ReadOnlyFilesystem, message: "Read-only file system" }
[INFO] [stdout] 
[INFO] [stdout] ---- test::test_localizations_directory_path_object_1 stdout ----
[INFO] [stdout] Error: Os { code: 30, kind: ReadOnlyFilesystem, message: "Read-only file system" }
[INFO] [stdout] 
[INFO] [stdout] ---- test::test_localizations_links_path_object_2 stdout ----
[INFO] [stdout] Error: Os { code: 30, kind: ReadOnlyFilesystem, message: "Read-only file system" }
[INFO] [stdout] 
[INFO] [stdout] ---- test::test_localizations_media_path_object_2 stdout ----
[INFO] [stdout] Error: Os { code: 30, kind: ReadOnlyFilesystem, message: "Read-only file system" }
[INFO] [stdout] 
[INFO] [stdout] ---- test::test_localizations_notes stdout ----
[INFO] [stdout] Error: Os { code: 30, kind: ReadOnlyFilesystem, message: "Read-only file system" }
[INFO] [stdout] 
[INFO] [stdout] ---- test::test_localizations_addresses_path_object_1 stdout ----
[INFO] [stdout] Error: Os { code: 30, kind: ReadOnlyFilesystem, message: "Read-only file system" }
[INFO] [stdout] 
[INFO] [stdout] ---- test::test_localizations_personal_info_path_object_1 stdout ----
[INFO] [stdout] Error: Os { code: 30, kind: ReadOnlyFilesystem, message: "Read-only file system" }
[INFO] [stdout] 
[INFO] [stdout] ---- test::test_localizations_full_replacement_hashtable stdout ----
[INFO] [stdout] Error: Os { code: 30, kind: ReadOnlyFilesystem, message: "Read-only file system" }
[INFO] [stdout] 
[INFO] [stdout] ---- test::test_localizations_keywords stdout ----
[INFO] [stdout] Error: Os { code: 30, kind: ReadOnlyFilesystem, message: "Read-only file system" }
[INFO] [stdout] 
[INFO] [stdout] ---- test::test_localizations_nicknames stdout ----
[INFO] [stdout] Error: Os { code: 30, kind: ReadOnlyFilesystem, message: "Read-only file system" }
[INFO] [stdout] 
[INFO] [stdout] ---- test::test_localizations_links stdout ----
[INFO] [stdout] Error: Os { code: 30, kind: ReadOnlyFilesystem, message: "Read-only file system" }
[INFO] [stdout] 
[INFO] [stdout] ---- test::test_localizations_nicknames_path_object_1 stdout ----
[INFO] [stdout] Error: Os { code: 30, kind: ReadOnlyFilesystem, message: "Read-only file system" }
[INFO] [stdout] 
[INFO] [stdout] ---- test::test_localizations_personal_info_path_object_3 stdout ----
[INFO] [stdout] Error: Os { code: 30, kind: ReadOnlyFilesystem, message: "Read-only file system" }
[INFO] [stdout] 
[INFO] [stdout] ---- test::test_localizations_personal_info_path_object_2 stdout ----
[INFO] [stdout] Error: Os { code: 30, kind: ReadOnlyFilesystem, message: "Read-only file system" }
[INFO] [stdout] 
[INFO] [stdout] ---- test::test_localizations_name stdout ----
[INFO] [stdout] Error: Os { code: 30, kind: ReadOnlyFilesystem, message: "Read-only file system" }
[INFO] [stdout] 
[INFO] [stdout] ---- test::test_localizations_scheduling_addresses stdout ----
[INFO] [stdout] Error: Os { code: 30, kind: ReadOnlyFilesystem, message: "Read-only file system" }
[INFO] [stdout] 
[INFO] [stdout] ---- test::test_localizations_notes_path_object_1 stdout ----
[INFO] [stdout] Error: Os { code: 30, kind: ReadOnlyFilesystem, message: "Read-only file system" }
[INFO] [stdout] 
[INFO] [stdout] ---- test::test_localizations_name_components stdout ----
[INFO] [stdout] Error: Os { code: 30, kind: ReadOnlyFilesystem, message: "Read-only file system" }
[INFO] [stdout] 
[INFO] [stdout] ---- test::test_localizations_nicknames_path_object_2 stdout ----
[INFO] [stdout] Error: Os { code: 30, kind: ReadOnlyFilesystem, message: "Read-only file system" }
[INFO] [stdout] 
[INFO] [stdout] ---- test::test_localizations_personal_info stdout ----
[INFO] [stdout] Error: Os { code: 30, kind: ReadOnlyFilesystem, message: "Read-only file system" }
[INFO] [stdout] 
[INFO] [stdout] ---- test::test_localizations_calendars_path_object_2 stdout ----
[INFO] [stdout] Error: Os { code: 30, kind: ReadOnlyFilesystem, message: "Read-only file system" }
[INFO] [stdout] 
[INFO] [stdout] ---- test::test_localizations_name_components_path_object_1 stdout ----
[INFO] [stdout] Error: Os { code: 30, kind: ReadOnlyFilesystem, message: "Read-only file system" }
[INFO] [stdout] 
[INFO] [stdout] ---- test::test_localizations_scheduling_addresses_path_object_1 stdout ----
[INFO] [stdout] Error: Os { code: 30, kind: ReadOnlyFilesystem, message: "Read-only file system" }
[INFO] [stdout] 
[INFO] [stdout] ---- test::test_localizations_calendars stdout ----
[INFO] [stdout] Error: Os { code: 30, kind: ReadOnlyFilesystem, message: "Read-only file system" }
[INFO] [stdout] 
[INFO] [stdout] ---- test::test_localizations_titles stdout ----
[INFO] [stdout] Error: Os { code: 30, kind: ReadOnlyFilesystem, message: "Read-only file system" }
[INFO] [stdout] 
[INFO] [stdout] ---- test::test_localizations_scheduling_addresses_path_object_2 stdout ----
[INFO] [stdout] Error: Os { code: 30, kind: ReadOnlyFilesystem, message: "Read-only file system" }
[INFO] [stdout] 
[INFO] [stdout] ---- test::test_localizations_titles_path_object_2 stdout ----
[INFO] [stdout] Error: Os { code: 30, kind: ReadOnlyFilesystem, message: "Read-only file system" }
[INFO] [stdout] 
[INFO] [stdout] ---- test::test_localizations_titles_path stdout ----
[INFO] [stdout] Error: Os { code: 30, kind: ReadOnlyFilesystem, message: "Read-only file system" }
[INFO] [stdout] 
[INFO] [stdout] ---- test::test_localizations_notes_path_object_2 stdout ----
[INFO] [stdout] Error: Os { code: 30, kind: ReadOnlyFilesystem, message: "Read-only file system" }
[INFO] [stdout] 
[INFO] [stdout] ---- test::test_localizations_name_components_2 stdout ----
[INFO] [stdout] Error: Os { code: 30, kind: ReadOnlyFilesystem, message: "Read-only file system" }
[INFO] [stdout] 
[INFO] [stdout] 
[INFO] [stdout] failures:
[INFO] [stdout]     test::test_localizations
[INFO] [stdout]     test::test_localizations_addresses
[INFO] [stdout]     test::test_localizations_addresses_path_object_1
[INFO] [stdout]     test::test_localizations_addresses_path_object_2
[INFO] [stdout]     test::test_localizations_calendars
[INFO] [stdout]     test::test_localizations_calendars_path_object_1
[INFO] [stdout]     test::test_localizations_calendars_path_object_2
[INFO] [stdout]     test::test_localizations_directory
[INFO] [stdout]     test::test_localizations_directory_path_object_1
[INFO] [stdout]     test::test_localizations_directory_path_object_2
[INFO] [stdout]     test::test_localizations_full_replacement_hashtable
[INFO] [stdout]     test::test_localizations_keywords
[INFO] [stdout]     test::test_localizations_links
[INFO] [stdout]     test::test_localizations_links_path_object_1
[INFO] [stdout]     test::test_localizations_links_path_object_2
[INFO] [stdout]     test::test_localizations_media
[INFO] [stdout]     test::test_localizations_media_path_object_1
[INFO] [stdout]     test::test_localizations_media_path_object_2
[INFO] [stdout]     test::test_localizations_name
[INFO] [stdout]     test::test_localizations_name_components
[INFO] [stdout]     test::test_localizations_name_components_2
[INFO] [stdout]     test::test_localizations_name_components_path_object_1
[INFO] [stdout]     test::test_localizations_name_path
[INFO] [stdout]     test::test_localizations_nicknames
[INFO] [stdout]     test::test_localizations_nicknames_path_object_1
[INFO] [stdout]     test::test_localizations_nicknames_path_object_2
[INFO] [stdout]     test::test_localizations_notes
[INFO] [stdout]     test::test_localizations_notes_path_object_1
[INFO] [stdout]     test::test_localizations_notes_path_object_2
[INFO] [stdout]     test::test_localizations_personal_info
[INFO] [stdout]     test::test_localizations_personal_info_path_object_1
[INFO] [stdout]     test::test_localizations_personal_info_path_object_2
[INFO] [stdout]     test::test_localizations_personal_info_path_object_3
[INFO] [stdout]     test::test_localizations_scheduling_addresses
[INFO] [stdout]     test::test_localizations_scheduling_addresses_path_object_1
[INFO] [stdout]     test::test_localizations_scheduling_addresses_path_object_2
[INFO] [stdout]     test::test_localizations_titles
[INFO] [stdout]     test::test_localizations_titles_path
[INFO] [stdout]     test::test_localizations_titles_path_object_2
[INFO] [stdout] 
[INFO] [stdout] test result: FAILED. 0 passed; 39 failed; 0 ignored; 0 measured; 0 filtered out; finished in 0.01s
[INFO] [stdout] 
[INFO] [stderr] error: test failed, to rerun pass `--test test_localizations`
[INFO] running `Command { std: "docker" "inspect" "eff57e6a5ec4cddc46a28669200f2da279f276f38f84f23b33353996da41445a", kill_on_drop: false }`
[INFO] running `Command { std: "docker" "rm" "-f" "eff57e6a5ec4cddc46a28669200f2da279f276f38f84f23b33353996da41445a", kill_on_drop: false }`
[INFO] [stdout] eff57e6a5ec4cddc46a28669200f2da279f276f38f84f23b33353996da41445a
