[INFO] fetching crate jrsonnet-cli 0.5.0-pre98...
[INFO] testing jrsonnet-cli-0.5.0-pre98 against 1.100.0-beta.1+cargoflags=--release for beta-release-1.100-2
[INFO] extracting crate jrsonnet-cli 0.5.0-pre98 into /workspace/builds/worker-4-tc2/source
[INFO] started tweaking crates.io crate jrsonnet-cli 0.5.0-pre98
[INFO] finished tweaking crates.io crate jrsonnet-cli 0.5.0-pre98
[INFO] tweaked toml for crates.io crate jrsonnet-cli 0.5.0-pre98 written to /workspace/builds/worker-4-tc2/source/Cargo.toml
[INFO] validating manifest of crates.io crate jrsonnet-cli 0.5.0-pre98 on toolchain 1.100.0-beta.1
[INFO] running `Command { std: CARGO_HOME="/workspace/cargo-home" RUSTUP_HOME="/workspace/rustup-home" "/workspace/cargo-home/bin/cargo" "+1.100.0-beta.1" "metadata" "--manifest-path" "Cargo.toml" "--no-deps", kill_on_drop: false }`
[INFO] crate crates.io crate jrsonnet-cli 0.5.0-pre98 already has a lockfile, it will not be regenerated
[INFO] running `Command { std: CARGO_HOME="/workspace/cargo-home" RUSTUP_HOME="/workspace/rustup-home" "/workspace/cargo-home/bin/cargo" "+1.100.0-beta.1" "fetch" "--manifest-path" "Cargo.toml", kill_on_drop: false }`
[INFO] running `Command { std: "docker" "create" "-v" "/var/lib/crater-agent-workspace/builds/worker-4-tc2/source:/opt/rustwide/workdir:ro,Z" "-v" "/var/lib/crater-agent-workspace/builds/worker-4-tc2/target:/opt/rustwide/target:rw,Z" "-v" "/var/lib/crater-agent-workspace/cargo-home:/opt/rustwide/cargo-home:ro,Z" "-v" "/var/lib/crater-agent-workspace/rustup-home:/opt/rustwide/rustup-home:ro,Z" "-m" "1610612736" "--network" "none" "ghcr.io/rust-lang/crates-build-env/linux@sha256:77db811e55d90add9212f6832c23229e3de5f1c1f9905e8cb07319ea15df73ac" "sleep" "infinity", kill_on_drop: false }`
[INFO] [stdout] bc161cd39aedec72b1e3028fa22f6a30925cc85e4927d4dac8aa33e738257bd0
[INFO] running `Command { std: "docker" "start" "bc161cd39aedec72b1e3028fa22f6a30925cc85e4927d4dac8aa33e738257bd0", kill_on_drop: false }`
[INFO] running `Command { std: "docker" "inspect" "bc161cd39aedec72b1e3028fa22f6a30925cc85e4927d4dac8aa33e738257bd0", kill_on_drop: false }`
[INFO] running `Command { std: "docker" "exec" "-e" "SOURCE_DIR=/opt/rustwide/workdir" "-e" "CARGO_HOME=/opt/rustwide/cargo-home" "-e" "RUSTUP_HOME=/opt/rustwide/rustup-home" "-e" "CARGO_TARGET_DIR=/opt/rustwide/target" "-w" "/opt/rustwide/workdir" "--user" "0:0" "bc161cd39aedec72b1e3028fa22f6a30925cc85e4927d4dac8aa33e738257bd0" "/opt/rustwide/cargo-home/bin/cargo" "+1.100.0-beta.1" "metadata" "--no-deps" "--format-version=1", kill_on_drop: false }`
[INFO] running `Command { std: "docker" "inspect" "bc161cd39aedec72b1e3028fa22f6a30925cc85e4927d4dac8aa33e738257bd0", kill_on_drop: false }`
[INFO] running `Command { std: "docker" "exec" "-e" "SOURCE_DIR=/opt/rustwide/workdir" "-e" "CARGO_HOME=/opt/rustwide/cargo-home" "-e" "RUSTUP_HOME=/opt/rustwide/rustup-home" "-e" "CARGO_TARGET_DIR=/opt/rustwide/target" "-e" "CARGO_INCREMENTAL=0" "-e" "RUST_BACKTRACE=full" "-e" "RUSTFLAGS=--cap-lints=warn" "-e" "RUSTDOCFLAGS=--cap-lints=warn" "-w" "/opt/rustwide/workdir" "--user" "0:0" "bc161cd39aedec72b1e3028fa22f6a30925cc85e4927d4dac8aa33e738257bd0" "/opt/rustwide/cargo-home/bin/cargo" "+1.100.0-beta.1" "build" "--frozen" "--message-format=json" "--release", kill_on_drop: false }`
[INFO] [stderr]    Compiling wasm-bindgen-shared v0.2.106
[INFO] [stderr]    Compiling proc-macro2-diagnostics v0.10.1
[INFO] [stderr]    Compiling aho-corasick v1.1.4
[INFO] [stderr]    Compiling cc v1.2.61
[INFO] [stderr]    Compiling getrandom v0.3.4
[INFO] [stderr]    Compiling object v0.37.3
[INFO] [stderr]    Compiling num-traits v0.2.19
[INFO] [stderr]    Compiling yansi v1.0.1
[INFO] [stderr]    Compiling displaydoc v0.2.5
[INFO] [stderr]    Compiling jrsonnet-gcmodule-derive v0.4.6
[INFO] [stderr]    Compiling peg-runtime v0.8.5
[INFO] [stderr]    Compiling regex-syntax v0.8.10
[INFO] [stderr]    Compiling heck v0.4.1
[INFO] [stderr]    Compiling getrandom v0.4.2
[INFO] [stderr]    Compiling block-buffer v0.12.0
[INFO] [stderr]    Compiling rand_core v0.9.5
[INFO] [stderr]    Compiling peg-macros v0.8.5
[INFO] [stderr]    Compiling bstr v1.12.1
[INFO] [stderr]    Compiling str_indices v0.4.4
[INFO] [stderr]    Compiling aliasable v0.1.3
[INFO] [stderr]    Compiling rustc-hash v2.1.2
[INFO] [stderr]    Compiling rand_chacha v0.9.0
[INFO] [stderr]    Compiling wasm-bindgen-macro-support v0.2.106
[INFO] [stderr]    Compiling tempfile v3.27.0
[INFO] [stderr]    Compiling digest v0.11.2
[INFO] [stderr]    Compiling jrsonnet-gcmodule v0.4.6
[INFO] [stderr]    Compiling tinystr v0.8.3
[INFO] [stderr]    Compiling zerotrie v0.2.4
[INFO] [stderr]    Compiling icu_locale_core v2.2.0
[INFO] [stderr]    Compiling icu_collections v2.2.0
[INFO] [stderr]    Compiling rand v0.9.4
[INFO] [stderr]    Compiling ouroboros_macro v0.18.5
[INFO] [stderr]    Compiling itertools v0.14.0
[INFO] [stderr]    Compiling jrsonnet-interner v0.5.0-pre98
[INFO] [stderr]    Compiling enum-ordinalize-derive v4.3.2
[INFO] [stderr]    Compiling wasm-bindgen v0.2.106
[INFO] [stderr]    Compiling icu_provider v2.2.0
[INFO] [stderr]    Compiling regex-automata v0.4.14
[INFO] [stderr]    Compiling console v0.16.3
[INFO] [stderr]    Compiling hi-doc-jumprope v1.2.1
[INFO] [stderr]    Compiling stacker v0.1.24
[INFO] [stderr]    Compiling icu_properties v2.2.0
[INFO] [stderr]    Compiling icu_normalizer v2.2.0
[INFO] [stderr]    Compiling peg v0.8.5
[INFO] [stderr]    Compiling random_color v1.1.0
[INFO] [stderr]    Compiling ouroboros v0.18.5
[INFO] [stderr]    Compiling enum-ordinalize v4.3.2
[INFO] [stderr]    Compiling serde v1.0.228
[INFO] [stderr]    Compiling range-map v0.2.0
[INFO] [stderr]    Compiling jrsonnet-evaluator v0.5.0-pre98
[INFO] [stderr]    Compiling syn-dissect-closure v0.1.0
[INFO] [stderr]    Compiling extension-trait v1.0.2
[INFO] [stderr]    Compiling arraydeque v0.5.1
[INFO] [stderr]    Compiling unicode-box-drawing v0.3.0
[INFO] [stderr]    Compiling jrsonnet-macros v0.5.0-pre98
[INFO] [stderr]    Compiling saphyr-parser-bw v0.0.611
[INFO] [stderr]    Compiling idna_adapter v1.2.2
[INFO] [stderr]    Compiling annotate-snippets v0.12.15
[INFO] [stderr]    Compiling idna v1.1.0
[INFO] [stderr]    Compiling encoding_rs_io v0.1.7
[INFO] [stderr]    Compiling educe v0.6.0
[INFO] [stderr]    Compiling ahash v0.8.12
[INFO] [stderr]    Compiling jrsonnet-types v0.5.0-pre98
[INFO] [stderr]    Compiling keccak v0.2.0
[INFO] [stderr]    Compiling globset v0.4.18
[INFO] [stderr]    Compiling url v2.5.8
[INFO] [stderr]    Compiling drop_bomb v0.1.5
[INFO] [stderr]    Compiling pathdiff v0.2.3
[INFO] [stderr]    Compiling clap_derive v4.6.1
[INFO] [stderr]    Compiling serde-saphyr v0.0.25
[INFO] [stderr]    Compiling sha3 v0.11.0
[INFO] [stderr]    Compiling annotated-string v0.3.0
[INFO] [stderr]    Compiling sha2 v0.11.0
[INFO] [stderr]    Compiling insta v1.47.2
[INFO] [stderr]    Compiling hi-doc v0.3.0
[INFO] [stderr]    Compiling sha1 v0.11.0
[INFO] [stderr]    Compiling wasm-bindgen-macro v0.2.106
[INFO] [stderr]    Compiling jrsonnet-ir v0.5.0-pre98
[INFO] [stderr]    Compiling ar_archive_writer v0.5.1
[INFO] [stderr]    Compiling md5 v0.8.0
[INFO] [stderr]    Compiling clap v4.6.1
[INFO] [stderr]    Compiling logos-codegen v0.16.1
[INFO] [stderr]    Compiling psm v0.1.31
[INFO] [stderr]    Compiling logos-derive v0.16.1
[INFO] [stderr]    Compiling logos v0.16.1
[INFO] [stderr]    Compiling jrsonnet-lexer v0.5.0-pre98
[INFO] [stderr]    Compiling jrsonnet-ir-parser v0.5.0-pre98
[INFO] [stderr]    Compiling jrsonnet-stdlib v0.5.0-pre98
[INFO] [stderr]    Compiling jrsonnet-cli v0.5.0-pre98 (/opt/rustwide/workdir)
[INFO] [stderr]     Finished `release` profile [optimized] target(s) in 1m 30s
[INFO] running `Command { std: "docker" "inspect" "bc161cd39aedec72b1e3028fa22f6a30925cc85e4927d4dac8aa33e738257bd0", kill_on_drop: false }`
[INFO] running `Command { std: "docker" "exec" "-e" "SOURCE_DIR=/opt/rustwide/workdir" "-e" "CARGO_HOME=/opt/rustwide/cargo-home" "-e" "RUSTUP_HOME=/opt/rustwide/rustup-home" "-e" "CARGO_TARGET_DIR=/opt/rustwide/target" "-e" "CARGO_INCREMENTAL=0" "-e" "RUST_BACKTRACE=full" "-e" "RUSTFLAGS=--cap-lints=warn" "-e" "RUSTDOCFLAGS=--cap-lints=warn" "-w" "/opt/rustwide/workdir" "--user" "0:0" "bc161cd39aedec72b1e3028fa22f6a30925cc85e4927d4dac8aa33e738257bd0" "/opt/rustwide/cargo-home/bin/cargo" "+1.100.0-beta.1" "test" "--frozen" "--no-run" "--message-format=json" "--release", kill_on_drop: false }`
[INFO] [stderr]    Compiling jrsonnet-cli v0.5.0-pre98 (/opt/rustwide/workdir)
[INFO] [stderr]     Finished `release` profile [optimized] target(s) in 0.96s
[INFO] running `Command { std: "docker" "inspect" "bc161cd39aedec72b1e3028fa22f6a30925cc85e4927d4dac8aa33e738257bd0", kill_on_drop: false }`
[INFO] running `Command { std: "docker" "exec" "-e" "SOURCE_DIR=/opt/rustwide/workdir" "-e" "CARGO_HOME=/opt/rustwide/cargo-home" "-e" "RUSTUP_HOME=/opt/rustwide/rustup-home" "-e" "CARGO_TARGET_DIR=/opt/rustwide/target" "-e" "CARGO_INCREMENTAL=0" "-e" "RUST_BACKTRACE=full" "-e" "RUSTFLAGS=--cap-lints=warn" "-e" "RUSTDOCFLAGS=--cap-lints=warn" "-w" "/opt/rustwide/workdir" "--user" "0:0" "bc161cd39aedec72b1e3028fa22f6a30925cc85e4927d4dac8aa33e738257bd0" "/opt/rustwide/cargo-home/bin/cargo" "+1.100.0-beta.1" "test" "--frozen" "--release", kill_on_drop: false }`
[INFO] [stderr]     Finished `release` profile [optimized] target(s) in 0.18s
[INFO] [stderr]      Running unittests src/lib.rs (/opt/rustwide/target/release/build/jrsonnet-cli/cb0f3a92a9c08c7d/out/jrsonnet_cli-cb0f3a92a9c08c7d)
[INFO] [stdout] 
[INFO] [stdout] running 0 tests
[INFO] [stdout] 
[INFO] [stdout] test result: ok. 0 passed; 0 failed; 0 ignored; 0 measured; 0 filtered out; finished in 0.00s
[INFO] [stdout] 
[INFO] [stderr]    Doc-tests jrsonnet_cli
[INFO] [stdout] 
[INFO] [stdout] running 1 test
[INFO] [stdout] test src/stdlib.rs - stdlib::ExtStr (line 18) ... FAILED
[INFO] [stdout] 
[INFO] [stdout] failures:
[INFO] [stdout] 
[INFO] [stdout] ---- src/stdlib.rs - stdlib::ExtStr (line 18) stdout ----
[INFO] [stdout] error[E0133]: call to unsafe function `set_var` is unsafe and requires unsafe block
[INFO] [stdout]   --> src/stdlib.rs:27:1
[INFO] [stdout]    |
[INFO] [stdout] 27 | std::env::set_var("name", "value");
[INFO] [stdout]    | ^^^^^^^^^^^^^^^^^^^^^^^^^^^^^^^^^^ call to unsafe function
[INFO] [stdout]    |
[INFO] [stdout]    = note: consult the function's documentation for information on how to avoid undefined behavior
[INFO] [stdout] 
[INFO] [stdout] error: aborting due to 1 previous error
[INFO] [stdout] 
[INFO] [stdout] For more information about this error, try `rustc --explain E0133`.
[INFO] [stdout] Couldn't compile the test.
[INFO] [stdout] 
[INFO] [stdout] failures:
[INFO] [stdout]     src/stdlib.rs - stdlib::ExtStr (line 18)
[INFO] [stdout] 
[INFO] [stdout] test result: FAILED. 0 passed; 1 failed; 0 ignored; 0 measured; 0 filtered out; finished in 0.10s
[INFO] [stdout] 
[INFO] [stdout] all doctests ran in 0.19s; merged doctests compilation took 0.09s
[INFO] [stderr] error: doctest failed, to rerun pass `--doc`
[INFO] running `Command { std: "docker" "inspect" "bc161cd39aedec72b1e3028fa22f6a30925cc85e4927d4dac8aa33e738257bd0", kill_on_drop: false }`
[INFO] running `Command { std: "docker" "rm" "-f" "bc161cd39aedec72b1e3028fa22f6a30925cc85e4927d4dac8aa33e738257bd0", kill_on_drop: false }`
[INFO] [stdout] bc161cd39aedec72b1e3028fa22f6a30925cc85e4927d4dac8aa33e738257bd0
