[INFO] fetching crate jqf 0.1.1...
[INFO] testing jqf-0.1.1 against 1.99.0-beta.8+cargoflags=--release for beta-release-1.100-2
[INFO] extracting crate jqf 0.1.1 into /workspace/builds/worker-1-tc1/source
[INFO] started tweaking crates.io crate jqf 0.1.1
[INFO] removed 0 missing tests
[INFO] finished tweaking crates.io crate jqf 0.1.1
[INFO] tweaked toml for crates.io crate jqf 0.1.1 written to /workspace/builds/worker-1-tc1/source/Cargo.toml
[INFO] validating manifest of crates.io crate jqf 0.1.1 on toolchain 1.99.0-beta.8
[INFO] running `Command { std: CARGO_HOME="/workspace/cargo-home" RUSTUP_HOME="/workspace/rustup-home" "/workspace/cargo-home/bin/cargo" "+1.99.0-beta.8" "metadata" "--manifest-path" "Cargo.toml" "--no-deps", kill_on_drop: false }`
[INFO] crate crates.io crate jqf 0.1.1 already has a lockfile, it will not be regenerated
[INFO] running `Command { std: CARGO_HOME="/workspace/cargo-home" RUSTUP_HOME="/workspace/rustup-home" "/workspace/cargo-home/bin/cargo" "+1.99.0-beta.8" "fetch" "--manifest-path" "Cargo.toml", kill_on_drop: false }`
[INFO] [stderr]     Updating crates.io index
[INFO] [stderr]  Downloading crates ...
[INFO] [stderr]   Downloaded jqf-source v0.1.1
[INFO] [stderr]   Downloaded jqf-resource v0.1.1
[INFO] [stderr]   Downloaded rustc-std-workspace-alloc v1.0.1
[INFO] [stderr]   Downloaded caseless v0.2.2
[INFO] [stderr]   Downloaded jqf-syntax v0.1.1
[INFO] [stderr]   Downloaded jqf-codec-render v0.1.1
[INFO] [stderr]   Downloaded jqf-codec-messagepack v0.1.1
[INFO] [stderr]   Downloaded jqf-codec-ini v0.1.1
[INFO] [stderr]   Downloaded jqf-codec-delimited v0.1.1
[INFO] [stderr]   Downloaded jqf-codec-xml v0.1.1
[INFO] [stderr]   Downloaded jqf-codec-toml v0.1.1
[INFO] [stderr]   Downloaded jqf-runtime v0.1.1
[INFO] [stderr]   Downloaded jqf-codec-jqft v0.1.1
[INFO] [stderr]   Downloaded jqf-codec-cbor v0.1.1
[INFO] [stderr]   Downloaded jqf-codec-core v0.1.1
[INFO] [stderr]   Downloaded jqf-sdk v0.1.1
[INFO] [stderr]   Downloaded jqf-codec-yaml v0.1.1
[INFO] [stderr]   Downloaded jqf-codec-html v0.1.1
[INFO] [stderr]   Downloaded jqf-data v0.1.1
[INFO] [stderr]   Downloaded jqf-codec-json v0.1.1
[INFO] [stderr]   Downloaded jqf-engine v0.1.1
[INFO] [stderr]   Downloaded jqf-builtins v0.1.1
[INFO] running `Command { std: "docker" "create" "-v" "/var/lib/crater-agent-workspace/builds/worker-1-tc1/source:/opt/rustwide/workdir:ro,Z" "-v" "/var/lib/crater-agent-workspace/builds/worker-1-tc1/target:/opt/rustwide/target:rw,Z" "-v" "/var/lib/crater-agent-workspace/cargo-home:/opt/rustwide/cargo-home:ro,Z" "-v" "/var/lib/crater-agent-workspace/rustup-home:/opt/rustwide/rustup-home:ro,Z" "-m" "1610612736" "--network" "none" "ghcr.io/rust-lang/crates-build-env/linux@sha256:77db811e55d90add9212f6832c23229e3de5f1c1f9905e8cb07319ea15df73ac" "sleep" "infinity", kill_on_drop: false }`
[INFO] [stdout] 4167513092fa9af35b55852c3f7c4693b672679f607cc54b0feebe997d14a72b
[INFO] running `Command { std: "docker" "start" "4167513092fa9af35b55852c3f7c4693b672679f607cc54b0feebe997d14a72b", kill_on_drop: false }`
[INFO] running `Command { std: "docker" "inspect" "4167513092fa9af35b55852c3f7c4693b672679f607cc54b0feebe997d14a72b", kill_on_drop: false }`
[INFO] running `Command { std: "docker" "exec" "-e" "SOURCE_DIR=/opt/rustwide/workdir" "-e" "CARGO_HOME=/opt/rustwide/cargo-home" "-e" "RUSTUP_HOME=/opt/rustwide/rustup-home" "-e" "CARGO_TARGET_DIR=/opt/rustwide/target" "-w" "/opt/rustwide/workdir" "--user" "0:0" "4167513092fa9af35b55852c3f7c4693b672679f607cc54b0feebe997d14a72b" "/opt/rustwide/cargo-home/bin/cargo" "+1.99.0-beta.8" "metadata" "--no-deps" "--format-version=1", kill_on_drop: false }`
[INFO] running `Command { std: "docker" "inspect" "4167513092fa9af35b55852c3f7c4693b672679f607cc54b0feebe997d14a72b", kill_on_drop: false }`
[INFO] running `Command { std: "docker" "exec" "-e" "SOURCE_DIR=/opt/rustwide/workdir" "-e" "CARGO_HOME=/opt/rustwide/cargo-home" "-e" "RUSTUP_HOME=/opt/rustwide/rustup-home" "-e" "CARGO_TARGET_DIR=/opt/rustwide/target" "-e" "CARGO_INCREMENTAL=0" "-e" "RUST_BACKTRACE=full" "-e" "RUSTFLAGS=--cap-lints=warn" "-e" "RUSTDOCFLAGS=--cap-lints=warn" "-w" "/opt/rustwide/workdir" "--user" "0:0" "4167513092fa9af35b55852c3f7c4693b672679f607cc54b0feebe997d14a72b" "/opt/rustwide/cargo-home/bin/cargo" "+1.99.0-beta.8" "build" "--frozen" "--message-format=json" "--release", kill_on_drop: false }`
[INFO] [stderr]    Compiling jqf-source v0.1.1
[INFO] [stderr]    Compiling triomphe v0.1.16
[INFO] [stderr]    Compiling constant_time_eq v0.4.2
[INFO] [stderr]    Compiling bit-vec v0.8.0
[INFO] [stderr]    Compiling tinyvec v1.12.0
[INFO] [stderr]    Compiling serde_core v1.0.229
[INFO] [stderr]    Compiling base64 v0.22.1
[INFO] [stderr]    Compiling xxhash-rust v0.8.18
[INFO] [stderr]    Compiling blake3 v1.8.7
[INFO] [stderr]    Compiling regex-automata v0.4.18
[INFO] [stderr]    Compiling libmimalloc-sys v0.1.49
[INFO] [stderr]    Compiling miniz_oxide v0.8.9
[INFO] [stderr]    Compiling digest v0.11.3
[INFO] [stderr]    Compiling getrandom v0.4.3
[INFO] [stderr]    Compiling rustc-std-workspace-alloc v1.0.1
[INFO] [stderr]    Compiling jqf-codec-html v0.1.1
[INFO] [stderr]    Compiling hashbrown v0.16.1
[INFO] [stderr]    Compiling bit-set v0.8.0
[INFO] [stderr]    Compiling uuid v1.25.0
[INFO] [stderr]    Compiling sha2 v0.11.0
[INFO] [stderr]    Compiling sha1 v0.11.0
[INFO] [stderr]    Compiling md-5 v0.11.0
[INFO] [stderr]    Compiling jqf-resource v0.1.1
[INFO] [stderr]    Compiling jqf-syntax v0.1.1
[INFO] [stderr]    Compiling cty v0.2.2
[INFO] [stderr]    Compiling toml_parser v1.1.3+spec-1.1.0
[INFO] [stderr]    Compiling jqf v0.1.1 (/opt/rustwide/workdir)
[INFO] [stderr]    Compiling unicode-normalization v0.1.25
[INFO] [stderr]    Compiling jqf-data v0.1.1
[INFO] [stderr]    Compiling caseless v0.2.2
[INFO] [stderr]    Compiling toml_datetime v1.1.1+spec-1.1.0
[INFO] [stderr]    Compiling serde_spanned v1.1.1
[INFO] [stderr]    Compiling toml v1.1.2+spec-1.1.0
[INFO] [stderr]    Compiling jqf-codec-core v0.1.1
[INFO] [stderr]    Compiling regex v1.13.1
[INFO] [stderr]    Compiling fancy-regex v0.19.0
[INFO] [stderr]    Compiling jqf-codec-json v0.1.1
[INFO] [stderr]    Compiling jqf-codec-delimited v0.1.1
[INFO] [stderr]    Compiling jqf-codec-xml v0.1.1
[INFO] [stderr]    Compiling jqf-codec-render v0.1.1
[INFO] [stderr]    Compiling jqf-codec-yaml v0.1.1
[INFO] [stderr]    Compiling jqf-codec-toml v0.1.1
[INFO] [stderr]    Compiling jqf-codec-ini v0.1.1
[INFO] [stderr]    Compiling jqf-codec-cbor v0.1.1
[INFO] [stderr]    Compiling jqf-codec-messagepack v0.1.1
[INFO] [stderr]    Compiling mimalloc v0.1.52
[INFO] [stderr]    Compiling jqf-codec-jqft v0.1.1
[INFO] [stderr]    Compiling jqf-builtins v0.1.1
[INFO] [stderr]    Compiling jqf-engine v0.1.1
[INFO] [stderr]    Compiling jqf-sdk v0.1.1
[INFO] [stderr]    Compiling jqf-runtime v0.1.1
[INFO] [stderr]     Finished `release` profile [optimized] target(s) in 2m 23s
[INFO] running `Command { std: "docker" "inspect" "4167513092fa9af35b55852c3f7c4693b672679f607cc54b0feebe997d14a72b", kill_on_drop: false }`
[INFO] running `Command { std: "docker" "exec" "-e" "SOURCE_DIR=/opt/rustwide/workdir" "-e" "CARGO_HOME=/opt/rustwide/cargo-home" "-e" "RUSTUP_HOME=/opt/rustwide/rustup-home" "-e" "CARGO_TARGET_DIR=/opt/rustwide/target" "-e" "CARGO_INCREMENTAL=0" "-e" "RUST_BACKTRACE=full" "-e" "RUSTFLAGS=--cap-lints=warn" "-e" "RUSTDOCFLAGS=--cap-lints=warn" "-w" "/opt/rustwide/workdir" "--user" "0:0" "4167513092fa9af35b55852c3f7c4693b672679f607cc54b0feebe997d14a72b" "/opt/rustwide/cargo-home/bin/cargo" "+1.99.0-beta.8" "test" "--frozen" "--no-run" "--message-format=json" "--release", kill_on_drop: false }`
[INFO] [stderr]    Compiling jqf v0.1.1 (/opt/rustwide/workdir)
[INFO] [stderr]     Finished `release` profile [optimized] target(s) in 17.97s
[INFO] running `Command { std: "docker" "inspect" "4167513092fa9af35b55852c3f7c4693b672679f607cc54b0feebe997d14a72b", kill_on_drop: false }`
[INFO] running `Command { std: "docker" "exec" "-e" "SOURCE_DIR=/opt/rustwide/workdir" "-e" "CARGO_HOME=/opt/rustwide/cargo-home" "-e" "RUSTUP_HOME=/opt/rustwide/rustup-home" "-e" "CARGO_TARGET_DIR=/opt/rustwide/target" "-e" "CARGO_INCREMENTAL=0" "-e" "RUST_BACKTRACE=full" "-e" "RUSTFLAGS=--cap-lints=warn" "-e" "RUSTDOCFLAGS=--cap-lints=warn" "-w" "/opt/rustwide/workdir" "--user" "0:0" "4167513092fa9af35b55852c3f7c4693b672679f607cc54b0feebe997d14a72b" "/opt/rustwide/cargo-home/bin/cargo" "+1.99.0-beta.8" "test" "--frozen" "--release", kill_on_drop: false }`
[INFO] [stderr]     Finished `release` profile [optimized] target(s) in 0.09s
[INFO] [stderr]      Running unittests src/main.rs (/opt/rustwide/target/release/deps/jqf-1a5eaa9bd490b16b)
[INFO] [stdout] 
[INFO] [stdout] running 49 tests
[INFO] [stdout] test args::tests::jqft_is_fully_surfaced ... ok
[INFO] [stdout] test args::tests::html_is_fully_surfaced ... ok
[INFO] [stdout] test args::tests::json5_is_fully_surfaced ... ok
[INFO] [stdout] test args::tests::help_enumerations_are_exactly_the_acceptance_tables ... ok
[INFO] [stdout] test config::tests::every_config_key_is_tier_p ... ok
[INFO] [stdout] test config::tests::report_lines_are_valid_toml ... ok
[INFO] [stdout] test args::tests::every_flag_carries_a_tier ... ok
[INFO] [stdout] test args::tests::json_seq_is_fully_surfaced ... ok
[INFO] [stdout] test args::tests::xml_is_fully_surfaced ... ok
[INFO] [stdout] test errors::tests::requirement_icv_stays_compile ... ok
[INFO] [stdout] test errors::tests::requirement_resource_is_exit_5_not_compile ... ok
[INFO] [stdout] test args::tests::jsonc_is_fully_surfaced ... ok
[INFO] [stdout] test input::tests::empty_piped_stdin_is_an_empty_exactly_sized_buffer ... ok
[INFO] [stdout] test colour::tests::default_palette_bytes ... ok
[INFO] [stdout] test colour::tests::colour_decision_law ... ok
[INFO] [stdout] test colour::tests::span_law_matches_the_palette ... ok
[INFO] [stdout] test colour::tests::palette_defaults_and_parse_law ... ok
[INFO] [stdout] test colour::tests::strip_identity_over_representative_shapes ... ok
[INFO] [stdout] test errors::tests::diagnostic_messages_render_unquoted ... ok
[INFO] [stdout] test input::tests::single_chunk_piped_stdin_is_exact_and_faithful ... ok
[INFO] [stdout] test args::tests::help_topics_are_exactly_the_tables_plus_the_fixed_topics ... ok
[INFO] [stdout] test input::tests::the_known_length_hint_reads_at_most_the_hint ... ok
[INFO] [stdout] test args::tests::help_is_clean_of_provenance ... ok
[INFO] [stdout] test args::tests::parse_accepts_exactly_the_table_spellings ... ok
[INFO] [stdout] test routes::record::record_count_tests::tsv_counts_lf_and_crlf_terminators ... ok
[INFO] [stdout] test routes::record::record_count_tests::csv_counts_quote_state_record_ends ... ok
[INFO] [stdout] test routes::record::record_count_tests::json_seq_ordinals_survive_a_cycle_split_inside_an_rs_run ... ok
[INFO] [stdout] test routes::stream::csv_span_tests::a_quote_still_opens_a_quoted_field_at_field_start ... ok
[INFO] [stdout] test routes::stream::csv_span_tests::crlf_split_across_reads_holds_instead_of_faulting ... ok
[INFO] [stdout] test routes::stream::csv_span_tests::lone_quote_mid_field_is_not_structural ... ok
[INFO] [stdout] test routes::stream::csv_span_tests::quoted_records_cut_at_their_out_of_quote_terminator ... ok
[INFO] [stdout] test routes::stream::tsv_span_tests::bare_cr_is_a_fault_that_names_the_whole_buffer ... ok
[INFO] [stdout] test routes::serve::json_escape_tests::write_json_string_matches_encoder_law_on_quote_c0_and_del ... ok
[INFO] [stdout] test routes::stream::tsv_span_tests::last_complete_record_not_just_the_first ... ok
[INFO] [stdout] test rss::tests::effective_memory_takes_the_minimum ... ok
[INFO] [stdout] test rss::tests::meminfo_parses_kibibytes ... ok
[INFO] [stdout] test rss::tests::the_default_ceiling_is_80_percent_of_the_effective_memory ... ok
[INFO] [stdout] test routes::stream::tsv_span_tests::no_terminator_holds_everything ... ok
[INFO] [stdout] test routes::stream::tsv_span_tests::crlf_split_across_reads_holds_instead_of_cutting ... ok
[INFO] [stdout] test routes::record::record_count_tests::json_seq_counts_one_ordinal_per_coalesced_rs_run ... ok
[INFO] [stdout] test rss::tests::the_override_detection_fails_loud_on_garbage ... ok
[INFO] [stdout] test rss::tests::the_override_detection_reads_the_fake_hierarchy ... ok
[INFO] [stdout] test output::tests::a_failed_commit_removes_its_temp_file ... ok
[INFO] [stdout] test output::tests::dangling_symlink_cli_writer_writes_the_target_and_keeps_the_link ... ok
[INFO] [stdout] test output::tests::dangling_symlink_output_writes_the_target_and_keeps_the_link ... ok
[INFO] [stdout] test output::tests::missing_output_path_creates_a_regular_file ... ok
[INFO] [stdout] test output::tests::live_symlink_output_replaces_the_target_not_the_link ... ok
[INFO] [stdout] test routes::record::record_count_tests::csv_counts_use_the_framer_quote_law ... ok
[INFO] [stdout] test input::tests::piped_stdin_returns_an_exactly_sized_buffer ... ok
[INFO] [stdout] 
[INFO] [stdout] test result: ok. 49 passed; 0 failed; 0 ignored; 0 measured; 0 filtered out; finished in 0.08s
[INFO] [stdout] 
[INFO] [stderr]      Running tests/cli_flags.rs (/opt/rustwide/target/release/deps/cli_flags-a16cc58db016d6ee)
[INFO] [stdout] 
[INFO] [stdout] running 120 tests
[INFO] [stdout] test argv_workers_wins_over_config_no_parallel ... ok
[INFO] [stdout] test diagnostics_name_the_platform_and_physical_core_count ... ok
[INFO] [stdout] test container_spans_parse_failure_is_fail_loud ... ok
[INFO] [stdout] test diagnostics_reports_the_ambient_ledger ... ok
[INFO] [stdout] test css_is_registered_with_its_own_format_law ... ok
[INFO] [stdout] test diff_same_file_by_different_spellings_is_refused ... ok
[INFO] [stdout] test a_compile_rejection_carries_a_caret_excerpt ... ok
[INFO] [stdout] test a_whole_input_larger_than_the_ceiling_is_refused_at_read ... ok
[INFO] [stdout] test diff_yaml_side_compares_the_first_document_of_a_stream ... ok
[INFO] [stdout] test diff_exit_code_gates_equality ... ok
[INFO] [stdout] test directory_input_reports_a_read_failure_not_an_open_failure ... ok
[INFO] [stdout] test binary_flag_is_accepted_and_build_configuration_is_a_command ... ok
[INFO] [stdout] test exit_status_plans_serial_on_the_record_route ... ok
[INFO] [stdout] test bare_double_dash_ends_option_parsing ... ok
[INFO] [stdout] test a_folded_computed_bound_fires_the_slice_clamp_cell_like_an_authored_literal ... ok
[INFO] [stdout] test auto_json_facts_does_not_forfeit_the_xml_length_route ... ok
[INFO] [stdout] test exit_status_rejects_document_lanes ... ok
[INFO] [stdout] test colour_raw_arm_skip ... ok
[INFO] [stdout] test explain_reports_deferred_and_materialized_counts ... ok
[INFO] [stdout] test explain_valid_program_keeps_plan_and_route ... ok
[INFO] [stdout] test follow_json_seq_output_is_byte_identical_to_the_whole_input_record_route ... ok
[INFO] [stdout] test explain_prints_recovered_tree_on_parse_failure ... ok
[INFO] [stdout] test follow_pipe_finalizes_a_truncated_tail_at_eof ... ok
[INFO] [stdout] test combined_short_flags_expand ... ok
[INFO] [stdout] test comment_head_is_an_alias_of_comment ... ok
[INFO] [stdout] test double_dash_ends_option_processing_and_l_attaches ... ok
[INFO] [stdout] test follow_pipe_is_byte_identical_to_the_whole_input_record_route ... ok
[INFO] [stdout] test callable_depth_ceiling_answers_below_and_refuses_above ... ok
[INFO] [stdout] test help_documents_the_subcommand_surface ... ok
[INFO] [stdout] test colour_renders_terminal_tree_frames ... ok
[INFO] [stdout] test follow_records_stream_as_they_finish_and_keeps_last_value_law ... ok
[INFO] [stdout] test html_attribute_accessor_and_attrs_map_agree ... ok
[INFO] [stdout] test array_index_of_searches_the_needle_and_keeps_the_mismatch ... ok
[INFO] [stdout] test help_unknown_topic_is_a_usage_error ... ok
[INFO] [stdout] test help_flags_and_mismatch_show_the_052_dial ... ok
[INFO] [stdout] test html_output_serializes_deterministically ... ok
[INFO] [stdout] test follow_input_family_serves_the_live_window_shape ... ok
[INFO] [stdout] test html_fragment_dialect_is_selectable_and_parses_fragments ... ok
[INFO] [stdout] test input_format_flag_rejects_output_only_formats ... ok
[INFO] [stdout] test json_seq_per_value_error_line_matches_the_unit ... ok
[INFO] [stdout] test jq_colors_palette_and_failure ... ok
[INFO] [stdout] test exit_status_reads_the_last_value ... ok
[INFO] [stdout] test html_decodes_and_css_selects_from_the_cli ... ok
[INFO] [stdout] test jqfb_cli_surface_round_trips ... ok
[INFO] [stdout] test jqfjson_reads_a_multi_document_stream ... ok
[INFO] [stdout] test keyword_rules_around_double_dash_and_pre_options ... ok
[INFO] [stdout] test every_run_option_before_a_subcommand_is_a_usage_error ... ok
[INFO] [stdout] test non_utf8_input_path_is_not_a_utf8_usage_error ... ok
[INFO] [stdout] test non_utf8_option_shaped_token_is_rejected_as_an_option ... ok
[INFO] [stdout] test color_switches_follow_the_decision_law ... ok
[INFO] [stdout] test dynamic_selector_writes_match_their_static_twins_at_the_cli ... ok
[INFO] [stdout] test keywords_as_programs_via_follow_and_from_file ... ok
[INFO] [stdout] test fact_reads_over_computed_values_are_null ... ok
[INFO] [stdout] test jqft_with_source_echoes_and_refuses_computed_values ... ok
[INFO] [stdout] test mismatch_policy_dial_over_a_missing_key ... ok
[INFO] [stdout] test mismatch_policy_is_a_one_table_dial ... ok
[INFO] [stdout] test non_utf8_program_is_a_program_utf8_error ... ok
[INFO] [stdout] test follow_rotates_with_a_renamed_and_recreated_file ... ok
[INFO] [stdout] test raw_output0_rejects_a_root_string_containing_nul ... ok
[INFO] [stdout] test record_route_rejects_document_shaped_output_formats ... ok
[INFO] [stdout] test raw_output0_overrides_join_output ... ok
[INFO] [stdout] test record_errors_name_the_file_not_stdin ... ok
[INFO] [stdout] test raw_output0_is_rejected_on_record_routes ... ok
[INFO] [stdout] test follow_rejects_models_it_cannot_serve ... ok
[INFO] [stdout] test raw_output0_terminates_items_with_nul_not_newline ... ok
[INFO] [stdout] test record_route_renders_one_frame_per_record ... ok
[INFO] [stdout] test reserved_keywords_answer_usage_errors ... ok
[INFO] [stdout] test record_issue_ordinal_is_cycle_invariant ... ok
[INFO] [stdout] test raw_output0_requires_json_output ... ok
[INFO] [stdout] test record_route_render_still_refuses_a_non_table_record_shape ... ok
[INFO] [stdout] test positional_args_bind_arounds ... ok
[INFO] [stdout] test run_tests_is_deliberately_absent ... ok
[INFO] [stdout] test raw_output_refuses_non_json_family_output ... ok
[INFO] [stdout] test serve_read_timeout_is_once_only_like_its_siblings ... ok
[INFO] [stdout] test seed_may_only_be_given_once ... ok
[INFO] [stdout] test seed_rejects_a_non_integer_value ... ok
[INFO] [stdout] test follow_an_over_ceiling_cycle_reports_and_the_tail_continues ... ok
[INFO] [stdout] test seed_leaves_rand_seed_argument_unaffected ... ok
[INFO] [stdout] test render_hist_dialect_is_accepted_advertised_and_renders_a_histogram ... ok
[INFO] [stdout] test query_time_fact_write_applies_in_memory_and_encodes ... ok
[INFO] [stdout] test schema_flag_rejects_usage_errors ... ok
[INFO] [stdout] test format_flags_require_json_output ... ok
[INFO] [stdout] test recovering_framing_plans_serial_on_the_record_route ... ok
[INFO] [stdout] test schema_flag_gates_each_input_value ... ok
[INFO] [stdout] test stream_rejects_the_document_lanes_it_cannot_serve ... ok
[INFO] [stdout] test keyword_definition_names_match_the_call_site_law ... ok
[INFO] [stdout] test single_document_output_formats_refuse_a_second_document ... ok
[INFO] [stdout] test schema_flag_composes_with_input_format ... ok
[INFO] [stdout] test stream_errors_implies_stream_and_reports_refusals_as_events ... ok
[INFO] [stdout] test serve_subcommand_owns_its_argument_surface ... ok
[INFO] [stdout] test strictness_lenient_decodes_number_spellings ... ok
[INFO] [stdout] test strictness_dial_promotes_projection_losses ... ok
[INFO] [stdout] test strict_residual_shapes_fire_outside_the_alternative_region ... ok
[INFO] [stdout] test seed_makes_a_repeated_run_byte_identical ... ok
[INFO] [stdout] test toml_foot_run_attaches_to_the_preceding_table_on_both_routes ... ok
[INFO] [stdout] test strict_intent_suppression_matches_the_adopted_law ... ok
[INFO] [stdout] test strictness_dial_exempts_halt ... ok
[INFO] [stdout] test unbuffered_plans_serial_on_the_record_route ... ok
[INFO] [stdout] test short_help_flag_never_consumes_the_next_argument ... ok
[INFO] [stdout] test strictness_dial_promotes_raw_nul_byte ... ok
[INFO] [stdout] test strictness_lenient_still_refuses_invalid_utf8_in_a_string ... ok
[INFO] [stdout] test warn_report_is_capped_and_aggregated ... ok
[INFO] [stdout] test max_rss_accepts_size_suffixes_and_percent ... ok
[INFO] [stdout] test yaml_flush_left_comment_stays_the_next_nodes_leading ... ok
[INFO] [stdout] test strict_does_not_over_suppress ... ok
[INFO] [stdout] test toml_scoped_and_whole_routes_agree_on_inline_comments ... ok
[INFO] [stdout] test slurp_refuses_past_the_ceiling_without_aborting ... ok
[INFO] [stdout] test yaml_inline_comment_attaches_to_its_own_value_both_routes ... ok
[INFO] [stdout] test xml_and_html_output_encode_arbitrary_values ... ok
[INFO] [stdout] test the_inputs_cursor_is_scoped_to_the_null_first_drive ... ok
[INFO] [stdout] test yaml_foot_comment_sequence_flavour_attaches_to_the_closing_block ... ok
[INFO] [stdout] test strict_raises_every_frozen_cell ... ok
[INFO] [stdout] test xml_member_steps_navigate_children_by_name ... ok
[INFO] [stdout] test version_flag_prints_jqfs_own_version_and_exits_zero ... ok
[INFO] [stdout] test yaml_foot_comment_attaches_to_the_closing_block_by_column ... ok
[INFO] [stdout] test strictness_flag_acceptance_and_rejection ... ok
[INFO] [stdout] test strict_sort_family_is_immune_but_an_explicit_comparison_raises ... ok
[INFO] [stdout] test stream_wires_tostream_to_stdin ... ok
[INFO] [stdout] test xpath_selects_from_the_cli_over_a_real_xml_document ... ok
[INFO] [stderr]      Running tests/collect_count_filter.rs (/opt/rustwide/target/release/deps/collect_count_filter-6752ec5714515a57)
[INFO] [stdout] test help_topics_cover_every_advertised_spelling ... ok
[INFO] [stdout] 
[INFO] [stdout] test result: ok. 120 passed; 0 failed; 0 ignored; 0 measured; 0 filtered out; finished in 1.40s
[INFO] [stdout] 
[INFO] [stdout] 
[INFO] [stdout] running 9 tests
[INFO] [stdout] test raising_elements_fail_like_the_adopted_law ... FAILED
[INFO] [stdout] test ranges_count_only_in_range_elements ... FAILED
[INFO] [stdout] test nested_select_paths_decline_but_stay_correct ... FAILED
[INFO] [stdout] test comparisons_answer_identically_over_mixed_members ... FAILED
[INFO] [stdout] test empty_and_all_falsy_catalogs_answer_zero ... FAILED
[INFO] [stdout] test nan_spellings_decline_to_the_floor ... FAILED
[INFO] [stdout] test duplicate_keys_and_escaped_spellings_follow_the_adopted_law ... FAILED
[INFO] [stdout] test object_containers_decline_to_the_floor ... FAILED
[INFO] [stdout] test exact_decimal_laws_survive_exponents ... FAILED
[INFO] [stdout] 
[INFO] [stdout] failures:
[INFO] [stdout] 
[INFO] [stdout] ---- raising_elements_fail_like_the_adopted_law stdout ----
[INFO] [stdout] 
[INFO] [stdout] thread 'raising_elements_fail_like_the_adopted_law' (3615) panicked at tests/collect_count_filter.rs:148:14:
[INFO] [stdout] jq runs: Os { code: 2, kind: NotFound, message: "No such file or directory" }
[INFO] [stdout] stack backtrace:
[INFO] [stdout]    0:     0x561e9ac9cf81 - <<std[70759c8f55707aa4]::sys::backtrace::BacktraceLock>::print::DisplayBacktrace as core[df12db4294e9bfd3]::fmt::Display>::fmt
[INFO] [stdout]    1:     0x561e9acb122a - core[df12db4294e9bfd3]::fmt::write
[INFO] [stdout]    2:     0x561e9aca148c - <alloc[2182bb758b4b3781]::vec::Vec<u8> as core[df12db4294e9bfd3]::io::write::Write>::write_fmt
[INFO] [stdout]    3:     0x561e9ac78af6 - std[70759c8f55707aa4]::panicking::default_hook::{closure#0}
[INFO] [stdout]    4:     0x561e9ac953d9 - std[70759c8f55707aa4]::panicking::default_hook
[INFO] [stdout]    5:     0x561e9ac30ff0 - test[9d35eded1c95d3be]::test_main_inner::<test[9d35eded1c95d3be]::test_main_static::{closure#0}>::{closure#0}
[INFO] [stdout]    6:     0x561e9ac95592 - std[70759c8f55707aa4]::panicking::panic_with_hook
[INFO] [stdout]    7:     0x561e9ac78ba2 - std[70759c8f55707aa4]::panicking::panic_handler::{closure#0}
[INFO] [stdout]    8:     0x561e9ac71879 - std[70759c8f55707aa4]::sys::backtrace::__rust_end_short_backtrace::<std[70759c8f55707aa4]::panicking::panic_handler::{closure#0}, !>
[INFO] [stdout]    9:     0x561e9ac7979d - __rustc[8fa7c3cbc660c2b3]::rust_begin_unwind
[INFO] [stdout]   10:     0x561e9acb195c - core[df12db4294e9bfd3]::panicking::panic_fmt
[INFO] [stdout]   11:     0x561e9acb1732 - core[df12db4294e9bfd3]::result::unwrap_failed
[INFO] [stdout]   12:     0x561e9ac23f8b - <collect_count_filter[3c5d01f09b1c32b7]::raising_elements_fail_like_the_adopted_law::{closure#0} as core[df12db4294e9bfd3]::ops::function::FnOnce<()>>::call_once
[INFO] [stdout]   13:     0x561e9ac242db - test[9d35eded1c95d3be]::__rust_begin_short_backtrace::<core[df12db4294e9bfd3]::result::Result<(), alloc[2182bb758b4b3781]::string::String>, fn() -> core[df12db4294e9bfd3]::result::Result<(), alloc[2182bb758b4b3781]::string::String>>
[INFO] [stdout]   14:     0x561e9ac31945 - test[9d35eded1c95d3be]::run_test::{closure#0}
[INFO] [stdout]   15:     0x561e9ac2b204 - std[70759c8f55707aa4]::sys::backtrace::__rust_begin_short_backtrace::<test[9d35eded1c95d3be]::run_test::{closure#1}, ()>
[INFO] [stdout]   16:     0x561e9ac34aa2 - <std[70759c8f55707aa4]::thread::lifecycle::spawn_unchecked<test[9d35eded1c95d3be]::run_test::{closure#1}, ()>::{closure#1} as core[df12db4294e9bfd3]::ops::function::FnOnce<()>>::call_once::{shim:vtable#0}
[INFO] [stdout]   17:     0x561e9ac9c669 - <std[70759c8f55707aa4]::sys::thread::unix::Thread>::new::thread_start
[INFO] [stdout]   18:     0x7d478ba88dfa - <unknown>
[INFO] [stdout]   19:     0x7d478bb1c3d4 - clone
[INFO] [stdout]   20:                0x0 - <unknown>
[INFO] [stdout] 
[INFO] [stdout] ---- ranges_count_only_in_range_elements stdout ----
[INFO] [stdout] 
[INFO] [stdout] thread 'ranges_count_only_in_range_elements' (3616) panicked at tests/collect_count_filter.rs:57:10:
[INFO] [stdout] jq runs: Os { code: 2, kind: NotFound, message: "No such file or directory" }
[INFO] [stdout] stack backtrace:
[INFO] [stdout]    0:     0x561e9ac9cf81 - <<std[70759c8f55707aa4]::sys::backtrace::BacktraceLock>::print::DisplayBacktrace as core[df12db4294e9bfd3]::fmt::Display>::fmt
[INFO] [stdout]    1:     0x561e9acb122a - core[df12db4294e9bfd3]::fmt::write
[INFO] [stdout]    2:     0x561e9aca148c - <alloc[2182bb758b4b3781]::vec::Vec<u8> as core[df12db4294e9bfd3]::io::write::Write>::write_fmt
[INFO] [stdout]    3:     0x561e9ac78af6 - std[70759c8f55707aa4]::panicking::default_hook::{closure#0}
[INFO] [stdout]    4:     0x561e9ac953d9 - std[70759c8f55707aa4]::panicking::default_hook
[INFO] [stdout]    5:     0x561e9ac30ff0 - test[9d35eded1c95d3be]::test_main_inner::<test[9d35eded1c95d3be]::test_main_static::{closure#0}>::{closure#0}
[INFO] [stdout]    6:     0x561e9ac95592 - std[70759c8f55707aa4]::panicking::panic_with_hook
[INFO] [stdout]    7:     0x561e9ac78ba2 - std[70759c8f55707aa4]::panicking::panic_handler::{closure#0}
[INFO] [stdout]    8:     0x561e9ac71879 - std[70759c8f55707aa4]::sys::backtrace::__rust_end_short_backtrace::<std[70759c8f55707aa4]::panicking::panic_handler::{closure#0}, !>
[INFO] [stdout]    9:     0x561e9ac7979d - __rustc[8fa7c3cbc660c2b3]::rust_begin_unwind
[INFO] [stdout]   10:     0x561e9acb195c - core[df12db4294e9bfd3]::panicking::panic_fmt
[INFO] [stdout]   11:     0x561e9acb1732 - core[df12db4294e9bfd3]::result::unwrap_failed
[INFO] [stdout]   12:     0x561e9ac230ed - collect_count_filter[3c5d01f09b1c32b7]::assert_served
[INFO] [stdout]   13:     0x561e9ac237a1 - <collect_count_filter[3c5d01f09b1c32b7]::ranges_count_only_in_range_elements::{closure#0} as core[df12db4294e9bfd3]::ops::function::FnOnce<()>>::call_once
[INFO] [stdout]   14:     0x561e9ac242db - test[9d35eded1c95d3be]::__rust_begin_short_backtrace::<core[df12db4294e9bfd3]::result::Result<(), alloc[2182bb758b4b3781]::string::String>, fn() -> core[df12db4294e9bfd3]::result::Result<(), alloc[2182bb758b4b3781]::string::String>>
[INFO] [stdout]   15:     0x561e9ac31945 - test[9d35eded1c95d3be]::run_test::{closure#0}
[INFO] [stdout]   16:     0x561e9ac2b204 - std[70759c8f55707aa4]::sys::backtrace::__rust_begin_short_backtrace::<test[9d35eded1c95d3be]::run_test::{closure#1}, ()>
[INFO] [stdout]   17:     0x561e9ac34aa2 - <std[70759c8f55707aa4]::thread::lifecycle::spawn_unchecked<test[9d35eded1c95d3be]::run_test::{closure#1}, ()>::{closure#1} as core[df12db4294e9bfd3]::ops::function::FnOnce<()>>::call_once::{shim:vtable#0}
[INFO] [stdout]   18:     0x561e9ac9c669 - <std[70759c8f55707aa4]::sys::thread::unix::Thread>::new::thread_start
[INFO] [stdout]   19:     0x7d478ba88dfa - <unknown>
[INFO] [stdout]   20:     0x7d478bb1c3d4 - clone
[INFO] [stdout]   21:                0x0 - <unknown>
[INFO] [stdout] 
[INFO] [stdout] ---- nested_select_paths_decline_but_stay_correct stdout ----
[INFO] [stdout] 
[INFO] [stdout] thread 'nested_select_paths_decline_but_stay_correct' (3613) panicked at tests/collect_count_filter.rs:57:10:
[INFO] [stdout] jq runs: Os { code: 2, kind: NotFound, message: "No such file or directory" }
[INFO] [stdout] stack backtrace:
[INFO] [stdout]    0:     0x561e9ac9cf81 - <<std[70759c8f55707aa4]::sys::backtrace::BacktraceLock>::print::DisplayBacktrace as core[df12db4294e9bfd3]::fmt::Display>::fmt
[INFO] [stdout]    1:     0x561e9acb122a - core[df12db4294e9bfd3]::fmt::write
[INFO] [stdout]    2:     0x561e9aca148c - <alloc[2182bb758b4b3781]::vec::Vec<u8> as core[df12db4294e9bfd3]::io::write::Write>::write_fmt
[INFO] [stdout]    3:     0x561e9ac78af6 - std[70759c8f55707aa4]::panicking::default_hook::{closure#0}
[INFO] [stdout]    4:     0x561e9ac953d9 - std[70759c8f55707aa4]::panicking::default_hook
[INFO] [stdout]    5:     0x561e9ac30ff0 - test[9d35eded1c95d3be]::test_main_inner::<test[9d35eded1c95d3be]::test_main_static::{closure#0}>::{closure#0}
[INFO] [stdout]    6:     0x561e9ac95592 - std[70759c8f55707aa4]::panicking::panic_with_hook
[INFO] [stdout]    7:     0x561e9ac78ba2 - std[70759c8f55707aa4]::panicking::panic_handler::{closure#0}
[INFO] [stdout]    8:     0x561e9ac71879 - std[70759c8f55707aa4]::sys::backtrace::__rust_end_short_backtrace::<std[70759c8f55707aa4]::panicking::panic_handler::{closure#0}, !>
[INFO] [stdout]    9:     0x561e9ac7979d - __rustc[8fa7c3cbc660c2b3]::rust_begin_unwind
[INFO] [stdout]   10:     0x561e9acb195c - core[df12db4294e9bfd3]::panicking::panic_fmt
[INFO] [stdout]   11:     0x561e9acb1732 - core[df12db4294e9bfd3]::result::unwrap_failed
[INFO] [stdout]   12:     0x561e9ac230ed - collect_count_filter[3c5d01f09b1c32b7]::assert_served
[INFO] [stdout]   13:     0x561e9ac24151 - <collect_count_filter[3c5d01f09b1c32b7]::nested_select_paths_decline_but_stay_correct::{closure#0} as core[df12db4294e9bfd3]::ops::function::FnOnce<()>>::call_once
[INFO] [stdout]   14:     0x561e9ac242db - test[9d35eded1c95d3be]::__rust_begin_short_backtrace::<core[df12db4294e9bfd3]::result::Result<(), alloc[2182bb758b4b3781]::string::String>, fn() -> core[df12db4294e9bfd3]::result::Result<(), alloc[2182bb758b4b3781]::string::String>>
[INFO] [stdout]   15:     0x561e9ac31945 - test[9d35eded1c95d3be]::run_test::{closure#0}
[INFO] [stdout]   16:     0x561e9ac2b204 - std[70759c8f55707aa4]::sys::backtrace::__rust_begin_short_backtrace::<test[9d35eded1c95d3be]::run_test::{closure#1}, ()>
[INFO] [stdout]   17:     0x561e9ac34aa2 - <std[70759c8f55707aa4]::thread::lifecycle::spawn_unchecked<test[9d35eded1c95d3be]::run_test::{closure#1}, ()>::{closure#1} as core[df12db4294e9bfd3]::ops::function::FnOnce<()>>::call_once::{shim:vtable#0}
[INFO] [stdout]   18:     0x561e9ac9c669 - <std[70759c8f55707aa4]::sys::thread::unix::Thread>::new::thread_start
[INFO] [stdout]   19:     0x7d478ba88dfa - <unknown>
[INFO] [stdout]   20:     0x7d478bb1c3d4 - clone
[INFO] [stdout]   21:                0x0 - <unknown>
[INFO] [stdout] 
[INFO] [stdout] ---- comparisons_answer_identically_over_mixed_members stdout ----
[INFO] [stdout] 
[INFO] [stdout] thread 'comparisons_answer_identically_over_mixed_members' (3608) panicked at tests/collect_count_filter.rs:57:10:
[INFO] [stdout] jq runs: Os { code: 2, kind: NotFound, message: "No such file or directory" }
[INFO] [stdout] stack backtrace:
[INFO] [stdout]    0:     0x561e9ac9cf81 - <<std[70759c8f55707aa4]::sys::backtrace::BacktraceLock>::print::DisplayBacktrace as core[df12db4294e9bfd3]::fmt::Display>::fmt
[INFO] [stdout]    1:     0x561e9acb122a - core[df12db4294e9bfd3]::fmt::write
[INFO] [stdout]    2:     0x561e9aca148c - <alloc[2182bb758b4b3781]::vec::Vec<u8> as core[df12db4294e9bfd3]::io::write::Write>::write_fmt
[INFO] [stdout]    3:     0x561e9ac78af6 - std[70759c8f55707aa4]::panicking::default_hook::{closure#0}
[INFO] [stdout]    4:     0x561e9ac953d9 - std[70759c8f55707aa4]::panicking::default_hook
[INFO] [stdout]    5:     0x561e9ac30ff0 - test[9d35eded1c95d3be]::test_main_inner::<test[9d35eded1c95d3be]::test_main_static::{closure#0}>::{closure#0}
[INFO] [stdout]    6:     0x561e9ac95592 - std[70759c8f55707aa4]::panicking::panic_with_hook
[INFO] [stdout]    7:     0x561e9ac78ba2 - std[70759c8f55707aa4]::panicking::panic_handler::{closure#0}
[INFO] [stdout]    8:     0x561e9ac71879 - std[70759c8f55707aa4]::sys::backtrace::__rust_end_short_backtrace::<std[70759c8f55707aa4]::panicking::panic_handler::{closure#0}, !>
[INFO] [stdout]    9:     0x561e9ac7979d - __rustc[8fa7c3cbc660c2b3]::rust_begin_unwind
[INFO] [stdout]   10:     0x561e9acb195c - core[df12db4294e9bfd3]::panicking::panic_fmt
[INFO] [stdout]   11:     0x561e9acb1732 - core[df12db4294e9bfd3]::result::unwrap_failed
[INFO] [stdout]   12:     0x561e9ac230ed - collect_count_filter[3c5d01f09b1c32b7]::assert_served
[INFO] [stdout]   13:     0x561e9ac24187 - <collect_count_filter[3c5d01f09b1c32b7]::comparisons_answer_identically_over_mixed_members::{closure#0} as core[df12db4294e9bfd3]::ops::function::FnOnce<()>>::call_once
[INFO] [stdout]   14:     0x561e9ac242db - test[9d35eded1c95d3be]::__rust_begin_short_backtrace::<core[df12db4294e9bfd3]::result::Result<(), alloc[2182bb758b4b3781]::string::String>, fn() -> core[df12db4294e9bfd3]::result::Result<(), alloc[2182bb758b4b3781]::string::String>>
[INFO] [stdout]   15:     0x561e9ac31945 - test[9d35eded1c95d3be]::run_test::{closure#0}
[INFO] [stdout]   16:     0x561e9ac2b204 - std[70759c8f55707aa4]::sys::backtrace::__rust_begin_short_backtrace::<test[9d35eded1c95d3be]::run_test::{closure#1}, ()>
[INFO] [stdout]   17:     0x561e9ac34aa2 - <std[70759c8f55707aa4]::thread::lifecycle::spawn_unchecked<test[9d35eded1c95d3be]::run_test::{closure#1}, ()>::{closure#1} as core[df12db4294e9bfd3]::ops::function::FnOnce<()>>::call_once::{shim:vtable#0}
[INFO] [stdout]   18:     0x561e9ac9c669 - <std[70759c8f55707aa4]::sys::thread::unix::Thread>::new::thread_start
[INFO] [stdout]   19:     0x7d478ba88dfa - <unknown>
[INFO] [stdout]   20:     0x7d478bb1c3d4 - clone
[INFO] [stdout]   21:                0x0 - <unknown>
[INFO] [stdout] 
[INFO] [stdout] ---- empty_and_all_falsy_catalogs_answer_zero stdout ----
[INFO] [stdout] 
[INFO] [stdout] thread 'empty_and_all_falsy_catalogs_answer_zero' (3610) panicked at tests/collect_count_filter.rs:57:10:
[INFO] [stdout] jq runs: Os { code: 2, kind: NotFound, message: "No such file or directory" }
[INFO] [stdout] stack backtrace:
[INFO] [stdout]    0:     0x561e9ac9cf81 - <<std[70759c8f55707aa4]::sys::backtrace::BacktraceLock>::print::DisplayBacktrace as core[df12db4294e9bfd3]::fmt::Display>::fmt
[INFO] [stdout]    1:     0x561e9acb122a - core[df12db4294e9bfd3]::fmt::write
[INFO] [stdout]    2:     0x561e9aca148c - <alloc[2182bb758b4b3781]::vec::Vec<u8> as core[df12db4294e9bfd3]::io::write::Write>::write_fmt
[INFO] [stdout]    3:     0x561e9ac78af6 - std[70759c8f55707aa4]::panicking::default_hook::{closure#0}
[INFO] [stdout]    4:     0x561e9ac953d9 - std[70759c8f55707aa4]::panicking::default_hook
[INFO] [stdout]    5:     0x561e9ac30ff0 - test[9d35eded1c95d3be]::test_main_inner::<test[9d35eded1c95d3be]::test_main_static::{closure#0}>::{closure#0}
[INFO] [stdout]    6:     0x561e9ac95592 - std[70759c8f55707aa4]::panicking::panic_with_hook
[INFO] [stdout]    7:     0x561e9ac78ba2 - std[70759c8f55707aa4]::panicking::panic_handler::{closure#0}
[INFO] [stdout]    8:     0x561e9ac71879 - std[70759c8f55707aa4]::sys::backtrace::__rust_end_short_backtrace::<std[70759c8f55707aa4]::panicking::panic_handler::{closure#0}, !>
[INFO] [stdout]    9:     0x561e9ac7979d - __rustc[8fa7c3cbc660c2b3]::rust_begin_unwind
[INFO] [stdout]   10:     0x561e9acb195c - core[df12db4294e9bfd3]::panicking::panic_fmt
[INFO] [stdout]   11:     0x561e9acb1732 - core[df12db4294e9bfd3]::result::unwrap_failed
[INFO] [stdout]   12:     0x561e9ac230ed - collect_count_filter[3c5d01f09b1c32b7]::assert_served
[INFO] [stdout]   13:     0x561e9ac23837 - <collect_count_filter[3c5d01f09b1c32b7]::empty_and_all_falsy_catalogs_answer_zero::{closure#0} as core[df12db4294e9bfd3]::ops::function::FnOnce<()>>::call_once
[INFO] [stdout]   14:     0x561e9ac242db - test[9d35eded1c95d3be]::__rust_begin_short_backtrace::<core[df12db4294e9bfd3]::result::Result<(), alloc[2182bb758b4b3781]::string::String>, fn() -> core[df12db4294e9bfd3]::result::Result<(), alloc[2182bb758b4b3781]::string::String>>
[INFO] [stdout]   15:     0x561e9ac31945 - test[9d35eded1c95d3be]::run_test::{closure#0}
[INFO] [stdout]   16:     0x561e9ac2b204 - std[70759c8f55707aa4]::sys::backtrace::__rust_begin_short_backtrace::<test[9d35eded1c95d3be]::run_test::{closure#1}, ()>
[INFO] [stdout]   17:     0x561e9ac34aa2 - <std[70759c8f55707aa4]::thread::lifecycle::spawn_unchecked<test[9d35eded1c95d3be]::run_test::{closure#1}, ()>::{closure#1} as core[df12db4294e9bfd3]::ops::function::FnOnce<()>>::call_once::{shim:vtable#0}
[INFO] [stdout]   18:     0x561e9ac9c669 - <std[70759c8f55707aa4]::sys::thread::unix::Thread>::new::thread_start
[INFO] [stdout]   19:     0x7d478ba88dfa - <unknown>
[INFO] [stdout]   20:     0x7d478bb1c3d4 - clone
[INFO] [stdout]   21:                0x0 - <unknown>
[INFO] [stdout] 
[INFO] [stdout] ---- nan_spellings_decline_to_the_floor stdout ----
[INFO] [stdout] 
[INFO] [stdout] thread 'nan_spellings_decline_to_the_floor' (3612) panicked at tests/collect_count_filter.rs:57:10:
[INFO] [stdout] jq runs: Os { code: 2, kind: NotFound, message: "No such file or directory" }
[INFO] [stdout] stack backtrace:
[INFO] [stdout]    0:     0x561e9ac9cf81 - <<std[70759c8f55707aa4]::sys::backtrace::BacktraceLock>::print::DisplayBacktrace as core[df12db4294e9bfd3]::fmt::Display>::fmt
[INFO] [stdout]    1:     0x561e9acb122a - core[df12db4294e9bfd3]::fmt::write
[INFO] [stdout]    2:     0x561e9aca148c - <alloc[2182bb758b4b3781]::vec::Vec<u8> as core[df12db4294e9bfd3]::io::write::Write>::write_fmt
[INFO] [stdout]    3:     0x561e9ac78af6 - std[70759c8f55707aa4]::panicking::default_hook::{closure#0}
[INFO] [stdout]    4:     0x561e9ac953d9 - std[70759c8f55707aa4]::panicking::default_hook
[INFO] [stdout]    5:     0x561e9ac30ff0 - test[9d35eded1c95d3be]::test_main_inner::<test[9d35eded1c95d3be]::test_main_static::{closure#0}>::{closure#0}
[INFO] [stdout]    6:     0x561e9ac95592 - std[70759c8f55707aa4]::panicking::panic_with_hook
[INFO] [stdout]    7:     0x561e9ac78ba2 - std[70759c8f55707aa4]::panicking::panic_handler::{closure#0}
[INFO] [stdout]    8:     0x561e9ac71879 - std[70759c8f55707aa4]::sys::backtrace::__rust_end_short_backtrace::<std[70759c8f55707aa4]::panicking::panic_handler::{closure#0}, !>
[INFO] [stdout]    9:     0x561e9ac7979d - __rustc[8fa7c3cbc660c2b3]::rust_begin_unwind
[INFO] [stdout]   10:     0x561e9acb195c - core[df12db4294e9bfd3]::panicking::panic_fmt
[INFO] [stdout]   11:     0x561e9acb1732 - core[df12db4294e9bfd3]::result::unwrap_failed
[INFO] [stdout]   12:     0x561e9ac230ed - collect_count_filter[3c5d01f09b1c32b7]::assert_served
[INFO] [stdout]   13:     0x561e9ac23771 - <collect_count_filter[3c5d01f09b1c32b7]::nan_spellings_decline_to_the_floor::{closure#0} as core[df12db4294e9bfd3]::ops::function::FnOnce<()>>::call_once
[INFO] [stdout]   14:     0x561e9ac242db - test[9d35eded1c95d3be]::__rust_begin_short_backtrace::<core[df12db4294e9bfd3]::result::Result<(), alloc[2182bb758b4b3781]::string::String>, fn() -> core[df12db4294e9bfd3]::result::Result<(), alloc[2182bb758b4b3781]::string::String>>
[INFO] [stdout]   15:     0x561e9ac31945 - test[9d35eded1c95d3be]::run_test::{closure#0}
[INFO] [stdout]   16:     0x561e9ac2b204 - std[70759c8f55707aa4]::sys::backtrace::__rust_begin_short_backtrace::<test[9d35eded1c95d3be]::run_test::{closure#1}, ()>
[INFO] [stdout]   17:     0x561e9ac34aa2 - <std[70759c8f55707aa4]::thread::lifecycle::spawn_unchecked<test[9d35eded1c95d3be]::run_test::{closure#1}, ()>::{closure#1} as core[df12db4294e9bfd3]::ops::function::FnOnce<()>>::call_once::{shim:vtable#0}
[INFO] [stdout]   18:     0x561e9ac9c669 - <std[70759c8f55707aa4]::sys::thread::unix::Thread>::new::thread_start
[INFO] [stdout]   19:     0x7d478ba88dfa - <unknown>
[INFO] [stdout]   20:     0x7d478bb1c3d4 - clone
[INFO] [stdout]   21:                0x0 - <unknown>
[INFO] [stdout] 
[INFO] [stdout] ---- duplicate_keys_and_escaped_spellings_follow_the_adopted_law stdout ----
[INFO] [stdout] 
[INFO] [stdout] thread 'duplicate_keys_and_escaped_spellings_follow_the_adopted_law' (3609) panicked at tests/collect_count_filter.rs:57:10:
[INFO] [stdout] jq runs: Os { code: 2, kind: NotFound, message: "No such file or directory" }
[INFO] [stdout] stack backtrace:
[INFO] [stdout]    0:     0x561e9ac9cf81 - <<std[70759c8f55707aa4]::sys::backtrace::BacktraceLock>::print::DisplayBacktrace as core[df12db4294e9bfd3]::fmt::Display>::fmt
[INFO] [stdout]    1:     0x561e9acb122a - core[df12db4294e9bfd3]::fmt::write
[INFO] [stdout]    2:     0x561e9aca148c - <alloc[2182bb758b4b3781]::vec::Vec<u8> as core[df12db4294e9bfd3]::io::write::Write>::write_fmt
[INFO] [stdout]    3:     0x561e9ac78af6 - std[70759c8f55707aa4]::panicking::default_hook::{closure#0}
[INFO] [stdout]    4:     0x561e9ac953d9 - std[70759c8f55707aa4]::panicking::default_hook
[INFO] [stdout]    5:     0x561e9ac30ff0 - test[9d35eded1c95d3be]::test_main_inner::<test[9d35eded1c95d3be]::test_main_static::{closure#0}>::{closure#0}
[INFO] [stdout]    6:     0x561e9ac95592 - std[70759c8f55707aa4]::panicking::panic_with_hook
[INFO] [stdout]    7:     0x561e9ac78ba2 - std[70759c8f55707aa4]::panicking::panic_handler::{closure#0}
[INFO] [stdout]    8:     0x561e9ac71879 - std[70759c8f55707aa4]::sys::backtrace::__rust_end_short_backtrace::<std[70759c8f55707aa4]::panicking::panic_handler::{closure#0}, !>
[INFO] [stdout]    9:     0x561e9ac7979d - __rustc[8fa7c3cbc660c2b3]::rust_begin_unwind
[INFO] [stdout]   10:     0x561e9acb195c - core[df12db4294e9bfd3]::panicking::panic_fmt
[INFO] [stdout]   11:     0x561e9acb1732 - core[df12db4294e9bfd3]::result::unwrap_failed
[INFO] [stdout]   12:     0x561e9ac230ed - collect_count_filter[3c5d01f09b1c32b7]::assert_served
[INFO] [stdout]   13:     0x561e9ac24271 - <collect_count_filter[3c5d01f09b1c32b7]::duplicate_keys_and_escaped_spellings_follow_the_adopted_law::{closure#0} as core[df12db4294e9bfd3]::ops::function::FnOnce<()>>::call_once
[INFO] [stdout]   14:     0x561e9ac242db - test[9d35eded1c95d3be]::__rust_begin_short_backtrace::<core[df12db4294e9bfd3]::result::Result<(), alloc[2182bb758b4b3781]::string::String>, fn() -> core[df12db4294e9bfd3]::result::Result<(), alloc[2182bb758b4b3781]::string::String>>
[INFO] [stdout]   15:     0x561e9ac31945 - test[9d35eded1c95d3be]::run_test::{closure#0}
[INFO] [stdout]   16:     0x561e9ac2b204 - std[70759c8f55707aa4]::sys::backtrace::__rust_begin_short_backtrace::<test[9d35eded1c95d3be]::run_test::{closure#1}, ()>
[INFO] [stdout]   17:     0x561e9ac34aa2 - <std[70759c8f55707aa4]::thread::lifecycle::spawn_unchecked<test[9d35eded1c95d3be]::run_test::{closure#1}, ()>::{closure#1} as core[df12db4294e9bfd3]::ops::function::FnOnce<()>>::call_once::{shim:vtable#0}
[INFO] [stdout]   18:     0x561e9ac9c669 - <std[70759c8f55707aa4]::sys::thread::unix::Thread>::new::thread_start
[INFO] [stdout]   19:     0x7d478ba88dfa - <unknown>
[INFO] [stdout]   20:     0x7d478bb1c3d4 - clone
[INFO] [stdout]   21:                0x0 - <unknown>
[INFO] [stdout] 
[INFO] [stdout] ---- object_containers_decline_to_the_floor stdout ----
[INFO] [stdout] 
[INFO] [stdout] thread 'object_containers_decline_to_the_floor' (3614) panicked at tests/collect_count_filter.rs:57:10:
[INFO] [stdout] jq runs: Os { code: 2, kind: NotFound, message: "No such file or directory" }
[INFO] [stdout] stack backtrace:
[INFO] [stdout]    0:     0x561e9ac9cf81 - <<std[70759c8f55707aa4]::sys::backtrace::BacktraceLock>::print::DisplayBacktrace as core[df12db4294e9bfd3]::fmt::Display>::fmt
[INFO] [stdout]    1:     0x561e9acb122a - core[df12db4294e9bfd3]::fmt::write
[INFO] [stdout]    2:     0x561e9aca148c - <alloc[2182bb758b4b3781]::vec::Vec<u8> as core[df12db4294e9bfd3]::io::write::Write>::write_fmt
[INFO] [stdout]    3:     0x561e9ac78af6 - std[70759c8f55707aa4]::panicking::default_hook::{closure#0}
[INFO] [stdout]    4:     0x561e9ac953d9 - std[70759c8f55707aa4]::panicking::default_hook
[INFO] [stdout]    5:     0x561e9ac30ff0 - test[9d35eded1c95d3be]::test_main_inner::<test[9d35eded1c95d3be]::test_main_static::{closure#0}>::{closure#0}
[INFO] [stdout]    6:     0x561e9ac95592 - std[70759c8f55707aa4]::panicking::panic_with_hook
[INFO] [stdout]    7:     0x561e9ac78ba2 - std[70759c8f55707aa4]::panicking::panic_handler::{closure#0}
[INFO] [stdout]    8:     0x561e9ac71879 - std[70759c8f55707aa4]::sys::backtrace::__rust_end_short_backtrace::<std[70759c8f55707aa4]::panicking::panic_handler::{closure#0}, !>
[INFO] [stdout]    9:     0x561e9ac7979d - __rustc[8fa7c3cbc660c2b3]::rust_begin_unwind
[INFO] [stdout]   10:     0x561e9acb195c - core[df12db4294e9bfd3]::panicking::panic_fmt
[INFO] [stdout]   11:     0x561e9acb1732 - core[df12db4294e9bfd3]::result::unwrap_failed
[INFO] [stdout]   12:     0x561e9ac230ed - collect_count_filter[3c5d01f09b1c32b7]::assert_served
[INFO] [stdout]   13:     0x561e9ac23801 - <collect_count_filter[3c5d01f09b1c32b7]::object_containers_decline_to_the_floor::{closure#0} as core[df12db4294e9bfd3]::ops::function::FnOnce<()>>::call_once
[INFO] [stdout]   14:     0x561e9ac242db - test[9d35eded1c95d3be]::__rust_begin_short_backtrace::<core[df12db4294e9bfd3]::result::Result<(), alloc[2182bb758b4b3781]::string::String>, fn() -> core[df12db4294e9bfd3]::result::Result<(), alloc[2182bb758b4b3781]::string::String>>
[INFO] [stdout]   15:     0x561e9ac31945 - test[9d35eded1c95d3be]::run_test::{closure#0}
[INFO] [stdout]   16:     0x561e9ac2b204 - std[70759c8f55707aa4]::sys::backtrace::__rust_begin_short_backtrace::<test[9d35eded1c95d3be]::run_test::{closure#1}, ()>
[INFO] [stdout]   17:     0x561e9ac34aa2 - <std[70759c8f55707aa4]::thread::lifecycle::spawn_unchecked<test[9d35eded1c95d3be]::run_test::{closure#1}, ()>::{closure#1} as core[df12db4294e9bfd3]::ops::function::FnOnce<()>>::call_once::{shim:vtable#0}
[INFO] [stdout]   18:     0x561e9ac9c669 - <std[70759c8f55707aa4]::sys::thread::unix::Thread>::new::thread_start
[INFO] [stdout]   19:     0x7d478ba88dfa - <unknown>
[INFO] [stdout]   20:     0x7d478bb1c3d4 - clone
[INFO] [stdout]   21:                0x0 - <unknown>
[INFO] [stdout] 
[INFO] [stdout] ---- exact_decimal_laws_survive_exponents stdout ----
[INFO] [stdout] 
[INFO] [stdout] thread 'exact_decimal_laws_survive_exponents' (3611) panicked at tests/collect_count_filter.rs:57:10:
[INFO] [stdout] jq runs: Os { code: 2, kind: NotFound, message: "No such file or directory" }
[INFO] [stdout] stack backtrace:
[INFO] [stdout]    0:     0x561e9ac9cf81 - <<std[70759c8f55707aa4]::sys::backtrace::BacktraceLock>::print::DisplayBacktrace as core[df12db4294e9bfd3]::fmt::Display>::fmt
[INFO] [stdout]    1:     0x561e9acb122a - core[df12db4294e9bfd3]::fmt::write
[INFO] [stdout]    2:     0x561e9aca148c - <alloc[2182bb758b4b3781]::vec::Vec<u8> as core[df12db4294e9bfd3]::io::write::Write>::write_fmt
[INFO] [stdout]    3:     0x561e9ac78af6 - std[70759c8f55707aa4]::panicking::default_hook::{closure#0}
[INFO] [stdout]    4:     0x561e9ac953d9 - std[70759c8f55707aa4]::panicking::default_hook
[INFO] [stdout]    5:     0x561e9ac30ff0 - test[9d35eded1c95d3be]::test_main_inner::<test[9d35eded1c95d3be]::test_main_static::{closure#0}>::{closure#0}
[INFO] [stdout]    6:     0x561e9ac95592 - std[70759c8f55707aa4]::panicking::panic_with_hook
[INFO] [stdout]    7:     0x561e9ac78ba2 - std[70759c8f55707aa4]::panicking::panic_handler::{closure#0}
[INFO] [stdout]    8:     0x561e9ac71879 - std[70759c8f55707aa4]::sys::backtrace::__rust_end_short_backtrace::<std[70759c8f55707aa4]::panicking::panic_handler::{closure#0}, !>
[INFO] [stdout]    9:     0x561e9ac7979d - __rustc[8fa7c3cbc660c2b3]::rust_begin_unwind
[INFO] [stdout]   10:     0x561e9acb195c - core[df12db4294e9bfd3]::panicking::panic_fmt
[INFO] [stdout]   11:     0x561e9acb1732 - core[df12db4294e9bfd3]::result::unwrap_failed
[INFO] [stdout]   12:     0x561e9ac230ed - collect_count_filter[3c5d01f09b1c32b7]::assert_served
[INFO] [stdout]   13:     0x561e9ac237d1 - <collect_count_filter[3c5d01f09b1c32b7]::exact_decimal_laws_survive_exponents::{closure#0} as core[df12db4294e9bfd3]::ops::function::FnOnce<()>>::call_once
[INFO] [stdout]   14:     0x561e9ac242db - test[9d35eded1c95d3be]::__rust_begin_short_backtrace::<core[df12db4294e9bfd3]::result::Result<(), alloc[2182bb758b4b3781]::string::String>, fn() -> core[df12db4294e9bfd3]::result::Result<(), alloc[2182bb758b4b3781]::string::String>>
[INFO] [stdout]   15:     0x561e9ac31945 - test[9d35eded1c95d3be]::run_test::{closure#0}
[INFO] [stdout]   16:     0x561e9ac2b204 - std[70759c8f55707aa4]::sys::backtrace::__rust_begin_short_backtrace::<test[9d35eded1c95d3be]::run_test::{closure#1}, ()>
[INFO] [stdout]   17:     0x561e9ac34aa2 - <std[70759c8f55707aa4]::thread::lifecycle::spawn_unchecked<test[9d35eded1c95d3be]::run_test::{closure#1}, ()>::{closure#1} as core[df12db4294e9bfd3]::ops::function::FnOnce<()>>::call_once::{shim:vtable#0}
[INFO] [stdout]   18:     0x561e9ac9c669 - <std[70759c8f55707aa4]::sys::thread::unix::Thread>::new::thread_start
[INFO] [stdout]   19:     0x7d478ba88dfa - <unknown>
[INFO] [stdout]   20:     0x7d478bb1c3d4 - clone
[INFO] [stdout]   21:                0x0 - <unknown>
[INFO] [stdout] 
[INFO] [stdout] 
[INFO] [stdout] failures:
[INFO] [stdout]     comparisons_answer_identically_over_mixed_members
[INFO] [stdout]     duplicate_keys_and_escaped_spellings_follow_the_adopted_law
[INFO] [stdout]     empty_and_all_falsy_catalogs_answer_zero
[INFO] [stdout]     exact_decimal_laws_survive_exponents
[INFO] [stdout]     nan_spellings_decline_to_the_floor
[INFO] [stdout]     nested_select_paths_decline_but_stay_correct
[INFO] [stdout]     object_containers_decline_to_the_floor
[INFO] [stdout]     raising_elements_fail_like_the_adopted_law
[INFO] [stdout]     ranges_count_only_in_range_elements
[INFO] [stdout] 
[INFO] [stdout] test result: FAILED. 0 passed; 9 failed; 0 ignored; 0 measured; 0 filtered out; finished in 0.12s
[INFO] [stdout] 
[INFO] [stderr] error: test failed, to rerun pass `--test collect_count_filter`
[INFO] running `Command { std: "docker" "inspect" "4167513092fa9af35b55852c3f7c4693b672679f607cc54b0feebe997d14a72b", kill_on_drop: false }`
[INFO] running `Command { std: "docker" "rm" "-f" "4167513092fa9af35b55852c3f7c4693b672679f607cc54b0feebe997d14a72b", kill_on_drop: false }`
[INFO] [stdout] 4167513092fa9af35b55852c3f7c4693b672679f607cc54b0feebe997d14a72b
