[INFO] fetching crate jpxl-conformance 0.3.0...
[INFO] testing jpxl-conformance-0.3.0 against 1.100.0-beta.1+cargoflags=--release for beta-release-1.100-2
[INFO] extracting crate jpxl-conformance 0.3.0 into /workspace/builds/worker-0-tc2/source
[INFO] started tweaking crates.io crate jpxl-conformance 0.3.0
[INFO] removed 0 missing tests
[INFO] finished tweaking crates.io crate jpxl-conformance 0.3.0
[INFO] tweaked toml for crates.io crate jpxl-conformance 0.3.0 written to /workspace/builds/worker-0-tc2/source/Cargo.toml
[INFO] validating manifest of crates.io crate jpxl-conformance 0.3.0 on toolchain 1.100.0-beta.1
[INFO] running `Command { std: CARGO_HOME="/workspace/cargo-home" RUSTUP_HOME="/workspace/rustup-home" "/workspace/cargo-home/bin/cargo" "+1.100.0-beta.1" "metadata" "--manifest-path" "Cargo.toml" "--no-deps", kill_on_drop: false }`
[INFO] crate crates.io crate jpxl-conformance 0.3.0 already has a lockfile, it will not be regenerated
[INFO] running `Command { std: CARGO_HOME="/workspace/cargo-home" RUSTUP_HOME="/workspace/rustup-home" "/workspace/cargo-home/bin/cargo" "+1.100.0-beta.1" "fetch" "--manifest-path" "Cargo.toml", kill_on_drop: false }`
[INFO] [stderr] warning: `package.homepage` is redundant with `package.repository`
[INFO] [stderr]   --> Cargo.toml:41:12
[INFO] [stderr]    |
[INFO] [stderr] 41 | homepage = "https://github.com/LegeApp/JPXL"
[INFO] [stderr]    |            ^^^^^^^^^^^^^^^^^^^^^^^^^^^^^^^^^
[INFO] [stderr] ...
[INFO] [stderr] 46 | repository = "https://github.com/LegeApp/JPXL"
[INFO] [stderr]    |              ---------------------------------
[INFO] [stderr]    |
[INFO] [stderr]    = note: `cargo::redundant_homepage` is set to `warn` by default
[INFO] [stderr] help: consider removing `package.homepage`
[INFO] [stderr] warning: `jpxl-conformance` (manifest) generated 1 warning
[INFO] running `Command { std: "docker" "create" "-v" "/var/lib/crater-agent-workspace/builds/worker-0-tc2/source:/opt/rustwide/workdir:ro,Z" "-v" "/var/lib/crater-agent-workspace/builds/worker-0-tc2/target:/opt/rustwide/target:rw,Z" "-v" "/var/lib/crater-agent-workspace/cargo-home:/opt/rustwide/cargo-home:ro,Z" "-v" "/var/lib/crater-agent-workspace/rustup-home:/opt/rustwide/rustup-home:ro,Z" "-m" "1610612736" "--network" "none" "ghcr.io/rust-lang/crates-build-env/linux@sha256:77db811e55d90add9212f6832c23229e3de5f1c1f9905e8cb07319ea15df73ac" "sleep" "infinity", kill_on_drop: false }`
[INFO] [stdout] a8550ec46f16dbf7424363de13e7aaabcc7903a011d9538873847e59483d7c2e
[INFO] running `Command { std: "docker" "start" "a8550ec46f16dbf7424363de13e7aaabcc7903a011d9538873847e59483d7c2e", kill_on_drop: false }`
[INFO] running `Command { std: "docker" "inspect" "a8550ec46f16dbf7424363de13e7aaabcc7903a011d9538873847e59483d7c2e", kill_on_drop: false }`
[INFO] running `Command { std: "docker" "exec" "-e" "SOURCE_DIR=/opt/rustwide/workdir" "-e" "CARGO_HOME=/opt/rustwide/cargo-home" "-e" "RUSTUP_HOME=/opt/rustwide/rustup-home" "-e" "CARGO_TARGET_DIR=/opt/rustwide/target" "-w" "/opt/rustwide/workdir" "--user" "0:0" "a8550ec46f16dbf7424363de13e7aaabcc7903a011d9538873847e59483d7c2e" "/opt/rustwide/cargo-home/bin/cargo" "+1.100.0-beta.1" "metadata" "--no-deps" "--format-version=1", kill_on_drop: false }`
[INFO] running `Command { std: "docker" "inspect" "a8550ec46f16dbf7424363de13e7aaabcc7903a011d9538873847e59483d7c2e", kill_on_drop: false }`
[INFO] running `Command { std: "docker" "exec" "-e" "SOURCE_DIR=/opt/rustwide/workdir" "-e" "CARGO_HOME=/opt/rustwide/cargo-home" "-e" "RUSTUP_HOME=/opt/rustwide/rustup-home" "-e" "CARGO_TARGET_DIR=/opt/rustwide/target" "-e" "CARGO_INCREMENTAL=0" "-e" "RUST_BACKTRACE=full" "-e" "RUSTFLAGS=--cap-lints=warn" "-e" "RUSTDOCFLAGS=--cap-lints=warn" "-w" "/opt/rustwide/workdir" "--user" "0:0" "a8550ec46f16dbf7424363de13e7aaabcc7903a011d9538873847e59483d7c2e" "/opt/rustwide/cargo-home/bin/cargo" "+1.100.0-beta.1" "build" "--frozen" "--message-format=json" "--release", kill_on_drop: false }`
[INFO] [stderr] warning: `package.homepage` is redundant with `package.repository`
[INFO] [stderr]   --> Cargo.toml:41:12
[INFO] [stderr]    |
[INFO] [stderr] 41 | homepage = "https://github.com/LegeApp/JPXL"
[INFO] [stderr]    |            ^^^^^^^^^^^^^^^^^^^^^^^^^^^^^^^^^
[INFO] [stderr] ...
[INFO] [stderr] 46 | repository = "https://github.com/LegeApp/JPXL"
[INFO] [stderr]    |              ---------------------------------
[INFO] [stderr]    |
[INFO] [stderr]    = note: `cargo::redundant_homepage` is set to `warn` by default
[INFO] [stderr] help: consider removing `package.homepage`
[INFO] [stderr] warning: `jpxl-conformance` (manifest) generated 1 warning
[INFO] [stderr]    Compiling safe_arch v0.7.4
[INFO] [stderr]    Compiling jpxl-bitstream v0.3.0
[INFO] [stderr]    Compiling wide v0.7.33
[INFO] [stderr]    Compiling jpxl-core v0.3.0
[INFO] [stderr]    Compiling jpxl-conformance v0.3.0 (/opt/rustwide/workdir)
[INFO] [stderr] warning: unused dependency `jpxl-core`
[INFO] [stderr]  --> Cargo.toml:5:15
[INFO] [stderr]   |
[INFO] [stderr] 5 | [dependencies.jpxl-core]
[INFO] [stderr]   |               ^^^^^^^^^^
[INFO] [stderr]   |
[INFO] [stderr]   = note: `cargo::unused_dependencies` is set to `warn` by default
[INFO] [stderr] help: consider removing the dependency on `jpxl-core`
[INFO] [stderr] warning: `jpxl-conformance` (manifest) generated 1 warning
[INFO] [stderr]     Finished `release` profile [optimized] target(s) in 8.32s
[INFO] running `Command { std: "docker" "inspect" "a8550ec46f16dbf7424363de13e7aaabcc7903a011d9538873847e59483d7c2e", kill_on_drop: false }`
[INFO] running `Command { std: "docker" "exec" "-e" "SOURCE_DIR=/opt/rustwide/workdir" "-e" "CARGO_HOME=/opt/rustwide/cargo-home" "-e" "RUSTUP_HOME=/opt/rustwide/rustup-home" "-e" "CARGO_TARGET_DIR=/opt/rustwide/target" "-e" "CARGO_INCREMENTAL=0" "-e" "RUST_BACKTRACE=full" "-e" "RUSTFLAGS=--cap-lints=warn" "-e" "RUSTDOCFLAGS=--cap-lints=warn" "-w" "/opt/rustwide/workdir" "--user" "0:0" "a8550ec46f16dbf7424363de13e7aaabcc7903a011d9538873847e59483d7c2e" "/opt/rustwide/cargo-home/bin/cargo" "+1.100.0-beta.1" "test" "--frozen" "--no-run" "--message-format=json" "--release", kill_on_drop: false }`
[INFO] [stderr] warning: `package.homepage` is redundant with `package.repository`
[INFO] [stderr]   --> Cargo.toml:41:12
[INFO] [stderr]    |
[INFO] [stderr] 41 | homepage = "https://github.com/LegeApp/JPXL"
[INFO] [stderr]    |            ^^^^^^^^^^^^^^^^^^^^^^^^^^^^^^^^^
[INFO] [stderr] ...
[INFO] [stderr] 46 | repository = "https://github.com/LegeApp/JPXL"
[INFO] [stderr]    |              ---------------------------------
[INFO] [stderr]    |
[INFO] [stderr]    = note: `cargo::redundant_homepage` is set to `warn` by default
[INFO] [stderr] help: consider removing `package.homepage`
[INFO] [stderr] warning: `jpxl-conformance` (manifest) generated 1 warning
[INFO] [stderr]    Compiling jpxl-conformance v0.3.0 (/opt/rustwide/workdir)
[INFO] [stderr] warning: unused dependency `jpxl-core`
[INFO] [stderr]  --> Cargo.toml:5:15
[INFO] [stderr]   |
[INFO] [stderr] 5 | [dependencies.jpxl-core]
[INFO] [stderr]   |               ^^^^^^^^^^
[INFO] [stderr]   |
[INFO] [stderr]   = note: `cargo::unused_dependencies` is set to `warn` by default
[INFO] [stderr] help: consider removing the dependency on `jpxl-core`
[INFO] [stderr] warning: `jpxl-conformance` (manifest) generated 1 warning
[INFO] [stderr]     Finished `release` profile [optimized] target(s) in 2.15s
[INFO] running `Command { std: "docker" "inspect" "a8550ec46f16dbf7424363de13e7aaabcc7903a011d9538873847e59483d7c2e", kill_on_drop: false }`
[INFO] running `Command { std: "docker" "exec" "-e" "SOURCE_DIR=/opt/rustwide/workdir" "-e" "CARGO_HOME=/opt/rustwide/cargo-home" "-e" "RUSTUP_HOME=/opt/rustwide/rustup-home" "-e" "CARGO_TARGET_DIR=/opt/rustwide/target" "-e" "CARGO_INCREMENTAL=0" "-e" "RUST_BACKTRACE=full" "-e" "RUSTFLAGS=--cap-lints=warn" "-e" "RUSTDOCFLAGS=--cap-lints=warn" "-w" "/opt/rustwide/workdir" "--user" "0:0" "a8550ec46f16dbf7424363de13e7aaabcc7903a011d9538873847e59483d7c2e" "/opt/rustwide/cargo-home/bin/cargo" "+1.100.0-beta.1" "test" "--frozen" "--release", kill_on_drop: false }`
[INFO] [stderr] warning: `package.homepage` is redundant with `package.repository`
[INFO] [stderr]   --> Cargo.toml:41:12
[INFO] [stderr]    |
[INFO] [stderr] 41 | homepage = "https://github.com/LegeApp/JPXL"
[INFO] [stderr]    |            ^^^^^^^^^^^^^^^^^^^^^^^^^^^^^^^^^
[INFO] [stderr] ...
[INFO] [stderr] 46 | repository = "https://github.com/LegeApp/JPXL"
[INFO] [stderr]    |              ---------------------------------
[INFO] [stderr]    |
[INFO] [stderr]    = note: `cargo::redundant_homepage` is set to `warn` by default
[INFO] [stderr] help: consider removing `package.homepage`
[INFO] [stderr] warning: `jpxl-conformance` (manifest) generated 1 warning
[INFO] [stderr] warning: unused dependency `jpxl-core`
[INFO] [stderr]  --> Cargo.toml:5:15
[INFO] [stderr]   |
[INFO] [stderr] 5 | [dependencies.jpxl-core]
[INFO] [stderr]   |               ^^^^^^^^^^
[INFO] [stderr]   |
[INFO] [stderr]   = note: `cargo::unused_dependencies` is set to `warn` by default
[INFO] [stderr] help: consider removing the dependency on `jpxl-core`
[INFO] [stderr] warning: `jpxl-conformance` (manifest) generated 1 warning
[INFO] [stderr]     Finished `release` profile [optimized] target(s) in 0.04s
[INFO] [stderr]      Running unittests src/lib.rs (/opt/rustwide/target/release/build/jpxl-conformance/489491a72a9cb29c/out/jpxl_conformance-489491a72a9cb29c)
[INFO] [stdout] 
[INFO] [stdout] running 44 tests
[INFO] [stdout] test metrics::tests::max_abs_error_finds_the_worst_sample ... ok
[INFO] [stdout] test metrics::tests::npy_rejects_bad_magic ... ok
[INFO] [stdout] test metrics::tests::mismatched_shapes_have_no_rmse_or_psnr ... ok
[INFO] [stdout] test metrics::tests::npy_rejects_truncated_data ... ok
[INFO] [stdout] test metrics::tests::npy_rejects_fortran_order ... ok
[INFO] [stdout] test metrics::tests::parses_a_16bit_image_big_endian ... ok
[INFO] [stdout] test metrics::tests::npy_rejects_non_f32_dtype ... ok
[INFO] [stdout] test metrics::tests::similarity_is_computed_independently_per_channel ... ok
[INFO] [stdout] test metrics::tests::similarity_matches_a_hand_computed_rmse ... ok
[INFO] [stdout] test metrics::tests::parses_the_verified_djxl_npy_layout ... ok
[INFO] [stdout] test metrics::tests::similarity_no_clipping_of_out_of_range_samples ... ok
[INFO] [stdout] test metrics::tests::psnr_and_rmse_match_hand_computed_values ... ok
[INFO] [stdout] test metrics::tests::similarity_shape_mismatch_yields_none ... ok
[INFO] [stdout] test metrics::tests::error_is_symmetric_and_unsigned ... ok
[INFO] [stdout] test metrics::tests::rejects_bad_maxval ... ok
[INFO] [stdout] test metrics::tests::rejects_wrong_magic ... ok
[INFO] [stdout] test metrics::tests::identical_images_have_zero_error ... ok
[INFO] [stdout] test metrics::tests::shape_mismatch_yields_none ... ok
[INFO] [stdout] test metrics::tests::npy_rejects_wrong_rank_shape ... ok
[INFO] [stdout] test metrics::tests::identical_float_images_have_zero_error ... ok
[INFO] [stdout] test metrics::tests::rejects_truncated_pixels ... ok
[INFO] [stdout] test metrics::tests::sixteen_bit_differences_exceed_eight_bit_range ... ok
[INFO] [stdout] test metrics::tests::identical_images_have_zero_rmse_and_infinite_psnr ... ok
[INFO] [stdout] test metrics::tests::parses_a_one_pixel_8bit_image ... ok
[INFO] [stdout] test oracle::tests::missing_binary_reports_unavailable ... ok
[INFO] [stdout] test oracle::tests::only_djxl_can_write_ppm ... ok
[INFO] [stdout] test oracle::tests::vendored_dir_points_into_the_repository ... ok
[INFO] [stdout] test sniff::tests::container_signature_with_wrong_final_byte_is_unknown ... ok
[INFO] [stdout] test oracle::tests::which_finds_a_ubiquitous_binary_or_nothing ... ok
[INFO] [stdout] test sniff::tests::bare_codestream_signature_is_enough ... ok
[INFO] [stdout] test sniff::tests::codestream_signature_with_payload ... ok
[INFO] [stdout] test sniff::tests::container_signature_box ... ok
[INFO] [stdout] test oracle::tests::asking_jxl_oxide_for_ppm_fails_before_spawning ... ok
[INFO] [stdout] test oracle::tests::binary_names_are_stable ... ok
[INFO] [stdout] test oracle::tests::format_extensions_and_oxide_spellings ... ok
[INFO] [stdout] test metrics::tests::tolerates_comments_and_extra_whitespace ... ok
[INFO] [stdout] test sniff::tests::container_signature_with_trailing_boxes ... ok
[INFO] [stdout] test oracle::tests::discovery_never_panics_and_yields_at_most_one_of_each_kind ... ok
[INFO] [stdout] test sniff::tests::empty_input_is_unknown ... ok
[INFO] [stdout] test sniff::tests::every_truncation_of_the_container_signature_is_unknown ... ok
[INFO] [stdout] test sniff::tests::jpeg_soi_is_unknown ... ok
[INFO] [stderr]      Running tests/corpus.rs (/opt/rustwide/target/release/build/jpxl-conformance/adb236f0e890a2c1/out/corpus-adb236f0e890a2c1)
[INFO] [stdout] test sniff::tests::labels_and_recognition ... ok
[INFO] [stdout] test sniff::tests::one_byte_of_codestream_signature_is_unknown ... ok
[INFO] [stdout] test sniff::tests::png_magic_is_unknown ... ok
[INFO] [stdout] 
[INFO] [stdout] test result: ok. 44 passed; 0 failed; 0 ignored; 0 measured; 0 filtered out; finished in 0.01s
[INFO] [stdout] 
[INFO] [stdout] 
[INFO] [stdout] running 2 tests
[INFO] [stderr]      Running tests/perceptual_frequency.rs (/opt/rustwide/target/release/build/jpxl-conformance/2df4d617023c838b/out/perceptual_frequency-2df4d617023c838b)
[INFO] [stdout] test bike_5_reference_npy_and_thresholds_are_readable ... ok
[INFO] [stdout] test windows_symlink_placeholder_is_not_treated_as_npy ... ok
[INFO] [stdout] 
[INFO] [stdout] test result: ok. 2 passed; 0 failed; 0 ignored; 0 measured; 0 filtered out; finished in 0.00s
[INFO] [stdout] 
[INFO] [stderr]      Running tests/smoke.rs (/opt/rustwide/target/release/build/jpxl-conformance/78469882b8ab955b/out/smoke-78469882b8ab955b)
[INFO] [stdout] 
[INFO] [stdout] running 0 tests
[INFO] [stdout] 
[INFO] [stdout] test result: ok. 0 passed; 0 failed; 0 ignored; 0 measured; 0 filtered out; finished in 0.00s
[INFO] [stdout] 
[INFO] [stdout] 
[INFO] [stdout] running 11 tests
[INFO] [stdout] test every_prefix_of_a_fixture_classifies_without_panicking ... FAILED
[INFO] [stdout] test oracle_discovery_is_infallible ... ok
[INFO] [stdout] test djxl_decodes_the_tiny_lossless_fixture_bit_exactly ... ok
[INFO] [stdout] test encoded_fixtures_sniff_as_naked_codestreams ... FAILED
[INFO] [stdout] test naked_codestream_fixture_sniffs_as_a_codestream ... FAILED
[INFO] [stdout] test djxl_decodes_the_multigroup_lossy_fixture_within_budget ... ok
[INFO] [stdout] test djxl_decodes_the_multigroup_lossless_fixture_bit_exactly ... ok
[INFO] [stdout] test container_fixture_sniffs_as_a_container ... FAILED
[INFO] [stdout] test every_handmade_fixture_has_a_provenance_sidecar ... FAILED
[INFO] [stdout] test png_fixture_sniffs_as_unknown ... FAILED
[INFO] [stdout] test jxl_oxide_writes_png_and_rejects_ppm ... ok
[INFO] [stdout] 
[INFO] [stdout] failures:
[INFO] [stdout] 
[INFO] [stdout] ---- every_prefix_of_a_fixture_classifies_without_panicking stdout ----
[INFO] [stdout] 
[INFO] [stdout] thread 'every_prefix_of_a_fixture_classifies_without_panicking' (405) panicked at tests/smoke.rs:31:47:
[INFO] [stdout] reading /opt/tests/fixtures/handmade/01_signature_container.bin: No such file or directory (os error 2)
[INFO] [stdout] stack backtrace:
[INFO] [stdout]    0:     0x55ff6e0b8941 - <<std[617be2ca0a6fd877]::sys::backtrace::BacktraceLock>::print::DisplayBacktrace as core[a373ad73a504971]::fmt::Display>::fmt
[INFO] [stdout]    1:     0x55ff6e0ccf5a - core[a373ad73a504971]::fmt::write
[INFO] [stdout]    2:     0x55ff6e0bcf0c - <alloc[2e1b2a31b91974c5]::vec::Vec<u8> as core[a373ad73a504971]::io::write::Write>::write_fmt
[INFO] [stdout]    3:     0x55ff6e094106 - std[617be2ca0a6fd877]::panicking::default_hook::{closure#0}
[INFO] [stdout]    4:     0x55ff6e0b09d9 - std[617be2ca0a6fd877]::panicking::default_hook
[INFO] [stdout]    5:     0x55ff6e0489f0 - test[aada8e7e76ba119b]::test_main_inner::{closure#0}
[INFO] [stdout]    6:     0x55ff6e0b0b92 - std[617be2ca0a6fd877]::panicking::panic_with_hook
[INFO] [stdout]    7:     0x55ff6e0941b2 - std[617be2ca0a6fd877]::panicking::panic_handler::{closure#0}
[INFO] [stdout]    8:     0x55ff6e08cbe9 - std[617be2ca0a6fd877]::sys::backtrace::__rust_end_short_backtrace::<std[617be2ca0a6fd877]::panicking::panic_handler::{closure#0}, !>
[INFO] [stdout]    9:     0x55ff6e094dbd - __rustc[ea4f61d10b84890b]::rust_begin_unwind
[INFO] [stdout]   10:     0x55ff6e0cd68c - core[a373ad73a504971]::panicking::panic_fmt
[INFO] [stdout]   11:     0x55ff6e039249 - smoke[c8b3be7c6fd3ea2b]::read_fixture::{closure#0}
[INFO] [stdout]   12:     0x55ff6e039b37 - smoke[c8b3be7c6fd3ea2b]::read_fixture
[INFO] [stdout]   13:     0x55ff6e03b866 - <smoke[c8b3be7c6fd3ea2b]::every_prefix_of_a_fixture_classifies_without_panicking::{closure#0} as core[a373ad73a504971]::ops::function::FnOnce<()>>::call_once
[INFO] [stdout]   14:     0x55ff6e03be3b - test[aada8e7e76ba119b]::__rust_begin_short_backtrace::<core[a373ad73a504971]::result::Result<(), alloc[2e1b2a31b91974c5]::string::String>, fn() -> core[a373ad73a504971]::result::Result<(), alloc[2e1b2a31b91974c5]::string::String>>
[INFO] [stdout]   15:     0x55ff6e049015 - test[aada8e7e76ba119b]::run_test::{closure#0}
[INFO] [stdout]   16:     0x55ff6e042904 - std[617be2ca0a6fd877]::sys::backtrace::__rust_begin_short_backtrace::<test[aada8e7e76ba119b]::run_test::{closure#1}, ()>
[INFO] [stdout]   17:     0x55ff6e04c0a2 - <std[617be2ca0a6fd877]::thread::lifecycle::spawn_unchecked<test[aada8e7e76ba119b]::run_test::{closure#1}, ()>::{closure#1} as core[a373ad73a504971]::ops::function::FnOnce<()>>::call_once::{shim:vtable#0}
[INFO] [stdout]   18:     0x55ff6e0b7e8f - <std[617be2ca0a6fd877]::sys::thread::unix::Thread>::new::thread_start
[INFO] [stdout]   19:     0x70c54d1f5dfa - <unknown>
[INFO] [stdout]   20:     0x70c54d2893d4 - clone
[INFO] [stdout]   21:                0x0 - <unknown>
[INFO] [stdout] 
[INFO] [stdout] ---- encoded_fixtures_sniff_as_naked_codestreams stdout ----
[INFO] [stdout] 
[INFO] [stdout] thread 'encoded_fixtures_sniff_as_naked_codestreams' (403) panicked at tests/smoke.rs:31:47:
[INFO] [stdout] reading /opt/tests/fixtures/handmade/03_gradient_8x8_lossless.jxl: No such file or directory (os error 2)
[INFO] [stdout] stack backtrace:
[INFO] [stdout]    0:     0x55ff6e0b8941 - <<std[617be2ca0a6fd877]::sys::backtrace::BacktraceLock>::print::DisplayBacktrace as core[a373ad73a504971]::fmt::Display>::fmt
[INFO] [stdout]    1:     0x55ff6e0ccf5a - core[a373ad73a504971]::fmt::write
[INFO] [stdout]    2:     0x55ff6e0bcf0c - <alloc[2e1b2a31b91974c5]::vec::Vec<u8> as core[a373ad73a504971]::io::write::Write>::write_fmt
[INFO] [stdout]    3:     0x55ff6e094106 - std[617be2ca0a6fd877]::panicking::default_hook::{closure#0}
[INFO] [stdout]    4:     0x55ff6e0b09d9 - std[617be2ca0a6fd877]::panicking::default_hook
[INFO] [stdout]    5:     0x55ff6e0489f0 - test[aada8e7e76ba119b]::test_main_inner::{closure#0}
[INFO] [stdout]    6:     0x55ff6e0b0b92 - std[617be2ca0a6fd877]::panicking::panic_with_hook
[INFO] [stdout]    7:     0x55ff6e0941b2 - std[617be2ca0a6fd877]::panicking::panic_handler::{closure#0}
[INFO] [stdout]    8:     0x55ff6e08cbe9 - std[617be2ca0a6fd877]::sys::backtrace::__rust_end_short_backtrace::<std[617be2ca0a6fd877]::panicking::panic_handler::{closure#0}, !>
[INFO] [stdout]    9:     0x55ff6e094dbd - __rustc[ea4f61d10b84890b]::rust_begin_unwind
[INFO] [stdout]   10:     0x55ff6e0cd68c - core[a373ad73a504971]::panicking::panic_fmt
[INFO] [stdout]   11:     0x55ff6e039249 - smoke[c8b3be7c6fd3ea2b]::read_fixture::{closure#0}
[INFO] [stdout]   12:     0x55ff6e039b37 - smoke[c8b3be7c6fd3ea2b]::read_fixture
[INFO] [stdout]   13:     0x55ff6e03affc - <smoke[c8b3be7c6fd3ea2b]::encoded_fixtures_sniff_as_naked_codestreams::{closure#0} as core[a373ad73a504971]::ops::function::FnOnce<()>>::call_once
[INFO] [stdout]   14:     0x55ff6e03be3b - test[aada8e7e76ba119b]::__rust_begin_short_backtrace::<core[a373ad73a504971]::result::Result<(), alloc[2e1b2a31b91974c5]::string::String>, fn() -> core[a373ad73a504971]::result::Result<(), alloc[2e1b2a31b91974c5]::string::String>>
[INFO] [stdout]   15:     0x55ff6e049015 - test[aada8e7e76ba119b]::run_test::{closure#0}
[INFO] [stdout]   16:     0x55ff6e042904 - std[617be2ca0a6fd877]::sys::backtrace::__rust_begin_short_backtrace::<test[aada8e7e76ba119b]::run_test::{closure#1}, ()>
[INFO] [stdout]   17:     0x55ff6e04c0a2 - <std[617be2ca0a6fd877]::thread::lifecycle::spawn_unchecked<test[aada8e7e76ba119b]::run_test::{closure#1}, ()>::{closure#1} as core[a373ad73a504971]::ops::function::FnOnce<()>>::call_once::{shim:vtable#0}
[INFO] [stdout]   18:     0x55ff6e0b7e8f - <std[617be2ca0a6fd877]::sys::thread::unix::Thread>::new::thread_start
[INFO] [stdout]   19:     0x70c54d1f5dfa - <unknown>
[INFO] [stdout]   20:     0x70c54d2893d4 - clone
[INFO] [stdout]   21:                0x0 - <unknown>
[INFO] [stdout] 
[INFO] [stdout] ---- naked_codestream_fixture_sniffs_as_a_codestream stdout ----
[INFO] [stdout] 
[INFO] [stdout] thread 'naked_codestream_fixture_sniffs_as_a_codestream' (407) panicked at tests/smoke.rs:31:47:
[INFO] [stdout] reading /opt/tests/fixtures/handmade/00_signature_naked.bin: No such file or directory (os error 2)
[INFO] [stdout] stack backtrace:
[INFO] [stdout]    0:     0x55ff6e0b8941 - <<std[617be2ca0a6fd877]::sys::backtrace::BacktraceLock>::print::DisplayBacktrace as core[a373ad73a504971]::fmt::Display>::fmt
[INFO] [stdout]    1:     0x55ff6e0ccf5a - core[a373ad73a504971]::fmt::write
[INFO] [stdout]    2:     0x55ff6e0bcf0c - <alloc[2e1b2a31b91974c5]::vec::Vec<u8> as core[a373ad73a504971]::io::write::Write>::write_fmt
[INFO] [stdout]    3:     0x55ff6e094106 - std[617be2ca0a6fd877]::panicking::default_hook::{closure#0}
[INFO] [stdout]    4:     0x55ff6e0b09d9 - std[617be2ca0a6fd877]::panicking::default_hook
[INFO] [stdout]    5:     0x55ff6e0489f0 - test[aada8e7e76ba119b]::test_main_inner::{closure#0}
[INFO] [stdout]    6:     0x55ff6e0b0b92 - std[617be2ca0a6fd877]::panicking::panic_with_hook
[INFO] [stdout]    7:     0x55ff6e0941b2 - std[617be2ca0a6fd877]::panicking::panic_handler::{closure#0}
[INFO] [stdout]    8:     0x55ff6e08cbe9 - std[617be2ca0a6fd877]::sys::backtrace::__rust_end_short_backtrace::<std[617be2ca0a6fd877]::panicking::panic_handler::{closure#0}, !>
[INFO] [stdout]    9:     0x55ff6e094dbd - __rustc[ea4f61d10b84890b]::rust_begin_unwind
[INFO] [stdout]   10:     0x55ff6e0cd68c - core[a373ad73a504971]::panicking::panic_fmt
[INFO] [stdout]   11:     0x55ff6e039249 - smoke[c8b3be7c6fd3ea2b]::read_fixture::{closure#0}
[INFO] [stdout]   12:     0x55ff6e039b37 - smoke[c8b3be7c6fd3ea2b]::read_fixture
[INFO] [stdout]   13:     0x55ff6e03b610 - <smoke[c8b3be7c6fd3ea2b]::naked_codestream_fixture_sniffs_as_a_codestream::{closure#0} as core[a373ad73a504971]::ops::function::FnOnce<()>>::call_once
[INFO] [stdout]   14:     0x55ff6e03be3b - test[aada8e7e76ba119b]::__rust_begin_short_backtrace::<core[a373ad73a504971]::result::Result<(), alloc[2e1b2a31b91974c5]::string::String>, fn() -> core[a373ad73a504971]::result::Result<(), alloc[2e1b2a31b91974c5]::string::String>>
[INFO] [stdout]   15:     0x55ff6e049015 - test[aada8e7e76ba119b]::run_test::{closure#0}
[INFO] [stdout]   16:     0x55ff6e042904 - std[617be2ca0a6fd877]::sys::backtrace::__rust_begin_short_backtrace::<test[aada8e7e76ba119b]::run_test::{closure#1}, ()>
[INFO] [stdout]   17:     0x55ff6e04c0a2 - <std[617be2ca0a6fd877]::thread::lifecycle::spawn_unchecked<test[aada8e7e76ba119b]::run_test::{closure#1}, ()>::{closure#1} as core[a373ad73a504971]::ops::function::FnOnce<()>>::call_once::{shim:vtable#0}
[INFO] [stdout]   18:     0x55ff6e0b7e8f - <std[617be2ca0a6fd877]::sys::thread::unix::Thread>::new::thread_start
[INFO] [stdout]   19:     0x70c54d1f5dfa - <unknown>
[INFO] [stdout]   20:     0x70c54d2893d4 - clone
[INFO] [stdout]   21:                0x0 - <unknown>
[INFO] [stdout] 
[INFO] [stdout] ---- container_fixture_sniffs_as_a_container stdout ----
[INFO] [stdout] 
[INFO] [stdout] thread 'container_fixture_sniffs_as_a_container' (399) panicked at tests/smoke.rs:31:47:
[INFO] [stdout] reading /opt/tests/fixtures/handmade/01_signature_container.bin: No such file or directory (os error 2)
[INFO] [stdout] stack backtrace:
[INFO] [stdout]    0:     0x55ff6e0b8941 - <<std[617be2ca0a6fd877]::sys::backtrace::BacktraceLock>::print::DisplayBacktrace as core[a373ad73a504971]::fmt::Display>::fmt
[INFO] [stdout]    1:     0x55ff6e0ccf5a - core[a373ad73a504971]::fmt::write
[INFO] [stdout]    2:     0x55ff6e0bcf0c - <alloc[2e1b2a31b91974c5]::vec::Vec<u8> as core[a373ad73a504971]::io::write::Write>::write_fmt
[INFO] [stdout]    3:     0x55ff6e094106 - std[617be2ca0a6fd877]::panicking::default_hook::{closure#0}
[INFO] [stdout]    4:     0x55ff6e0b09d9 - std[617be2ca0a6fd877]::panicking::default_hook
[INFO] [stdout]    5:     0x55ff6e0489f0 - test[aada8e7e76ba119b]::test_main_inner::{closure#0}
[INFO] [stdout]    6:     0x55ff6e0b0b92 - std[617be2ca0a6fd877]::panicking::panic_with_hook
[INFO] [stdout]    7:     0x55ff6e0941b2 - std[617be2ca0a6fd877]::panicking::panic_handler::{closure#0}
[INFO] [stdout]    8:     0x55ff6e08cbe9 - std[617be2ca0a6fd877]::sys::backtrace::__rust_end_short_backtrace::<std[617be2ca0a6fd877]::panicking::panic_handler::{closure#0}, !>
[INFO] [stdout]    9:     0x55ff6e094dbd - __rustc[ea4f61d10b84890b]::rust_begin_unwind
[INFO] [stdout]   10:     0x55ff6e0cd68c - core[a373ad73a504971]::panicking::panic_fmt
[INFO] [stdout]   11:     0x55ff6e039249 - smoke[c8b3be7c6fd3ea2b]::read_fixture::{closure#0}
[INFO] [stdout]   12:     0x55ff6e039b37 - smoke[c8b3be7c6fd3ea2b]::read_fixture
[INFO] [stdout]   13:     0x55ff6e03af10 - <smoke[c8b3be7c6fd3ea2b]::container_fixture_sniffs_as_a_container::{closure#0} as core[a373ad73a504971]::ops::function::FnOnce<()>>::call_once
[INFO] [stdout]   14:     0x55ff6e03be3b - test[aada8e7e76ba119b]::__rust_begin_short_backtrace::<core[a373ad73a504971]::result::Result<(), alloc[2e1b2a31b91974c5]::string::String>, fn() -> core[a373ad73a504971]::result::Result<(), alloc[2e1b2a31b91974c5]::string::String>>
[INFO] [stdout]   15:     0x55ff6e049015 - test[aada8e7e76ba119b]::run_test::{closure#0}
[INFO] [stdout]   16:     0x55ff6e042904 - std[617be2ca0a6fd877]::sys::backtrace::__rust_begin_short_backtrace::<test[aada8e7e76ba119b]::run_test::{closure#1}, ()>
[INFO] [stdout]   17:     0x55ff6e04c0a2 - <std[617be2ca0a6fd877]::thread::lifecycle::spawn_unchecked<test[aada8e7e76ba119b]::run_test::{closure#1}, ()>::{closure#1} as core[a373ad73a504971]::ops::function::FnOnce<()>>::call_once::{shim:vtable#0}
[INFO] [stdout]   18:     0x55ff6e0b7e8f - <std[617be2ca0a6fd877]::sys::thread::unix::Thread>::new::thread_start
[INFO] [stdout]   19:     0x70c54d1f5dfa - <unknown>
[INFO] [stdout]   20:     0x70c54d2893d4 - clone
[INFO] [stdout]   21:                0x0 - <unknown>
[INFO] [stdout] 
[INFO] [stdout] ---- every_handmade_fixture_has_a_provenance_sidecar stdout ----
[INFO] [stdout] 
[INFO] [stdout] thread 'every_handmade_fixture_has_a_provenance_sidecar' (404) panicked at tests/smoke.rs:38:54:
[INFO] [stdout] listing /opt/tests/fixtures/handmade: No such file or directory (os error 2)
[INFO] [stdout] stack backtrace:
[INFO] [stdout]    0:     0x55ff6e0b8941 - <<std[617be2ca0a6fd877]::sys::backtrace::BacktraceLock>::print::DisplayBacktrace as core[a373ad73a504971]::fmt::Display>::fmt
[INFO] [stdout]    1:     0x55ff6e0ccf5a - core[a373ad73a504971]::fmt::write
[INFO] [stdout]    2:     0x55ff6e0bcf0c - <alloc[2e1b2a31b91974c5]::vec::Vec<u8> as core[a373ad73a504971]::io::write::Write>::write_fmt
[INFO] [stdout]    3:     0x55ff6e094106 - std[617be2ca0a6fd877]::panicking::default_hook::{closure#0}
[INFO] [stdout]    4:     0x55ff6e0b09d9 - std[617be2ca0a6fd877]::panicking::default_hook
[INFO] [stdout]    5:     0x55ff6e0489f0 - test[aada8e7e76ba119b]::test_main_inner::{closure#0}
[INFO] [stdout]    6:     0x55ff6e0b0b92 - std[617be2ca0a6fd877]::panicking::panic_with_hook
[INFO] [stdout]    7:     0x55ff6e0941b2 - std[617be2ca0a6fd877]::panicking::panic_handler::{closure#0}
[INFO] [stdout]    8:     0x55ff6e08cbe9 - std[617be2ca0a6fd877]::sys::backtrace::__rust_end_short_backtrace::<std[617be2ca0a6fd877]::panicking::panic_handler::{closure#0}, !>
[INFO] [stdout]    9:     0x55ff6e094dbd - __rustc[ea4f61d10b84890b]::rust_begin_unwind
[INFO] [stdout]   10:     0x55ff6e0cd68c - core[a373ad73a504971]::panicking::panic_fmt
[INFO] [stdout]   11:     0x55ff6e0392e9 - smoke[c8b3be7c6fd3ea2b]::every_handmade_fixture_has_a_provenance_sidecar::{closure#0}
[INFO] [stdout]   12:     0x55ff6e03b512 - <smoke[c8b3be7c6fd3ea2b]::every_handmade_fixture_has_a_provenance_sidecar::{closure#0} as core[a373ad73a504971]::ops::function::FnOnce<()>>::call_once
[INFO] [stdout]   13:     0x55ff6e03be3b - test[aada8e7e76ba119b]::__rust_begin_short_backtrace::<core[a373ad73a504971]::result::Result<(), alloc[2e1b2a31b91974c5]::string::String>, fn() -> core[a373ad73a504971]::result::Result<(), alloc[2e1b2a31b91974c5]::string::String>>
[INFO] [stdout]   14:     0x55ff6e049015 - test[aada8e7e76ba119b]::run_test::{closure#0}
[INFO] [stdout]   15:     0x55ff6e042904 - std[617be2ca0a6fd877]::sys::backtrace::__rust_begin_short_backtrace::<test[aada8e7e76ba119b]::run_test::{closure#1}, ()>
[INFO] [stdout]   16:     0x55ff6e04c0a2 - <std[617be2ca0a6fd877]::thread::lifecycle::spawn_unchecked<test[aada8e7e76ba119b]::run_test::{closure#1}, ()>::{closure#1} as core[a373ad73a504971]::ops::function::FnOnce<()>>::call_once::{shim:vtable#0}
[INFO] [stdout]   17:     0x55ff6e0b7e8f - <std[617be2ca0a6fd877]::sys::thread::unix::Thread>::new::thread_start
[INFO] [stdout]   18:     0x70c54d1f5dfa - <unknown>
[INFO] [stdout]   19:     0x70c54d2893d4 - clone
[INFO] [stdout]   20:                0x0 - <unknown>
[INFO] [stdout] 
[INFO] [stdout] ---- png_fixture_sniffs_as_unknown stdout ----
[INFO] [stdout] 
[INFO] [stdout] thread 'png_fixture_sniffs_as_unknown' (409) panicked at tests/smoke.rs:31:47:
[INFO] [stdout] reading /opt/tests/fixtures/handmade/02_not_jxl.bin: No such file or directory (os error 2)
[INFO] [stdout] stack backtrace:
[INFO] [stdout]    0:     0x55ff6e0b8941 - <<std[617be2ca0a6fd877]::sys::backtrace::BacktraceLock>::print::DisplayBacktrace as core[a373ad73a504971]::fmt::Display>::fmt
[INFO] [stdout]    1:     0x55ff6e0ccf5a - core[a373ad73a504971]::fmt::write
[INFO] [stdout]    2:     0x55ff6e0bcf0c - <alloc[2e1b2a31b91974c5]::vec::Vec<u8> as core[a373ad73a504971]::io::write::Write>::write_fmt
[INFO] [stdout]    3:     0x55ff6e094106 - std[617be2ca0a6fd877]::panicking::default_hook::{closure#0}
[INFO] [stdout]    4:     0x55ff6e0b09d9 - std[617be2ca0a6fd877]::panicking::default_hook
[INFO] [stdout]    5:     0x55ff6e0489f0 - test[aada8e7e76ba119b]::test_main_inner::{closure#0}
[INFO] [stdout]    6:     0x55ff6e0b0b92 - std[617be2ca0a6fd877]::panicking::panic_with_hook
[INFO] [stdout]    7:     0x55ff6e0941b2 - std[617be2ca0a6fd877]::panicking::panic_handler::{closure#0}
[INFO] [stdout]    8:     0x55ff6e08cbe9 - std[617be2ca0a6fd877]::sys::backtrace::__rust_end_short_backtrace::<std[617be2ca0a6fd877]::panicking::panic_handler::{closure#0}, !>
[INFO] [stdout]    9:     0x55ff6e094dbd - __rustc[ea4f61d10b84890b]::rust_begin_unwind
[INFO] [stdout]   10:     0x55ff6e0cd68c - core[a373ad73a504971]::panicking::panic_fmt
[INFO] [stdout]   11:     0x55ff6e039249 - smoke[c8b3be7c6fd3ea2b]::read_fixture::{closure#0}
[INFO] [stdout]   12:     0x55ff6e039b37 - smoke[c8b3be7c6fd3ea2b]::read_fixture
[INFO] [stdout]   13:     0x55ff6e03a442 - <smoke[c8b3be7c6fd3ea2b]::png_fixture_sniffs_as_unknown::{closure#0} as core[a373ad73a504971]::ops::function::FnOnce<()>>::call_once
[INFO] [stdout]   14:     0x55ff6e03be3b - test[aada8e7e76ba119b]::__rust_begin_short_backtrace::<core[a373ad73a504971]::result::Result<(), alloc[2e1b2a31b91974c5]::string::String>, fn() -> core[a373ad73a504971]::result::Result<(), alloc[2e1b2a31b91974c5]::string::String>>
[INFO] [stdout]   15:     0x55ff6e049015 - test[aada8e7e76ba119b]::run_test::{closure#0}
[INFO] [stdout]   16:     0x55ff6e042904 - std[617be2ca0a6fd877]::sys::backtrace::__rust_begin_short_backtrace::<test[aada8e7e76ba119b]::run_test::{closure#1}, ()>
[INFO] [stdout]   17:     0x55ff6e04c0a2 - <std[617be2ca0a6fd877]::thread::lifecycle::spawn_unchecked<test[aada8e7e76ba119b]::run_test::{closure#1}, ()>::{closure#1} as core[a373ad73a504971]::ops::function::FnOnce<()>>::call_once::{shim:vtable#0}
[INFO] [stdout]   18:     0x55ff6e0b7e8f - <std[617be2ca0a6fd877]::sys::thread::unix::Thread>::new::thread_start
[INFO] [stdout]   19:     0x70c54d1f5dfa - <unknown>
[INFO] [stdout]   20:     0x70c54d2893d4 - clone
[INFO] [stdout]   21:                0x0 - <unknown>
[INFO] [stdout] 
[INFO] [stdout] 
[INFO] [stdout] failures:
[INFO] [stdout]     container_fixture_sniffs_as_a_container
[INFO] [stdout]     encoded_fixtures_sniff_as_naked_codestreams
[INFO] [stdout]     every_handmade_fixture_has_a_provenance_sidecar
[INFO] [stdout]     every_prefix_of_a_fixture_classifies_without_panicking
[INFO] [stdout]     naked_codestream_fixture_sniffs_as_a_codestream
[INFO] [stdout]     png_fixture_sniffs_as_unknown
[INFO] [stdout] 
[INFO] [stdout] test result: FAILED. 5 passed; 6 failed; 0 ignored; 0 measured; 0 filtered out; finished in 0.01s
[INFO] [stdout] 
[INFO] [stderr] error: test failed, to rerun pass `--test smoke`
[INFO] running `Command { std: "docker" "inspect" "a8550ec46f16dbf7424363de13e7aaabcc7903a011d9538873847e59483d7c2e", kill_on_drop: false }`
[INFO] running `Command { std: "docker" "rm" "-f" "a8550ec46f16dbf7424363de13e7aaabcc7903a011d9538873847e59483d7c2e", kill_on_drop: false }`
[INFO] [stdout] a8550ec46f16dbf7424363de13e7aaabcc7903a011d9538873847e59483d7c2e
