[INFO] fetching crate jocker 0.5.1...
[INFO] testing jocker-0.5.1 against 1.100.0-beta.1+cargoflags=--release for beta-release-1.100-2
[INFO] extracting crate jocker 0.5.1 into /workspace/builds/worker-3-tc2/source
[INFO] started tweaking crates.io crate jocker 0.5.1
[INFO] removed 0 missing tests
[INFO] finished tweaking crates.io crate jocker 0.5.1
[INFO] tweaked toml for crates.io crate jocker 0.5.1 written to /workspace/builds/worker-3-tc2/source/Cargo.toml
[INFO] validating manifest of crates.io crate jocker 0.5.1 on toolchain 1.100.0-beta.1
[INFO] running `Command { std: CARGO_HOME="/workspace/cargo-home" RUSTUP_HOME="/workspace/rustup-home" "/workspace/cargo-home/bin/cargo" "+1.100.0-beta.1" "metadata" "--manifest-path" "Cargo.toml" "--no-deps", kill_on_drop: false }`
[INFO] crate crates.io crate jocker 0.5.1 already has a lockfile, it will not be regenerated
[INFO] running `Command { std: CARGO_HOME="/workspace/cargo-home" RUSTUP_HOME="/workspace/rustup-home" "/workspace/cargo-home/bin/cargo" "+1.100.0-beta.1" "fetch" "--manifest-path" "Cargo.toml", kill_on_drop: false }`
[INFO] running `Command { std: "docker" "create" "-v" "/var/lib/crater-agent-workspace/builds/worker-3-tc2/source:/opt/rustwide/workdir:ro,Z" "-v" "/var/lib/crater-agent-workspace/builds/worker-3-tc2/target:/opt/rustwide/target:rw,Z" "-v" "/var/lib/crater-agent-workspace/cargo-home:/opt/rustwide/cargo-home:ro,Z" "-v" "/var/lib/crater-agent-workspace/rustup-home:/opt/rustwide/rustup-home:ro,Z" "-m" "1610612736" "--network" "none" "ghcr.io/rust-lang/crates-build-env/linux@sha256:77db811e55d90add9212f6832c23229e3de5f1c1f9905e8cb07319ea15df73ac" "sleep" "infinity", kill_on_drop: false }`
[INFO] [stdout] 5f2aae097e6758cc2c008ca3d784b137c22f5252ee1de62e38aa482a3a4998b9
[INFO] running `Command { std: "docker" "start" "5f2aae097e6758cc2c008ca3d784b137c22f5252ee1de62e38aa482a3a4998b9", kill_on_drop: false }`
[INFO] running `Command { std: "docker" "inspect" "5f2aae097e6758cc2c008ca3d784b137c22f5252ee1de62e38aa482a3a4998b9", kill_on_drop: false }`
[INFO] running `Command { std: "docker" "exec" "-e" "SOURCE_DIR=/opt/rustwide/workdir" "-e" "CARGO_HOME=/opt/rustwide/cargo-home" "-e" "RUSTUP_HOME=/opt/rustwide/rustup-home" "-e" "CARGO_TARGET_DIR=/opt/rustwide/target" "-w" "/opt/rustwide/workdir" "--user" "0:0" "5f2aae097e6758cc2c008ca3d784b137c22f5252ee1de62e38aa482a3a4998b9" "/opt/rustwide/cargo-home/bin/cargo" "+1.100.0-beta.1" "metadata" "--no-deps" "--format-version=1", kill_on_drop: false }`
[INFO] running `Command { std: "docker" "inspect" "5f2aae097e6758cc2c008ca3d784b137c22f5252ee1de62e38aa482a3a4998b9", kill_on_drop: false }`
[INFO] running `Command { std: "docker" "exec" "-e" "SOURCE_DIR=/opt/rustwide/workdir" "-e" "CARGO_HOME=/opt/rustwide/cargo-home" "-e" "RUSTUP_HOME=/opt/rustwide/rustup-home" "-e" "CARGO_TARGET_DIR=/opt/rustwide/target" "-e" "CARGO_INCREMENTAL=0" "-e" "RUST_BACKTRACE=full" "-e" "RUSTFLAGS=--cap-lints=warn" "-e" "RUSTDOCFLAGS=--cap-lints=warn" "-w" "/opt/rustwide/workdir" "--user" "0:0" "5f2aae097e6758cc2c008ca3d784b137c22f5252ee1de62e38aa482a3a4998b9" "/opt/rustwide/cargo-home/bin/cargo" "+1.100.0-beta.1" "build" "--frozen" "--message-format=json" "--release", kill_on_drop: false }`
[INFO] [stderr]    Compiling libc v0.2.175
[INFO] [stderr]    Compiling memchr v2.7.5
[INFO] [stderr]    Compiling serde_core v1.0.225
[INFO] [stderr]    Compiling find-msvc-tools v0.1.1
[INFO] [stderr]    Compiling serde v1.0.225
[INFO] [stderr]    Compiling quote v1.0.40
[INFO] [stderr]    Compiling zeroize v1.8.1
[INFO] [stderr]    Compiling lock_api v0.4.13
[INFO] [stderr]    Compiling rustls-pki-types v1.12.0
[INFO] [stderr]    Compiling parking_lot_core v0.9.11
[INFO] [stderr]    Compiling cc v1.2.37
[INFO] [stderr]    Compiling getrandom v0.3.3
[INFO] [stderr]    Compiling zerocopy v0.8.27
[INFO] [stderr]    Compiling syn v2.0.106
[INFO] [stderr]    Compiling object v0.36.7
[INFO] [stderr]    Compiling owo-colors v4.2.2
[INFO] [stderr]    Compiling deranged v0.5.3
[INFO] [stderr]    Compiling aho-corasick v1.1.3
[INFO] [stderr]    Compiling tracing-subscriber v0.3.20
[INFO] [stderr]    Compiling getrandom v0.2.16
[INFO] [stderr]    Compiling ring v0.17.14
[INFO] [stderr]    Compiling anstyle v1.0.11
[INFO] [stderr]    Compiling anyhow v1.0.99
[INFO] [stderr]    Compiling rustls v0.23.31
[INFO] [stderr]    Compiling regex-syntax v0.8.6
[INFO] [stderr]    Compiling eyre v0.6.12
[INFO] [stderr]    Compiling option-ext v0.2.0
[INFO] [stderr]    Compiling color-spantrace v0.3.0
[INFO] [stderr]    Compiling time-core v0.1.6
[INFO] [stderr]    Compiling gimli v0.31.1
[INFO] [stderr]    Compiling anstream v0.6.20
[INFO] [stderr]    Compiling ppv-lite86 v0.2.21
[INFO] [stderr]    Compiling time v0.3.43
[INFO] [stderr]    Compiling dirs-sys v0.5.0
[INFO] [stderr]    Compiling synstructure v0.13.2
[INFO] [stderr]    Compiling regex-automata v0.4.10
[INFO] [stderr]    Compiling indexmap v2.11.3
[INFO] [stderr]    Compiling parking_lot v0.12.4
[INFO] [stderr]    Compiling addr2line v0.24.2
[INFO] [stderr]    Compiling rand_core v0.9.3
[INFO] [stderr]    Compiling socket2 v0.6.0
[INFO] [stderr]    Compiling mio v1.0.4
[INFO] [stderr]    Compiling signal-hook-registry v1.4.6
[INFO] [stderr]    Compiling zerofrom-derive v0.1.6
[INFO] [stderr]    Compiling yoke-derive v0.8.0
[INFO] [stderr]    Compiling zerovec-derive v0.11.1
[INFO] [stderr]    Compiling displaydoc v0.2.5
[INFO] [stderr]    Compiling serde_derive v1.0.225
[INFO] [stderr]    Compiling zerofrom v0.1.6
[INFO] [stderr]    Compiling tracing-attributes v0.1.30
[INFO] [stderr]    Compiling tokio-macros v2.5.0
[INFO] [stderr]    Compiling yoke v0.8.0
[INFO] [stderr]    Compiling zerotrie v0.2.2
[INFO] [stderr]    Compiling zerovec v0.11.4
[INFO] [stderr]    Compiling tracing v0.1.41
[INFO] [stderr]    Compiling tracing-error v0.2.1
[INFO] [stderr]    Compiling half v2.6.0
[INFO] [stderr]    Compiling tinystr v0.8.1
[INFO] [stderr]    Compiling potential_utf v0.1.3
[INFO] [stderr]    Compiling icu_locale_core v2.0.0
[INFO] [stderr]    Compiling icu_collections v2.0.0
[INFO] [stderr]    Compiling rustc-demangle v0.1.26
[INFO] [stderr]    Compiling icu_provider v2.0.0
[INFO] [stderr]    Compiling icu_normalizer v2.0.0
[INFO] [stderr]    Compiling icu_properties v2.0.1
[INFO] [stderr]    Compiling base64 v0.22.1
[INFO] [stderr]    Compiling thiserror v2.0.16
[INFO] [stderr]    Compiling indenter v0.3.4
[INFO] [stderr]    Compiling syn v1.0.109
[INFO] [stderr]    Compiling bytes v1.10.1
[INFO] [stderr]    Compiling ciborium-ll v0.2.2
[INFO] [stderr]    Compiling pem v3.0.5
[INFO] [stderr]    Compiling idna_adapter v1.2.1
[INFO] [stderr]    Compiling serde_yml v0.0.12
[INFO] [stderr]    Compiling tokio v1.47.1
[INFO] [stderr]    Compiling backtrace v0.3.75
[INFO] [stderr]    Compiling regex v1.11.2
[INFO] [stderr]    Compiling thiserror-impl v2.0.16
[INFO] [stderr]    Compiling strum_macros v0.27.2
[INFO] [stderr]    Compiling rand_chacha v0.9.0
[INFO] [stderr]    Compiling yasna v0.5.2
[INFO] [stderr]    Compiling serde_derive_internals v0.29.1
[INFO] [stderr]    Compiling rustls-webpki v0.103.6
[INFO] [stderr]    Compiling dirs v6.0.0
[INFO] [stderr]    Compiling serde_json v1.0.145
[INFO] [stderr]    Compiling proc-macro-error-attr2 v2.0.0
[INFO] [stderr]    Compiling iana-time-zone v0.1.64
[INFO] [stderr]    Compiling redb v2.6.3
[INFO] [stderr]    Compiling schemars v0.8.22
[INFO] [stderr]    Compiling chrono v0.4.42
[INFO] [stderr]    Compiling serde_yaml v0.9.34+deprecated
[INFO] [stderr]    Compiling idna v1.1.0
[INFO] [stderr]    Compiling clap_builder v4.5.47
[INFO] [stderr]    Compiling proc-macro-error2 v2.0.1
[INFO] [stderr]    Compiling shellexpand v3.1.1
[INFO] [stderr]    Compiling strum v0.27.2
[INFO] [stderr]    Compiling schemars_derive v0.8.22
[INFO] [stderr]    Compiling rcgen v0.13.2
[INFO] [stderr]    Compiling libyml v0.0.5
[INFO] [stderr]    Compiling color-eyre v0.6.5
[INFO] [stderr]    Compiling tokio-rustls v0.26.2
[INFO] [stderr]    Compiling rand v0.9.2
[INFO] [stderr]    Compiling ciborium v0.2.2
[INFO] [stderr]    Compiling clap_derive v4.5.47
[INFO] [stderr]    Compiling async-trait v0.1.89
[INFO] [stderr]    Compiling rev_buf_reader v0.3.0
[INFO] [stderr]    Compiling rustls-pemfile v2.2.0
[INFO] [stderr]    Compiling whoami v1.6.1
[INFO] [stderr]    Compiling unicode-width v0.2.1
[INFO] [stderr]    Compiling bytecount v0.6.9
[INFO] [stderr]    Compiling dyn-clone v1.0.20
[INFO] [stderr]    Compiling papergrid v0.13.0
[INFO] [stderr]    Compiling clap v4.5.47
[INFO] [stderr]    Compiling pueue-lib v0.29.0
[INFO] [stderr]    Compiling tabled_derive v0.9.0
[INFO] [stderr]    Compiling url v2.5.7
[INFO] [stderr]    Compiling env_filter v0.1.3
[INFO] [stderr]    Compiling jiff v0.2.15
[INFO] [stderr]    Compiling tabled v0.17.0
[INFO] [stderr]    Compiling clap-verbosity-flag v3.0.4
[INFO] [stderr]    Compiling env_logger v0.11.8
[INFO] [stderr]    Compiling jocker-lib v0.5.1
[INFO] [stderr]    Compiling jocker v0.5.1 (/opt/rustwide/workdir)
[INFO] [stdout] warning: unused import: `command`
[INFO] [stdout]  --> src/cli.rs:3:12
[INFO] [stdout]   |
[INFO] [stdout] 3 | use clap::{command, Args, Parser, Subcommand};
[INFO] [stdout]   |            ^^^^^^^
[INFO] [stdout]   |
[INFO] [stdout]   = note: `#[warn(unused_imports)]` (part of `#[warn(unused)]`) on by default
[INFO] [stdout] 
[INFO] [stdout] 
[INFO] [stderr]     Finished `release` profile [optimized] target(s) in 5m 38s
[INFO] [stderr] warning: the following packages contain code that will be rejected by a future version of Rust: proc-macro-error2 v2.0.1, pueue-lib v0.29.0
[INFO] [stderr] note: to see what the problems were, use the option `--future-incompat-report`, or run `cargo report future-incompatibilities --id 8`
[INFO] running `Command { std: "docker" "inspect" "5f2aae097e6758cc2c008ca3d784b137c22f5252ee1de62e38aa482a3a4998b9", kill_on_drop: false }`
[INFO] running `Command { std: "docker" "exec" "-e" "SOURCE_DIR=/opt/rustwide/workdir" "-e" "CARGO_HOME=/opt/rustwide/cargo-home" "-e" "RUSTUP_HOME=/opt/rustwide/rustup-home" "-e" "CARGO_TARGET_DIR=/opt/rustwide/target" "-e" "CARGO_INCREMENTAL=0" "-e" "RUST_BACKTRACE=full" "-e" "RUSTFLAGS=--cap-lints=warn" "-e" "RUSTDOCFLAGS=--cap-lints=warn" "-w" "/opt/rustwide/workdir" "--user" "0:0" "5f2aae097e6758cc2c008ca3d784b137c22f5252ee1de62e38aa482a3a4998b9" "/opt/rustwide/cargo-home/bin/cargo" "+1.100.0-beta.1" "test" "--frozen" "--no-run" "--message-format=json" "--release", kill_on_drop: false }`
[INFO] [stderr]    Compiling rustix v1.1.2
[INFO] [stderr]    Compiling linux-raw-sys v0.11.0
[INFO] [stderr]    Compiling bitflags v2.9.4
[INFO] [stdout] warning: unused import: `command`
[INFO] [stdout]  --> src/cli.rs:3:12
[INFO] [stdout]   |
[INFO] [stdout] 3 | use clap::{command, Args, Parser, Subcommand};
[INFO] [stdout]   |            ^^^^^^^
[INFO] [stdout]   |
[INFO] [stdout]   = note: `#[warn(unused_imports)]` (part of `#[warn(unused)]`) on by default
[INFO] [stdout] 
[INFO] [stdout] 
[INFO] [stderr]    Compiling tempfile v3.22.0
[INFO] [stderr]    Compiling jocker v0.5.1 (/opt/rustwide/workdir)
[INFO] [stdout] warning: unused import: `command`
[INFO] [stdout]  --> src/cli.rs:3:12
[INFO] [stdout]   |
[INFO] [stdout] 3 | use clap::{command, Args, Parser, Subcommand};
[INFO] [stdout]   |            ^^^^^^^
[INFO] [stdout]   |
[INFO] [stdout]   = note: `#[warn(unused_imports)]` (part of `#[warn(unused)]`) on by default
[INFO] [stdout] 
[INFO] [stdout] 
[INFO] [stderr]     Finished `release` profile [optimized] target(s) in 50.84s
[INFO] [stderr] warning: the following packages contain code that will be rejected by a future version of Rust: proc-macro-error2 v2.0.1, pueue-lib v0.29.0
[INFO] [stderr] note: to see what the problems were, use the option `--future-incompat-report`, or run `cargo report future-incompatibilities --id 8`
[INFO] running `Command { std: "docker" "inspect" "5f2aae097e6758cc2c008ca3d784b137c22f5252ee1de62e38aa482a3a4998b9", kill_on_drop: false }`
[INFO] running `Command { std: "docker" "exec" "-e" "SOURCE_DIR=/opt/rustwide/workdir" "-e" "CARGO_HOME=/opt/rustwide/cargo-home" "-e" "RUSTUP_HOME=/opt/rustwide/rustup-home" "-e" "CARGO_TARGET_DIR=/opt/rustwide/target" "-e" "CARGO_INCREMENTAL=0" "-e" "RUST_BACKTRACE=full" "-e" "RUSTFLAGS=--cap-lints=warn" "-e" "RUSTDOCFLAGS=--cap-lints=warn" "-w" "/opt/rustwide/workdir" "--user" "0:0" "5f2aae097e6758cc2c008ca3d784b137c22f5252ee1de62e38aa482a3a4998b9" "/opt/rustwide/cargo-home/bin/cargo" "+1.100.0-beta.1" "test" "--frozen" "--release", kill_on_drop: false }`
[INFO] [stderr] warning: unused import: `command`
[INFO] [stderr]  --> src/cli.rs:3:12
[INFO] [stderr]   |
[INFO] [stderr] 3 | use clap::{command, Args, Parser, Subcommand};
[INFO] [stderr]   |            ^^^^^^^
[INFO] [stderr]   |
[INFO] [stderr]   = note: `#[warn(unused_imports)]` (part of `#[warn(unused)]`) on by default
[INFO] [stderr] 
[INFO] [stderr] warning: `jocker` (bin "jocker" test) generated 1 warning (run `cargo fix --bin "jocker" -p jocker --tests` to apply 1 suggestion)
[INFO] [stderr] warning: `jocker` (bin "jocker") generated 1 warning (1 duplicate)
[INFO] [stderr]     Finished `release` profile [optimized] target(s) in 0.23s
[INFO] [stderr] warning: the following packages contain code that will be rejected by a future version of Rust: proc-macro-error2 v2.0.1, pueue-lib v0.29.0
[INFO] [stderr] note: to see what the problems were, use the option `--future-incompat-report`, or run `cargo report future-incompatibilities --id 8`
[INFO] [stderr]      Running unittests src/main.rs (/opt/rustwide/target/release/build/jocker/1e2872b7508fee8a/out/jocker-1e2872b7508fee8a)
[INFO] [stderr]      Running tests/test_lifecycle.rs (/opt/rustwide/target/release/build/jocker/72397e466efb1fac/out/test_lifecycle-72397e466efb1fac)
[INFO] [stdout] 
[INFO] [stdout] running 0 tests
[INFO] [stdout] 
[INFO] [stdout] test result: ok. 0 passed; 0 failed; 0 ignored; 0 measured; 0 filtered out; finished in 0.00s
[INFO] [stdout] 
[INFO] [stdout] 
[INFO] [stdout] running 4 tests
[INFO] [stdout] test start_log_stop_process_stack ... FAILED
[INFO] [stdout] test start_log_stop_default ... FAILED
[INFO] [stdout] test start_log_stop_process_stack_filter ... FAILED
[INFO] [stdout] test start_after_stop ... FAILED
[INFO] [stdout] 
[INFO] [stdout] failures:
[INFO] [stdout] 
[INFO] [stdout] ---- start_log_stop_process_stack stdout ----
[INFO] [stdout] 
[INFO] [stdout] thread 'start_log_stop_process_stack' (2941) panicked at tests/common/mod.rs:9:80:
[INFO] [stdout] called `Result::unwrap()` on an `Err` value: Os { code: 2, kind: NotFound, message: "No such file or directory" }
[INFO] [stdout] stack backtrace:
[INFO] [stdout]    0:     0x57d0912e3d11 - <<std[617be2ca0a6fd877]::sys::backtrace::BacktraceLock>::print::DisplayBacktrace as core[a373ad73a504971]::fmt::Display>::fmt
[INFO] [stdout]    1:     0x57d0912fc89a - core[a373ad73a504971]::fmt::write
[INFO] [stdout]    2:     0x57d0912e8ccc - <alloc[2e1b2a31b91974c5]::vec::Vec<u8> as core[a373ad73a504971]::io::write::Write>::write_fmt
[INFO] [stdout]    3:     0x57d0912bb5a6 - std[617be2ca0a6fd877]::panicking::default_hook::{closure#0}
[INFO] [stdout]    4:     0x57d0912d96b9 - std[617be2ca0a6fd877]::panicking::default_hook
[INFO] [stdout]    5:     0x57d090f67d20 - test[aada8e7e76ba119b]::test_main_inner::{closure#0}
[INFO] [stdout]    6:     0x57d0912d99e2 - std[617be2ca0a6fd877]::panicking::panic_with_hook
[INFO] [stdout]    7:     0x57d0912bb652 - std[617be2ca0a6fd877]::panicking::panic_handler::{closure#0}
[INFO] [stdout]    8:     0x57d0912b3f39 - std[617be2ca0a6fd877]::sys::backtrace::__rust_end_short_backtrace::<std[617be2ca0a6fd877]::panicking::panic_handler::{closure#0}, !>
[INFO] [stdout]    9:     0x57d0912bc44d - __rustc[ea4f61d10b84890b]::rust_begin_unwind
[INFO] [stdout]   10:     0x57d0912fd07c - core[a373ad73a504971]::panicking::panic_fmt
[INFO] [stdout]   11:     0x57d0912fce52 - core[a373ad73a504971]::result::unwrap_failed
[INFO] [stdout]   12:     0x57d090ea701f - test_lifecycle[37bbcae01e4c7976]::common::setup::{closure#0}
[INFO] [stdout]   13:     0x57d090e7fc94 - test_lifecycle[37bbcae01e4c7976]::start_log_stop_process_stack::{closure#0}
[INFO] [stdout]   14:     0x57d090f22963 - <tokio[df7746c9afc3d148]::runtime::scheduler::current_thread::Context>::enter::<core[a373ad73a504971]::task::poll::Poll<()>, <tokio[df7746c9afc3d148]::runtime::scheduler::current_thread::CoreGuard>::block_on<core[a373ad73a504971]::pin::Pin<&mut core[a373ad73a504971]::pin::Pin<&mut dyn core[a373ad73a504971]::future::future::Future<Output = ()>>>>::{closure#0}::{closure#0}>
[INFO] [stdout]   15:     0x57d090f0695c - <tokio[df7746c9afc3d148]::runtime::context::scoped::Scoped<tokio[df7746c9afc3d148]::runtime::scheduler::Context>>::set::<<tokio[df7746c9afc3d148]::runtime::scheduler::current_thread::CoreGuard>::enter<<tokio[df7746c9afc3d148]::runtime::scheduler::current_thread::CoreGuard>::block_on<core[a373ad73a504971]::pin::Pin<&mut core[a373ad73a504971]::pin::Pin<&mut dyn core[a373ad73a504971]::future::future::Future<Output = ()>>>>::{closure#0}, core[a373ad73a504971]::option::Option<()>>::{closure#0}, (alloc[2e1b2a31b91974c5]::boxed::Box<tokio[df7746c9afc3d148]::runtime::scheduler::current_thread::Core>, core[a373ad73a504971]::option::Option<()>)>
[INFO] [stdout]   16:     0x57d090f230b7 - <tokio[df7746c9afc3d148]::runtime::scheduler::current_thread::CoreGuard>::block_on::<core[a373ad73a504971]::pin::Pin<&mut core[a373ad73a504971]::pin::Pin<&mut dyn core[a373ad73a504971]::future::future::Future<Output = ()>>>>
[INFO] [stdout]   17:     0x57d090f3cba7 - tokio[df7746c9afc3d148]::runtime::context::runtime::enter_runtime::<<tokio[df7746c9afc3d148]::runtime::scheduler::current_thread::CurrentThread>::block_on<core[a373ad73a504971]::pin::Pin<&mut dyn core[a373ad73a504971]::future::future::Future<Output = ()>>>::{closure#0}, ()>
[INFO] [stdout]   18:     0x57d090f3677a - <tokio[df7746c9afc3d148]::runtime::runtime::Runtime>::block_on::<core[a373ad73a504971]::pin::Pin<&mut dyn core[a373ad73a504971]::future::future::Future<Output = ()>>>
[INFO] [stdout]   19:     0x57d090eab26d - <test_lifecycle[37bbcae01e4c7976]::start_log_stop_process_stack::{closure#0} as core[a373ad73a504971]::ops::function::FnOnce<()>>::call_once
[INFO] [stdout]   20:     0x57d090f5b16b - test[aada8e7e76ba119b]::__rust_begin_short_backtrace::<core[a373ad73a504971]::result::Result<(), alloc[2e1b2a31b91974c5]::string::String>, fn() -> core[a373ad73a504971]::result::Result<(), alloc[2e1b2a31b91974c5]::string::String>>
[INFO] [stdout]   21:     0x57d090f68345 - test[aada8e7e76ba119b]::run_test::{closure#0}
[INFO] [stdout]   22:     0x57d090f61c34 - std[617be2ca0a6fd877]::sys::backtrace::__rust_begin_short_backtrace::<test[aada8e7e76ba119b]::run_test::{closure#1}, ()>
[INFO] [stdout]   23:     0x57d090f6b3d2 - <std[617be2ca0a6fd877]::thread::lifecycle::spawn_unchecked<test[aada8e7e76ba119b]::run_test::{closure#1}, ()>::{closure#1} as core[a373ad73a504971]::ops::function::FnOnce<()>>::call_once::{shim:vtable#0}
[INFO] [stdout]   24:     0x57d0912e29af - <std[617be2ca0a6fd877]::sys::thread::unix::Thread>::new::thread_start
[INFO] [stdout]   25:     0x78d64ba72dfa - <unknown>
[INFO] [stdout]   26:     0x78d64bb063d4 - clone
[INFO] [stdout]   27:                0x0 - <unknown>
[INFO] [stdout] 
[INFO] [stdout] ---- start_log_stop_default stdout ----
[INFO] [stdout] 
[INFO] [stdout] thread 'start_log_stop_default' (2940) panicked at tests/common/mod.rs:9:80:
[INFO] [stdout] called `Result::unwrap()` on an `Err` value: Os { code: 2, kind: NotFound, message: "No such file or directory" }
[INFO] [stdout] stack backtrace:
[INFO] [stdout]    0:     0x57d0912e3d11 - <<std[617be2ca0a6fd877]::sys::backtrace::BacktraceLock>::print::DisplayBacktrace as core[a373ad73a504971]::fmt::Display>::fmt
[INFO] [stdout]    1:     0x57d0912fc89a - core[a373ad73a504971]::fmt::write
[INFO] [stdout]    2:     0x57d0912e8ccc - <alloc[2e1b2a31b91974c5]::vec::Vec<u8> as core[a373ad73a504971]::io::write::Write>::write_fmt
[INFO] [stdout]    3:     0x57d0912bb5a6 - std[617be2ca0a6fd877]::panicking::default_hook::{closure#0}
[INFO] [stdout]    4:     0x57d0912d96b9 - std[617be2ca0a6fd877]::panicking::default_hook
[INFO] [stdout]    5:     0x57d090f67d20 - test[aada8e7e76ba119b]::test_main_inner::{closure#0}
[INFO] [stdout]    6:     0x57d0912d99e2 - std[617be2ca0a6fd877]::panicking::panic_with_hook
[INFO] [stdout]    7:     0x57d0912bb652 - std[617be2ca0a6fd877]::panicking::panic_handler::{closure#0}
[INFO] [stdout]    8:     0x57d0912b3f39 - std[617be2ca0a6fd877]::sys::backtrace::__rust_end_short_backtrace::<std[617be2ca0a6fd877]::panicking::panic_handler::{closure#0}, !>
[INFO] [stdout]    9:     0x57d0912bc44d - __rustc[ea4f61d10b84890b]::rust_begin_unwind
[INFO] [stdout]   10:     0x57d0912fd07c - core[a373ad73a504971]::panicking::panic_fmt
[INFO] [stdout]   11:     0x57d0912fce52 - core[a373ad73a504971]::result::unwrap_failed
[INFO] [stdout]   12:     0x57d090ea701f - test_lifecycle[37bbcae01e4c7976]::common::setup::{closure#0}
[INFO] [stdout]   13:     0x57d090e7e5e4 - test_lifecycle[37bbcae01e4c7976]::start_log_stop_default::{closure#0}
[INFO] [stdout]   14:     0x57d090f22963 - <tokio[df7746c9afc3d148]::runtime::scheduler::current_thread::Context>::enter::<core[a373ad73a504971]::task::poll::Poll<()>, <tokio[df7746c9afc3d148]::runtime::scheduler::current_thread::CoreGuard>::block_on<core[a373ad73a504971]::pin::Pin<&mut core[a373ad73a504971]::pin::Pin<&mut dyn core[a373ad73a504971]::future::future::Future<Output = ()>>>>::{closure#0}::{closure#0}>
[INFO] [stdout]   15:     0x57d090f0695c - <tokio[df7746c9afc3d148]::runtime::context::scoped::Scoped<tokio[df7746c9afc3d148]::runtime::scheduler::Context>>::set::<<tokio[df7746c9afc3d148]::runtime::scheduler::current_thread::CoreGuard>::enter<<tokio[df7746c9afc3d148]::runtime::scheduler::current_thread::CoreGuard>::block_on<core[a373ad73a504971]::pin::Pin<&mut core[a373ad73a504971]::pin::Pin<&mut dyn core[a373ad73a504971]::future::future::Future<Output = ()>>>>::{closure#0}, core[a373ad73a504971]::option::Option<()>>::{closure#0}, (alloc[2e1b2a31b91974c5]::boxed::Box<tokio[df7746c9afc3d148]::runtime::scheduler::current_thread::Core>, core[a373ad73a504971]::option::Option<()>)>
[INFO] [stdout]   16:     0x57d090f230b7 - <tokio[df7746c9afc3d148]::runtime::scheduler::current_thread::CoreGuard>::block_on::<core[a373ad73a504971]::pin::Pin<&mut core[a373ad73a504971]::pin::Pin<&mut dyn core[a373ad73a504971]::future::future::Future<Output = ()>>>>
[INFO] [stdout]   17:     0x57d090f3cba7 - tokio[df7746c9afc3d148]::runtime::context::runtime::enter_runtime::<<tokio[df7746c9afc3d148]::runtime::scheduler::current_thread::CurrentThread>::block_on<core[a373ad73a504971]::pin::Pin<&mut dyn core[a373ad73a504971]::future::future::Future<Output = ()>>>::{closure#0}, ()>
[INFO] [stdout]   18:     0x57d090f3677a - <tokio[df7746c9afc3d148]::runtime::runtime::Runtime>::block_on::<core[a373ad73a504971]::pin::Pin<&mut dyn core[a373ad73a504971]::future::future::Future<Output = ()>>>
[INFO] [stdout]   19:     0x57d090eab10d - <test_lifecycle[37bbcae01e4c7976]::start_log_stop_default::{closure#0} as core[a373ad73a504971]::ops::function::FnOnce<()>>::call_once
[INFO] [stdout]   20:     0x57d090f5b16b - test[aada8e7e76ba119b]::__rust_begin_short_backtrace::<core[a373ad73a504971]::result::Result<(), alloc[2e1b2a31b91974c5]::string::String>, fn() -> core[a373ad73a504971]::result::Result<(), alloc[2e1b2a31b91974c5]::string::String>>
[INFO] [stdout]   21:     0x57d090f68345 - test[aada8e7e76ba119b]::run_test::{closure#0}
[INFO] [stdout]   22:     0x57d090f61c34 - std[617be2ca0a6fd877]::sys::backtrace::__rust_begin_short_backtrace::<test[aada8e7e76ba119b]::run_test::{closure#1}, ()>
[INFO] [stdout]   23:     0x57d090f6b3d2 - <std[617be2ca0a6fd877]::thread::lifecycle::spawn_unchecked<test[aada8e7e76ba119b]::run_test::{closure#1}, ()>::{closure#1} as core[a373ad73a504971]::ops::function::FnOnce<()>>::call_once::{shim:vtable#0}
[INFO] [stdout]   24:     0x57d0912e29af - <std[617be2ca0a6fd877]::sys::thread::unix::Thread>::new::thread_start
[INFO] [stdout]   25:     0x78d64ba72dfa - <unknown>
[INFO] [stdout]   26:     0x78d64bb063d4 - clone
[INFO] [stdout]   27:                0x0 - <unknown>
[INFO] [stdout] 
[INFO] [stdout] ---- start_log_stop_process_stack_filter stdout ----
[INFO] [stdout] 
[INFO] [stdout] thread 'start_log_stop_process_stack_filter' (2942) panicked at tests/common/mod.rs:9:80:
[INFO] [stdout] called `Result::unwrap()` on an `Err` value: Os { code: 2, kind: NotFound, message: "No such file or directory" }
[INFO] [stdout] stack backtrace:
[INFO] [stdout]    0:     0x57d0912e3d11 - <<std[617be2ca0a6fd877]::sys::backtrace::BacktraceLock>::print::DisplayBacktrace as core[a373ad73a504971]::fmt::Display>::fmt
[INFO] [stdout]    1:     0x57d0912fc89a - core[a373ad73a504971]::fmt::write
[INFO] [stdout]    2:     0x57d0912e8ccc - <alloc[2e1b2a31b91974c5]::vec::Vec<u8> as core[a373ad73a504971]::io::write::Write>::write_fmt
[INFO] [stdout]    3:     0x57d0912bb5a6 - std[617be2ca0a6fd877]::panicking::default_hook::{closure#0}
[INFO] [stdout]    4:     0x57d0912d96b9 - std[617be2ca0a6fd877]::panicking::default_hook
[INFO] [stdout]    5:     0x57d090f67d20 - test[aada8e7e76ba119b]::test_main_inner::{closure#0}
[INFO] [stdout]    6:     0x57d0912d99e2 - std[617be2ca0a6fd877]::panicking::panic_with_hook
[INFO] [stdout]    7:     0x57d0912bb652 - std[617be2ca0a6fd877]::panicking::panic_handler::{closure#0}
[INFO] [stdout]    8:     0x57d0912b3f39 - std[617be2ca0a6fd877]::sys::backtrace::__rust_end_short_backtrace::<std[617be2ca0a6fd877]::panicking::panic_handler::{closure#0}, !>
[INFO] [stdout]    9:     0x57d0912bc44d - __rustc[ea4f61d10b84890b]::rust_begin_unwind
[INFO] [stdout]   10:     0x57d0912fd07c - core[a373ad73a504971]::panicking::panic_fmt
[INFO] [stdout]   11:     0x57d0912fce52 - core[a373ad73a504971]::result::unwrap_failed
[INFO] [stdout]   12:     0x57d090ea701f - test_lifecycle[37bbcae01e4c7976]::common::setup::{closure#0}
[INFO] [stdout]   13:     0x57d090e81814 - test_lifecycle[37bbcae01e4c7976]::start_log_stop_process_stack_filter::{closure#0}
[INFO] [stdout]   14:     0x57d090f22963 - <tokio[df7746c9afc3d148]::runtime::scheduler::current_thread::Context>::enter::<core[a373ad73a504971]::task::poll::Poll<()>, <tokio[df7746c9afc3d148]::runtime::scheduler::current_thread::CoreGuard>::block_on<core[a373ad73a504971]::pin::Pin<&mut core[a373ad73a504971]::pin::Pin<&mut dyn core[a373ad73a504971]::future::future::Future<Output = ()>>>>::{closure#0}::{closure#0}>
[INFO] [stdout]   15:     0x57d090f0695c - <tokio[df7746c9afc3d148]::runtime::context::scoped::Scoped<tokio[df7746c9afc3d148]::runtime::scheduler::Context>>::set::<<tokio[df7746c9afc3d148]::runtime::scheduler::current_thread::CoreGuard>::enter<<tokio[df7746c9afc3d148]::runtime::scheduler::current_thread::CoreGuard>::block_on<core[a373ad73a504971]::pin::Pin<&mut core[a373ad73a504971]::pin::Pin<&mut dyn core[a373ad73a504971]::future::future::Future<Output = ()>>>>::{closure#0}, core[a373ad73a504971]::option::Option<()>>::{closure#0}, (alloc[2e1b2a31b91974c5]::boxed::Box<tokio[df7746c9afc3d148]::runtime::scheduler::current_thread::Core>, core[a373ad73a504971]::option::Option<()>)>
[INFO] [stdout]   16:     0x57d090f230b7 - <tokio[df7746c9afc3d148]::runtime::scheduler::current_thread::CoreGuard>::block_on::<core[a373ad73a504971]::pin::Pin<&mut core[a373ad73a504971]::pin::Pin<&mut dyn core[a373ad73a504971]::future::future::Future<Output = ()>>>>
[INFO] [stdout]   17:     0x57d090f3cba7 - tokio[df7746c9afc3d148]::runtime::context::runtime::enter_runtime::<<tokio[df7746c9afc3d148]::runtime::scheduler::current_thread::CurrentThread>::block_on<core[a373ad73a504971]::pin::Pin<&mut dyn core[a373ad73a504971]::future::future::Future<Output = ()>>>::{closure#0}, ()>
[INFO] [stdout]   18:     0x57d090f3677a - <tokio[df7746c9afc3d148]::runtime::runtime::Runtime>::block_on::<core[a373ad73a504971]::pin::Pin<&mut dyn core[a373ad73a504971]::future::future::Future<Output = ()>>>
[INFO] [stdout]   19:     0x57d090eab3cd - <test_lifecycle[37bbcae01e4c7976]::start_log_stop_process_stack_filter::{closure#0} as core[a373ad73a504971]::ops::function::FnOnce<()>>::call_once
[INFO] [stdout]   20:     0x57d090f5b16b - test[aada8e7e76ba119b]::__rust_begin_short_backtrace::<core[a373ad73a504971]::result::Result<(), alloc[2e1b2a31b91974c5]::string::String>, fn() -> core[a373ad73a504971]::result::Result<(), alloc[2e1b2a31b91974c5]::string::String>>
[INFO] [stdout]   21:     0x57d090f68345 - test[aada8e7e76ba119b]::run_test::{closure#0}
[INFO] [stdout]   22:     0x57d090f61c34 - std[617be2ca0a6fd877]::sys::backtrace::__rust_begin_short_backtrace::<test[aada8e7e76ba119b]::run_test::{closure#1}, ()>
[INFO] [stdout]   23:     0x57d090f6b3d2 - <std[617be2ca0a6fd877]::thread::lifecycle::spawn_unchecked<test[aada8e7e76ba119b]::run_test::{closure#1}, ()>::{closure#1} as core[a373ad73a504971]::ops::function::FnOnce<()>>::call_once::{shim:vtable#0}
[INFO] [stdout]   24:     0x57d0912e29af - <std[617be2ca0a6fd877]::sys::thread::unix::Thread>::new::thread_start
[INFO] [stdout]   25:     0x78d64ba72dfa - <unknown>
[INFO] [stdout]   26:     0x78d64bb063d4 - clone
[INFO] [stdout]   27:                0x0 - <unknown>
[INFO] [stdout] 
[INFO] [stdout] ---- start_after_stop stdout ----
[INFO] [stdout] 
[INFO] [stdout] thread 'start_after_stop' (2939) panicked at tests/common/mod.rs:9:80:
[INFO] [stdout] called `Result::unwrap()` on an `Err` value: Os { code: 2, kind: NotFound, message: "No such file or directory" }
[INFO] [stdout] stack backtrace:
[INFO] [stdout]    0:     0x57d0912e3d11 - <<std[617be2ca0a6fd877]::sys::backtrace::BacktraceLock>::print::DisplayBacktrace as core[a373ad73a504971]::fmt::Display>::fmt
[INFO] [stdout]    1:     0x57d0912fc89a - core[a373ad73a504971]::fmt::write
[INFO] [stdout]    2:     0x57d0912e8ccc - <alloc[2e1b2a31b91974c5]::vec::Vec<u8> as core[a373ad73a504971]::io::write::Write>::write_fmt
[INFO] [stdout]    3:     0x57d0912bb5a6 - std[617be2ca0a6fd877]::panicking::default_hook::{closure#0}
[INFO] [stdout]    4:     0x57d0912d96b9 - std[617be2ca0a6fd877]::panicking::default_hook
[INFO] [stdout]    5:     0x57d090f67d20 - test[aada8e7e76ba119b]::test_main_inner::{closure#0}
[INFO] [stdout]    6:     0x57d0912d99e2 - std[617be2ca0a6fd877]::panicking::panic_with_hook
[INFO] [stdout]    7:     0x57d0912bb652 - std[617be2ca0a6fd877]::panicking::panic_handler::{closure#0}
[INFO] [stdout]    8:     0x57d0912b3f39 - std[617be2ca0a6fd877]::sys::backtrace::__rust_end_short_backtrace::<std[617be2ca0a6fd877]::panicking::panic_handler::{closure#0}, !>
[INFO] [stdout]    9:     0x57d0912bc44d - __rustc[ea4f61d10b84890b]::rust_begin_unwind
[INFO] [stdout]   10:     0x57d0912fd07c - core[a373ad73a504971]::panicking::panic_fmt
[INFO] [stdout]   11:     0x57d0912fce52 - core[a373ad73a504971]::result::unwrap_failed
[INFO] [stdout]   12:     0x57d090ea701f - test_lifecycle[37bbcae01e4c7976]::common::setup::{closure#0}
[INFO] [stdout]   13:     0x57d090e7c9d6 - test_lifecycle[37bbcae01e4c7976]::start_after_stop::{closure#0}
[INFO] [stdout]   14:     0x57d090f22963 - <tokio[df7746c9afc3d148]::runtime::scheduler::current_thread::Context>::enter::<core[a373ad73a504971]::task::poll::Poll<()>, <tokio[df7746c9afc3d148]::runtime::scheduler::current_thread::CoreGuard>::block_on<core[a373ad73a504971]::pin::Pin<&mut core[a373ad73a504971]::pin::Pin<&mut dyn core[a373ad73a504971]::future::future::Future<Output = ()>>>>::{closure#0}::{closure#0}>
[INFO] [stdout]   15:     0x57d090f0695c - <tokio[df7746c9afc3d148]::runtime::context::scoped::Scoped<tokio[df7746c9afc3d148]::runtime::scheduler::Context>>::set::<<tokio[df7746c9afc3d148]::runtime::scheduler::current_thread::CoreGuard>::enter<<tokio[df7746c9afc3d148]::runtime::scheduler::current_thread::CoreGuard>::block_on<core[a373ad73a504971]::pin::Pin<&mut core[a373ad73a504971]::pin::Pin<&mut dyn core[a373ad73a504971]::future::future::Future<Output = ()>>>>::{closure#0}, core[a373ad73a504971]::option::Option<()>>::{closure#0}, (alloc[2e1b2a31b91974c5]::boxed::Box<tokio[df7746c9afc3d148]::runtime::scheduler::current_thread::Core>, core[a373ad73a504971]::option::Option<()>)>
[INFO] [stdout]   16:     0x57d090f230b7 - <tokio[df7746c9afc3d148]::runtime::scheduler::current_thread::CoreGuard>::block_on::<core[a373ad73a504971]::pin::Pin<&mut core[a373ad73a504971]::pin::Pin<&mut dyn core[a373ad73a504971]::future::future::Future<Output = ()>>>>
[INFO] [stdout]   17:     0x57d090f3cba7 - tokio[df7746c9afc3d148]::runtime::context::runtime::enter_runtime::<<tokio[df7746c9afc3d148]::runtime::scheduler::current_thread::CurrentThread>::block_on<core[a373ad73a504971]::pin::Pin<&mut dyn core[a373ad73a504971]::future::future::Future<Output = ()>>>::{closure#0}, ()>
[INFO] [stdout]   18:     0x57d090f3677a - <tokio[df7746c9afc3d148]::runtime::runtime::Runtime>::block_on::<core[a373ad73a504971]::pin::Pin<&mut dyn core[a373ad73a504971]::future::future::Future<Output = ()>>>
[INFO] [stdout]   19:     0x57d090eaafad - <test_lifecycle[37bbcae01e4c7976]::start_after_stop::{closure#0} as core[a373ad73a504971]::ops::function::FnOnce<()>>::call_once
[INFO] [stdout]   20:     0x57d090f5b16b - test[aada8e7e76ba119b]::__rust_begin_short_backtrace::<core[a373ad73a504971]::result::Result<(), alloc[2e1b2a31b91974c5]::string::String>, fn() -> core[a373ad73a504971]::result::Result<(), alloc[2e1b2a31b91974c5]::string::String>>
[INFO] [stdout]   21:     0x57d090f68345 - test[aada8e7e76ba119b]::run_test::{closure#0}
[INFO] [stdout]   22:     0x57d090f61c34 - std[617be2ca0a6fd877]::sys::backtrace::__rust_begin_short_backtrace::<test[aada8e7e76ba119b]::run_test::{closure#1}, ()>
[INFO] [stdout]   23:     0x57d090f6b3d2 - <std[617be2ca0a6fd877]::thread::lifecycle::spawn_unchecked<test[aada8e7e76ba119b]::run_test::{closure#1}, ()>::{closure#1} as core[a373ad73a504971]::ops::function::FnOnce<()>>::call_once::{shim:vtable#0}
[INFO] [stdout]   24:     0x57d0912e29af - <std[617be2ca0a6fd877]::sys::thread::unix::Thread>::new::thread_start
[INFO] [stdout]   25:     0x78d64ba72dfa - <unknown>
[INFO] [stdout]   26:     0x78d64bb063d4 - clone
[INFO] [stdout]   27:                0x0 - <unknown>
[INFO] [stdout] 
[INFO] [stdout] 
[INFO] [stdout] failures:
[INFO] [stdout]     start_after_stop
[INFO] [stdout]     start_log_stop_default
[INFO] [stdout]     start_log_stop_process_stack
[INFO] [stdout]     start_log_stop_process_stack_filter
[INFO] [stdout] 
[INFO] [stdout] test result: FAILED. 0 passed; 4 failed; 0 ignored; 0 measured; 0 filtered out; finished in 0.00s
[INFO] [stdout] 
[INFO] [stderr] error: test failed, to rerun pass `--test test_lifecycle`
[INFO] running `Command { std: "docker" "inspect" "5f2aae097e6758cc2c008ca3d784b137c22f5252ee1de62e38aa482a3a4998b9", kill_on_drop: false }`
[INFO] running `Command { std: "docker" "rm" "-f" "5f2aae097e6758cc2c008ca3d784b137c22f5252ee1de62e38aa482a3a4998b9", kill_on_drop: false }`
[INFO] [stdout] 5f2aae097e6758cc2c008ca3d784b137c22f5252ee1de62e38aa482a3a4998b9
