[INFO] fetching crate jocker-lib 0.5.1...
[INFO] testing jocker-lib-0.5.1 against 1.99.0-beta.8+cargoflags=--release for beta-release-1.100-2
[INFO] extracting crate jocker-lib 0.5.1 into /workspace/builds/worker-7-tc1/source
[INFO] started tweaking crates.io crate jocker-lib 0.5.1
[INFO] finished tweaking crates.io crate jocker-lib 0.5.1
[INFO] tweaked toml for crates.io crate jocker-lib 0.5.1 written to /workspace/builds/worker-7-tc1/source/Cargo.toml
[INFO] validating manifest of crates.io crate jocker-lib 0.5.1 on toolchain 1.99.0-beta.8
[INFO] running `Command { std: CARGO_HOME="/workspace/cargo-home" RUSTUP_HOME="/workspace/rustup-home" "/workspace/cargo-home/bin/cargo" "+1.99.0-beta.8" "metadata" "--manifest-path" "Cargo.toml" "--no-deps", kill_on_drop: false }`
[INFO] crate crates.io crate jocker-lib 0.5.1 already has a lockfile, it will not be regenerated
[INFO] running `Command { std: CARGO_HOME="/workspace/cargo-home" RUSTUP_HOME="/workspace/rustup-home" "/workspace/cargo-home/bin/cargo" "+1.99.0-beta.8" "fetch" "--manifest-path" "Cargo.toml", kill_on_drop: false }`
[INFO] [stderr]     Updating crates.io index
[INFO] [stderr]  Downloading crates ...
[INFO] [stderr]   Downloaded serde v1.0.225
[INFO] [stderr]   Downloaded tempfile v3.22.0
[INFO] [stderr]   Downloaded serde_core v1.0.225
[INFO] [stderr]   Downloaded wasm-bindgen-macro v0.2.102
[INFO] [stderr]   Downloaded serde_derive v1.0.225
[INFO] [stderr]   Downloaded wasm-bindgen-shared v0.2.102
[INFO] [stderr]   Downloaded rev_buf_reader v0.3.0
[INFO] [stderr]   Downloaded wasm-bindgen-backend v0.2.102
[INFO] [stderr]   Downloaded wasm-bindgen-macro-support v0.2.102
[INFO] [stderr]   Downloaded shellexpand v3.1.1
[INFO] [stderr]   Downloaded indexmap v2.11.3
[INFO] [stderr]   Downloaded pueue-lib v0.29.0
[INFO] [stderr]   Downloaded wasm-bindgen v0.2.102
[INFO] [stderr]   Downloaded js-sys v0.3.79
[INFO] [stderr]   Downloaded deranged v0.5.3
[INFO] [stderr]   Downloaded color-spantrace v0.3.0
[INFO] [stderr]   Downloaded rustls-webpki v0.103.6
[INFO] [stderr]   Downloaded owo-colors v4.2.2
[INFO] [stderr]   Downloaded redb v2.6.3
[INFO] [stderr]   Downloaded time v0.3.43
[INFO] [stderr]   Downloaded rustls v0.23.31
[INFO] [stderr]   Downloaded web-sys v0.3.79
[INFO] [stderr]   Downloaded color-eyre v0.6.5
[INFO] running `Command { std: "docker" "create" "-v" "/var/lib/crater-agent-workspace/builds/worker-7-tc1/source:/opt/rustwide/workdir:ro,Z" "-v" "/var/lib/crater-agent-workspace/builds/worker-7-tc1/target:/opt/rustwide/target:rw,Z" "-v" "/var/lib/crater-agent-workspace/cargo-home:/opt/rustwide/cargo-home:ro,Z" "-v" "/var/lib/crater-agent-workspace/rustup-home:/opt/rustwide/rustup-home:ro,Z" "-m" "1610612736" "--network" "none" "ghcr.io/rust-lang/crates-build-env/linux@sha256:77db811e55d90add9212f6832c23229e3de5f1c1f9905e8cb07319ea15df73ac" "sleep" "infinity", kill_on_drop: false }`
[INFO] [stdout] 2ebe1d21e0d8871b456e260bf1ee554fcb11c776fea028a738587816c2c51021
[INFO] running `Command { std: "docker" "start" "2ebe1d21e0d8871b456e260bf1ee554fcb11c776fea028a738587816c2c51021", kill_on_drop: false }`
[INFO] running `Command { std: "docker" "inspect" "2ebe1d21e0d8871b456e260bf1ee554fcb11c776fea028a738587816c2c51021", kill_on_drop: false }`
[INFO] running `Command { std: "docker" "exec" "-e" "SOURCE_DIR=/opt/rustwide/workdir" "-e" "CARGO_HOME=/opt/rustwide/cargo-home" "-e" "RUSTUP_HOME=/opt/rustwide/rustup-home" "-e" "CARGO_TARGET_DIR=/opt/rustwide/target" "-w" "/opt/rustwide/workdir" "--user" "0:0" "2ebe1d21e0d8871b456e260bf1ee554fcb11c776fea028a738587816c2c51021" "/opt/rustwide/cargo-home/bin/cargo" "+1.99.0-beta.8" "metadata" "--no-deps" "--format-version=1", kill_on_drop: false }`
[INFO] running `Command { std: "docker" "inspect" "2ebe1d21e0d8871b456e260bf1ee554fcb11c776fea028a738587816c2c51021", kill_on_drop: false }`
[INFO] running `Command { std: "docker" "exec" "-e" "SOURCE_DIR=/opt/rustwide/workdir" "-e" "CARGO_HOME=/opt/rustwide/cargo-home" "-e" "RUSTUP_HOME=/opt/rustwide/rustup-home" "-e" "CARGO_TARGET_DIR=/opt/rustwide/target" "-e" "CARGO_INCREMENTAL=0" "-e" "RUST_BACKTRACE=full" "-e" "RUSTFLAGS=--cap-lints=warn" "-e" "RUSTDOCFLAGS=--cap-lints=warn" "-w" "/opt/rustwide/workdir" "--user" "0:0" "2ebe1d21e0d8871b456e260bf1ee554fcb11c776fea028a738587816c2c51021" "/opt/rustwide/cargo-home/bin/cargo" "+1.99.0-beta.8" "build" "--frozen" "--message-format=json" "--release", kill_on_drop: false }`
[INFO] [stderr]    Compiling cfg-if v1.0.3
[INFO] [stderr]    Compiling serde_core v1.0.225
[INFO] [stderr]    Compiling find-msvc-tools v0.1.1
[INFO] [stderr]    Compiling serde v1.0.225
[INFO] [stderr]    Compiling smallvec v1.15.1
[INFO] [stderr]    Compiling zeroize v1.8.1
[INFO] [stderr]    Compiling tracing-core v0.1.34
[INFO] [stderr]    Compiling syn v2.0.106
[INFO] [stderr]    Compiling owo-colors v4.2.2
[INFO] [stderr]    Compiling object v0.36.7
[INFO] [stderr]    Compiling lock_api v0.4.13
[INFO] [stderr]    Compiling deranged v0.5.3
[INFO] [stderr]    Compiling rustls v0.23.31
[INFO] [stderr]    Compiling eyre v0.6.12
[INFO] [stderr]    Compiling hashbrown v0.15.5
[INFO] [stderr]    Compiling num-conv v0.1.0
[INFO] [stderr]    Compiling getrandom v0.2.16
[INFO] [stderr]    Compiling thread_local v1.1.9
[INFO] [stderr]    Compiling getrandom v0.3.3
[INFO] [stderr]    Compiling anyhow v1.0.99
[INFO] [stderr]    Compiling gimli v0.31.1
[INFO] [stderr]    Compiling time-core v0.1.6
[INFO] [stderr]    Compiling rustls-pki-types v1.12.0
[INFO] [stderr]    Compiling cc v1.2.37
[INFO] [stderr]    Compiling color-spantrace v0.3.0
[INFO] [stderr]    Compiling dirs-sys v0.5.0
[INFO] [stderr]    Compiling miniz_oxide v0.8.9
[INFO] [stderr]    Compiling parking_lot_core v0.9.11
[INFO] [stderr]    Compiling rand_core v0.9.3
[INFO] [stderr]    Compiling half v2.6.0
[INFO] [stderr]    Compiling signal-hook-registry v1.4.6
[INFO] [stderr]    Compiling tracing-subscriber v0.3.20
[INFO] [stderr]    Compiling parking_lot v0.12.4
[INFO] [stderr]    Compiling socket2 v0.6.0
[INFO] [stderr]    Compiling mio v1.0.4
[INFO] [stderr]    Compiling indexmap v2.11.3
[INFO] [stderr]    Compiling log v0.4.28
[INFO] [stderr]    Compiling ciborium-io v0.2.2
[INFO] [stderr]    Compiling base64 v0.22.1
[INFO] [stderr]    Compiling rustc-demangle v0.1.26
[INFO] [stderr]    Compiling indenter v0.3.4
[INFO] [stderr]    Compiling serde_yml v0.0.12
[INFO] [stderr]    Compiling pem v3.0.5
[INFO] [stderr]    Compiling ciborium-ll v0.2.2
[INFO] [stderr]    Compiling snap v1.1.1
[INFO] [stderr]    Compiling rand_chacha v0.9.0
[INFO] [stderr]    Compiling dirs v6.0.0
[INFO] [stderr]    Compiling aho-corasick v1.1.3
[INFO] [stderr]    Compiling schemars v0.8.22
[INFO] [stderr]    Compiling regex-syntax v0.8.6
[INFO] [stderr]    Compiling percent-encoding v2.3.2
[INFO] [stderr]    Compiling unsafe-libyaml v0.2.11
[INFO] [stderr]    Compiling time v0.3.43
[INFO] [stderr]    Compiling redb v2.6.3
[INFO] [stderr]    Compiling form_urlencoded v1.2.2
[INFO] [stderr]    Compiling ring v0.17.14
[INFO] [stderr]    Compiling libyml v0.0.5
[INFO] [stderr]    Compiling rand v0.9.2
[INFO] [stderr]    Compiling shellexpand v3.1.1
[INFO] [stderr]    Compiling rustls-pemfile v2.2.0
[INFO] [stderr]    Compiling rev_buf_reader v0.3.0
[INFO] [stderr]    Compiling whoami v1.6.1
[INFO] [stderr]    Compiling yasna v0.5.2
[INFO] [stderr]    Compiling addr2line v0.24.2
[INFO] [stderr]    Compiling serde_json v1.0.145
[INFO] [stderr]    Compiling synstructure v0.13.2
[INFO] [stderr]    Compiling serde_derive_internals v0.29.1
[INFO] [stderr]    Compiling regex-automata v0.4.10
[INFO] [stderr]    Compiling zerofrom-derive v0.1.6
[INFO] [stderr]    Compiling yoke-derive v0.8.0
[INFO] [stderr]    Compiling zerovec-derive v0.11.1
[INFO] [stderr]    Compiling displaydoc v0.2.5
[INFO] [stderr]    Compiling serde_derive v1.0.225
[INFO] [stderr]    Compiling tracing-attributes v0.1.30
[INFO] [stderr]    Compiling tokio-macros v2.5.0
[INFO] [stderr]    Compiling strum_macros v0.27.2
[INFO] [stderr]    Compiling thiserror-impl v2.0.16
[INFO] [stderr]    Compiling backtrace v0.3.75
[INFO] [stderr]    Compiling schemars_derive v0.8.22
[INFO] [stderr]    Compiling async-trait v0.1.89
[INFO] [stderr]    Compiling tokio v1.47.1
[INFO] [stderr]    Compiling zerofrom v0.1.6
[INFO] [stderr]    Compiling yoke v0.8.0
[INFO] [stderr]    Compiling tracing v0.1.41
[INFO] [stderr]    Compiling zerotrie v0.2.2
[INFO] [stderr]    Compiling tracing-error v0.2.1
[INFO] [stderr]    Compiling zerovec v0.11.4
[INFO] [stderr]    Compiling color-eyre v0.6.5
[INFO] [stderr]    Compiling thiserror v2.0.16
[INFO] [stderr]    Compiling tinystr v0.8.1
[INFO] [stderr]    Compiling potential_utf v0.1.3
[INFO] [stderr]    Compiling icu_collections v2.0.0
[INFO] [stderr]    Compiling regex v1.11.2
[INFO] [stderr]    Compiling icu_locale_core v2.0.0
[INFO] [stderr]    Compiling strum v0.27.2
[INFO] [stderr]    Compiling icu_provider v2.0.0
[INFO] [stderr]    Compiling icu_normalizer v2.0.0
[INFO] [stderr]    Compiling icu_properties v2.0.1
[INFO] [stderr]    Compiling ciborium v0.2.2
[INFO] [stderr]    Compiling chrono v0.4.42
[INFO] [stderr]    Compiling serde_yaml v0.9.34+deprecated
[INFO] [stderr]    Compiling idna_adapter v1.2.1
[INFO] [stderr]    Compiling idna v1.1.0
[INFO] [stderr]    Compiling url v2.5.7
[INFO] [stderr]    Compiling rustls-webpki v0.103.6
[INFO] [stderr]    Compiling rcgen v0.13.2
[INFO] [stderr]    Compiling tokio-rustls v0.26.2
[INFO] [stderr]    Compiling pueue-lib v0.29.0
[INFO] [stderr]    Compiling jocker-lib v0.5.1 (/opt/rustwide/workdir)
[INFO] [stderr]     Finished `release` profile [optimized] target(s) in 2m 04s
[INFO] running `Command { std: "docker" "inspect" "2ebe1d21e0d8871b456e260bf1ee554fcb11c776fea028a738587816c2c51021", kill_on_drop: false }`
[INFO] running `Command { std: "docker" "exec" "-e" "SOURCE_DIR=/opt/rustwide/workdir" "-e" "CARGO_HOME=/opt/rustwide/cargo-home" "-e" "RUSTUP_HOME=/opt/rustwide/rustup-home" "-e" "CARGO_TARGET_DIR=/opt/rustwide/target" "-e" "CARGO_INCREMENTAL=0" "-e" "RUST_BACKTRACE=full" "-e" "RUSTFLAGS=--cap-lints=warn" "-e" "RUSTDOCFLAGS=--cap-lints=warn" "-w" "/opt/rustwide/workdir" "--user" "0:0" "2ebe1d21e0d8871b456e260bf1ee554fcb11c776fea028a738587816c2c51021" "/opt/rustwide/cargo-home/bin/cargo" "+1.99.0-beta.8" "test" "--frozen" "--no-run" "--message-format=json" "--release", kill_on_drop: false }`
[INFO] [stderr]    Compiling rustix v1.1.2
[INFO] [stderr]    Compiling bitflags v2.9.4
[INFO] [stderr]    Compiling tempfile v3.22.0
[INFO] [stderr]    Compiling jocker-lib v0.5.1 (/opt/rustwide/workdir)
[INFO] [stderr]     Finished `release` profile [optimized] target(s) in 12.64s
[INFO] running `Command { std: "docker" "inspect" "2ebe1d21e0d8871b456e260bf1ee554fcb11c776fea028a738587816c2c51021", kill_on_drop: false }`
[INFO] running `Command { std: "docker" "exec" "-e" "SOURCE_DIR=/opt/rustwide/workdir" "-e" "CARGO_HOME=/opt/rustwide/cargo-home" "-e" "RUSTUP_HOME=/opt/rustwide/rustup-home" "-e" "CARGO_TARGET_DIR=/opt/rustwide/target" "-e" "CARGO_INCREMENTAL=0" "-e" "RUST_BACKTRACE=full" "-e" "RUSTFLAGS=--cap-lints=warn" "-e" "RUSTDOCFLAGS=--cap-lints=warn" "-w" "/opt/rustwide/workdir" "--user" "0:0" "2ebe1d21e0d8871b456e260bf1ee554fcb11c776fea028a738587816c2c51021" "/opt/rustwide/cargo-home/bin/cargo" "+1.99.0-beta.8" "test" "--frozen" "--release", kill_on_drop: false }`
[INFO] [stderr]     Finished `release` profile [optimized] target(s) in 0.16s
[INFO] [stderr]      Running unittests src/lib.rs (/opt/rustwide/target/release/deps/jocker_lib-5e08a9b345131ba9)
[INFO] [stdout] 
[INFO] [stdout] running 10 tests
[INFO] [stdout] test config::tests::generate_json_schema ... ignored, Temporary thing to generate JsonSchema
[INFO] [stdout] test start::tests::test_envsubst ... ok
[INFO] [stdout] test command::pueue::tests::group_init ... FAILED
[INFO] [stdout] test database::tests::get_set_config_updated_at ... ok
[INFO] [stdout] test database::tests::get_set_process_properties ... ok
[INFO] [stdout] test database::tests::get_set_processes ... ok
[INFO] [stdout] test database::tests::get_set_binaries ... ok
[INFO] [stdout] test database::tests::get_set_default_stack ... ok
[INFO] [stdout] test database::tests::get_set_stacks ... ok
[INFO] [stdout] test database::tests::get_set_binaries_updated_at ... ok
[INFO] [stdout] 
[INFO] [stdout] failures:
[INFO] [stdout] 
[INFO] [stdout] ---- command::pueue::tests::group_init stdout ----
[INFO] [stdout] 
[INFO] [stdout] thread 'command::pueue::tests::group_init' (2570) panicked at src/command/pueue.rs:413:47:
[INFO] [stdout] called `Result::unwrap()` on an `Err` value: JockerError: Io(Os { code: 2, kind: NotFound, message: "No such file or directory" }) With context:[1] pueue error
[INFO] [stdout] stack backtrace:
[INFO] [stdout]    0:     0x5baf722ab291 - <<std[70759c8f55707aa4]::sys::backtrace::BacktraceLock>::print::DisplayBacktrace as core[df12db4294e9bfd3]::fmt::Display>::fmt
[INFO] [stdout]    1:     0x5baf722c3daa - core[df12db4294e9bfd3]::fmt::write
[INFO] [stdout]    2:     0x5baf722b010c - <alloc[2182bb758b4b3781]::vec::Vec<u8> as core[df12db4294e9bfd3]::io::write::Write>::write_fmt
[INFO] [stdout]    3:     0x5baf72283ec6 - std[70759c8f55707aa4]::panicking::default_hook::{closure#0}
[INFO] [stdout]    4:     0x5baf722a1b19 - std[70759c8f55707aa4]::panicking::default_hook
[INFO] [stdout]    5:     0x5baf71f6d5e0 - test[9d35eded1c95d3be]::test_main_inner::<test[9d35eded1c95d3be]::test_main_static::{closure#0}>::{closure#0}
[INFO] [stdout]    6:     0x5baf722a1e42 - std[70759c8f55707aa4]::panicking::panic_with_hook
[INFO] [stdout]    7:     0x5baf72283f72 - std[70759c8f55707aa4]::panicking::panic_handler::{closure#0}
[INFO] [stdout]    8:     0x5baf7227c999 - std[70759c8f55707aa4]::sys::backtrace::__rust_end_short_backtrace::<std[70759c8f55707aa4]::panicking::panic_handler::{closure#0}, !>
[INFO] [stdout]    9:     0x5baf72284d5d - __rustc[8fa7c3cbc660c2b3]::rust_begin_unwind
[INFO] [stdout]   10:     0x5baf722c458c - core[df12db4294e9bfd3]::panicking::panic_fmt
[INFO] [stdout]   11:     0x5baf722c4362 - core[df12db4294e9bfd3]::result::unwrap_failed
[INFO] [stdout]   12:     0x5baf71eda054 - jocker_lib[b338d13bd831fe5f]::command::pueue::tests::group_init::{closure#0}
[INFO] [stdout]   13:     0x5baf71f02903 - <tokio[2f3b93e2c8f1fcee]::runtime::scheduler::current_thread::Context>::enter::<core[df12db4294e9bfd3]::task::poll::Poll<()>, <tokio[2f3b93e2c8f1fcee]::runtime::scheduler::current_thread::CoreGuard>::block_on<core[df12db4294e9bfd3]::pin::Pin<&mut core[df12db4294e9bfd3]::pin::Pin<&mut dyn core[df12db4294e9bfd3]::future::future::Future<Output = ()>>>>::{closure#0}::{closure#0}>
[INFO] [stdout]   14:     0x5baf71f144dc - <tokio[2f3b93e2c8f1fcee]::runtime::context::scoped::Scoped<tokio[2f3b93e2c8f1fcee]::runtime::scheduler::Context>>::set::<<tokio[2f3b93e2c8f1fcee]::runtime::scheduler::current_thread::CoreGuard>::enter<<tokio[2f3b93e2c8f1fcee]::runtime::scheduler::current_thread::CoreGuard>::block_on<core[df12db4294e9bfd3]::pin::Pin<&mut core[df12db4294e9bfd3]::pin::Pin<&mut dyn core[df12db4294e9bfd3]::future::future::Future<Output = ()>>>>::{closure#0}, core[df12db4294e9bfd3]::option::Option<()>>::{closure#0}, (alloc[2182bb758b4b3781]::boxed::Box<tokio[2f3b93e2c8f1fcee]::runtime::scheduler::current_thread::Core>, core[df12db4294e9bfd3]::option::Option<()>)>
[INFO] [stdout]   15:     0x5baf71f02c57 - <tokio[2f3b93e2c8f1fcee]::runtime::scheduler::current_thread::CoreGuard>::block_on::<core[df12db4294e9bfd3]::pin::Pin<&mut core[df12db4294e9bfd3]::pin::Pin<&mut dyn core[df12db4294e9bfd3]::future::future::Future<Output = ()>>>>
[INFO] [stdout]   16:     0x5baf71f5598d - tokio[2f3b93e2c8f1fcee]::runtime::context::runtime::enter_runtime::<<tokio[2f3b93e2c8f1fcee]::runtime::scheduler::current_thread::CurrentThread>::block_on<core[df12db4294e9bfd3]::pin::Pin<&mut dyn core[df12db4294e9bfd3]::future::future::Future<Output = ()>>>::{closure#0}, ()>
[INFO] [stdout]   17:     0x5baf71f252c5 - <tokio[2f3b93e2c8f1fcee]::runtime::runtime::Runtime>::block_on::<core[df12db4294e9bfd3]::pin::Pin<&mut dyn core[df12db4294e9bfd3]::future::future::Future<Output = ()>>>
[INFO] [stdout]   18:     0x5baf71edc02a - jocker_lib[b338d13bd831fe5f]::command::pueue::tests::group_init
[INFO] [stdout]   19:     0x5baf71f5f2c9 - <jocker_lib[b338d13bd831fe5f]::command::pueue::tests::group_init::{closure#0} as core[df12db4294e9bfd3]::ops::function::FnOnce<()>>::call_once
[INFO] [stdout]   20:     0x5baf71f608cb - test[9d35eded1c95d3be]::__rust_begin_short_backtrace::<core[df12db4294e9bfd3]::result::Result<(), alloc[2182bb758b4b3781]::string::String>, fn() -> core[df12db4294e9bfd3]::result::Result<(), alloc[2182bb758b4b3781]::string::String>>
[INFO] [stdout]   21:     0x5baf71f6df35 - test[9d35eded1c95d3be]::run_test::{closure#0}
[INFO] [stdout]   22:     0x5baf71f677f4 - std[70759c8f55707aa4]::sys::backtrace::__rust_begin_short_backtrace::<test[9d35eded1c95d3be]::run_test::{closure#1}, ()>
[INFO] [stdout]   23:     0x5baf71f71092 - <std[70759c8f55707aa4]::thread::lifecycle::spawn_unchecked<test[9d35eded1c95d3be]::run_test::{closure#1}, ()>::{closure#1} as core[df12db4294e9bfd3]::ops::function::FnOnce<()>>::call_once::{shim:vtable#0}
[INFO] [stdout]   24:     0x5baf722aa049 - <std[70759c8f55707aa4]::sys::thread::unix::Thread>::new::thread_start
[INFO] [stdout]   25:     0x7fca19f71dfa - <unknown>
[INFO] [stdout]   26:     0x7fca1a0053d4 - clone
[INFO] [stdout]   27:                0x0 - <unknown>
[INFO] [stdout] 
[INFO] [stdout] 
[INFO] [stdout] failures:
[INFO] [stdout]     command::pueue::tests::group_init
[INFO] [stdout] 
[INFO] [stdout] test result: FAILED. 8 passed; 1 failed; 1 ignored; 0 measured; 0 filtered out; finished in 0.16s
[INFO] [stdout] 
[INFO] [stderr] error: test failed, to rerun pass `--lib`
[INFO] running `Command { std: "docker" "inspect" "2ebe1d21e0d8871b456e260bf1ee554fcb11c776fea028a738587816c2c51021", kill_on_drop: false }`
[INFO] running `Command { std: "docker" "rm" "-f" "2ebe1d21e0d8871b456e260bf1ee554fcb11c776fea028a738587816c2c51021", kill_on_drop: false }`
[INFO] [stdout] 2ebe1d21e0d8871b456e260bf1ee554fcb11c776fea028a738587816c2c51021
