[INFO] fetching crate jobrog 1.1.0...
[INFO] testing jobrog-1.1.0 against 1.100.0-beta.1+cargoflags=--release for beta-release-1.100-2
[INFO] extracting crate jobrog 1.1.0 into /workspace/builds/worker-1-tc2/source
[INFO] started tweaking crates.io crate jobrog 1.1.0
[INFO] finished tweaking crates.io crate jobrog 1.1.0
[INFO] tweaked toml for crates.io crate jobrog 1.1.0 written to /workspace/builds/worker-1-tc2/source/Cargo.toml
[INFO] validating manifest of crates.io crate jobrog 1.1.0 on toolchain 1.100.0-beta.1
[INFO] running `Command { std: CARGO_HOME="/workspace/cargo-home" RUSTUP_HOME="/workspace/rustup-home" "/workspace/cargo-home/bin/cargo" "+1.100.0-beta.1" "metadata" "--manifest-path" "Cargo.toml" "--no-deps", kill_on_drop: false }`
[INFO] crate crates.io crate jobrog 1.1.0 already has a lockfile, it will not be regenerated
[INFO] running `Command { std: CARGO_HOME="/workspace/cargo-home" RUSTUP_HOME="/workspace/rustup-home" "/workspace/cargo-home/bin/cargo" "+1.100.0-beta.1" "fetch" "--manifest-path" "Cargo.toml", kill_on_drop: false }`
[INFO] [stderr] warning: `package.homepage` is redundant with `package.repository`
[INFO] [stderr]   --> Cargo.toml:57:12
[INFO] [stderr]    |
[INFO] [stderr] 57 | homepage = "https://github.com/dfhoughton/jobrog"
[INFO] [stderr]    |            ^^^^^^^^^^^^^^^^^^^^^^^^^^^^^^^^^^^^^^
[INFO] [stderr] ...
[INFO] [stderr] 62 | repository = "https://github.com/dfhoughton/jobrog"
[INFO] [stderr]    |              --------------------------------------
[INFO] [stderr]    |
[INFO] [stderr]    = note: `cargo::redundant_homepage` is set to `warn` by default
[INFO] [stderr] help: consider removing `package.homepage`
[INFO] [stderr] warning: `jobrog` (manifest) generated 1 warning
[INFO] running `Command { std: "docker" "create" "-v" "/var/lib/crater-agent-workspace/builds/worker-1-tc2/source:/opt/rustwide/workdir:ro,Z" "-v" "/var/lib/crater-agent-workspace/builds/worker-1-tc2/target:/opt/rustwide/target:rw,Z" "-v" "/var/lib/crater-agent-workspace/cargo-home:/opt/rustwide/cargo-home:ro,Z" "-v" "/var/lib/crater-agent-workspace/rustup-home:/opt/rustwide/rustup-home:ro,Z" "-m" "1610612736" "--network" "none" "ghcr.io/rust-lang/crates-build-env/linux@sha256:77db811e55d90add9212f6832c23229e3de5f1c1f9905e8cb07319ea15df73ac" "sleep" "infinity", kill_on_drop: false }`
[INFO] [stdout] bbb6a9d5ae66115b1d67045de6f0d76742ce5f54f6f71f382710fae630dfb2a0
[INFO] running `Command { std: "docker" "start" "bbb6a9d5ae66115b1d67045de6f0d76742ce5f54f6f71f382710fae630dfb2a0", kill_on_drop: false }`
[INFO] running `Command { std: "docker" "inspect" "bbb6a9d5ae66115b1d67045de6f0d76742ce5f54f6f71f382710fae630dfb2a0", kill_on_drop: false }`
[INFO] running `Command { std: "docker" "exec" "-e" "SOURCE_DIR=/opt/rustwide/workdir" "-e" "CARGO_HOME=/opt/rustwide/cargo-home" "-e" "RUSTUP_HOME=/opt/rustwide/rustup-home" "-e" "CARGO_TARGET_DIR=/opt/rustwide/target" "-w" "/opt/rustwide/workdir" "--user" "0:0" "bbb6a9d5ae66115b1d67045de6f0d76742ce5f54f6f71f382710fae630dfb2a0" "/opt/rustwide/cargo-home/bin/cargo" "+1.100.0-beta.1" "metadata" "--no-deps" "--format-version=1", kill_on_drop: false }`
[INFO] running `Command { std: "docker" "inspect" "bbb6a9d5ae66115b1d67045de6f0d76742ce5f54f6f71f382710fae630dfb2a0", kill_on_drop: false }`
[INFO] running `Command { std: "docker" "exec" "-e" "SOURCE_DIR=/opt/rustwide/workdir" "-e" "CARGO_HOME=/opt/rustwide/cargo-home" "-e" "RUSTUP_HOME=/opt/rustwide/rustup-home" "-e" "CARGO_TARGET_DIR=/opt/rustwide/target" "-e" "CARGO_INCREMENTAL=0" "-e" "RUST_BACKTRACE=full" "-e" "RUSTFLAGS=--cap-lints=warn" "-e" "RUSTDOCFLAGS=--cap-lints=warn" "-w" "/opt/rustwide/workdir" "--user" "0:0" "bbb6a9d5ae66115b1d67045de6f0d76742ce5f54f6f71f382710fae630dfb2a0" "/opt/rustwide/cargo-home/bin/cargo" "+1.100.0-beta.1" "build" "--frozen" "--message-format=json" "--release", kill_on_drop: false }`
[INFO] [stderr] warning: `package.homepage` is redundant with `package.repository`
[INFO] [stderr]   --> Cargo.toml:57:12
[INFO] [stderr]    |
[INFO] [stderr] 57 | homepage = "https://github.com/dfhoughton/jobrog"
[INFO] [stderr]    |            ^^^^^^^^^^^^^^^^^^^^^^^^^^^^^^^^^^^^^^
[INFO] [stderr] ...
[INFO] [stderr] 62 | repository = "https://github.com/dfhoughton/jobrog"
[INFO] [stderr]    |              --------------------------------------
[INFO] [stderr]    |
[INFO] [stderr]    = note: `cargo::redundant_homepage` is set to `warn` by default
[INFO] [stderr] help: consider removing `package.homepage`
[INFO] [stderr] warning: `jobrog` (manifest) generated 1 warning
[INFO] [stderr]    Compiling libc v0.2.66
[INFO] [stderr]    Compiling syn v1.0.5
[INFO] [stderr]    Compiling spin v0.5.2
[INFO] [stderr]    Compiling autocfg v0.1.4
[INFO] [stderr]    Compiling memchr v2.2.1
[INFO] [stderr]    Compiling ppv-lite86 v0.2.6
[INFO] [stderr]    Compiling regex-syntax v0.6.16
[INFO] [stderr]    Compiling autocfg v1.0.0
[INFO] [stderr]    Compiling ryu v1.0.2
[INFO] [stderr]    Compiling cfg-if v0.1.9
[INFO] [stderr]    Compiling bitflags v1.1.0
[INFO] [stderr]    Compiling utf8parse v0.1.1
[INFO] [stderr]    Compiling crc32fast v1.2.0
[INFO] [stderr]    Compiling itoa v0.4.4
[INFO] [stderr]    Compiling unicode-width v0.1.5
[INFO] [stderr]    Compiling adler32 v1.0.4
[INFO] [stderr]    Compiling textwrap v0.11.0
[INFO] [stderr]    Compiling vte v0.3.3
[INFO] [stderr]    Compiling lazy_static v1.4.0
[INFO] [stderr]    Compiling thread_local v1.0.1
[INFO] [stderr]    Compiling miniz_oxide v0.3.5
[INFO] [stderr]    Compiling strip-ansi-escapes v0.1.0
[INFO] [stderr]    Compiling ansi_term v0.12.1
[INFO] [stderr]    Compiling vec_map v0.8.1
[INFO] [stderr]    Compiling unicode-segmentation v1.6.0
[INFO] [stderr]    Compiling hashbrown v0.7.0
[INFO] [stderr]    Compiling strsim v0.8.0
[INFO] [stderr]    Compiling ansi_term v0.11.0
[INFO] [stderr]    Compiling larry v0.3.0
[INFO] [stderr]    Compiling num-traits v0.2.8
[INFO] [stderr]    Compiling num-integer v0.1.41
[INFO] [stderr]    Compiling c2-chacha v0.2.3
[INFO] [stderr]    Compiling aho-corasick v0.7.6
[INFO] [stderr]    Compiling getrandom v0.1.6
[INFO] [stderr]    Compiling time v0.1.42
[INFO] [stderr]    Compiling dirs-sys v0.3.6
[INFO] [stderr]    Compiling atty v0.2.11
[INFO] [stderr]    Compiling term_size v0.3.1
[INFO] [stderr]    Compiling clap v2.34.0
[INFO] [stderr]    Compiling rand_core v0.5.1
[INFO] [stderr]    Compiling dirs v4.0.0
[INFO] [stderr]    Compiling flate2 v1.0.13
[INFO] [stderr]    Compiling rand_chacha v0.2.1
[INFO] [stderr]    Compiling rand v0.7.3
[INFO] [stderr]    Compiling chrono v0.4.10
[INFO] [stderr]    Compiling regex v1.3.4
[INFO] [stderr]    Compiling dlv-list v0.2.2
[INFO] [stderr]    Compiling proc-macro-hack v0.5.11
[INFO] [stderr]    Compiling serde_derive v1.0.101
[INFO] [stderr]    Compiling const-random-macro v0.1.8
[INFO] [stderr]    Compiling const-random v0.1.8
[INFO] [stderr]    Compiling ahash v0.3.2
[INFO] [stderr]    Compiling colonnade v1.3.1
[INFO] [stderr]    Compiling ordered-multimap v0.2.4
[INFO] [stderr]    Compiling rust-ini v0.15.2
[INFO] [stderr]    Compiling serde v1.0.101
[INFO] [stderr]    Compiling serde_regex v0.4.0
[INFO] [stderr]    Compiling serde_json v1.0.49
[INFO] [stderr]    Compiling pidgin v0.4.0
[INFO] [stderr]    Compiling two_timer v2.1.0
[INFO] [stderr]    Compiling jobrog v1.1.0 (/opt/rustwide/workdir)
[INFO] [stdout] warning: hiding a lifetime that's elided elsewhere is confusing
[INFO] [stdout]    --> src/log.rs:224:25
[INFO] [stdout]     |
[INFO] [stdout] 224 |     pub fn items_before(&mut self, offset: usize) -> ItemsBefore {
[INFO] [stdout]     |                         ^^^^^^^^^                    ^^^^^^^^^^^ the same lifetime is hidden here
[INFO] [stdout]     |                         |
[INFO] [stdout]     |                         the lifetime is elided here
[INFO] [stdout]     |
[INFO] [stdout]     = help: the same lifetime is referred to in inconsistent ways, making the signature confusing
[INFO] [stdout]     = note: `#[warn(mismatched_lifetime_syntaxes)]` on by default
[INFO] [stdout] help: use `'_` for type paths
[INFO] [stdout]     |
[INFO] [stdout] 224 |     pub fn items_before(&mut self, offset: usize) -> ItemsBefore<'_> {
[INFO] [stdout]     |                                                                 ++++
[INFO] [stdout] 
[INFO] [stdout] 
[INFO] [stdout] warning: hiding a lifetime that's elided elsewhere is confusing
[INFO] [stdout]    --> src/log.rs:266:32
[INFO] [stdout]     |
[INFO] [stdout] 266 |     pub fn events_from_the_end(&mut self) -> EventsBefore {
[INFO] [stdout]     |                                ^^^^^^^^^     ^^^^^^^^^^^^ the same lifetime is hidden here
[INFO] [stdout]     |                                |
[INFO] [stdout]     |                                the lifetime is elided here
[INFO] [stdout]     |
[INFO] [stdout]     = help: the same lifetime is referred to in inconsistent ways, making the signature confusing
[INFO] [stdout] help: use `'_` for type paths
[INFO] [stdout]     |
[INFO] [stdout] 266 |     pub fn events_from_the_end(&mut self) -> EventsBefore<'_> {
[INFO] [stdout]     |                                                          ++++
[INFO] [stdout] 
[INFO] [stdout] 
[INFO] [stdout] warning: hiding a lifetime that's elided elsewhere is confusing
[INFO] [stdout]    --> src/log.rs:269:31
[INFO] [stdout]     |
[INFO] [stdout] 269 |     pub fn notes_from_the_end(&mut self) -> NotesBefore {
[INFO] [stdout]     |                               ^^^^^^^^^     ^^^^^^^^^^^ the same lifetime is hidden here
[INFO] [stdout]     |                               |
[INFO] [stdout]     |                               the lifetime is elided here
[INFO] [stdout]     |
[INFO] [stdout]     = help: the same lifetime is referred to in inconsistent ways, making the signature confusing
[INFO] [stdout] help: use `'_` for type paths
[INFO] [stdout]     |
[INFO] [stdout] 269 |     pub fn notes_from_the_end(&mut self) -> NotesBefore<'_> {
[INFO] [stdout]     |                                                        ++++
[INFO] [stdout] 
[INFO] [stdout] 
[INFO] [stdout] warning: hiding a lifetime that's elided elsewhere is confusing
[INFO] [stdout]    --> src/log.rs:416:35
[INFO] [stdout]     |
[INFO] [stdout] 416 |     fn new(offset: usize, reader: &mut LogController) -> ItemsBefore {
[INFO] [stdout]     |                                   ^^^^^^^^^^^^^^^^^^     ^^^^^^^^^^^ the same lifetime is hidden here
[INFO] [stdout]     |                                   |
[INFO] [stdout]     |                                   the lifetime is elided here
[INFO] [stdout]     |
[INFO] [stdout]     = help: the same lifetime is referred to in inconsistent ways, making the signature confusing
[INFO] [stdout] help: use `'_` for type paths
[INFO] [stdout]     |
[INFO] [stdout] 416 |     fn new(offset: usize, reader: &mut LogController) -> ItemsBefore<'_> {
[INFO] [stdout]     |                                                                     ++++
[INFO] [stdout] 
[INFO] [stdout] 
[INFO] [stdout] warning: hiding a lifetime that's elided elsewhere is confusing
[INFO] [stdout]    --> src/log.rs:474:35
[INFO] [stdout]     |
[INFO] [stdout] 474 |     fn new(offset: usize, reader: &mut LogController) -> NotesBefore {
[INFO] [stdout]     |                                   ^^^^^^^^^^^^^^^^^^     ^^^^^^^^^^^ the same lifetime is hidden here
[INFO] [stdout]     |                                   |
[INFO] [stdout]     |                                   the lifetime is elided here
[INFO] [stdout]     |
[INFO] [stdout]     = help: the same lifetime is referred to in inconsistent ways, making the signature confusing
[INFO] [stdout] help: use `'_` for type paths
[INFO] [stdout]     |
[INFO] [stdout] 474 |     fn new(offset: usize, reader: &mut LogController) -> NotesBefore<'_> {
[INFO] [stdout]     |                                                                     ++++
[INFO] [stdout] 
[INFO] [stdout] 
[INFO] [stdout] warning: hiding a lifetime that's elided elsewhere is confusing
[INFO] [stdout]    --> src/log.rs:533:35
[INFO] [stdout]     |
[INFO] [stdout] 533 |     fn new(offset: usize, reader: &mut LogController) -> EventsBefore {
[INFO] [stdout]     |                                   ^^^^^^^^^^^^^^^^^^     ^^^^^^^^^^^^ the same lifetime is hidden here
[INFO] [stdout]     |                                   |
[INFO] [stdout]     |                                   the lifetime is elided here
[INFO] [stdout]     |
[INFO] [stdout]     = help: the same lifetime is referred to in inconsistent ways, making the signature confusing
[INFO] [stdout] help: use `'_` for type paths
[INFO] [stdout]     |
[INFO] [stdout] 533 |     fn new(offset: usize, reader: &mut LogController) -> EventsBefore<'_> {
[INFO] [stdout]     |                                                                      ++++
[INFO] [stdout] 
[INFO] [stdout] 
[INFO] [stderr]     Finished `release` profile [optimized] target(s) in 47.59s
[INFO] running `Command { std: "docker" "inspect" "bbb6a9d5ae66115b1d67045de6f0d76742ce5f54f6f71f382710fae630dfb2a0", kill_on_drop: false }`
[INFO] running `Command { std: "docker" "exec" "-e" "SOURCE_DIR=/opt/rustwide/workdir" "-e" "CARGO_HOME=/opt/rustwide/cargo-home" "-e" "RUSTUP_HOME=/opt/rustwide/rustup-home" "-e" "CARGO_TARGET_DIR=/opt/rustwide/target" "-e" "CARGO_INCREMENTAL=0" "-e" "RUST_BACKTRACE=full" "-e" "RUSTFLAGS=--cap-lints=warn" "-e" "RUSTDOCFLAGS=--cap-lints=warn" "-w" "/opt/rustwide/workdir" "--user" "0:0" "bbb6a9d5ae66115b1d67045de6f0d76742ce5f54f6f71f382710fae630dfb2a0" "/opt/rustwide/cargo-home/bin/cargo" "+1.100.0-beta.1" "test" "--frozen" "--no-run" "--message-format=json" "--release", kill_on_drop: false }`
[INFO] [stderr] warning: `package.homepage` is redundant with `package.repository`
[INFO] [stderr]   --> Cargo.toml:57:12
[INFO] [stderr]    |
[INFO] [stderr] 57 | homepage = "https://github.com/dfhoughton/jobrog"
[INFO] [stderr]    |            ^^^^^^^^^^^^^^^^^^^^^^^^^^^^^^^^^^^^^^
[INFO] [stderr] ...
[INFO] [stderr] 62 | repository = "https://github.com/dfhoughton/jobrog"
[INFO] [stderr]    |              --------------------------------------
[INFO] [stderr]    |
[INFO] [stderr]    = note: `cargo::redundant_homepage` is set to `warn` by default
[INFO] [stderr] help: consider removing `package.homepage`
[INFO] [stderr] warning: `jobrog` (manifest) generated 1 warning
[INFO] [stderr]    Compiling ppv-lite86 v0.2.6
[INFO] [stderr]    Compiling regex-syntax v0.6.16
[INFO] [stderr]    Compiling utf8parse v0.1.1
[INFO] [stderr]    Compiling cfg-if v0.1.9
[INFO] [stderr]    Compiling libc v0.2.66
[INFO] [stderr]    Compiling lazy_static v1.4.0
[INFO] [stderr]    Compiling memchr v2.2.1
[INFO] [stderr]    Compiling ryu v1.0.2
[INFO] [stderr]    Compiling adler32 v1.0.4
[INFO] [stderr]    Compiling num-traits v0.2.8
[INFO] [stderr]    Compiling itoa v0.4.4
[INFO] [stderr]    Compiling unicode-width v0.1.5
[INFO] [stderr]    Compiling strsim v0.8.0
[INFO] [stderr]    Compiling bitflags v1.1.0
[INFO] [stderr]    Compiling serde v1.0.101
[INFO] [stderr]    Compiling const-random v0.1.8
[INFO] [stderr]    Compiling crc32fast v1.2.0
[INFO] [stderr]    Compiling ahash v0.3.2
[INFO] [stderr]    Compiling vte v0.3.3
[INFO] [stderr]    Compiling unicode-segmentation v1.6.0
[INFO] [stderr]    Compiling thread_local v1.0.1
[INFO] [stderr]    Compiling strip-ansi-escapes v0.1.0
[INFO] [stderr]    Compiling textwrap v0.11.0
[INFO] [stderr]    Compiling miniz_oxide v0.3.5
[INFO] [stderr]    Compiling vec_map v0.8.1
[INFO] [stderr]    Compiling hashbrown v0.7.0
[INFO] [stderr]    Compiling ansi_term v0.11.0
[INFO] [stderr]    Compiling getrandom v0.1.6
[INFO] [stderr]    Compiling rand_core v0.5.1
[INFO] [stderr]    Compiling c2-chacha v0.2.3
[INFO] [stderr]    Compiling aho-corasick v0.7.6
[INFO] [stderr]    Compiling time v0.1.42
[INFO] [stderr]    Compiling dirs-sys v0.3.6
[INFO] [stderr]    Compiling atty v0.2.11
[INFO] [stderr]    Compiling clap v2.34.0
[INFO] [stderr]    Compiling rand_chacha v0.2.1
[INFO] [stderr]    Compiling dirs v4.0.0
[INFO] [stderr]    Compiling term_size v0.3.1
[INFO] [stderr]    Compiling larry v0.3.0
[INFO] [stderr]    Compiling rand v0.7.3
[INFO] [stderr]    Compiling num-integer v0.1.41
[INFO] [stderr]    Compiling flate2 v1.0.13
[INFO] [stderr]    Compiling chrono v0.4.10
[INFO] [stderr]    Compiling dlv-list v0.2.2
[INFO] [stderr]    Compiling ordered-multimap v0.2.4
[INFO] [stderr]    Compiling rust-ini v0.15.2
[INFO] [stderr]    Compiling regex v1.3.4
[INFO] [stderr]    Compiling colonnade v1.3.1
[INFO] [stderr]    Compiling serde_regex v0.4.0
[INFO] [stderr]    Compiling serde_json v1.0.49
[INFO] [stderr]    Compiling pidgin v0.4.0
[INFO] [stderr]    Compiling two_timer v2.1.0
[INFO] [stderr]    Compiling jobrog v1.1.0 (/opt/rustwide/workdir)
[INFO] [stdout] warning: hiding a lifetime that's elided elsewhere is confusing
[INFO] [stdout]    --> src/log.rs:224:25
[INFO] [stdout]     |
[INFO] [stdout] 224 |     pub fn items_before(&mut self, offset: usize) -> ItemsBefore {
[INFO] [stdout]     |                         ^^^^^^^^^                    ^^^^^^^^^^^ the same lifetime is hidden here
[INFO] [stdout]     |                         |
[INFO] [stdout]     |                         the lifetime is elided here
[INFO] [stdout]     |
[INFO] [stdout]     = help: the same lifetime is referred to in inconsistent ways, making the signature confusing
[INFO] [stdout]     = note: `#[warn(mismatched_lifetime_syntaxes)]` on by default
[INFO] [stdout] help: use `'_` for type paths
[INFO] [stdout]     |
[INFO] [stdout] 224 |     pub fn items_before(&mut self, offset: usize) -> ItemsBefore<'_> {
[INFO] [stdout]     |                                                                 ++++
[INFO] [stdout] 
[INFO] [stdout] 
[INFO] [stdout] warning: hiding a lifetime that's elided elsewhere is confusing
[INFO] [stdout]    --> src/log.rs:266:32
[INFO] [stdout]     |
[INFO] [stdout] 266 |     pub fn events_from_the_end(&mut self) -> EventsBefore {
[INFO] [stdout]     |                                ^^^^^^^^^     ^^^^^^^^^^^^ the same lifetime is hidden here
[INFO] [stdout]     |                                |
[INFO] [stdout]     |                                the lifetime is elided here
[INFO] [stdout]     |
[INFO] [stdout]     = help: the same lifetime is referred to in inconsistent ways, making the signature confusing
[INFO] [stdout] help: use `'_` for type paths
[INFO] [stdout]     |
[INFO] [stdout] 266 |     pub fn events_from_the_end(&mut self) -> EventsBefore<'_> {
[INFO] [stdout]     |                                                          ++++
[INFO] [stdout] 
[INFO] [stdout] 
[INFO] [stdout] warning: hiding a lifetime that's elided elsewhere is confusing
[INFO] [stdout]    --> src/log.rs:269:31
[INFO] [stdout]     |
[INFO] [stdout] 269 |     pub fn notes_from_the_end(&mut self) -> NotesBefore {
[INFO] [stdout]     |                               ^^^^^^^^^     ^^^^^^^^^^^ the same lifetime is hidden here
[INFO] [stdout]     |                               |
[INFO] [stdout]     |                               the lifetime is elided here
[INFO] [stdout]     |
[INFO] [stdout]     = help: the same lifetime is referred to in inconsistent ways, making the signature confusing
[INFO] [stdout] help: use `'_` for type paths
[INFO] [stdout]     |
[INFO] [stdout] 269 |     pub fn notes_from_the_end(&mut self) -> NotesBefore<'_> {
[INFO] [stdout]     |                                                        ++++
[INFO] [stdout] 
[INFO] [stdout] 
[INFO] [stdout] warning: hiding a lifetime that's elided elsewhere is confusing
[INFO] [stdout]    --> src/log.rs:416:35
[INFO] [stdout]     |
[INFO] [stdout] 416 |     fn new(offset: usize, reader: &mut LogController) -> ItemsBefore {
[INFO] [stdout]     |                                   ^^^^^^^^^^^^^^^^^^     ^^^^^^^^^^^ the same lifetime is hidden here
[INFO] [stdout]     |                                   |
[INFO] [stdout]     |                                   the lifetime is elided here
[INFO] [stdout]     |
[INFO] [stdout]     = help: the same lifetime is referred to in inconsistent ways, making the signature confusing
[INFO] [stdout] help: use `'_` for type paths
[INFO] [stdout]     |
[INFO] [stdout] 416 |     fn new(offset: usize, reader: &mut LogController) -> ItemsBefore<'_> {
[INFO] [stdout]     |                                                                     ++++
[INFO] [stdout] 
[INFO] [stdout] 
[INFO] [stdout] warning: hiding a lifetime that's elided elsewhere is confusing
[INFO] [stdout]    --> src/log.rs:474:35
[INFO] [stdout]     |
[INFO] [stdout] 474 |     fn new(offset: usize, reader: &mut LogController) -> NotesBefore {
[INFO] [stdout]     |                                   ^^^^^^^^^^^^^^^^^^     ^^^^^^^^^^^ the same lifetime is hidden here
[INFO] [stdout]     |                                   |
[INFO] [stdout]     |                                   the lifetime is elided here
[INFO] [stdout]     |
[INFO] [stdout]     = help: the same lifetime is referred to in inconsistent ways, making the signature confusing
[INFO] [stdout] help: use `'_` for type paths
[INFO] [stdout]     |
[INFO] [stdout] 474 |     fn new(offset: usize, reader: &mut LogController) -> NotesBefore<'_> {
[INFO] [stdout]     |                                                                     ++++
[INFO] [stdout] 
[INFO] [stdout] 
[INFO] [stdout] warning: hiding a lifetime that's elided elsewhere is confusing
[INFO] [stdout]    --> src/log.rs:533:35
[INFO] [stdout]     |
[INFO] [stdout] 533 |     fn new(offset: usize, reader: &mut LogController) -> EventsBefore {
[INFO] [stdout]     |                                   ^^^^^^^^^^^^^^^^^^     ^^^^^^^^^^^^ the same lifetime is hidden here
[INFO] [stdout]     |                                   |
[INFO] [stdout]     |                                   the lifetime is elided here
[INFO] [stdout]     |
[INFO] [stdout]     = help: the same lifetime is referred to in inconsistent ways, making the signature confusing
[INFO] [stdout] help: use `'_` for type paths
[INFO] [stdout]     |
[INFO] [stdout] 533 |     fn new(offset: usize, reader: &mut LogController) -> EventsBefore<'_> {
[INFO] [stdout]     |                                                                      ++++
[INFO] [stdout] 
[INFO] [stdout] 
[INFO] [stdout] warning: hiding a lifetime that's elided elsewhere is confusing
[INFO] [stdout]    --> src/log.rs:224:25
[INFO] [stdout]     |
[INFO] [stdout] 224 |     pub fn items_before(&mut self, offset: usize) -> ItemsBefore {
[INFO] [stdout]     |                         ^^^^^^^^^                    ^^^^^^^^^^^ the same lifetime is hidden here
[INFO] [stdout]     |                         |
[INFO] [stdout]     |                         the lifetime is elided here
[INFO] [stdout]     |
[INFO] [stdout]     = help: the same lifetime is referred to in inconsistent ways, making the signature confusing
[INFO] [stdout]     = note: `#[warn(mismatched_lifetime_syntaxes)]` on by default
[INFO] [stdout] help: use `'_` for type paths
[INFO] [stdout]     |
[INFO] [stdout] 224 |     pub fn items_before(&mut self, offset: usize) -> ItemsBefore<'_> {
[INFO] [stdout]     |                                                                 ++++
[INFO] [stdout] 
[INFO] [stdout] 
[INFO] [stdout] warning: hiding a lifetime that's elided elsewhere is confusing
[INFO] [stdout]    --> src/log.rs:266:32
[INFO] [stdout]     |
[INFO] [stdout] 266 |     pub fn events_from_the_end(&mut self) -> EventsBefore {
[INFO] [stdout]     |                                ^^^^^^^^^     ^^^^^^^^^^^^ the same lifetime is hidden here
[INFO] [stdout]     |                                |
[INFO] [stdout]     |                                the lifetime is elided here
[INFO] [stdout]     |
[INFO] [stdout]     = help: the same lifetime is referred to in inconsistent ways, making the signature confusing
[INFO] [stdout] help: use `'_` for type paths
[INFO] [stdout]     |
[INFO] [stdout] 266 |     pub fn events_from_the_end(&mut self) -> EventsBefore<'_> {
[INFO] [stdout]     |                                                          ++++
[INFO] [stdout] 
[INFO] [stdout] 
[INFO] [stdout] warning: hiding a lifetime that's elided elsewhere is confusing
[INFO] [stdout]    --> src/log.rs:269:31
[INFO] [stdout]     |
[INFO] [stdout] 269 |     pub fn notes_from_the_end(&mut self) -> NotesBefore {
[INFO] [stdout]     |                               ^^^^^^^^^     ^^^^^^^^^^^ the same lifetime is hidden here
[INFO] [stdout]     |                               |
[INFO] [stdout]     |                               the lifetime is elided here
[INFO] [stdout]     |
[INFO] [stdout]     = help: the same lifetime is referred to in inconsistent ways, making the signature confusing
[INFO] [stdout] help: use `'_` for type paths
[INFO] [stdout]     |
[INFO] [stdout] 269 |     pub fn notes_from_the_end(&mut self) -> NotesBefore<'_> {
[INFO] [stdout]     |                                                        ++++
[INFO] [stdout] 
[INFO] [stdout] 
[INFO] [stdout] warning: hiding a lifetime that's elided elsewhere is confusing
[INFO] [stdout]    --> src/log.rs:416:35
[INFO] [stdout]     |
[INFO] [stdout] 416 |     fn new(offset: usize, reader: &mut LogController) -> ItemsBefore {
[INFO] [stdout]     |                                   ^^^^^^^^^^^^^^^^^^     ^^^^^^^^^^^ the same lifetime is hidden here
[INFO] [stdout]     |                                   |
[INFO] [stdout]     |                                   the lifetime is elided here
[INFO] [stdout]     |
[INFO] [stdout]     = help: the same lifetime is referred to in inconsistent ways, making the signature confusing
[INFO] [stdout] help: use `'_` for type paths
[INFO] [stdout]     |
[INFO] [stdout] 416 |     fn new(offset: usize, reader: &mut LogController) -> ItemsBefore<'_> {
[INFO] [stdout]     |                                                                     ++++
[INFO] [stdout] 
[INFO] [stdout] 
[INFO] [stdout] warning: hiding a lifetime that's elided elsewhere is confusing
[INFO] [stdout]    --> src/log.rs:474:35
[INFO] [stdout]     |
[INFO] [stdout] 474 |     fn new(offset: usize, reader: &mut LogController) -> NotesBefore {
[INFO] [stdout]     |                                   ^^^^^^^^^^^^^^^^^^     ^^^^^^^^^^^ the same lifetime is hidden here
[INFO] [stdout]     |                                   |
[INFO] [stdout]     |                                   the lifetime is elided here
[INFO] [stdout]     |
[INFO] [stdout]     = help: the same lifetime is referred to in inconsistent ways, making the signature confusing
[INFO] [stdout] help: use `'_` for type paths
[INFO] [stdout]     |
[INFO] [stdout] 474 |     fn new(offset: usize, reader: &mut LogController) -> NotesBefore<'_> {
[INFO] [stdout]     |                                                                     ++++
[INFO] [stdout] 
[INFO] [stdout] 
[INFO] [stdout] warning: hiding a lifetime that's elided elsewhere is confusing
[INFO] [stdout]    --> src/log.rs:533:35
[INFO] [stdout]     |
[INFO] [stdout] 533 |     fn new(offset: usize, reader: &mut LogController) -> EventsBefore {
[INFO] [stdout]     |                                   ^^^^^^^^^^^^^^^^^^     ^^^^^^^^^^^^ the same lifetime is hidden here
[INFO] [stdout]     |                                   |
[INFO] [stdout]     |                                   the lifetime is elided here
[INFO] [stdout]     |
[INFO] [stdout]     = help: the same lifetime is referred to in inconsistent ways, making the signature confusing
[INFO] [stdout] help: use `'_` for type paths
[INFO] [stdout]     |
[INFO] [stdout] 533 |     fn new(offset: usize, reader: &mut LogController) -> EventsBefore<'_> {
[INFO] [stdout]     |                                                                      ++++
[INFO] [stdout] 
[INFO] [stdout] 
[INFO] [stderr]     Finished `release` profile [optimized] target(s) in 51.91s
[INFO] running `Command { std: "docker" "inspect" "bbb6a9d5ae66115b1d67045de6f0d76742ce5f54f6f71f382710fae630dfb2a0", kill_on_drop: false }`
[INFO] running `Command { std: "docker" "exec" "-e" "SOURCE_DIR=/opt/rustwide/workdir" "-e" "CARGO_HOME=/opt/rustwide/cargo-home" "-e" "RUSTUP_HOME=/opt/rustwide/rustup-home" "-e" "CARGO_TARGET_DIR=/opt/rustwide/target" "-e" "CARGO_INCREMENTAL=0" "-e" "RUST_BACKTRACE=full" "-e" "RUSTFLAGS=--cap-lints=warn" "-e" "RUSTDOCFLAGS=--cap-lints=warn" "-w" "/opt/rustwide/workdir" "--user" "0:0" "bbb6a9d5ae66115b1d67045de6f0d76742ce5f54f6f71f382710fae630dfb2a0" "/opt/rustwide/cargo-home/bin/cargo" "+1.100.0-beta.1" "test" "--frozen" "--release", kill_on_drop: false }`
[INFO] [stderr] warning: `package.homepage` is redundant with `package.repository`
[INFO] [stderr]   --> Cargo.toml:57:12
[INFO] [stderr]    |
[INFO] [stderr] 57 | homepage = "https://github.com/dfhoughton/jobrog"
[INFO] [stderr]    |            ^^^^^^^^^^^^^^^^^^^^^^^^^^^^^^^^^^^^^^
[INFO] [stderr] ...
[INFO] [stderr] 62 | repository = "https://github.com/dfhoughton/jobrog"
[INFO] [stderr]    |              --------------------------------------
[INFO] [stderr]    |
[INFO] [stderr]    = note: `cargo::redundant_homepage` is set to `warn` by default
[INFO] [stderr] help: consider removing `package.homepage`
[INFO] [stderr] warning: `jobrog` (manifest) generated 1 warning
[INFO] [stderr] warning: hiding a lifetime that's elided elsewhere is confusing
[INFO] [stderr]    --> src/log.rs:224:25
[INFO] [stderr]     |
[INFO] [stderr] 224 |     pub fn items_before(&mut self, offset: usize) -> ItemsBefore {
[INFO] [stderr]     |                         ^^^^^^^^^                    ^^^^^^^^^^^ the same lifetime is hidden here
[INFO] [stderr]     |                         |
[INFO] [stderr]     |                         the lifetime is elided here
[INFO] [stderr]     |
[INFO] [stderr]     = help: the same lifetime is referred to in inconsistent ways, making the signature confusing
[INFO] [stderr]     = note: `#[warn(mismatched_lifetime_syntaxes)]` on by default
[INFO] [stderr] help: use `'_` for type paths
[INFO] [stderr]     |
[INFO] [stderr] 224 |     pub fn items_before(&mut self, offset: usize) -> ItemsBefore<'_> {
[INFO] [stderr]     |                                                                 ++++
[INFO] [stderr] 
[INFO] [stderr] warning: hiding a lifetime that's elided elsewhere is confusing
[INFO] [stderr]    --> src/log.rs:266:32
[INFO] [stderr]     |
[INFO] [stderr] 266 |     pub fn events_from_the_end(&mut self) -> EventsBefore {
[INFO] [stderr]     |                                ^^^^^^^^^     ^^^^^^^^^^^^ the same lifetime is hidden here
[INFO] [stderr]     |                                |
[INFO] [stderr]     |                                the lifetime is elided here
[INFO] [stderr]     |
[INFO] [stderr]     = help: the same lifetime is referred to in inconsistent ways, making the signature confusing
[INFO] [stderr] help: use `'_` for type paths
[INFO] [stderr]     |
[INFO] [stderr] 266 |     pub fn events_from_the_end(&mut self) -> EventsBefore<'_> {
[INFO] [stderr]     |                                                          ++++
[INFO] [stderr] 
[INFO] [stderr] warning: hiding a lifetime that's elided elsewhere is confusing
[INFO] [stderr]    --> src/log.rs:269:31
[INFO] [stderr]     |
[INFO] [stderr] 269 |     pub fn notes_from_the_end(&mut self) -> NotesBefore {
[INFO] [stderr]     |                               ^^^^^^^^^     ^^^^^^^^^^^ the same lifetime is hidden here
[INFO] [stderr]     |                               |
[INFO] [stderr]     |                               the lifetime is elided here
[INFO] [stderr]     |
[INFO] [stderr]     = help: the same lifetime is referred to in inconsistent ways, making the signature confusing
[INFO] [stderr] help: use `'_` for type paths
[INFO] [stderr]     |
[INFO] [stderr] 269 |     pub fn notes_from_the_end(&mut self) -> NotesBefore<'_> {
[INFO] [stderr]     |                                                        ++++
[INFO] [stderr] 
[INFO] [stderr] warning: hiding a lifetime that's elided elsewhere is confusing
[INFO] [stderr]    --> src/log.rs:416:35
[INFO] [stderr]     |
[INFO] [stderr] 416 |     fn new(offset: usize, reader: &mut LogController) -> ItemsBefore {
[INFO] [stderr]     |                                   ^^^^^^^^^^^^^^^^^^     ^^^^^^^^^^^ the same lifetime is hidden here
[INFO] [stderr]     |                                   |
[INFO] [stderr]     |                                   the lifetime is elided here
[INFO] [stderr]     |
[INFO] [stderr]     = help: the same lifetime is referred to in inconsistent ways, making the signature confusing
[INFO] [stderr] help: use `'_` for type paths
[INFO] [stderr]     |
[INFO] [stderr] 416 |     fn new(offset: usize, reader: &mut LogController) -> ItemsBefore<'_> {
[INFO] [stderr]     |                                                                     ++++
[INFO] [stderr] 
[INFO] [stderr] warning: hiding a lifetime that's elided elsewhere is confusing
[INFO] [stderr]    --> src/log.rs:474:35
[INFO] [stderr]     |
[INFO] [stderr] 474 |     fn new(offset: usize, reader: &mut LogController) -> NotesBefore {
[INFO] [stderr]     |                                   ^^^^^^^^^^^^^^^^^^     ^^^^^^^^^^^ the same lifetime is hidden here
[INFO] [stderr]     |                                   |
[INFO] [stderr]     |                                   the lifetime is elided here
[INFO] [stderr]     |
[INFO] [stderr]     = help: the same lifetime is referred to in inconsistent ways, making the signature confusing
[INFO] [stderr] help: use `'_` for type paths
[INFO] [stderr]     |
[INFO] [stderr] 474 |     fn new(offset: usize, reader: &mut LogController) -> NotesBefore<'_> {
[INFO] [stderr]     |                                                                     ++++
[INFO] [stderr] 
[INFO] [stderr] warning: hiding a lifetime that's elided elsewhere is confusing
[INFO] [stderr]    --> src/log.rs:533:35
[INFO] [stderr]     |
[INFO] [stderr] 533 |     fn new(offset: usize, reader: &mut LogController) -> EventsBefore {
[INFO] [stderr]     |                                   ^^^^^^^^^^^^^^^^^^     ^^^^^^^^^^^^ the same lifetime is hidden here
[INFO] [stderr]     |                                   |
[INFO] [stderr]     |                                   the lifetime is elided here
[INFO] [stderr]     |
[INFO] [stderr]     = help: the same lifetime is referred to in inconsistent ways, making the signature confusing
[INFO] [stderr] help: use `'_` for type paths
[INFO] [stderr]     |
[INFO] [stderr] 533 |     fn new(offset: usize, reader: &mut LogController) -> EventsBefore<'_> {
[INFO] [stderr]     |                                                                      ++++
[INFO] [stderr] 
[INFO] [stderr] warning: `jobrog` (lib) generated 6 warnings (run `cargo fix --lib -p jobrog` to apply 6 suggestions)
[INFO] [stderr] warning: `jobrog` (lib test) generated 6 warnings (6 duplicates)
[INFO] [stderr]     Finished `release` profile [optimized] target(s) in 0.09s
[INFO] [stderr]      Running unittests src/lib.rs (/opt/rustwide/target/release/build/jobrog/0cff2f7ce89563ab/out/jobrog-0cff2f7ce89563ab)
[INFO] [stdout] 
[INFO] [stdout] running 63 tests
[INFO] [stdout] test configure::tests::ceiling_p2 ... ok
[INFO] [stdout] test configure::tests::ceiling_p1 ... ok
[INFO] [stdout] test configure::tests::ceiling_p3 ... ok
[INFO] [stdout] test configure::tests::ceiling_quarter ... ok
[INFO] [stdout] test configure::tests::next_start_pay_period_same ... ok
[INFO] [stdout] test configure::tests::floor_p0 ... ok
[INFO] [stdout] test configure::tests::next_start_pay_period_after ... ok
[INFO] [stdout] test configure::tests::floor_p1 ... ok
[INFO] [stdout] test configure::tests::floor_p2 ... ok
[INFO] [stdout] test configure::tests::next_start_pay_period_before ... ok
[INFO] [stdout] test configure::tests::round_quarter ... ok
[INFO] [stdout] test configure::tests::floor_p3 ... ok
[INFO] [stdout] test configure::tests::floor_quarter ... ok
[INFO] [stdout] test configure::tests::next_start_pay_period_long_after ... ok
[INFO] [stdout] test configure::tests::ceiling_p0 ... ok
[INFO] [stdout] test edit::tests::test_events_out_of_order_with_offset ... FAILED
[INFO] [stdout] test edit::tests::test_events_out_of_order ... FAILED
[INFO] [stdout] test edit::tests::test_bad_timestamp ... FAILED
[INFO] [stdout] test edit::tests::test_find_change_offset_when_no_change ... FAILED
[INFO] [stdout] test edit::tests::test_find_change_offset_with_change ... FAILED
[INFO] [stdout] test edit::tests::test_validation_messages_all_good ... FAILED
[INFO] [stdout] test edit::tests::test_validation_messages_done_after_done ... FAILED
[INFO] [stdout] test edit::tests::test_validation_messages_done_with_offset ... FAILED
[INFO] [stdout] test edit::tests::test_validation_messages_done_with_offset_error ... FAILED
[INFO] [stdout] test edit::tests::test_validation_messages_done_without_event ... FAILED
[INFO] [stdout] test edit::tests::test_validation_messages_garbled_line ... FAILED
[INFO] [stdout] test log::tests::stack_overflow_regression ... FAILED
[INFO] [stdout] test log::tests::test_10_small_files ... FAILED
[INFO] [stdout] test log::tests::test_blank ... ok
[INFO] [stdout] test log::tests::test_comment ... ok
[INFO] [stdout] test log::tests::test_done ... ok
[INFO] [stdout] test log::tests::test_error ... ok
[INFO] [stdout] test log::tests::test_100_tiny_files ... FAILED
[INFO] [stdout] test log::tests::test_event ... ok
[INFO] [stdout] test log::tests::test_empty_file ... FAILED
[INFO] [stdout] test log::tests::test_large_file ... FAILED
[INFO] [stdout] test log::tests::test_events_from_end ... FAILED
[INFO] [stdout] test log::tests::test_notes_from_beginning ... FAILED
[INFO] [stdout] test log::tests::test_events_from_beginning ... FAILED
[INFO] [stdout] test log::tests::test_events_in_range ... FAILED
[INFO] [stdout] test log::tests::test_note ... ok
[INFO] [stdout] test configure::tests::next_start_pay_period_long_before ... ok
[INFO] [stdout] test vacation::tests::fixed_overlapping_task ... FAILED
[INFO] [stdout] test log::tests::test_notes_from_end ... FAILED
[INFO] [stdout] test log::tests::test_notes_in_range ... FAILED
[INFO] [stdout] test log::tests::test_tag_whitespace_handling ... ok
[INFO] [stdout] test log::tests::test_zero_padding ... ok
[INFO] [stdout] test util::tests::parsing_styles ... ok
[INFO] [stdout] test vacation::tests::long_vacation ... FAILED
[INFO] [stdout] test vacation::tests::monthly_repetition ... FAILED
[INFO] [stdout] test vacation::tests::repetition ... FAILED
[INFO] [stdout] test vacation::tests::repetition_over ... FAILED
[INFO] [stdout] test vacation::tests::no_workdays ... FAILED
[INFO] [stdout] test vacation::tests::repetition_not_yet_begun ... FAILED
[INFO] [stdout] test vacation::tests::simple_fixed ... FAILED
[INFO] [stdout] test vacation::tests::one_before ... FAILED
[INFO] [stdout] test vacation::tests::one_after ... FAILED
[INFO] [stdout] test vacation::tests::tags ... FAILED
[INFO] [stdout] test util::tests::styles_that_dont_match ... ok
[INFO] [stdout] test vacation::tests::simple_test ... FAILED
[INFO] [stdout] test vacation::tests::simple_flex ... FAILED
[INFO] [stdout] test util::tests::styles_that_match ... ok
[INFO] [stdout] test edit::tests::test_events_in_future ... FAILED
[INFO] [stdout] 
[INFO] [stdout] failures:
[INFO] [stdout] 
[INFO] [stdout] ---- edit::tests::test_events_out_of_order_with_offset stdout ----
[INFO] [stdout] 
[INFO] [stdout] thread 'edit::tests::test_events_out_of_order_with_offset' (2071) panicked at src/edit.rs:502:43:
[INFO] [stdout] could not create configuration file path: Os { code: 30, kind: ReadOnlyFilesystem, message: "Read-only file system" }
[INFO] [stdout] stack backtrace:
[INFO] [stdout]    0:     0x6032acf11791 - <<std[617be2ca0a6fd877]::sys::backtrace::BacktraceLock>::print::DisplayBacktrace as core[a373ad73a504971]::fmt::Display>::fmt
[INFO] [stdout]    1:     0x6032acf2884a - core[a373ad73a504971]::fmt::write
[INFO] [stdout]    2:     0x6032acf15afc - <alloc[2e1b2a31b91974c5]::vec::Vec<u8> as core[a373ad73a504971]::io::write::Write>::write_fmt
[INFO] [stdout]    3:     0x6032aceecbf6 - std[617be2ca0a6fd877]::panicking::default_hook::{closure#0}
[INFO] [stdout]    4:     0x6032acf08fd9 - std[617be2ca0a6fd877]::panicking::default_hook
[INFO] [stdout]    5:     0x6032acda4840 - test[aada8e7e76ba119b]::test_main_inner::{closure#0}
[INFO] [stdout]    6:     0x6032acf09192 - std[617be2ca0a6fd877]::panicking::panic_with_hook
[INFO] [stdout]    7:     0x6032aceecca2 - std[617be2ca0a6fd877]::panicking::panic_handler::{closure#0}
[INFO] [stdout]    8:     0x6032acee58d9 - std[617be2ca0a6fd877]::sys::backtrace::__rust_end_short_backtrace::<std[617be2ca0a6fd877]::panicking::panic_handler::{closure#0}, !>
[INFO] [stdout]    9:     0x6032aceed8ad - __rustc[ea4f61d10b84890b]::rust_begin_unwind
[INFO] [stdout]   10:     0x6032acf28fac - core[a373ad73a504971]::panicking::panic_fmt
[INFO] [stdout]   11:     0x6032acf28d82 - core[a373ad73a504971]::result::unwrap_failed
[INFO] [stdout]   12:     0x6032acd5c155 - jobrog[7b228438526fe2b1]::edit::tests::test_configuration
[INFO] [stdout]   13:     0x6032acd5f44a - <jobrog[7b228438526fe2b1]::edit::tests::test_events_out_of_order_with_offset::{closure#0} as core[a373ad73a504971]::ops::function::FnOnce<()>>::call_once
[INFO] [stdout]   14:     0x6032acd97c8b - test[aada8e7e76ba119b]::__rust_begin_short_backtrace::<core[a373ad73a504971]::result::Result<(), alloc[2e1b2a31b91974c5]::string::String>, fn() -> core[a373ad73a504971]::result::Result<(), alloc[2e1b2a31b91974c5]::string::String>>
[INFO] [stdout]   15:     0x6032acda4e65 - test[aada8e7e76ba119b]::run_test::{closure#0}
[INFO] [stdout]   16:     0x6032acd9e754 - std[617be2ca0a6fd877]::sys::backtrace::__rust_begin_short_backtrace::<test[aada8e7e76ba119b]::run_test::{closure#1}, ()>
[INFO] [stdout]   17:     0x6032acda7ef2 - <std[617be2ca0a6fd877]::thread::lifecycle::spawn_unchecked<test[aada8e7e76ba119b]::run_test::{closure#1}, ()>::{closure#1} as core[a373ad73a504971]::ops::function::FnOnce<()>>::call_once::{shim:vtable#0}
[INFO] [stdout]   18:     0x6032acf10f2f - <std[617be2ca0a6fd877]::sys::thread::unix::Thread>::new::thread_start
[INFO] [stdout]   19:     0x7a5608c58dfa - <unknown>
[INFO] [stdout]   20:     0x7a5608cec3d4 - clone
[INFO] [stdout]   21:                0x0 - <unknown>
[INFO] [stdout] 
[INFO] [stdout] ---- edit::tests::test_events_out_of_order stdout ----
[INFO] [stdout] 
[INFO] [stdout] thread 'edit::tests::test_events_out_of_order' (2070) panicked at src/edit.rs:502:43:
[INFO] [stdout] could not create configuration file path: Os { code: 30, kind: ReadOnlyFilesystem, message: "Read-only file system" }
[INFO] [stdout] stack backtrace:
[INFO] [stdout]    0:     0x6032acf11791 - <<std[617be2ca0a6fd877]::sys::backtrace::BacktraceLock>::print::DisplayBacktrace as core[a373ad73a504971]::fmt::Display>::fmt
[INFO] [stdout]    1:     0x6032acf2884a - core[a373ad73a504971]::fmt::write
[INFO] [stdout]    2:     0x6032acf15afc - <alloc[2e1b2a31b91974c5]::vec::Vec<u8> as core[a373ad73a504971]::io::write::Write>::write_fmt
[INFO] [stdout]    3:     0x6032aceecbf6 - std[617be2ca0a6fd877]::panicking::default_hook::{closure#0}
[INFO] [stdout]    4:     0x6032acf08fd9 - std[617be2ca0a6fd877]::panicking::default_hook
[INFO] [stdout]    5:     0x6032acda4840 - test[aada8e7e76ba119b]::test_main_inner::{closure#0}
[INFO] [stdout]    6:     0x6032acf09192 - std[617be2ca0a6fd877]::panicking::panic_with_hook
[INFO] [stdout]    7:     0x6032aceecca2 - std[617be2ca0a6fd877]::panicking::panic_handler::{closure#0}
[INFO] [stdout]    8:     0x6032acee58d9 - std[617be2ca0a6fd877]::sys::backtrace::__rust_end_short_backtrace::<std[617be2ca0a6fd877]::panicking::panic_handler::{closure#0}, !>
[INFO] [stdout]    9:     0x6032aceed8ad - __rustc[ea4f61d10b84890b]::rust_begin_unwind
[INFO] [stdout]   10:     0x6032acf28fac - core[a373ad73a504971]::panicking::panic_fmt
[INFO] [stdout]   11:     0x6032acf28d82 - core[a373ad73a504971]::result::unwrap_failed
[INFO] [stdout]   12:     0x6032acd5c155 - jobrog[7b228438526fe2b1]::edit::tests::test_configuration
[INFO] [stdout]   13:     0x6032acd5e122 - <jobrog[7b228438526fe2b1]::edit::tests::test_events_out_of_order::{closure#0} as core[a373ad73a504971]::ops::function::FnOnce<()>>::call_once
[INFO] [stdout]   14:     0x6032acd97c8b - test[aada8e7e76ba119b]::__rust_begin_short_backtrace::<core[a373ad73a504971]::result::Result<(), alloc[2e1b2a31b91974c5]::string::String>, fn() -> core[a373ad73a504971]::result::Result<(), alloc[2e1b2a31b91974c5]::string::String>>
[INFO] [stdout]   15:     0x6032acda4e65 - test[aada8e7e76ba119b]::run_test::{closure#0}
[INFO] [stdout]   16:     0x6032acd9e754 - std[617be2ca0a6fd877]::sys::backtrace::__rust_begin_short_backtrace::<test[aada8e7e76ba119b]::run_test::{closure#1}, ()>
[INFO] [stdout]   17:     0x6032acda7ef2 - <std[617be2ca0a6fd877]::thread::lifecycle::spawn_unchecked<test[aada8e7e76ba119b]::run_test::{closure#1}, ()>::{closure#1} as core[a373ad73a504971]::ops::function::FnOnce<()>>::call_once::{shim:vtable#0}
[INFO] [stdout]   18:     0x6032acf10f2f - <std[617be2ca0a6fd877]::sys::thread::unix::Thread>::new::thread_start
[INFO] [stdout]   19:     0x7a5608c58dfa - <unknown>
[INFO] [stdout]   20:     0x7a5608cec3d4 - clone
[INFO] [stdout]   21:                0x0 - <unknown>
[INFO] [stdout] 
[INFO] [stdout] ---- edit::tests::test_bad_timestamp stdout ----
[INFO] [stdout] 
[INFO] [stdout] thread 'edit::tests::test_bad_timestamp' (2068) panicked at src/edit.rs:502:43:
[INFO] [stdout] could not create configuration file path: Os { code: 30, kind: ReadOnlyFilesystem, message: "Read-only file system" }
[INFO] [stdout] stack backtrace:
[INFO] [stdout]    0:     0x6032acf11791 - <<std[617be2ca0a6fd877]::sys::backtrace::BacktraceLock>::print::DisplayBacktrace as core[a373ad73a504971]::fmt::Display>::fmt
[INFO] [stdout]    1:     0x6032acf2884a - core[a373ad73a504971]::fmt::write
[INFO] [stdout]    2:     0x6032acf15afc - <alloc[2e1b2a31b91974c5]::vec::Vec<u8> as core[a373ad73a504971]::io::write::Write>::write_fmt
[INFO] [stdout]    3:     0x6032aceecbf6 - std[617be2ca0a6fd877]::panicking::default_hook::{closure#0}
[INFO] [stdout]    4:     0x6032acf08fd9 - std[617be2ca0a6fd877]::panicking::default_hook
[INFO] [stdout]    5:     0x6032acda4840 - test[aada8e7e76ba119b]::test_main_inner::{closure#0}
[INFO] [stdout]    6:     0x6032acf09192 - std[617be2ca0a6fd877]::panicking::panic_with_hook
[INFO] [stdout]    7:     0x6032aceecca2 - std[617be2ca0a6fd877]::panicking::panic_handler::{closure#0}
[INFO] [stdout]    8:     0x6032acee58d9 - std[617be2ca0a6fd877]::sys::backtrace::__rust_end_short_backtrace::<std[617be2ca0a6fd877]::panicking::panic_handler::{closure#0}, !>
[INFO] [stdout]    9:     0x6032aceed8ad - __rustc[ea4f61d10b84890b]::rust_begin_unwind
[INFO] [stdout]   10:     0x6032acf28fac - core[a373ad73a504971]::panicking::panic_fmt
[INFO] [stdout]   11:     0x6032acf28d82 - core[a373ad73a504971]::result::unwrap_failed
[INFO] [stdout]   12:     0x6032acd5c155 - jobrog[7b228438526fe2b1]::edit::tests::test_configuration
[INFO] [stdout]   13:     0x6032acd5d14c - <jobrog[7b228438526fe2b1]::edit::tests::test_bad_timestamp::{closure#0} as core[a373ad73a504971]::ops::function::FnOnce<()>>::call_once
[INFO] [stdout]   14:     0x6032acd97c8b - test[aada8e7e76ba119b]::__rust_begin_short_backtrace::<core[a373ad73a504971]::result::Result<(), alloc[2e1b2a31b91974c5]::string::String>, fn() -> core[a373ad73a504971]::result::Result<(), alloc[2e1b2a31b91974c5]::string::String>>
[INFO] [stdout]   15:     0x6032acda4e65 - test[aada8e7e76ba119b]::run_test::{closure#0}
[INFO] [stdout]   16:     0x6032acd9e754 - std[617be2ca0a6fd877]::sys::backtrace::__rust_begin_short_backtrace::<test[aada8e7e76ba119b]::run_test::{closure#1}, ()>
[INFO] [stdout]   17:     0x6032acda7ef2 - <std[617be2ca0a6fd877]::thread::lifecycle::spawn_unchecked<test[aada8e7e76ba119b]::run_test::{closure#1}, ()>::{closure#1} as core[a373ad73a504971]::ops::function::FnOnce<()>>::call_once::{shim:vtable#0}
[INFO] [stdout]   18:     0x6032acf10f2f - <std[617be2ca0a6fd877]::sys::thread::unix::Thread>::new::thread_start
[INFO] [stdout]   19:     0x7a5608c58dfa - <unknown>
[INFO] [stdout]   20:     0x7a5608cec3d4 - clone
[INFO] [stdout]   21:                0x0 - <unknown>
[INFO] [stdout] 
[INFO] [stdout] ---- edit::tests::test_find_change_offset_when_no_change stdout ----
[INFO] [stdout] 
[INFO] [stdout] thread 'edit::tests::test_find_change_offset_when_no_change' (2072) panicked at src/edit.rs:473:14:
[INFO] [stdout] could not open file to receive validation output: Os { code: 30, kind: ReadOnlyFilesystem, message: "Read-only file system" }
[INFO] [stdout] stack backtrace:
[INFO] [stdout]    0:     0x6032acf11791 - <<std[617be2ca0a6fd877]::sys::backtrace::BacktraceLock>::print::DisplayBacktrace as core[a373ad73a504971]::fmt::Display>::fmt
[INFO] [stdout]    1:     0x6032acf2884a - core[a373ad73a504971]::fmt::write
[INFO] [stdout]    2:     0x6032acf15afc - <alloc[2e1b2a31b91974c5]::vec::Vec<u8> as core[a373ad73a504971]::io::write::Write>::write_fmt
[INFO] [stdout]    3:     0x6032aceecbf6 - std[617be2ca0a6fd877]::panicking::default_hook::{closure#0}
[INFO] [stdout]    4:     0x6032acf08fd9 - std[617be2ca0a6fd877]::panicking::default_hook
[INFO] [stdout]    5:     0x6032acda4840 - test[aada8e7e76ba119b]::test_main_inner::{closure#0}
[INFO] [stdout]    6:     0x6032acf09192 - std[617be2ca0a6fd877]::panicking::panic_with_hook
[INFO] [stdout]    7:     0x6032aceecca2 - std[617be2ca0a6fd877]::panicking::panic_handler::{closure#0}
[INFO] [stdout]    8:     0x6032acee58d9 - std[617be2ca0a6fd877]::sys::backtrace::__rust_end_short_backtrace::<std[617be2ca0a6fd877]::panicking::panic_handler::{closure#0}, !>
[INFO] [stdout]    9:     0x6032aceed8ad - __rustc[ea4f61d10b84890b]::rust_begin_unwind
[INFO] [stdout]   10:     0x6032acf28fac - core[a373ad73a504971]::panicking::panic_fmt
[INFO] [stdout]   11:     0x6032acf28d82 - core[a373ad73a504971]::result::unwrap_failed
[INFO] [stdout]   12:     0x6032acd5bdd4 - jobrog[7b228438526fe2b1]::edit::tests::create_log
[INFO] [stdout]   13:     0x6032acd60494 - <jobrog[7b228438526fe2b1]::edit::tests::test_find_change_offset_when_no_change::{closure#0} as core[a373ad73a504971]::ops::function::FnOnce<()>>::call_once
[INFO] [stdout]   14:     0x6032acd97c8b - test[aada8e7e76ba119b]::__rust_begin_short_backtrace::<core[a373ad73a504971]::result::Result<(), alloc[2e1b2a31b91974c5]::string::String>, fn() -> core[a373ad73a504971]::result::Result<(), alloc[2e1b2a31b91974c5]::string::String>>
[INFO] [stdout]   15:     0x6032acda4e65 - test[aada8e7e76ba119b]::run_test::{closure#0}
[INFO] [stdout]   16:     0x6032acd9e754 - std[617be2ca0a6fd877]::sys::backtrace::__rust_begin_short_backtrace::<test[aada8e7e76ba119b]::run_test::{closure#1}, ()>
[INFO] [stdout]   17:     0x6032acda7ef2 - <std[617be2ca0a6fd877]::thread::lifecycle::spawn_unchecked<test[aada8e7e76ba119b]::run_test::{closure#1}, ()>::{closure#1} as core[a373ad73a504971]::ops::function::FnOnce<()>>::call_once::{shim:vtable#0}
[INFO] [stdout]   18:     0x6032acf10f2f - <std[617be2ca0a6fd877]::sys::thread::unix::Thread>::new::thread_start
[INFO] [stdout]   19:     0x7a5608c58dfa - <unknown>
[INFO] [stdout]   20:     0x7a5608cec3d4 - clone
[INFO] [stdout]   21:                0x0 - <unknown>
[INFO] [stdout] 
[INFO] [stdout] ---- edit::tests::test_find_change_offset_with_change stdout ----
[INFO] [stdout] 
[INFO] [stdout] thread 'edit::tests::test_find_change_offset_with_change' (2073) panicked at src/edit.rs:473:14:
[INFO] [stdout] could not open file to receive validation output: Os { code: 30, kind: ReadOnlyFilesystem, message: "Read-only file system" }
[INFO] [stdout] stack backtrace:
[INFO] [stdout]    0:     0x6032acf11791 - <<std[617be2ca0a6fd877]::sys::backtrace::BacktraceLock>::print::DisplayBacktrace as core[a373ad73a504971]::fmt::Display>::fmt
[INFO] [stdout]    1:     0x6032acf2884a - core[a373ad73a504971]::fmt::write
[INFO] [stdout]    2:     0x6032acf15afc - <alloc[2e1b2a31b91974c5]::vec::Vec<u8> as core[a373ad73a504971]::io::write::Write>::write_fmt
[INFO] [stdout]    3:     0x6032aceecbf6 - std[617be2ca0a6fd877]::panicking::default_hook::{closure#0}
[INFO] [stdout]    4:     0x6032acf08fd9 - std[617be2ca0a6fd877]::panicking::default_hook
[INFO] [stdout]    5:     0x6032acda4840 - test[aada8e7e76ba119b]::test_main_inner::{closure#0}
[INFO] [stdout]    6:     0x6032acf09192 - std[617be2ca0a6fd877]::panicking::panic_with_hook
[INFO] [stdout]    7:     0x6032aceecca2 - std[617be2ca0a6fd877]::panicking::panic_handler::{closure#0}
[INFO] [stdout]    8:     0x6032acee58d9 - std[617be2ca0a6fd877]::sys::backtrace::__rust_end_short_backtrace::<std[617be2ca0a6fd877]::panicking::panic_handler::{closure#0}, !>
[INFO] [stdout]    9:     0x6032aceed8ad - __rustc[ea4f61d10b84890b]::rust_begin_unwind
[INFO] [stdout]   10:     0x6032acf28fac - core[a373ad73a504971]::panicking::panic_fmt
[INFO] [stdout]   11:     0x6032acf28d82 - core[a373ad73a504971]::result::unwrap_failed
[INFO] [stdout]   12:     0x6032acd5bdd4 - jobrog[7b228438526fe2b1]::edit::tests::create_log
[INFO] [stdout]   13:     0x6032acd5f055 - <jobrog[7b228438526fe2b1]::edit::tests::test_find_change_offset_with_change::{closure#0} as core[a373ad73a504971]::ops::function::FnOnce<()>>::call_once
[INFO] [stdout]   14:     0x6032acd97c8b - test[aada8e7e76ba119b]::__rust_begin_short_backtrace::<core[a373ad73a504971]::result::Result<(), alloc[2e1b2a31b91974c5]::string::String>, fn() -> core[a373ad73a504971]::result::Result<(), alloc[2e1b2a31b91974c5]::string::String>>
[INFO] [stdout]   15:     0x6032acda4e65 - test[aada8e7e76ba119b]::run_test::{closure#0}
[INFO] [stdout]   16:     0x6032acd9e754 - std[617be2ca0a6fd877]::sys::backtrace::__rust_begin_short_backtrace::<test[aada8e7e76ba119b]::run_test::{closure#1}, ()>
[INFO] [stdout]   17:     0x6032acda7ef2 - <std[617be2ca0a6fd877]::thread::lifecycle::spawn_unchecked<test[aada8e7e76ba119b]::run_test::{closure#1}, ()>::{closure#1} as core[a373ad73a504971]::ops::function::FnOnce<()>>::call_once::{shim:vtable#0}
[INFO] [stdout]   18:     0x6032acf10f2f - <std[617be2ca0a6fd877]::sys::thread::unix::Thread>::new::thread_start
[INFO] [stdout]   19:     0x7a5608c58dfa - <unknown>
[INFO] [stdout]   20:     0x7a5608cec3d4 - clone
[INFO] [stdout]   21:                0x0 - <unknown>
[INFO] [stdout] 
[INFO] [stdout] ---- edit::tests::test_validation_messages_all_good stdout ----
[INFO] [stdout] 
[INFO] [stdout] thread 'edit::tests::test_validation_messages_all_good' (2074) panicked at src/edit.rs:502:43:
[INFO] [stdout] could not create configuration file path: Os { code: 30, kind: ReadOnlyFilesystem, message: "Read-only file system" }
[INFO] [stdout] stack backtrace:
[INFO] [stdout]    0:     0x6032acf11791 - <<std[617be2ca0a6fd877]::sys::backtrace::BacktraceLock>::print::DisplayBacktrace as core[a373ad73a504971]::fmt::Display>::fmt
[INFO] [stdout]    1:     0x6032acf2884a - core[a373ad73a504971]::fmt::write
[INFO] [stdout]    2:     0x6032acf15afc - <alloc[2e1b2a31b91974c5]::vec::Vec<u8> as core[a373ad73a504971]::io::write::Write>::write_fmt
[INFO] [stdout]    3:     0x6032aceecbf6 - std[617be2ca0a6fd877]::panicking::default_hook::{closure#0}
[INFO] [stdout]    4:     0x6032acf08fd9 - std[617be2ca0a6fd877]::panicking::default_hook
[INFO] [stdout]    5:     0x6032acda4840 - test[aada8e7e76ba119b]::test_main_inner::{closure#0}
[INFO] [stdout]    6:     0x6032acf09192 - std[617be2ca0a6fd877]::panicking::panic_with_hook
[INFO] [stdout]    7:     0x6032aceecca2 - std[617be2ca0a6fd877]::panicking::panic_handler::{closure#0}
[INFO] [stdout]    8:     0x6032acee58d9 - std[617be2ca0a6fd877]::sys::backtrace::__rust_end_short_backtrace::<std[617be2ca0a6fd877]::panicking::panic_handler::{closure#0}, !>
[INFO] [stdout]    9:     0x6032aceed8ad - __rustc[ea4f61d10b84890b]::rust_begin_unwind
[INFO] [stdout]   10:     0x6032acf28fac - core[a373ad73a504971]::panicking::panic_fmt
[INFO] [stdout]   11:     0x6032acf28d82 - core[a373ad73a504971]::result::unwrap_failed
[INFO] [stdout]   12:     0x6032acd5c155 - jobrog[7b228438526fe2b1]::edit::tests::test_configuration
[INFO] [stdout]   13:     0x6032acd5e904 - <jobrog[7b228438526fe2b1]::edit::tests::test_validation_messages_all_good::{closure#0} as core[a373ad73a504971]::ops::function::FnOnce<()>>::call_once
[INFO] [stdout]   14:     0x6032acd97c8b - test[aada8e7e76ba119b]::__rust_begin_short_backtrace::<core[a373ad73a504971]::result::Result<(), alloc[2e1b2a31b91974c5]::string::String>, fn() -> core[a373ad73a504971]::result::Result<(), alloc[2e1b2a31b91974c5]::string::String>>
[INFO] [stdout]   15:     0x6032acda4e65 - test[aada8e7e76ba119b]::run_test::{closure#0}
[INFO] [stdout]   16:     0x6032acd9e754 - std[617be2ca0a6fd877]::sys::backtrace::__rust_begin_short_backtrace::<test[aada8e7e76ba119b]::run_test::{closure#1}, ()>
[INFO] [stdout]   17:     0x6032acda7ef2 - <std[617be2ca0a6fd877]::thread::lifecycle::spawn_unchecked<test[aada8e7e76ba119b]::run_test::{closure#1}, ()>::{closure#1} as core[a373ad73a504971]::ops::function::FnOnce<()>>::call_once::{shim:vtable#0}
[INFO] [stdout]   18:     0x6032acf10f2f - <std[617be2ca0a6fd877]::sys::thread::unix::Thread>::new::thread_start
[INFO] [stdout]   19:     0x7a5608c58dfa - <unknown>
[INFO] [stdout]   20:     0x7a5608cec3d4 - clone
[INFO] [stdout]   21:                0x0 - <unknown>
[INFO] [stdout] 
[INFO] [stdout] ---- edit::tests::test_validation_messages_done_after_done stdout ----
[INFO] [stdout] 
[INFO] [stdout] thread 'edit::tests::test_validation_messages_done_after_done' (2075) panicked at src/edit.rs:502:43:
[INFO] [stdout] could not create configuration file path: Os { code: 30, kind: ReadOnlyFilesystem, message: "Read-only file system" }
[INFO] [stdout] stack backtrace:
[INFO] [stdout]    0:     0x6032acf11791 - <<std[617be2ca0a6fd877]::sys::backtrace::BacktraceLock>::print::DisplayBacktrace as core[a373ad73a504971]::fmt::Display>::fmt
[INFO] [stdout]    1:     0x6032acf2884a - core[a373ad73a504971]::fmt::write
[INFO] [stdout]    2:     0x6032acf15afc - <alloc[2e1b2a31b91974c5]::vec::Vec<u8> as core[a373ad73a504971]::io::write::Write>::write_fmt
[INFO] [stdout]    3:     0x6032aceecbf6 - std[617be2ca0a6fd877]::panicking::default_hook::{closure#0}
[INFO] [stdout]    4:     0x6032acf08fd9 - std[617be2ca0a6fd877]::panicking::default_hook
[INFO] [stdout]    5:     0x6032acda4840 - test[aada8e7e76ba119b]::test_main_inner::{closure#0}
[INFO] [stdout]    6:     0x6032acf09192 - std[617be2ca0a6fd877]::panicking::panic_with_hook
[INFO] [stdout]    7:     0x6032aceecca2 - std[617be2ca0a6fd877]::panicking::panic_handler::{closure#0}
[INFO] [stdout]    8:     0x6032acee58d9 - std[617be2ca0a6fd877]::sys::backtrace::__rust_end_short_backtrace::<std[617be2ca0a6fd877]::panicking::panic_handler::{closure#0}, !>
[INFO] [stdout]    9:     0x6032aceed8ad - __rustc[ea4f61d10b84890b]::rust_begin_unwind
[INFO] [stdout]   10:     0x6032acf28fac - core[a373ad73a504971]::panicking::panic_fmt
[INFO] [stdout]   11:     0x6032acf28d82 - core[a373ad73a504971]::result::unwrap_failed
[INFO] [stdout]   12:     0x6032acd5c155 - jobrog[7b228438526fe2b1]::edit::tests::test_configuration
[INFO] [stdout]   13:     0x6032acd60814 - <jobrog[7b228438526fe2b1]::edit::tests::test_validation_messages_done_after_done::{closure#0} as core[a373ad73a504971]::ops::function::FnOnce<()>>::call_once
[INFO] [stdout]   14:     0x6032acd97c8b - test[aada8e7e76ba119b]::__rust_begin_short_backtrace::<core[a373ad73a504971]::result::Result<(), alloc[2e1b2a31b91974c5]::string::String>, fn() -> core[a373ad73a504971]::result::Result<(), alloc[2e1b2a31b91974c5]::string::String>>
[INFO] [stdout]   15:     0x6032acda4e65 - test[aada8e7e76ba119b]::run_test::{closure#0}
[INFO] [stdout]   16:     0x6032acd9e754 - std[617be2ca0a6fd877]::sys::backtrace::__rust_begin_short_backtrace::<test[aada8e7e76ba119b]::run_test::{closure#1}, ()>
[INFO] [stdout]   17:     0x6032acda7ef2 - <std[617be2ca0a6fd877]::thread::lifecycle::spawn_unchecked<test[aada8e7e76ba119b]::run_test::{closure#1}, ()>::{closure#1} as core[a373ad73a504971]::ops::function::FnOnce<()>>::call_once::{shim:vtable#0}
[INFO] [stdout]   18:     0x6032acf10f2f - <std[617be2ca0a6fd877]::sys::thread::unix::Thread>::new::thread_start
[INFO] [stdout]   19:     0x7a5608c58dfa - <unknown>
[INFO] [stdout]   20:     0x7a5608cec3d4 - clone
[INFO] [stdout]   21:                0x0 - <unknown>
[INFO] [stdout] 
[INFO] [stdout] ---- edit::tests::test_validation_messages_done_with_offset stdout ----
[INFO] [stdout] 
[INFO] [stdout] thread 'edit::tests::test_validation_messages_done_with_offset' (2076) panicked at src/edit.rs:502:43:
[INFO] [stdout] could not create configuration file path: Os { code: 30, kind: ReadOnlyFilesystem, message: "Read-only file system" }
[INFO] [stdout] stack backtrace:
[INFO] [stdout]    0:     0x6032acf11791 - <<std[617be2ca0a6fd877]::sys::backtrace::BacktraceLock>::print::DisplayBacktrace as core[a373ad73a504971]::fmt::Display>::fmt
[INFO] [stdout]    1:     0x6032acf2884a - core[a373ad73a504971]::fmt::write
[INFO] [stdout]    2:     0x6032acf15afc - <alloc[2e1b2a31b91974c5]::vec::Vec<u8> as core[a373ad73a504971]::io::write::Write>::write_fmt
[INFO] [stdout]    3:     0x6032aceecbf6 - std[617be2ca0a6fd877]::panicking::default_hook::{closure#0}
[INFO] [stdout]    4:     0x6032acf08fd9 - std[617be2ca0a6fd877]::panicking::default_hook
[INFO] [stdout]    5:     0x6032acda4840 - test[aada8e7e76ba119b]::test_main_inner::{closure#0}
[INFO] [stdout]    6:     0x6032acf09192 - std[617be2ca0a6fd877]::panicking::panic_with_hook
[INFO] [stdout]    7:     0x6032aceecca2 - std[617be2ca0a6fd877]::panicking::panic_handler::{closure#0}
[INFO] [stdout]    8:     0x6032acee58d9 - std[617be2ca0a6fd877]::sys::backtrace::__rust_end_short_backtrace::<std[617be2ca0a6fd877]::panicking::panic_handler::{closure#0}, !>
[INFO] [stdout]    9:     0x6032aceed8ad - __rustc[ea4f61d10b84890b]::rust_begin_unwind
[INFO] [stdout]   10:     0x6032acf28fac - core[a373ad73a504971]::panicking::panic_fmt
[INFO] [stdout]   11:     0x6032acf28d82 - core[a373ad73a504971]::result::unwrap_failed
[INFO] [stdout]   12:     0x6032acd5c155 - jobrog[7b228438526fe2b1]::edit::tests::test_configuration
[INFO] [stdout]   13:     0x6032acd60fb3 - <jobrog[7b228438526fe2b1]::edit::tests::test_validation_messages_done_with_offset::{closure#0} as core[a373ad73a504971]::ops::function::FnOnce<()>>::call_once
[INFO] [stdout]   14:     0x6032acd97c8b - test[aada8e7e76ba119b]::__rust_begin_short_backtrace::<core[a373ad73a504971]::result::Result<(), alloc[2e1b2a31b91974c5]::string::String>, fn() -> core[a373ad73a504971]::result::Result<(), alloc[2e1b2a31b91974c5]::string::String>>
[INFO] [stdout]   15:     0x6032acda4e65 - test[aada8e7e76ba119b]::run_test::{closure#0}
[INFO] [stdout]   16:     0x6032acd9e754 - std[617be2ca0a6fd877]::sys::backtrace::__rust_begin_short_backtrace::<test[aada8e7e76ba119b]::run_test::{closure#1}, ()>
[INFO] [stdout]   17:     0x6032acda7ef2 - <std[617be2ca0a6fd877]::thread::lifecycle::spawn_unchecked<test[aada8e7e76ba119b]::run_test::{closure#1}, ()>::{closure#1} as core[a373ad73a504971]::ops::function::FnOnce<()>>::call_once::{shim:vtable#0}
[INFO] [stdout]   18:     0x6032acf10f2f - <std[617be2ca0a6fd877]::sys::thread::unix::Thread>::new::thread_start
[INFO] [stdout]   19:     0x7a5608c58dfa - <unknown>
[INFO] [stdout]   20:     0x7a5608cec3d4 - clone
[INFO] [stdout]   21:                0x0 - <unknown>
[INFO] [stdout] 
[INFO] [stdout] ---- edit::tests::test_validation_messages_done_with_offset_error stdout ----
[INFO] [stdout] 
[INFO] [stdout] thread 'edit::tests::test_validation_messages_done_with_offset_error' (2077) panicked at src/edit.rs:502:43:
[INFO] [stdout] could not create configuration file path: Os { code: 30, kind: ReadOnlyFilesystem, message: "Read-only file system" }
[INFO] [stdout] stack backtrace:
[INFO] [stdout]    0:     0x6032acf11791 - <<std[617be2ca0a6fd877]::sys::backtrace::BacktraceLock>::print::DisplayBacktrace as core[a373ad73a504971]::fmt::Display>::fmt
[INFO] [stdout]    1:     0x6032acf2884a - core[a373ad73a504971]::fmt::write
[INFO] [stdout]    2:     0x6032acf15afc - <alloc[2e1b2a31b91974c5]::vec::Vec<u8> as core[a373ad73a504971]::io::write::Write>::write_fmt
[INFO] [stdout]    3:     0x6032aceecbf6 - std[617be2ca0a6fd877]::panicking::default_hook::{closure#0}
[INFO] [stdout]    4:     0x6032acf08fd9 - std[617be2ca0a6fd877]::panicking::default_hook
[INFO] [stdout]    5:     0x6032acda4840 - test[aada8e7e76ba119b]::test_main_inner::{closure#0}
[INFO] [stdout]    6:     0x6032acf09192 - std[617be2ca0a6fd877]::panicking::panic_with_hook
[INFO] [stdout]    7:     0x6032aceecca2 - std[617be2ca0a6fd877]::panicking::panic_handler::{closure#0}
[INFO] [stdout]    8:     0x6032acee58d9 - std[617be2ca0a6fd877]::sys::backtrace::__rust_end_short_backtrace::<std[617be2ca0a6fd877]::panicking::panic_handler::{closure#0}, !>
[INFO] [stdout]    9:     0x6032aceed8ad - __rustc[ea4f61d10b84890b]::rust_begin_unwind
[INFO] [stdout]   10:     0x6032acf28fac - core[a373ad73a504971]::panicking::panic_fmt
[INFO] [stdout]   11:     0x6032acf28d82 - core[a373ad73a504971]::result::unwrap_failed
[INFO] [stdout]   12:     0x6032acd5c155 - jobrog[7b228438526fe2b1]::edit::tests::test_configuration
[INFO] [stdout]   13:     0x6032acd61fa3 - <jobrog[7b228438526fe2b1]::edit::tests::test_validation_messages_done_with_offset_error::{closure#0} as core[a373ad73a504971]::ops::function::FnOnce<()>>::call_once
[INFO] [stdout]   14:     0x6032acd97c8b - test[aada8e7e76ba119b]::__rust_begin_short_backtrace::<core[a373ad73a504971]::result::Result<(), alloc[2e1b2a31b91974c5]::string::String>, fn() -> core[a373ad73a504971]::result::Result<(), alloc[2e1b2a31b91974c5]::string::String>>
[INFO] [stdout]   15:     0x6032acda4e65 - test[aada8e7e76ba119b]::run_test::{closure#0}
[INFO] [stdout]   16:     0x6032acd9e754 - std[617be2ca0a6fd877]::sys::backtrace::__rust_begin_short_backtrace::<test[aada8e7e76ba119b]::run_test::{closure#1}, ()>
[INFO] [stdout]   17:     0x6032acda7ef2 - <std[617be2ca0a6fd877]::thread::lifecycle::spawn_unchecked<test[aada8e7e76ba119b]::run_test::{closure#1}, ()>::{closure#1} as core[a373ad73a504971]::ops::function::FnOnce<()>>::call_once::{shim:vtable#0}
[INFO] [stdout]   18:     0x6032acf10f2f - <std[617be2ca0a6fd877]::sys::thread::unix::Thread>::new::thread_start
[INFO] [stdout]   19:     0x7a5608c58dfa - <unknown>
[INFO] [stdout]   20:     0x7a5608cec3d4 - clone
[INFO] [stdout]   21:                0x0 - <unknown>
[INFO] [stdout] 
[INFO] [stdout] ---- edit::tests::test_validation_messages_done_without_event stdout ----
[INFO] [stdout] 
[INFO] [stdout] thread 'edit::tests::test_validation_messages_done_without_event' (2078) panicked at src/edit.rs:502:43:
[INFO] [stdout] could not create configuration file path: Os { code: 30, kind: ReadOnlyFilesystem, message: "Read-only file system" }
[INFO] [stdout] stack backtrace:
[INFO] [stdout]    0:     0x6032acf11791 - <<std[617be2ca0a6fd877]::sys::backtrace::BacktraceLock>::print::DisplayBacktrace as core[a373ad73a504971]::fmt::Display>::fmt
[INFO] [stdout]    1:     0x6032acf2884a - core[a373ad73a504971]::fmt::write
[INFO] [stdout]    2:     0x6032acf15afc - <alloc[2e1b2a31b91974c5]::vec::Vec<u8> as core[a373ad73a504971]::io::write::Write>::write_fmt
[INFO] [stdout]    3:     0x6032aceecbf6 - std[617be2ca0a6fd877]::panicking::default_hook::{closure#0}
[INFO] [stdout]    4:     0x6032acf08fd9 - std[617be2ca0a6fd877]::panicking::default_hook
[INFO] [stdout]    5:     0x6032acda4840 - test[aada8e7e76ba119b]::test_main_inner::{closure#0}
[INFO] [stdout]    6:     0x6032acf09192 - std[617be2ca0a6fd877]::panicking::panic_with_hook
[INFO] [stdout]    7:     0x6032aceecca2 - std[617be2ca0a6fd877]::panicking::panic_handler::{closure#0}
[INFO] [stdout]    8:     0x6032acee58d9 - std[617be2ca0a6fd877]::sys::backtrace::__rust_end_short_backtrace::<std[617be2ca0a6fd877]::panicking::panic_handler::{closure#0}, !>
[INFO] [stdout]    9:     0x6032aceed8ad - __rustc[ea4f61d10b84890b]::rust_begin_unwind
[INFO] [stdout]   10:     0x6032acf28fac - core[a373ad73a504971]::panicking::panic_fmt
[INFO] [stdout]   11:     0x6032acf28d82 - core[a373ad73a504971]::result::unwrap_failed
[INFO] [stdout]   12:     0x6032acd5c155 - jobrog[7b228438526fe2b1]::edit::tests::test_configuration
[INFO] [stdout]   13:     0x6032acd6178c - <jobrog[7b228438526fe2b1]::edit::tests::test_validation_messages_done_without_event::{closure#0} as core[a373ad73a504971]::ops::function::FnOnce<()>>::call_once
[INFO] [stdout]   14:     0x6032acd97c8b - test[aada8e7e76ba119b]::__rust_begin_short_backtrace::<core[a373ad73a504971]::result::Result<(), alloc[2e1b2a31b91974c5]::string::String>, fn() -> core[a373ad73a504971]::result::Result<(), alloc[2e1b2a31b91974c5]::string::String>>
[INFO] [stdout]   15:     0x6032acda4e65 - test[aada8e7e76ba119b]::run_test::{closure#0}
[INFO] [stdout]   16:     0x6032acd9e754 - std[617be2ca0a6fd877]::sys::backtrace::__rust_begin_short_backtrace::<test[aada8e7e76ba119b]::run_test::{closure#1}, ()>
[INFO] [stdout]   17:     0x6032acda7ef2 - <std[617be2ca0a6fd877]::thread::lifecycle::spawn_unchecked<test[aada8e7e76ba119b]::run_test::{closure#1}, ()>::{closure#1} as core[a373ad73a504971]::ops::function::FnOnce<()>>::call_once::{shim:vtable#0}
[INFO] [stdout]   18:     0x6032acf10f2f - <std[617be2ca0a6fd877]::sys::thread::unix::Thread>::new::thread_start
[INFO] [stdout]   19:     0x7a5608c58dfa - <unknown>
[INFO] [stdout]   20:     0x7a5608cec3d4 - clone
[INFO] [stdout]   21:                0x0 - <unknown>
[INFO] [stdout] 
[INFO] [stdout] ---- edit::tests::test_validation_messages_garbled_line stdout ----
[INFO] [stdout] 
[INFO] [stdout] thread 'edit::tests::test_validation_messages_garbled_line' (2079) panicked at src/edit.rs:502:43:
[INFO] [stderr] error: test failed, to rerun pass `--lib`
[INFO] [stdout] could not create configuration file path: Os { code: 30, kind: ReadOnlyFilesystem, message: "Read-only file system" }
[INFO] [stdout] stack backtrace:
[INFO] [stdout]    0:     0x6032acf11791 - <<std[617be2ca0a6fd877]::sys::backtrace::BacktraceLock>::print::DisplayBacktrace as core[a373ad73a504971]::fmt::Display>::fmt
[INFO] [stdout]    1:     0x6032acf2884a - core[a373ad73a504971]::fmt::write
[INFO] [stdout]    2:     0x6032acf15afc - <alloc[2e1b2a31b91974c5]::vec::Vec<u8> as core[a373ad73a504971]::io::write::Write>::write_fmt
[INFO] [stdout]    3:     0x6032aceecbf6 - std[617be2ca0a6fd877]::panicking::default_hook::{closure#0}
[INFO] [stdout]    4:     0x6032acf08fd9 - std[617be2ca0a6fd877]::panicking::default_hook
[INFO] [stdout]    5:     0x6032acda4840 - test[aada8e7e76ba119b]::test_main_inner::{closure#0}
[INFO] [stdout]    6:     0x6032acf09192 - std[617be2ca0a6fd877]::panicking::panic_with_hook
[INFO] [stdout]    7:     0x6032aceecca2 - std[617be2ca0a6fd877]::panicking::panic_handler::{closure#0}
[INFO] [stdout]    8:     0x6032acee58d9 - std[617be2ca0a6fd877]::sys::backtrace::__rust_end_short_backtrace::<std[617be2ca0a6fd877]::panicking::panic_handler::{closure#0}, !>
[INFO] [stdout]    9:     0x6032aceed8ad - __rustc[ea4f61d10b84890b]::rust_begin_unwind
[INFO] [stdout]   10:     0x6032acf28fac - core[a373ad73a504971]::panicking::panic_fmt
[INFO] [stdout]   11:     0x6032acf28d82 - core[a373ad73a504971]::result::unwrap_failed
[INFO] [stdout]   12:     0x6032acd5c155 - jobrog[7b228438526fe2b1]::edit::tests::test_configuration
[INFO] [stdout]   13:     0x6032acd5fcb2 - <jobrog[7b228438526fe2b1]::edit::tests::test_validation_messages_garbled_line::{closure#0} as core[a373ad73a504971]::ops::function::FnOnce<()>>::call_once
[INFO] [stdout]   14:     0x6032acd97c8b - test[aada8e7e76ba119b]::__rust_begin_short_backtrace::<core[a373ad73a504971]::result::Result<(), alloc[2e1b2a31b91974c5]::string::String>, fn() -> core[a373ad73a504971]::result::Result<(), alloc[2e1b2a31b91974c5]::string::String>>
[INFO] [stdout]   15:     0x6032acda4e65 - test[aada8e7e76ba119b]::run_test::{closure#0}
[INFO] [stdout]   16:     0x6032acd9e754 - std[617be2ca0a6fd877]::sys::backtrace::__rust_begin_short_backtrace::<test[aada8e7e76ba119b]::run_test::{closure#1}, ()>
[INFO] [stdout]   17:     0x6032acda7ef2 - <std[617be2ca0a6fd877]::thread::lifecycle::spawn_unchecked<test[aada8e7e76ba119b]::run_test::{closure#1}, ()>::{closure#1} as core[a373ad73a504971]::ops::function::FnOnce<()>>::call_once::{shim:vtable#0}
[INFO] [stdout]   18:     0x6032acf10f2f - <std[617be2ca0a6fd877]::sys::thread::unix::Thread>::new::thread_start
[INFO] [stdout]   19:     0x7a5608c58dfa - <unknown>
[INFO] [stdout]   20:     0x7a5608cec3d4 - clone
[INFO] [stdout]   21:                0x0 - <unknown>
[INFO] [stdout] 
[INFO] [stdout] ---- log::tests::stack_overflow_regression stdout ----
[INFO] [stdout] 
[INFO] [stdout] thread 'log::tests::stack_overflow_regression' (2080) panicked at src/log.rs:760:47:
[INFO] [stdout] called `Result::unwrap()` on an `Err` value: Os { code: 30, kind: ReadOnlyFilesystem, message: "Read-only file system" }
[INFO] [stdout] stack backtrace:
[INFO] [stdout]    0:     0x6032acf11791 - <<std[617be2ca0a6fd877]::sys::backtrace::BacktraceLock>::print::DisplayBacktrace as core[a373ad73a504971]::fmt::Display>::fmt
[INFO] [stdout]    1:     0x6032acf2884a - core[a373ad73a504971]::fmt::write
[INFO] [stdout]    2:     0x6032acf15afc - <alloc[2e1b2a31b91974c5]::vec::Vec<u8> as core[a373ad73a504971]::io::write::Write>::write_fmt
[INFO] [stdout]    3:     0x6032aceecbf6 - std[617be2ca0a6fd877]::panicking::default_hook::{closure#0}
[INFO] [stdout]    4:     0x6032acf08fd9 - std[617be2ca0a6fd877]::panicking::default_hook
[INFO] [stdout]    5:     0x6032acda4840 - test[aada8e7e76ba119b]::test_main_inner::{closure#0}
[INFO] [stdout]    6:     0x6032acf09192 - std[617be2ca0a6fd877]::panicking::panic_with_hook
[INFO] [stdout]    7:     0x6032aceecca2 - std[617be2ca0a6fd877]::panicking::panic_handler::{closure#0}
[INFO] [stdout]    8:     0x6032acee58d9 - std[617be2ca0a6fd877]::sys::backtrace::__rust_end_short_backtrace::<std[617be2ca0a6fd877]::panicking::panic_handler::{closure#0}, !>
[INFO] [stdout]    9:     0x6032aceed8ad - __rustc[ea4f61d10b84890b]::rust_begin_unwind
[INFO] [stdout]   10:     0x6032acf28fac - core[a373ad73a504971]::panicking::panic_fmt
[INFO] [stdout]   11:     0x6032acf28d82 - core[a373ad73a504971]::result::unwrap_failed
[INFO] [stdout]   12:     0x6032acd4ea32 - jobrog[7b228438526fe2b1]::log::tests::random_log
[INFO] [stdout]   13:     0x6032acd5687f - <jobrog[7b228438526fe2b1]::log::tests::stack_overflow_regression::{closure#0} as core[a373ad73a504971]::ops::function::FnOnce<()>>::call_once
[INFO] [stdout]   14:     0x6032acd97c8b - test[aada8e7e76ba119b]::__rust_begin_short_backtrace::<core[a373ad73a504971]::result::Result<(), alloc[2e1b2a31b91974c5]::string::String>, fn() -> core[a373ad73a504971]::result::Result<(), alloc[2e1b2a31b91974c5]::string::String>>
[INFO] [stdout]   15:     0x6032acda4e65 - test[aada8e7e76ba119b]::run_test::{closure#0}
[INFO] [stdout]   16:     0x6032acd9e754 - std[617be2ca0a6fd877]::sys::backtrace::__rust_begin_short_backtrace::<test[aada8e7e76ba119b]::run_test::{closure#1}, ()>
[INFO] [stdout]   17:     0x6032acda7ef2 - <std[617be2ca0a6fd877]::thread::lifecycle::spawn_unchecked<test[aada8e7e76ba119b]::run_test::{closure#1}, ()>::{closure#1} as core[a373ad73a504971]::ops::function::FnOnce<()>>::call_once::{shim:vtable#0}
[INFO] [stdout]   18:     0x6032acf10f2f - <std[617be2ca0a6fd877]::sys::thread::unix::Thread>::new::thread_start
[INFO] [stdout]   19:     0x7a5608c58dfa - <unknown>
[INFO] [stdout]   20:     0x7a5608cec3d4 - clone
[INFO] [stdout]   21:                0x0 - <unknown>
[INFO] [stdout] 
[INFO] [stdout] ---- log::tests::test_10_small_files stdout ----
[INFO] [stdout] 
[INFO] [stdout] thread 'log::tests::test_10_small_files' (2082) panicked at src/log.rs:760:47:
[INFO] [stdout] called `Result::unwrap()` on an `Err` value: Os { code: 30, kind: ReadOnlyFilesystem, message: "Read-only file system" }
[INFO] [stdout] stack backtrace:
[INFO] [stdout]    0:     0x6032acf11791 - <<std[617be2ca0a6fd877]::sys::backtrace::BacktraceLock>::print::DisplayBacktrace as core[a373ad73a504971]::fmt::Display>::fmt
[INFO] [stdout]    1:     0x6032acf2884a - core[a373ad73a504971]::fmt::write
[INFO] [stdout]    2:     0x6032acf15afc - <alloc[2e1b2a31b91974c5]::vec::Vec<u8> as core[a373ad73a504971]::io::write::Write>::write_fmt
[INFO] [stdout]    3:     0x6032aceecbf6 - std[617be2ca0a6fd877]::panicking::default_hook::{closure#0}
[INFO] [stdout]    4:     0x6032acf08fd9 - std[617be2ca0a6fd877]::panicking::default_hook
[INFO] [stdout]    5:     0x6032acda4840 - test[aada8e7e76ba119b]::test_main_inner::{closure#0}
[INFO] [stdout]    6:     0x6032acf09192 - std[617be2ca0a6fd877]::panicking::panic_with_hook
[INFO] [stdout]    7:     0x6032aceecca2 - std[617be2ca0a6fd877]::panicking::panic_handler::{closure#0}
[INFO] [stdout]    8:     0x6032acee58d9 - std[617be2ca0a6fd877]::sys::backtrace::__rust_end_short_backtrace::<std[617be2ca0a6fd877]::panicking::panic_handler::{closure#0}, !>
[INFO] [stdout]    9:     0x6032aceed8ad - __rustc[ea4f61d10b84890b]::rust_begin_unwind
[INFO] [stdout]   10:     0x6032acf28fac - core[a373ad73a504971]::panicking::panic_fmt
[INFO] [stdout]   11:     0x6032acf28d82 - core[a373ad73a504971]::result::unwrap_failed
[INFO] [stdout]   12:     0x6032acd4ea32 - jobrog[7b228438526fe2b1]::log::tests::random_log
[INFO] [stdout]   13:     0x6032acd50ff0 - jobrog[7b228438526fe2b1]::log::tests::test_log
[INFO] [stdout]   14:     0x6032acd53721 - <jobrog[7b228438526fe2b1]::log::tests::test_10_small_files::{closure#0} as core[a373ad73a504971]::ops::function::FnOnce<()>>::call_once
[INFO] [stdout]   15:     0x6032acd97c8b - test[aada8e7e76ba119b]::__rust_begin_short_backtrace::<core[a373ad73a504971]::result::Result<(), alloc[2e1b2a31b91974c5]::string::String>, fn() -> core[a373ad73a504971]::result::Result<(), alloc[2e1b2a31b91974c5]::string::String>>
[INFO] [stdout]   16:     0x6032acda4e65 - test[aada8e7e76ba119b]::run_test::{closure#0}
[INFO] [stdout]   17:     0x6032acd9e754 - std[617be2ca0a6fd877]::sys::backtrace::__rust_begin_short_backtrace::<test[aada8e7e76ba119b]::run_test::{closure#1}, ()>
[INFO] [stdout]   18:     0x6032acda7ef2 - <std[617be2ca0a6fd877]::thread::lifecycle::spawn_unchecked<test[aada8e7e76ba119b]::run_test::{closure#1}, ()>::{closure#1} as core[a373ad73a504971]::ops::function::FnOnce<()>>::call_once::{shim:vtable#0}
[INFO] [stdout]   19:     0x6032acf10f2f - <std[617be2ca0a6fd877]::sys::thread::unix::Thread>::new::thread_start
[INFO] [stdout]   20:     0x7a5608c58dfa - <unknown>
[INFO] [stdout]   21:     0x7a5608cec3d4 - clone
[INFO] [stdout]   22:                0x0 - <unknown>
[INFO] [stdout] 
[INFO] [stdout] ---- log::tests::test_100_tiny_files stdout ----
[INFO] [stdout] 
[INFO] [stdout] thread 'log::tests::test_100_tiny_files' (2081) panicked at src/log.rs:760:47:
[INFO] [stdout] called `Result::unwrap()` on an `Err` value: Os { code: 30, kind: ReadOnlyFilesystem, message: "Read-only file system" }
[INFO] [stdout] stack backtrace:
[INFO] [stdout]    0:     0x6032acf11791 - <<std[617be2ca0a6fd877]::sys::backtrace::BacktraceLock>::print::DisplayBacktrace as core[a373ad73a504971]::fmt::Display>::fmt
[INFO] [stdout]    1:     0x6032acf2884a - core[a373ad73a504971]::fmt::write
[INFO] [stdout]    2:     0x6032acf15afc - <alloc[2e1b2a31b91974c5]::vec::Vec<u8> as core[a373ad73a504971]::io::write::Write>::write_fmt
[INFO] [stdout]    3:     0x6032aceecbf6 - std[617be2ca0a6fd877]::panicking::default_hook::{closure#0}
[INFO] [stdout]    4:     0x6032acf08fd9 - std[617be2ca0a6fd877]::panicking::default_hook
[INFO] [stdout]    5:     0x6032acda4840 - test[aada8e7e76ba119b]::test_main_inner::{closure#0}
[INFO] [stdout]    6:     0x6032acf09192 - std[617be2ca0a6fd877]::panicking::panic_with_hook
[INFO] [stdout]    7:     0x6032aceecca2 - std[617be2ca0a6fd877]::panicking::panic_handler::{closure#0}
[INFO] [stdout]    8:     0x6032acee58d9 - std[617be2ca0a6fd877]::sys::backtrace::__rust_end_short_backtrace::<std[617be2ca0a6fd877]::panicking::panic_handler::{closure#0}, !>
[INFO] [stdout]    9:     0x6032aceed8ad - __rustc[ea4f61d10b84890b]::rust_begin_unwind
[INFO] [stdout]   10:     0x6032acf28fac - core[a373ad73a504971]::panicking::panic_fmt
[INFO] [stdout]   11:     0x6032acf28d82 - core[a373ad73a504971]::result::unwrap_failed
[INFO] [stdout]   12:     0x6032acd4ea32 - jobrog[7b228438526fe2b1]::log::tests::random_log
[INFO] [stdout]   13:     0x6032acd50ff0 - jobrog[7b228438526fe2b1]::log::tests::test_log
[INFO] [stdout]   14:     0x6032acd5365d - <jobrog[7b228438526fe2b1]::log::tests::test_100_tiny_files::{closure#0} as core[a373ad73a504971]::ops::function::FnOnce<()>>::call_once
[INFO] [stdout]   15:     0x6032acd97c8b - test[aada8e7e76ba119b]::__rust_begin_short_backtrace::<core[a373ad73a504971]::result::Result<(), alloc[2e1b2a31b91974c5]::string::String>, fn() -> core[a373ad73a504971]::result::Result<(), alloc[2e1b2a31b91974c5]::string::String>>
[INFO] [stdout]   16:     0x6032acda4e65 - test[aada8e7e76ba119b]::run_test::{closure#0}
[INFO] [stdout]   17:     0x6032acd9e754 - std[617be2ca0a6fd877]::sys::backtrace::__rust_begin_short_backtrace::<test[aada8e7e76ba119b]::run_test::{closure#1}, ()>
[INFO] [stdout]   18:     0x6032acda7ef2 - <std[617be2ca0a6fd877]::thread::lifecycle::spawn_unchecked<test[aada8e7e76ba119b]::run_test::{closure#1}, ()>::{closure#1} as core[a373ad73a504971]::ops::function::FnOnce<()>>::call_once::{shim:vtable#0}
[INFO] [stdout]   19:     0x6032acf10f2f - <std[617be2ca0a6fd877]::sys::thread::unix::Thread>::new::thread_start
[INFO] [stdout]   20:     0x7a5608c58dfa - <unknown>
[INFO] [stdout]   21:     0x7a5608cec3d4 - clone
[INFO] [stdout]   22:                0x0 - <unknown>
[INFO] [stdout] 
[INFO] [stdout] ---- log::tests::test_empty_file stdout ----
[INFO] [stdout] 
[INFO] [stdout] thread 'log::tests::test_empty_file' (2086) panicked at src/log.rs:760:47:
[INFO] [stdout] called `Result::unwrap()` on an `Err` value: Os { code: 30, kind: ReadOnlyFilesystem, message: "Read-only file system" }
[INFO] [stdout] stack backtrace:
[INFO] [stdout]    0:     0x6032acf11791 - <<std[617be2ca0a6fd877]::sys::backtrace::BacktraceLock>::print::DisplayBacktrace as core[a373ad73a504971]::fmt::Display>::fmt
[INFO] [stdout]    1:     0x6032acf2884a - core[a373ad73a504971]::fmt::write
[INFO] [stdout]    2:     0x6032acf15afc - <alloc[2e1b2a31b91974c5]::vec::Vec<u8> as core[a373ad73a504971]::io::write::Write>::write_fmt
[INFO] [stdout]    3:     0x6032aceecbf6 - std[617be2ca0a6fd877]::panicking::default_hook::{closure#0}
[INFO] [stdout]    4:     0x6032acf08fd9 - std[617be2ca0a6fd877]::panicking::default_hook
[INFO] [stdout]    5:     0x6032acda4840 - test[aada8e7e76ba119b]::test_main_inner::{closure#0}
[INFO] [stdout]    6:     0x6032acf09192 - std[617be2ca0a6fd877]::panicking::panic_with_hook
[INFO] [stdout]    7:     0x6032aceecca2 - std[617be2ca0a6fd877]::panicking::panic_handler::{closure#0}
[INFO] [stdout]    8:     0x6032acee58d9 - std[617be2ca0a6fd877]::sys::backtrace::__rust_end_short_backtrace::<std[617be2ca0a6fd877]::panicking::panic_handler::{closure#0}, !>
[INFO] [stdout]    9:     0x6032aceed8ad - __rustc[ea4f61d10b84890b]::rust_begin_unwind
[INFO] [stdout]   10:     0x6032acf28fac - core[a373ad73a504971]::panicking::panic_fmt
[INFO] [stdout]   11:     0x6032acf28d82 - core[a373ad73a504971]::result::unwrap_failed
[INFO] [stdout]   12:     0x6032acd4ea32 - jobrog[7b228438526fe2b1]::log::tests::random_log
[INFO] [stdout]   13:     0x6032acd50ff0 - jobrog[7b228438526fe2b1]::log::tests::test_log
[INFO] [stdout]   14:     0x6032acd53477 - <jobrog[7b228438526fe2b1]::log::tests::test_empty_file::{closure#0} as core[a373ad73a504971]::ops::function::FnOnce<()>>::call_once
[INFO] [stdout]   15:     0x6032acd97c8b - test[aada8e7e76ba119b]::__rust_begin_short_backtrace::<core[a373ad73a504971]::result::Result<(), alloc[2e1b2a31b91974c5]::string::String>, fn() -> core[a373ad73a504971]::result::Result<(), alloc[2e1b2a31b91974c5]::string::String>>
[INFO] [stdout]   16:     0x6032acda4e65 - test[aada8e7e76ba119b]::run_test::{closure#0}
[INFO] [stdout]   17:     0x6032acd9e754 - std[617be2ca0a6fd877]::sys::backtrace::__rust_begin_short_backtrace::<test[aada8e7e76ba119b]::run_test::{closure#1}, ()>
[INFO] [stdout]   18:     0x6032acda7ef2 - <std[617be2ca0a6fd877]::thread::lifecycle::spawn_unchecked<test[aada8e7e76ba119b]::run_test::{closure#1}, ()>::{closure#1} as core[a373ad73a504971]::ops::function::FnOnce<()>>::call_once::{shim:vtable#0}
[INFO] [stdout]   19:     0x6032acf10f2f - <std[617be2ca0a6fd877]::sys::thread::unix::Thread>::new::thread_start
[INFO] [stdout]   20:     0x7a5608c58dfa - <unknown>
[INFO] [stdout]   21:     0x7a5608cec3d4 - clone
[INFO] [stdout]   22:                0x0 - <unknown>
[INFO] [stdout] 
[INFO] [stdout] ---- log::tests::test_large_file stdout ----
[INFO] [stdout] 
[INFO] [stdout] thread 'log::tests::test_large_file' (2092) panicked at src/log.rs:760:47:
[INFO] [stdout] called `Result::unwrap()` on an `Err` value: Os { code: 30, kind: ReadOnlyFilesystem, message: "Read-only file system" }
[INFO] [stdout] stack backtrace:
[INFO] [stdout]    0:     0x6032acf11791 - <<std[617be2ca0a6fd877]::sys::backtrace::BacktraceLock>::print::DisplayBacktrace as core[a373ad73a504971]::fmt::Display>::fmt
[INFO] [stdout]    1:     0x6032acf2884a - core[a373ad73a504971]::fmt::write
[INFO] [stdout]    2:     0x6032acf15afc - <alloc[2e1b2a31b91974c5]::vec::Vec<u8> as core[a373ad73a504971]::io::write::Write>::write_fmt
[INFO] [stdout]    3:     0x6032aceecbf6 - std[617be2ca0a6fd877]::panicking::default_hook::{closure#0}
[INFO] [stdout]    4:     0x6032acf08fd9 - std[617be2ca0a6fd877]::panicking::default_hook
[INFO] [stdout]    5:     0x6032acda4840 - test[aada8e7e76ba119b]::test_main_inner::{closure#0}
[INFO] [stdout]    6:     0x6032acf09192 - std[617be2ca0a6fd877]::panicking::panic_with_hook
[INFO] [stdout]    7:     0x6032aceecca2 - std[617be2ca0a6fd877]::panicking::panic_handler::{closure#0}
[INFO] [stdout]    8:     0x6032acee58d9 - std[617be2ca0a6fd877]::sys::backtrace::__rust_end_short_backtrace::<std[617be2ca0a6fd877]::panicking::panic_handler::{closure#0}, !>
[INFO] [stdout]    9:     0x6032aceed8ad - __rustc[ea4f61d10b84890b]::rust_begin_unwind
[INFO] [stdout]   10:     0x6032acf28fac - core[a373ad73a504971]::panicking::panic_fmt
[INFO] [stdout]   11:     0x6032acf28d82 - core[a373ad73a504971]::result::unwrap_failed
[INFO] [stdout]   12:     0x6032acd4ea32 - jobrog[7b228438526fe2b1]::log::tests::random_log
[INFO] [stdout]   13:     0x6032acd50ff0 - jobrog[7b228438526fe2b1]::log::tests::test_log
[INFO] [stdout]   14:     0x6032acd534aa - <jobrog[7b228438526fe2b1]::log::tests::test_large_file::{closure#0} as core[a373ad73a504971]::ops::function::FnOnce<()>>::call_once
[INFO] [stdout]   15:     0x6032acd97c8b - test[aada8e7e76ba119b]::__rust_begin_short_backtrace::<core[a373ad73a504971]::result::Result<(), alloc[2e1b2a31b91974c5]::string::String>, fn() -> core[a373ad73a504971]::result::Result<(), alloc[2e1b2a31b91974c5]::string::String>>
[INFO] [stdout]   16:     0x6032acda4e65 - test[aada8e7e76ba119b]::run_test::{closure#0}
[INFO] [stdout]   17:     0x6032acd9e754 - std[617be2ca0a6fd877]::sys::backtrace::__rust_begin_short_backtrace::<test[aada8e7e76ba119b]::run_test::{closure#1}, ()>
[INFO] [stdout]   18:     0x6032acda7ef2 - <std[617be2ca0a6fd877]::thread::lifecycle::spawn_unchecked<test[aada8e7e76ba119b]::run_test::{closure#1}, ()>::{closure#1} as core[a373ad73a504971]::ops::function::FnOnce<()>>::call_once::{shim:vtable#0}
[INFO] [stdout]   19:     0x6032acf10f2f - <std[617be2ca0a6fd877]::sys::thread::unix::Thread>::new::thread_start
[INFO] [stdout]   20:     0x7a5608c58dfa - <unknown>
[INFO] [stdout]   21:     0x7a5608cec3d4 - clone
[INFO] [stdout]   22:                0x0 - <unknown>
[INFO] [stdout] 
[INFO] [stdout] ---- log::tests::test_events_from_end stdout ----
[INFO] [stdout] 
[INFO] [stdout] thread 'log::tests::test_events_from_end' (2090) panicked at src/log.rs:760:47:
[INFO] [stdout] called `Result::unwrap()` on an `Err` value: Os { code: 30, kind: ReadOnlyFilesystem, message: "Read-only file system" }
[INFO] [stdout] stack backtrace:
[INFO] [stdout]    0:     0x6032acf11791 - <<std[617be2ca0a6fd877]::sys::backtrace::BacktraceLock>::print::DisplayBacktrace as core[a373ad73a504971]::fmt::Display>::fmt
[INFO] [stdout]    1:     0x6032acf2884a - core[a373ad73a504971]::fmt::write
[INFO] [stdout]    2:     0x6032acf15afc - <alloc[2e1b2a31b91974c5]::vec::Vec<u8> as core[a373ad73a504971]::io::write::Write>::write_fmt
[INFO] [stdout]    3:     0x6032aceecbf6 - std[617be2ca0a6fd877]::panicking::default_hook::{closure#0}
[INFO] [stdout]    4:     0x6032acf08fd9 - std[617be2ca0a6fd877]::panicking::default_hook
[INFO] [stdout]    5:     0x6032acda4840 - test[aada8e7e76ba119b]::test_main_inner::{closure#0}
[INFO] [stdout]    6:     0x6032acf09192 - std[617be2ca0a6fd877]::panicking::panic_with_hook
[INFO] [stdout]    7:     0x6032aceecca2 - std[617be2ca0a6fd877]::panicking::panic_handler::{closure#0}
[INFO] [stdout]    8:     0x6032acee58d9 - std[617be2ca0a6fd877]::sys::backtrace::__rust_end_short_backtrace::<std[617be2ca0a6fd877]::panicking::panic_handler::{closure#0}, !>
[INFO] [stdout]    9:     0x6032aceed8ad - __rustc[ea4f61d10b84890b]::rust_begin_unwind
[INFO] [stdout]   10:     0x6032acf28fac - core[a373ad73a504971]::panicking::panic_fmt
[INFO] [stdout]   11:     0x6032acf28d82 - core[a373ad73a504971]::result::unwrap_failed
[INFO] [stdout]   12:     0x6032acd4ea32 - jobrog[7b228438526fe2b1]::log::tests::random_log
[INFO] [stdout]   13:     0x6032acd551fd - <jobrog[7b228438526fe2b1]::log::tests::test_events_from_end::{closure#0} as core[a373ad73a504971]::ops::function::FnOnce<()>>::call_once
[INFO] [stdout]   14:     0x6032acd97c8b - test[aada8e7e76ba119b]::__rust_begin_short_backtrace::<core[a373ad73a504971]::result::Result<(), alloc[2e1b2a31b91974c5]::string::String>, fn() -> core[a373ad73a504971]::result::Result<(), alloc[2e1b2a31b91974c5]::string::String>>
[INFO] [stdout]   15:     0x6032acda4e65 - test[aada8e7e76ba119b]::run_test::{closure#0}
[INFO] [stdout]   16:     0x6032acd9e754 - std[617be2ca0a6fd877]::sys::backtrace::__rust_begin_short_backtrace::<test[aada8e7e76ba119b]::run_test::{closure#1}, ()>
[INFO] [stdout]   17:     0x6032acda7ef2 - <std[617be2ca0a6fd877]::thread::lifecycle::spawn_unchecked<test[aada8e7e76ba119b]::run_test::{closure#1}, ()>::{closure#1} as core[a373ad73a504971]::ops::function::FnOnce<()>>::call_once::{shim:vtable#0}
[INFO] [stdout]   18:     0x6032acf10f2f - <std[617be2ca0a6fd877]::sys::thread::unix::Thread>::new::thread_start
[INFO] [stdout]   19:     0x7a5608c58dfa - <unknown>
[INFO] [stdout]   20:     0x7a5608cec3d4 - clone
[INFO] [stdout]   21:                0x0 - <unknown>
[INFO] [stdout] 
[INFO] [stdout] ---- log::tests::test_notes_from_beginning stdout ----
[INFO] [stdout] 
[INFO] [stdout] thread 'log::tests::test_notes_from_beginning' (2094) panicked at src/log.rs:760:47:
[INFO] [stdout] called `Result::unwrap()` on an `Err` value: Os { code: 30, kind: ReadOnlyFilesystem, message: "Read-only file system" }
[INFO] [stdout] stack backtrace:
[INFO] [stdout]    0:     0x6032acf11791 - <<std[617be2ca0a6fd877]::sys::backtrace::BacktraceLock>::print::DisplayBacktrace as core[a373ad73a504971]::fmt::Display>::fmt
[INFO] [stdout]    1:     0x6032acf2884a - core[a373ad73a504971]::fmt::write
[INFO] [stdout]    2:     0x6032acf15afc - <alloc[2e1b2a31b91974c5]::vec::Vec<u8> as core[a373ad73a504971]::io::write::Write>::write_fmt
[INFO] [stdout]    3:     0x6032aceecbf6 - std[617be2ca0a6fd877]::panicking::default_hook::{closure#0}
[INFO] [stdout]    4:     0x6032acf08fd9 - std[617be2ca0a6fd877]::panicking::default_hook
[INFO] [stdout]    5:     0x6032acda4840 - test[aada8e7e76ba119b]::test_main_inner::{closure#0}
[INFO] [stdout]    6:     0x6032acf09192 - std[617be2ca0a6fd877]::panicking::panic_with_hook
[INFO] [stdout]    7:     0x6032aceecca2 - std[617be2ca0a6fd877]::panicking::panic_handler::{closure#0}
[INFO] [stdout]    8:     0x6032acee58d9 - std[617be2ca0a6fd877]::sys::backtrace::__rust_end_short_backtrace::<std[617be2ca0a6fd877]::panicking::panic_handler::{closure#0}, !>
[INFO] [stdout]    9:     0x6032aceed8ad - __rustc[ea4f61d10b84890b]::rust_begin_unwind
[INFO] [stdout]   10:     0x6032acf28fac - core[a373ad73a504971]::panicking::panic_fmt
[INFO] [stdout]   11:     0x6032acf28d82 - core[a373ad73a504971]::result::unwrap_failed
[INFO] [stdout]   12:     0x6032acd4ea32 - jobrog[7b228438526fe2b1]::log::tests::random_log
[INFO] [stdout]   13:     0x6032acd5708d - <jobrog[7b228438526fe2b1]::log::tests::test_notes_from_beginning::{closure#0} as core[a373ad73a504971]::ops::function::FnOnce<()>>::call_once
[INFO] [stdout]   14:     0x6032acd97c8b - test[aada8e7e76ba119b]::__rust_begin_short_backtrace::<core[a373ad73a504971]::result::Result<(), alloc[2e1b2a31b91974c5]::string::String>, fn() -> core[a373ad73a504971]::result::Result<(), alloc[2e1b2a31b91974c5]::string::String>>
[INFO] [stdout]   15:     0x6032acda4e65 - test[aada8e7e76ba119b]::run_test::{closure#0}
[INFO] [stdout]   16:     0x6032acd9e754 - std[617be2ca0a6fd877]::sys::backtrace::__rust_begin_short_backtrace::<test[aada8e7e76ba119b]::run_test::{closure#1}, ()>
[INFO] [stdout]   17:     0x6032acda7ef2 - <std[617be2ca0a6fd877]::thread::lifecycle::spawn_unchecked<test[aada8e7e76ba119b]::run_test::{closure#1}, ()>::{closure#1} as core[a373ad73a504971]::ops::function::FnOnce<()>>::call_once::{shim:vtable#0}
[INFO] [stdout]   18:     0x6032acf10f2f - <std[617be2ca0a6fd877]::sys::thread::unix::Thread>::new::thread_start
[INFO] [stdout]   19:     0x7a5608c58dfa - <unknown>
[INFO] [stdout]   20:     0x7a5608cec3d4 - clone
[INFO] [stdout]   21:                0x0 - <unknown>
[INFO] [stdout] 
[INFO] [stdout] ---- log::tests::test_events_from_beginning stdout ----
[INFO] [stdout] 
[INFO] [stdout] thread 'log::tests::test_events_from_beginning' (2089) panicked at src/log.rs:760:47:
[INFO] [stdout] called `Result::unwrap()` on an `Err` value: Os { code: 30, kind: ReadOnlyFilesystem, message: "Read-only file system" }
[INFO] [stdout] stack backtrace:
[INFO] [stdout]    0:     0x6032acf11791 - <<std[617be2ca0a6fd877]::sys::backtrace::BacktraceLock>::print::DisplayBacktrace as core[a373ad73a504971]::fmt::Display>::fmt
[INFO] [stdout]    1:     0x6032acf2884a - core[a373ad73a504971]::fmt::write
[INFO] [stdout]    2:     0x6032acf15afc - <alloc[2e1b2a31b91974c5]::vec::Vec<u8> as core[a373ad73a504971]::io::write::Write>::write_fmt
[INFO] [stdout]    3:     0x6032aceecbf6 - std[617be2ca0a6fd877]::panicking::default_hook::{closure#0}
[INFO] [stdout]    4:     0x6032acf08fd9 - std[617be2ca0a6fd877]::panicking::default_hook
[INFO] [stdout]    5:     0x6032acda4840 - test[aada8e7e76ba119b]::test_main_inner::{closure#0}
[INFO] [stdout]    6:     0x6032acf09192 - std[617be2ca0a6fd877]::panicking::panic_with_hook
[INFO] [stdout]    7:     0x6032aceecca2 - std[617be2ca0a6fd877]::panicking::panic_handler::{closure#0}
[INFO] [stdout]    8:     0x6032acee58d9 - std[617be2ca0a6fd877]::sys::backtrace::__rust_end_short_backtrace::<std[617be2ca0a6fd877]::panicking::panic_handler::{closure#0}, !>
[INFO] [stdout]    9:     0x6032aceed8ad - __rustc[ea4f61d10b84890b]::rust_begin_unwind
[INFO] [stdout]   10:     0x6032acf28fac - core[a373ad73a504971]::panicking::panic_fmt
[INFO] [stdout]   11:     0x6032acf28d82 - core[a373ad73a504971]::result::unwrap_failed
[INFO] [stdout]   12:     0x6032acd4ea32 - jobrog[7b228438526fe2b1]::log::tests::random_log
[INFO] [stdout]   13:     0x6032acd57a2d - <jobrog[7b228438526fe2b1]::log::tests::test_events_from_beginning::{closure#0} as core[a373ad73a504971]::ops::function::FnOnce<()>>::call_once
[INFO] [stdout]   14:     0x6032acd97c8b - test[aada8e7e76ba119b]::__rust_begin_short_backtrace::<core[a373ad73a504971]::result::Result<(), alloc[2e1b2a31b91974c5]::string::String>, fn() -> core[a373ad73a504971]::result::Result<(), alloc[2e1b2a31b91974c5]::string::String>>
[INFO] [stdout]   15:     0x6032acda4e65 - test[aada8e7e76ba119b]::run_test::{closure#0}
[INFO] [stdout]   16:     0x6032acd9e754 - std[617be2ca0a6fd877]::sys::backtrace::__rust_begin_short_backtrace::<test[aada8e7e76ba119b]::run_test::{closure#1}, ()>
[INFO] [stdout]   17:     0x6032acda7ef2 - <std[617be2ca0a6fd877]::thread::lifecycle::spawn_unchecked<test[aada8e7e76ba119b]::run_test::{closure#1}, ()>::{closure#1} as core[a373ad73a504971]::ops::function::FnOnce<()>>::call_once::{shim:vtable#0}
[INFO] [stdout]   18:     0x6032acf10f2f - <std[617be2ca0a6fd877]::sys::thread::unix::Thread>::new::thread_start
[INFO] [stdout]   19:     0x7a5608c58dfa - <unknown>
[INFO] [stdout]   20:     0x7a5608cec3d4 - clone
[INFO] [stdout]   21:                0x0 - <unknown>
[INFO] [stdout] 
[INFO] [stdout] ---- log::tests::test_events_in_range stdout ----
[INFO] [stdout] 
[INFO] [stdout] thread 'log::tests::test_events_in_range' (2091) panicked at src/log.rs:760:47:
[INFO] [stdout] called `Result::unwrap()` on an `Err` value: Os { code: 30, kind: ReadOnlyFilesystem, message: "Read-only file system" }
[INFO] [stdout] stack backtrace:
[INFO] [stdout]    0:     0x6032acf11791 - <<std[617be2ca0a6fd877]::sys::backtrace::BacktraceLock>::print::DisplayBacktrace as core[a373ad73a504971]::fmt::Display>::fmt
[INFO] [stdout]    1:     0x6032acf2884a - core[a373ad73a504971]::fmt::write
[INFO] [stdout]    2:     0x6032acf15afc - <alloc[2e1b2a31b91974c5]::vec::Vec<u8> as core[a373ad73a504971]::io::write::Write>::write_fmt
[INFO] [stdout]    3:     0x6032aceecbf6 - std[617be2ca0a6fd877]::panicking::default_hook::{closure#0}
[INFO] [stdout]    4:     0x6032acf08fd9 - std[617be2ca0a6fd877]::panicking::default_hook
[INFO] [stdout]    5:     0x6032acda4840 - test[aada8e7e76ba119b]::test_main_inner::{closure#0}
[INFO] [stdout]    6:     0x6032acf09192 - std[617be2ca0a6fd877]::panicking::panic_with_hook
[INFO] [stdout]    7:     0x6032aceecca2 - std[617be2ca0a6fd877]::panicking::panic_handler::{closure#0}
[INFO] [stdout]    8:     0x6032acee58d9 - std[617be2ca0a6fd877]::sys::backtrace::__rust_end_short_backtrace::<std[617be2ca0a6fd877]::panicking::panic_handler::{closure#0}, !>
[INFO] [stdout]    9:     0x6032aceed8ad - __rustc[ea4f61d10b84890b]::rust_begin_unwind
[INFO] [stdout]   10:     0x6032acf28fac - core[a373ad73a504971]::panicking::panic_fmt
[INFO] [stdout]   11:     0x6032acf28d82 - core[a373ad73a504971]::result::unwrap_failed
[INFO] [stdout]   12:     0x6032acd4ea32 - jobrog[7b228438526fe2b1]::log::tests::random_log
[INFO] [stdout]   13:     0x6032acd55d44 - <jobrog[7b228438526fe2b1]::log::tests::test_events_in_range::{closure#0} as core[a373ad73a504971]::ops::function::FnOnce<()>>::call_once
[INFO] [stdout]   14:     0x6032acd97c8b - test[aada8e7e76ba119b]::__rust_begin_short_backtrace::<core[a373ad73a504971]::result::Result<(), alloc[2e1b2a31b91974c5]::string::String>, fn() -> core[a373ad73a504971]::result::Result<(), alloc[2e1b2a31b91974c5]::string::String>>
[INFO] [stdout]   15:     0x6032acda4e65 - test[aada8e7e76ba119b]::run_test::{closure#0}
[INFO] [stdout]   16:     0x6032acd9e754 - std[617be2ca0a6fd877]::sys::backtrace::__rust_begin_short_backtrace::<test[aada8e7e76ba119b]::run_test::{closure#1}, ()>
[INFO] [stdout]   17:     0x6032acda7ef2 - <std[617be2ca0a6fd877]::thread::lifecycle::spawn_unchecked<test[aada8e7e76ba119b]::run_test::{closure#1}, ()>::{closure#1} as core[a373ad73a504971]::ops::function::FnOnce<()>>::call_once::{shim:vtable#0}
[INFO] [stdout]   18:     0x6032acf10f2f - <std[617be2ca0a6fd877]::sys::thread::unix::Thread>::new::thread_start
[INFO] [stdout]   19:     0x7a5608c58dfa - <unknown>
[INFO] [stdout]   20:     0x7a5608cec3d4 - clone
[INFO] [stdout]   21:                0x0 - <unknown>
[INFO] [stdout] 
[INFO] [stdout] ---- vacation::tests::fixed_overlapping_task stdout ----
[INFO] [stdout] 
[INFO] [stdout] thread 'vacation::tests::fixed_overlapping_task' (2102) panicked at src/vacation.rs:1294:81:
[INFO] [stdout] called `Result::unwrap()` on an `Err` value: Os { code: 30, kind: ReadOnlyFilesystem, message: "Read-only file system" }
[INFO] [stdout] stack backtrace:
[INFO] [stdout]    0:     0x6032acf11791 - <<std[617be2ca0a6fd877]::sys::backtrace::BacktraceLock>::print::DisplayBacktrace as core[a373ad73a504971]::fmt::Display>::fmt
[INFO] [stdout]    1:     0x6032acf2884a - core[a373ad73a504971]::fmt::write
[INFO] [stdout]    2:     0x6032acf15afc - <alloc[2e1b2a31b91974c5]::vec::Vec<u8> as core[a373ad73a504971]::io::write::Write>::write_fmt
[INFO] [stdout]    3:     0x6032aceecbf6 - std[617be2ca0a6fd877]::panicking::default_hook::{closure#0}
[INFO] [stdout]    4:     0x6032acf08fd9 - std[617be2ca0a6fd877]::panicking::default_hook
[INFO] [stdout]    5:     0x6032acda4840 - test[aada8e7e76ba119b]::test_main_inner::{closure#0}
[INFO] [stdout]    6:     0x6032acf09192 - std[617be2ca0a6fd877]::panicking::panic_with_hook
[INFO] [stdout]    7:     0x6032aceecca2 - std[617be2ca0a6fd877]::panicking::panic_handler::{closure#0}
[INFO] [stdout]    8:     0x6032acee58d9 - std[617be2ca0a6fd877]::sys::backtrace::__rust_end_short_backtrace::<std[617be2ca0a6fd877]::panicking::panic_handler::{closure#0}, !>
[INFO] [stdout]    9:     0x6032aceed8ad - __rustc[ea4f61d10b84890b]::rust_begin_unwind
[INFO] [stdout]   10:     0x6032acf28fac - core[a373ad73a504971]::panicking::panic_fmt
[INFO] [stdout]   11:     0x6032acf28d82 - core[a373ad73a504971]::result::unwrap_failed
[INFO] [stdout]   12:     0x6032acd6fb4a - jobrog[7b228438526fe2b1]::vacation::tests::test_configuration
[INFO] [stdout]   13:     0x6032acd752a8 - <jobrog[7b228438526fe2b1]::vacation::tests::fixed_overlapping_task::{closure#0} as core[a373ad73a504971]::ops::function::FnOnce<()>>::call_once
[INFO] [stdout]   14:     0x6032acd97c8b - test[aada8e7e76ba119b]::__rust_begin_short_backtrace::<core[a373ad73a504971]::result::Result<(), alloc[2e1b2a31b91974c5]::string::String>, fn() -> core[a373ad73a504971]::result::Result<(), alloc[2e1b2a31b91974c5]::string::String>>
[INFO] [stdout]   15:     0x6032acda4e65 - test[aada8e7e76ba119b]::run_test::{closure#0}
[INFO] [stdout]   16:     0x6032acd9e754 - std[617be2ca0a6fd877]::sys::backtrace::__rust_begin_short_backtrace::<test[aada8e7e76ba119b]::run_test::{closure#1}, ()>
[INFO] [stdout]   17:     0x6032acda7ef2 - <std[617be2ca0a6fd877]::thread::lifecycle::spawn_unchecked<test[aada8e7e76ba119b]::run_test::{closure#1}, ()>::{closure#1} as core[a373ad73a504971]::ops::function::FnOnce<()>>::call_once::{shim:vtable#0}
[INFO] [stdout]   18:     0x6032acf10f2f - <std[617be2ca0a6fd877]::sys::thread::unix::Thread>::new::thread_start
[INFO] [stdout]   19:     0x7a5608c58dfa - <unknown>
[INFO] [stdout]   20:     0x7a5608cec3d4 - clone
[INFO] [stdout]   21:                0x0 - <unknown>
[INFO] [stdout] 
[INFO] [stdout] ---- log::tests::test_notes_from_end stdout ----
[INFO] [stdout] 
[INFO] [stdout] thread 'log::tests::test_notes_from_end' (2095) panicked at src/log.rs:760:47:
[INFO] [stdout] called `Result::unwrap()` on an `Err` value: Os { code: 30, kind: ReadOnlyFilesystem, message: "Read-only file system" }
[INFO] [stdout] stack backtrace:
[INFO] [stdout]    0:     0x6032acf11791 - <<std[617be2ca0a6fd877]::sys::backtrace::BacktraceLock>::print::DisplayBacktrace as core[a373ad73a504971]::fmt::Display>::fmt
[INFO] [stdout]    1:     0x6032acf2884a - core[a373ad73a504971]::fmt::write
[INFO] [stdout]    2:     0x6032acf15afc - <alloc[2e1b2a31b91974c5]::vec::Vec<u8> as core[a373ad73a504971]::io::write::Write>::write_fmt
[INFO] [stdout]    3:     0x6032aceecbf6 - std[617be2ca0a6fd877]::panicking::default_hook::{closure#0}
[INFO] [stdout]    4:     0x6032acf08fd9 - std[617be2ca0a6fd877]::panicking::default_hook
[INFO] [stdout]    5:     0x6032acda4840 - test[aada8e7e76ba119b]::test_main_inner::{closure#0}
[INFO] [stdout]    6:     0x6032acf09192 - std[617be2ca0a6fd877]::panicking::panic_with_hook
[INFO] [stdout]    7:     0x6032aceecca2 - std[617be2ca0a6fd877]::panicking::panic_handler::{closure#0}
[INFO] [stdout]    8:     0x6032acee58d9 - std[617be2ca0a6fd877]::sys::backtrace::__rust_end_short_backtrace::<std[617be2ca0a6fd877]::panicking::panic_handler::{closure#0}, !>
[INFO] [stdout]    9:     0x6032aceed8ad - __rustc[ea4f61d10b84890b]::rust_begin_unwind
[INFO] [stdout]   10:     0x6032acf28fac - core[a373ad73a504971]::panicking::panic_fmt
[INFO] [stdout]   11:     0x6032acf28d82 - core[a373ad73a504971]::result::unwrap_failed
[INFO] [stdout]   12:     0x6032acd4ea32 - jobrog[7b228438526fe2b1]::log::tests::random_log
[INFO] [stdout]   13:     0x6032acd53b2d - <jobrog[7b228438526fe2b1]::log::tests::test_notes_from_end::{closure#0} as core[a373ad73a504971]::ops::function::FnOnce<()>>::call_once
[INFO] [stdout]   14:     0x6032acd97c8b - test[aada8e7e76ba119b]::__rust_begin_short_backtrace::<core[a373ad73a504971]::result::Result<(), alloc[2e1b2a31b91974c5]::string::String>, fn() -> core[a373ad73a504971]::result::Result<(), alloc[2e1b2a31b91974c5]::string::String>>
[INFO] [stdout]   15:     0x6032acda4e65 - test[aada8e7e76ba119b]::run_test::{closure#0}
[INFO] [stdout]   16:     0x6032acd9e754 - std[617be2ca0a6fd877]::sys::backtrace::__rust_begin_short_backtrace::<test[aada8e7e76ba119b]::run_test::{closure#1}, ()>
[INFO] [stdout]   17:     0x6032acda7ef2 - <std[617be2ca0a6fd877]::thread::lifecycle::spawn_unchecked<test[aada8e7e76ba119b]::run_test::{closure#1}, ()>::{closure#1} as core[a373ad73a504971]::ops::function::FnOnce<()>>::call_once::{shim:vtable#0}
[INFO] [stdout]   18:     0x6032acf10f2f - <std[617be2ca0a6fd877]::sys::thread::unix::Thread>::new::thread_start
[INFO] [stdout]   19:     0x7a5608c58dfa - <unknown>
[INFO] [stdout]   20:     0x7a5608cec3d4 - clone
[INFO] [stdout]   21:                0x0 - <unknown>
[INFO] [stdout] 
[INFO] [stdout] ---- log::tests::test_notes_in_range stdout ----
[INFO] [stdout] 
[INFO] [stdout] thread 'log::tests::test_notes_in_range' (2096) panicked at src/log.rs:760:47:
[INFO] [stdout] called `Result::unwrap()` on an `Err` value: Os { code: 30, kind: ReadOnlyFilesystem, message: "Read-only file system" }
[INFO] [stdout] stack backtrace:
[INFO] [stdout]    0:     0x6032acf11791 - <<std[617be2ca0a6fd877]::sys::backtrace::BacktraceLock>::print::DisplayBacktrace as core[a373ad73a504971]::fmt::Display>::fmt
[INFO] [stdout]    1:     0x6032acf2884a - core[a373ad73a504971]::fmt::write
[INFO] [stdout]    2:     0x6032acf15afc - <alloc[2e1b2a31b91974c5]::vec::Vec<u8> as core[a373ad73a504971]::io::write::Write>::write_fmt
[INFO] [stdout]    3:     0x6032aceecbf6 - std[617be2ca0a6fd877]::panicking::default_hook::{closure#0}
[INFO] [stdout]    4:     0x6032acf08fd9 - std[617be2ca0a6fd877]::panicking::default_hook
[INFO] [stdout]    5:     0x6032acda4840 - test[aada8e7e76ba119b]::test_main_inner::{closure#0}
[INFO] [stdout]    6:     0x6032acf09192 - std[617be2ca0a6fd877]::panicking::panic_with_hook
[INFO] [stdout]    7:     0x6032aceecca2 - std[617be2ca0a6fd877]::panicking::panic_handler::{closure#0}
[INFO] [stdout]    8:     0x6032acee58d9 - std[617be2ca0a6fd877]::sys::backtrace::__rust_end_short_backtrace::<std[617be2ca0a6fd877]::panicking::panic_handler::{closure#0}, !>
[INFO] [stdout]    9:     0x6032aceed8ad - __rustc[ea4f61d10b84890b]::rust_begin_unwind
[INFO] [stdout]   10:     0x6032acf28fac - core[a373ad73a504971]::panicking::panic_fmt
[INFO] [stdout]   11:     0x6032acf28d82 - core[a373ad73a504971]::result::unwrap_failed
[INFO] [stdout]   12:     0x6032acd4ea32 - jobrog[7b228438526fe2b1]::log::tests::random_log
[INFO] [stdout]   13:     0x6032acd5465f - <jobrog[7b228438526fe2b1]::log::tests::test_notes_in_range::{closure#0} as core[a373ad73a504971]::ops::function::FnOnce<()>>::call_once
[INFO] [stdout]   14:     0x6032acd97c8b - test[aada8e7e76ba119b]::__rust_begin_short_backtrace::<core[a373ad73a504971]::result::Result<(), alloc[2e1b2a31b91974c5]::string::String>, fn() -> core[a373ad73a504971]::result::Result<(), alloc[2e1b2a31b91974c5]::string::String>>
[INFO] [stdout]   15:     0x6032acda4e65 - test[aada8e7e76ba119b]::run_test::{closure#0}
[INFO] [stdout]   16:     0x6032acd9e754 - std[617be2ca0a6fd877]::sys::backtrace::__rust_begin_short_backtrace::<test[aada8e7e76ba119b]::run_test::{closure#1}, ()>
[INFO] [stdout]   17:     0x6032acda7ef2 - <std[617be2ca0a6fd877]::thread::lifecycle::spawn_unchecked<test[aada8e7e76ba119b]::run_test::{closure#1}, ()>::{closure#1} as core[a373ad73a504971]::ops::function::FnOnce<()>>::call_once::{shim:vtable#0}
[INFO] [stdout]   18:     0x6032acf10f2f - <std[617be2ca0a6fd877]::sys::thread::unix::Thread>::new::thread_start
[INFO] [stdout]   19:     0x7a5608c58dfa - <unknown>
[INFO] [stdout]   20:     0x7a5608cec3d4 - clone
[INFO] [stdout]   21:                0x0 - <unknown>
[INFO] [stdout] 
[INFO] [stdout] ---- vacation::tests::long_vacation stdout ----
[INFO] [stdout] 
[INFO] [stdout] thread 'vacation::tests::long_vacation' (2103) panicked at src/vacation.rs:1294:81:
[INFO] [stdout] called `Result::unwrap()` on an `Err` value: Os { code: 30, kind: ReadOnlyFilesystem, message: "Read-only file system" }
[INFO] [stdout] stack backtrace:
[INFO] [stdout]    0:     0x6032acf11791 - <<std[617be2ca0a6fd877]::sys::backtrace::BacktraceLock>::print::DisplayBacktrace as core[a373ad73a504971]::fmt::Display>::fmt
[INFO] [stdout]    1:     0x6032acf2884a - core[a373ad73a504971]::fmt::write
[INFO] [stdout]    2:     0x6032acf15afc - <alloc[2e1b2a31b91974c5]::vec::Vec<u8> as core[a373ad73a504971]::io::write::Write>::write_fmt
[INFO] [stdout]    3:     0x6032aceecbf6 - std[617be2ca0a6fd877]::panicking::default_hook::{closure#0}
[INFO] [stdout]    4:     0x6032acf08fd9 - std[617be2ca0a6fd877]::panicking::default_hook
[INFO] [stdout]    5:     0x6032acda4840 - test[aada8e7e76ba119b]::test_main_inner::{closure#0}
[INFO] [stdout]    6:     0x6032acf09192 - std[617be2ca0a6fd877]::panicking::panic_with_hook
[INFO] [stdout]    7:     0x6032aceecca2 - std[617be2ca0a6fd877]::panicking::panic_handler::{closure#0}
[INFO] [stdout]    8:     0x6032acee58d9 - std[617be2ca0a6fd877]::sys::backtrace::__rust_end_short_backtrace::<std[617be2ca0a6fd877]::panicking::panic_handler::{closure#0}, !>
[INFO] [stdout]    9:     0x6032aceed8ad - __rustc[ea4f61d10b84890b]::rust_begin_unwind
[INFO] [stdout]   10:     0x6032acf28fac - core[a373ad73a504971]::panicking::panic_fmt
[INFO] [stdout]   11:     0x6032acf28d82 - core[a373ad73a504971]::result::unwrap_failed
[INFO] [stdout]   12:     0x6032acd6fb4a - jobrog[7b228438526fe2b1]::vacation::tests::test_configuration
[INFO] [stdout]   13:     0x6032acd73963 - <jobrog[7b228438526fe2b1]::vacation::tests::long_vacation::{closure#0} as core[a373ad73a504971]::ops::function::FnOnce<()>>::call_once
[INFO] [stdout]   14:     0x6032acd97c8b - test[aada8e7e76ba119b]::__rust_begin_short_backtrace::<core[a373ad73a504971]::result::Result<(), alloc[2e1b2a31b91974c5]::string::String>, fn() -> core[a373ad73a504971]::result::Result<(), alloc[2e1b2a31b91974c5]::string::String>>
[INFO] [stdout]   15:     0x6032acda4e65 - test[aada8e7e76ba119b]::run_test::{closure#0}
[INFO] [stdout]   16:     0x6032acd9e754 - std[617be2ca0a6fd877]::sys::backtrace::__rust_begin_short_backtrace::<test[aada8e7e76ba119b]::run_test::{closure#1}, ()>
[INFO] [stdout]   17:     0x6032acda7ef2 - <std[617be2ca0a6fd877]::thread::lifecycle::spawn_unchecked<test[aada8e7e76ba119b]::run_test::{closure#1}, ()>::{closure#1} as core[a373ad73a504971]::ops::function::FnOnce<()>>::call_once::{shim:vtable#0}
[INFO] [stdout]   18:     0x6032acf10f2f - <std[617be2ca0a6fd877]::sys::thread::unix::Thread>::new::thread_start
[INFO] [stdout]   19:     0x7a5608c58dfa - <unknown>
[INFO] [stdout]   20:     0x7a5608cec3d4 - clone
[INFO] [stdout]   21:                0x0 - <unknown>
[INFO] [stdout] 
[INFO] [stdout] ---- vacation::tests::monthly_repetition stdout ----
[INFO] [stdout] 
[INFO] [stdout] thread 'vacation::tests::monthly_repetition' (2104) panicked at src/vacation.rs:1294:81:
[INFO] [stdout] called `Result::unwrap()` on an `Err` value: Os { code: 30, kind: ReadOnlyFilesystem, message: "Read-only file system" }
[INFO] [stdout] stack backtrace:
[INFO] [stdout]    0:     0x6032acf11791 - <<std[617be2ca0a6fd877]::sys::backtrace::BacktraceLock>::print::DisplayBacktrace as core[a373ad73a504971]::fmt::Display>::fmt
[INFO] [stdout]    1:     0x6032acf2884a - core[a373ad73a504971]::fmt::write
[INFO] [stdout]    2:     0x6032acf15afc - <alloc[2e1b2a31b91974c5]::vec::Vec<u8> as core[a373ad73a504971]::io::write::Write>::write_fmt
[INFO] [stdout]    3:     0x6032aceecbf6 - std[617be2ca0a6fd877]::panicking::default_hook::{closure#0}
[INFO] [stdout]    4:     0x6032acf08fd9 - std[617be2ca0a6fd877]::panicking::default_hook
[INFO] [stdout]    5:     0x6032acda4840 - test[aada8e7e76ba119b]::test_main_inner::{closure#0}
[INFO] [stdout]    6:     0x6032acf09192 - std[617be2ca0a6fd877]::panicking::panic_with_hook
[INFO] [stdout]    7:     0x6032aceecca2 - std[617be2ca0a6fd877]::panicking::panic_handler::{closure#0}
[INFO] [stdout]    8:     0x6032acee58d9 - std[617be2ca0a6fd877]::sys::backtrace::__rust_end_short_backtrace::<std[617be2ca0a6fd877]::panicking::panic_handler::{closure#0}, !>
[INFO] [stdout]    9:     0x6032aceed8ad - __rustc[ea4f61d10b84890b]::rust_begin_unwind
[INFO] [stdout]   10:     0x6032acf28fac - core[a373ad73a504971]::panicking::panic_fmt
[INFO] [stdout]   11:     0x6032acf28d82 - core[a373ad73a504971]::result::unwrap_failed
[INFO] [stdout]   12:     0x6032acd6fb4a - jobrog[7b228438526fe2b1]::vacation::tests::test_configuration
[INFO] [stdout]   13:     0x6032acd74a33 - <jobrog[7b228438526fe2b1]::vacation::tests::monthly_repetition::{closure#0} as core[a373ad73a504971]::ops::function::FnOnce<()>>::call_once
[INFO] [stdout]   14:     0x6032acd97c8b - test[aada8e7e76ba119b]::__rust_begin_short_backtrace::<core[a373ad73a504971]::result::Result<(), alloc[2e1b2a31b91974c5]::string::String>, fn() -> core[a373ad73a504971]::result::Result<(), alloc[2e1b2a31b91974c5]::string::String>>
[INFO] [stdout]   15:     0x6032acda4e65 - test[aada8e7e76ba119b]::run_test::{closure#0}
[INFO] [stdout]   16:     0x6032acd9e754 - std[617be2ca0a6fd877]::sys::backtrace::__rust_begin_short_backtrace::<test[aada8e7e76ba119b]::run_test::{closure#1}, ()>
[INFO] [stdout]   17:     0x6032acda7ef2 - <std[617be2ca0a6fd877]::thread::lifecycle::spawn_unchecked<test[aada8e7e76ba119b]::run_test::{closure#1}, ()>::{closure#1} as core[a373ad73a504971]::ops::function::FnOnce<()>>::call_once::{shim:vtable#0}
[INFO] [stdout]   18:     0x6032acf10f2f - <std[617be2ca0a6fd877]::sys::thread::unix::Thread>::new::thread_start
[INFO] [stdout]   19:     0x7a5608c58dfa - <unknown>
[INFO] [stdout]   20:     0x7a5608cec3d4 - clone
[INFO] [stdout]   21:                0x0 - <unknown>
[INFO] [stdout] 
[INFO] [stdout] ---- vacation::tests::repetition stdout ----
[INFO] [stdout] 
[INFO] [stdout] thread 'vacation::tests::repetition' (2108) panicked at src/vacation.rs:1294:81:
[INFO] [stdout] called `Result::unwrap()` on an `Err` value: Os { code: 30, kind: ReadOnlyFilesystem, message: "Read-only file system" }
[INFO] [stdout] stack backtrace:
[INFO] [stdout]    0:     0x6032acf11791 - <<std[617be2ca0a6fd877]::sys::backtrace::BacktraceLock>::print::DisplayBacktrace as core[a373ad73a504971]::fmt::Display>::fmt
[INFO] [stdout]    1:     0x6032acf2884a - core[a373ad73a504971]::fmt::write
[INFO] [stdout]    2:     0x6032acf15afc - <alloc[2e1b2a31b91974c5]::vec::Vec<u8> as core[a373ad73a504971]::io::write::Write>::write_fmt
[INFO] [stdout]    3:     0x6032aceecbf6 - std[617be2ca0a6fd877]::panicking::default_hook::{closure#0}
[INFO] [stdout]    4:     0x6032acf08fd9 - std[617be2ca0a6fd877]::panicking::default_hook
[INFO] [stdout]    5:     0x6032acda4840 - test[aada8e7e76ba119b]::test_main_inner::{closure#0}
[INFO] [stdout]    6:     0x6032acf09192 - std[617be2ca0a6fd877]::panicking::panic_with_hook
[INFO] [stdout]    7:     0x6032aceecca2 - std[617be2ca0a6fd877]::panicking::panic_handler::{closure#0}
[INFO] [stdout]    8:     0x6032acee58d9 - std[617be2ca0a6fd877]::sys::backtrace::__rust_end_short_backtrace::<std[617be2ca0a6fd877]::panicking::panic_handler::{closure#0}, !>
[INFO] [stdout]    9:     0x6032aceed8ad - __rustc[ea4f61d10b84890b]::rust_begin_unwind
[INFO] [stdout]   10:     0x6032acf28fac - core[a373ad73a504971]::panicking::panic_fmt
[INFO] [stdout]   11:     0x6032acf28d82 - core[a373ad73a504971]::result::unwrap_failed
[INFO] [stdout]   12:     0x6032acd6fb4a - jobrog[7b228438526fe2b1]::vacation::tests::test_configuration
[INFO] [stdout]   13:     0x6032acd70e63 - <jobrog[7b228438526fe2b1]::vacation::tests::repetition::{closure#0} as core[a373ad73a504971]::ops::function::FnOnce<()>>::call_once
[INFO] [stdout]   14:     0x6032acd97c8b - test[aada8e7e76ba119b]::__rust_begin_short_backtrace::<core[a373ad73a504971]::result::Result<(), alloc[2e1b2a31b91974c5]::string::String>, fn() -> core[a373ad73a504971]::result::Result<(), alloc[2e1b2a31b91974c5]::string::String>>
[INFO] [stdout]   15:     0x6032acda4e65 - test[aada8e7e76ba119b]::run_test::{closure#0}
[INFO] [stdout]   16:     0x6032acd9e754 - std[617be2ca0a6fd877]::sys::backtrace::__rust_begin_short_backtrace::<test[aada8e7e76ba119b]::run_test::{closure#1}, ()>
[INFO] [stdout]   17:     0x6032acda7ef2 - <std[617be2ca0a6fd877]::thread::lifecycle::spawn_unchecked<test[aada8e7e76ba119b]::run_test::{closure#1}, ()>::{closure#1} as core[a373ad73a504971]::ops::function::FnOnce<()>>::call_once::{shim:vtable#0}
[INFO] [stdout]   18:     0x6032acf10f2f - <std[617be2ca0a6fd877]::sys::thread::unix::Thread>::new::thread_start
[INFO] [stdout]   19:     0x7a5608c58dfa - <unknown>
[INFO] [stdout]   20:     0x7a5608cec3d4 - clone
[INFO] [stdout]   21:                0x0 - <unknown>
[INFO] [stdout] 
[INFO] [stdout] ---- vacation::tests::repetition_over stdout ----
[INFO] [stdout] 
[INFO] [stdout] thread 'vacation::tests::repetition_over' (2110) panicked at src/vacation.rs:1294:81:
[INFO] [stdout] called `Result::unwrap()` on an `Err` value: Os { code: 30, kind: ReadOnlyFilesystem, message: "Read-only file system" }
[INFO] [stdout] stack backtrace:
[INFO] [stdout]    0:     0x6032acf11791 - <<std[617be2ca0a6fd877]::sys::backtrace::BacktraceLock>::print::DisplayBacktrace as core[a373ad73a504971]::fmt::Display>::fmt
[INFO] [stdout]    1:     0x6032acf2884a - core[a373ad73a504971]::fmt::write
[INFO] [stdout]    2:     0x6032acf15afc - <alloc[2e1b2a31b91974c5]::vec::Vec<u8> as core[a373ad73a504971]::io::write::Write>::write_fmt
[INFO] [stdout]    3:     0x6032aceecbf6 - std[617be2ca0a6fd877]::panicking::default_hook::{closure#0}
[INFO] [stdout]    4:     0x6032acf08fd9 - std[617be2ca0a6fd877]::panicking::default_hook
[INFO] [stdout]    5:     0x6032acda4840 - test[aada8e7e76ba119b]::test_main_inner::{closure#0}
[INFO] [stdout]    6:     0x6032acf09192 - std[617be2ca0a6fd877]::panicking::panic_with_hook
[INFO] [stdout]    7:     0x6032aceecca2 - std[617be2ca0a6fd877]::panicking::panic_handler::{closure#0}
[INFO] [stdout]    8:     0x6032acee58d9 - std[617be2ca0a6fd877]::sys::backtrace::__rust_end_short_backtrace::<std[617be2ca0a6fd877]::panicking::panic_handler::{closure#0}, !>
[INFO] [stdout]    9:     0x6032aceed8ad - __rustc[ea4f61d10b84890b]::rust_begin_unwind
[INFO] [stdout]   10:     0x6032acf28fac - core[a373ad73a504971]::panicking::panic_fmt
[INFO] [stdout]   11:     0x6032acf28d82 - core[a373ad73a504971]::result::unwrap_failed
[INFO] [stdout]   12:     0x6032acd6fb4a - jobrog[7b228438526fe2b1]::vacation::tests::test_configuration
[INFO] [stdout]   13:     0x6032acd74412 - <jobrog[7b228438526fe2b1]::vacation::tests::repetition_over::{closure#0} as core[a373ad73a504971]::ops::function::FnOnce<()>>::call_once
[INFO] [stdout]   14:     0x6032acd97c8b - test[aada8e7e76ba119b]::__rust_begin_short_backtrace::<core[a373ad73a504971]::result::Result<(), alloc[2e1b2a31b91974c5]::string::String>, fn() -> core[a373ad73a504971]::result::Result<(), alloc[2e1b2a31b91974c5]::string::String>>
[INFO] [stdout]   15:     0x6032acda4e65 - test[aada8e7e76ba119b]::run_test::{closure#0}
[INFO] [stdout]   16:     0x6032acd9e754 - std[617be2ca0a6fd877]::sys::backtrace::__rust_begin_short_backtrace::<test[aada8e7e76ba119b]::run_test::{closure#1}, ()>
[INFO] [stdout]   17:     0x6032acda7ef2 - <std[617be2ca0a6fd877]::thread::lifecycle::spawn_unchecked<test[aada8e7e76ba119b]::run_test::{closure#1}, ()>::{closure#1} as core[a373ad73a504971]::ops::function::FnOnce<()>>::call_once::{shim:vtable#0}
[INFO] [stdout]   18:     0x6032acf10f2f - <std[617be2ca0a6fd877]::sys::thread::unix::Thread>::new::thread_start
[INFO] [stdout]   19:     0x7a5608c58dfa - <unknown>
[INFO] [stdout]   20:     0x7a5608cec3d4 - clone
[INFO] [stdout]   21:                0x0 - <unknown>
[INFO] [stdout] 
[INFO] [stdout] ---- vacation::tests::no_workdays stdout ----
[INFO] [stdout] 
[INFO] [stdout] thread 'vacation::tests::no_workdays' (2105) panicked at src/vacation.rs:1294:81:
[INFO] [stdout] called `Result::unwrap()` on an `Err` value: Os { code: 30, kind: ReadOnlyFilesystem, message: "Read-only file system" }
[INFO] [stdout] stack backtrace:
[INFO] [stdout]    0:     0x6032acf11791 - <<std[617be2ca0a6fd877]::sys::backtrace::BacktraceLock>::print::DisplayBacktrace as core[a373ad73a504971]::fmt::Display>::fmt
[INFO] [stdout]    1:     0x6032acf2884a - core[a373ad73a504971]::fmt::write
[INFO] [stdout]    2:     0x6032acf15afc - <alloc[2e1b2a31b91974c5]::vec::Vec<u8> as core[a373ad73a504971]::io::write::Write>::write_fmt
[INFO] [stdout]    3:     0x6032aceecbf6 - std[617be2ca0a6fd877]::panicking::default_hook::{closure#0}
[INFO] [stdout]    4:     0x6032acf08fd9 - std[617be2ca0a6fd877]::panicking::default_hook
[INFO] [stdout]    5:     0x6032acda4840 - test[aada8e7e76ba119b]::test_main_inner::{closure#0}
[INFO] [stdout]    6:     0x6032acf09192 - std[617be2ca0a6fd877]::panicking::panic_with_hook
[INFO] [stdout]    7:     0x6032aceecca2 - std[617be2ca0a6fd877]::panicking::panic_handler::{closure#0}
[INFO] [stdout]    8:     0x6032acee58d9 - std[617be2ca0a6fd877]::sys::backtrace::__rust_end_short_backtrace::<std[617be2ca0a6fd877]::panicking::panic_handler::{closure#0}, !>
[INFO] [stdout]    9:     0x6032aceed8ad - __rustc[ea4f61d10b84890b]::rust_begin_unwind
[INFO] [stdout]   10:     0x6032acf28fac - core[a373ad73a504971]::panicking::panic_fmt
[INFO] [stdout]   11:     0x6032acf28d82 - core[a373ad73a504971]::result::unwrap_failed
[INFO] [stdout]   12:     0x6032acd6fb4a - jobrog[7b228438526fe2b1]::vacation::tests::test_configuration
[INFO] [stdout]   13:     0x6032acd716f2 - <jobrog[7b228438526fe2b1]::vacation::tests::no_workdays::{closure#0} as core[a373ad73a504971]::ops::function::FnOnce<()>>::call_once
[INFO] [stdout]   14:     0x6032acd97c8b - test[aada8e7e76ba119b]::__rust_begin_short_backtrace::<core[a373ad73a504971]::result::Result<(), alloc[2e1b2a31b91974c5]::string::String>, fn() -> core[a373ad73a504971]::result::Result<(), alloc[2e1b2a31b91974c5]::string::String>>
[INFO] [stdout]   15:     0x6032acda4e65 - test[aada8e7e76ba119b]::run_test::{closure#0}
[INFO] [stdout]   16:     0x6032acd9e754 - std[617be2ca0a6fd877]::sys::backtrace::__rust_begin_short_backtrace::<test[aada8e7e76ba119b]::run_test::{closure#1}, ()>
[INFO] [stdout]   17:     0x6032acda7ef2 - <std[617be2ca0a6fd877]::thread::lifecycle::spawn_unchecked<test[aada8e7e76ba119b]::run_test::{closure#1}, ()>::{closure#1} as core[a373ad73a504971]::ops::function::FnOnce<()>>::call_once::{shim:vtable#0}
[INFO] [stdout]   18:     0x6032acf10f2f - <std[617be2ca0a6fd877]::sys::thread::unix::Thread>::new::thread_start
[INFO] [stdout]   19:     0x7a5608c58dfa - <unknown>
[INFO] [stdout]   20:     0x7a5608cec3d4 - clone
[INFO] [stdout]   21:                0x0 - <unknown>
[INFO] [stdout] 
[INFO] [stdout] ---- vacation::tests::repetition_not_yet_begun stdout ----
[INFO] [stdout] 
[INFO] [stdout] thread 'vacation::tests::repetition_not_yet_begun' (2109) panicked at src/vacation.rs:1294:81:
[INFO] [stdout] called `Result::unwrap()` on an `Err` value: Os { code: 30, kind: ReadOnlyFilesystem, message: "Read-only file system" }
[INFO] [stdout] stack backtrace:
[INFO] [stdout]    0:     0x6032acf11791 - <<std[617be2ca0a6fd877]::sys::backtrace::BacktraceLock>::print::DisplayBacktrace as core[a373ad73a504971]::fmt::Display>::fmt
[INFO] [stdout]    1:     0x6032acf2884a - core[a373ad73a504971]::fmt::write
[INFO] [stdout]    2:     0x6032acf15afc - <alloc[2e1b2a31b91974c5]::vec::Vec<u8> as core[a373ad73a504971]::io::write::Write>::write_fmt
[INFO] [stdout]    3:     0x6032aceecbf6 - std[617be2ca0a6fd877]::panicking::default_hook::{closure#0}
[INFO] [stdout]    4:     0x6032acf08fd9 - std[617be2ca0a6fd877]::panicking::default_hook
[INFO] [stdout]    5:     0x6032acda4840 - test[aada8e7e76ba119b]::test_main_inner::{closure#0}
[INFO] [stdout]    6:     0x6032acf09192 - std[617be2ca0a6fd877]::panicking::panic_with_hook
[INFO] [stdout]    7:     0x6032aceecca2 - std[617be2ca0a6fd877]::panicking::panic_handler::{closure#0}
[INFO] [stdout]    8:     0x6032acee58d9 - std[617be2ca0a6fd877]::sys::backtrace::__rust_end_short_backtrace::<std[617be2ca0a6fd877]::panicking::panic_handler::{closure#0}, !>
[INFO] [stdout]    9:     0x6032aceed8ad - __rustc[ea4f61d10b84890b]::rust_begin_unwind
[INFO] [stdout]   10:     0x6032acf28fac - core[a373ad73a504971]::panicking::panic_fmt
[INFO] [stdout]   11:     0x6032acf28d82 - core[a373ad73a504971]::result::unwrap_failed
[INFO] [stdout]   12:     0x6032acd6fb4a - jobrog[7b228438526fe2b1]::vacation::tests::test_configuration
[INFO] [stdout]   13:     0x6032acd75eb2 - <jobrog[7b228438526fe2b1]::vacation::tests::repetition_not_yet_begun::{closure#0} as core[a373ad73a504971]::ops::function::FnOnce<()>>::call_once
[INFO] [stdout]   14:     0x6032acd97c8b - test[aada8e7e76ba119b]::__rust_begin_short_backtrace::<core[a373ad73a504971]::result::Result<(), alloc[2e1b2a31b91974c5]::string::String>, fn() -> core[a373ad73a504971]::result::Result<(), alloc[2e1b2a31b91974c5]::string::String>>
[INFO] [stdout]   15:     0x6032acda4e65 - test[aada8e7e76ba119b]::run_test::{closure#0}
[INFO] [stdout]   16:     0x6032acd9e754 - std[617be2ca0a6fd877]::sys::backtrace::__rust_begin_short_backtrace::<test[aada8e7e76ba119b]::run_test::{closure#1}, ()>
[INFO] [stdout]   17:     0x6032acda7ef2 - <std[617be2ca0a6fd877]::thread::lifecycle::spawn_unchecked<test[aada8e7e76ba119b]::run_test::{closure#1}, ()>::{closure#1} as core[a373ad73a504971]::ops::function::FnOnce<()>>::call_once::{shim:vtable#0}
[INFO] [stdout]   18:     0x6032acf10f2f - <std[617be2ca0a6fd877]::sys::thread::unix::Thread>::new::thread_start
[INFO] [stdout]   19:     0x7a5608c58dfa - <unknown>
[INFO] [stdout]   20:     0x7a5608cec3d4 - clone
[INFO] [stdout]   21:                0x0 - <unknown>
[INFO] [stdout] 
[INFO] [stdout] ---- vacation::tests::simple_fixed stdout ----
[INFO] [stdout] 
[INFO] [stdout] thread 'vacation::tests::simple_fixed' (2111) panicked at src/vacation.rs:1294:81:
[INFO] [stdout] called `Result::unwrap()` on an `Err` value: Os { code: 30, kind: ReadOnlyFilesystem, message: "Read-only file system" }
[INFO] [stdout] stack backtrace:
[INFO] [stdout]    0:     0x6032acf11791 - <<std[617be2ca0a6fd877]::sys::backtrace::BacktraceLock>::print::DisplayBacktrace as core[a373ad73a504971]::fmt::Display>::fmt
[INFO] [stdout]    1:     0x6032acf2884a - core[a373ad73a504971]::fmt::write
[INFO] [stdout]    2:     0x6032acf15afc - <alloc[2e1b2a31b91974c5]::vec::Vec<u8> as core[a373ad73a504971]::io::write::Write>::write_fmt
[INFO] [stdout]    3:     0x6032aceecbf6 - std[617be2ca0a6fd877]::panicking::default_hook::{closure#0}
[INFO] [stdout]    4:     0x6032acf08fd9 - std[617be2ca0a6fd877]::panicking::default_hook
[INFO] [stdout]    5:     0x6032acda4840 - test[aada8e7e76ba119b]::test_main_inner::{closure#0}
[INFO] [stdout]    6:     0x6032acf09192 - std[617be2ca0a6fd877]::panicking::panic_with_hook
[INFO] [stdout]    7:     0x6032aceecca2 - std[617be2ca0a6fd877]::panicking::panic_handler::{closure#0}
[INFO] [stdout]    8:     0x6032acee58d9 - std[617be2ca0a6fd877]::sys::backtrace::__rust_end_short_backtrace::<std[617be2ca0a6fd877]::panicking::panic_handler::{closure#0}, !>
[INFO] [stdout]    9:     0x6032aceed8ad - __rustc[ea4f61d10b84890b]::rust_begin_unwind
[INFO] [stdout]   10:     0x6032acf28fac - core[a373ad73a504971]::panicking::panic_fmt
[INFO] [stdout]   11:     0x6032acf28d82 - core[a373ad73a504971]::result::unwrap_failed
[INFO] [stdout]   12:     0x6032acd6fb4a - jobrog[7b228438526fe2b1]::vacation::tests::test_configuration
[INFO] [stdout]   13:     0x6032acd72d58 - <jobrog[7b228438526fe2b1]::vacation::tests::simple_fixed::{closure#0} as core[a373ad73a504971]::ops::function::FnOnce<()>>::call_once
[INFO] [stdout]   14:     0x6032acd97c8b - test[aada8e7e76ba119b]::__rust_begin_short_backtrace::<core[a373ad73a504971]::result::Result<(), alloc[2e1b2a31b91974c5]::string::String>, fn() -> core[a373ad73a504971]::result::Result<(), alloc[2e1b2a31b91974c5]::string::String>>
[INFO] [stdout]   15:     0x6032acda4e65 - test[aada8e7e76ba119b]::run_test::{closure#0}
[INFO] [stdout]   16:     0x6032acd9e754 - std[617be2ca0a6fd877]::sys::backtrace::__rust_begin_short_backtrace::<test[aada8e7e76ba119b]::run_test::{closure#1}, ()>
[INFO] [stdout]   17:     0x6032acda7ef2 - <std[617be2ca0a6fd877]::thread::lifecycle::spawn_unchecked<test[aada8e7e76ba119b]::run_test::{closure#1}, ()>::{closure#1} as core[a373ad73a504971]::ops::function::FnOnce<()>>::call_once::{shim:vtable#0}
[INFO] [stdout]   18:     0x6032acf10f2f - <std[617be2ca0a6fd877]::sys::thread::unix::Thread>::new::thread_start
[INFO] [stdout]   19:     0x7a5608c58dfa - <unknown>
[INFO] [stdout]   20:     0x7a5608cec3d4 - clone
[INFO] [stdout]   21:                0x0 - <unknown>
[INFO] [stdout] 
[INFO] [stdout] ---- vacation::tests::one_before stdout ----
[INFO] [stdout] 
[INFO] [stdout] thread 'vacation::tests::one_before' (2107) panicked at src/vacation.rs:1294:81:
[INFO] [stdout] called `Result::unwrap()` on an `Err` value: Os { code: 30, kind: ReadOnlyFilesystem, message: "Read-only file system" }
[INFO] [stdout] stack backtrace:
[INFO] [stdout]    0:     0x6032acf11791 - <<std[617be2ca0a6fd877]::sys::backtrace::BacktraceLock>::print::DisplayBacktrace as core[a373ad73a504971]::fmt::Display>::fmt
[INFO] [stdout]    1:     0x6032acf2884a - core[a373ad73a504971]::fmt::write
[INFO] [stdout]    2:     0x6032acf15afc - <alloc[2e1b2a31b91974c5]::vec::Vec<u8> as core[a373ad73a504971]::io::write::Write>::write_fmt
[INFO] [stdout]    3:     0x6032aceecbf6 - std[617be2ca0a6fd877]::panicking::default_hook::{closure#0}
[INFO] [stdout]    4:     0x6032acf08fd9 - std[617be2ca0a6fd877]::panicking::default_hook
[INFO] [stdout]    5:     0x6032acda4840 - test[aada8e7e76ba119b]::test_main_inner::{closure#0}
[INFO] [stdout]    6:     0x6032acf09192 - std[617be2ca0a6fd877]::panicking::panic_with_hook
[INFO] [stdout]    7:     0x6032aceecca2 - std[617be2ca0a6fd877]::panicking::panic_handler::{closure#0}
[INFO] [stdout]    8:     0x6032acee58d9 - std[617be2ca0a6fd877]::sys::backtrace::__rust_end_short_backtrace::<std[617be2ca0a6fd877]::panicking::panic_handler::{closure#0}, !>
[INFO] [stdout]    9:     0x6032aceed8ad - __rustc[ea4f61d10b84890b]::rust_begin_unwind
[INFO] [stdout]   10:     0x6032acf28fac - core[a373ad73a504971]::panicking::panic_fmt
[INFO] [stdout]   11:     0x6032acf28d82 - core[a373ad73a504971]::result::unwrap_failed
[INFO] [stdout]   12:     0x6032acd6fb4a - jobrog[7b228438526fe2b1]::vacation::tests::test_configuration
[INFO] [stdout]   13:     0x6032acd70922 - <jobrog[7b228438526fe2b1]::vacation::tests::one_before::{closure#0} as core[a373ad73a504971]::ops::function::FnOnce<()>>::call_once
[INFO] [stdout]   14:     0x6032acd97c8b - test[aada8e7e76ba119b]::__rust_begin_short_backtrace::<core[a373ad73a504971]::result::Result<(), alloc[2e1b2a31b91974c5]::string::String>, fn() -> core[a373ad73a504971]::result::Result<(), alloc[2e1b2a31b91974c5]::string::String>>
[INFO] [stdout]   15:     0x6032acda4e65 - test[aada8e7e76ba119b]::run_test::{closure#0}
[INFO] [stdout]   16:     0x6032acd9e754 - std[617be2ca0a6fd877]::sys::backtrace::__rust_begin_short_backtrace::<test[aada8e7e76ba119b]::run_test::{closure#1}, ()>
[INFO] [stdout]   17:     0x6032acda7ef2 - <std[617be2ca0a6fd877]::thread::lifecycle::spawn_unchecked<test[aada8e7e76ba119b]::run_test::{closure#1}, ()>::{closure#1} as core[a373ad73a504971]::ops::function::FnOnce<()>>::call_once::{shim:vtable#0}
[INFO] [stdout]   18:     0x6032acf10f2f - <std[617be2ca0a6fd877]::sys::thread::unix::Thread>::new::thread_start
[INFO] [stdout]   19:     0x7a5608c58dfa - <unknown>
[INFO] [stdout]   20:     0x7a5608cec3d4 - clone
[INFO] [stdout]   21:                0x0 - <unknown>
[INFO] [stdout] 
[INFO] [stdout] ---- vacation::tests::one_after stdout ----
[INFO] [stdout] 
[INFO] [stdout] thread 'vacation::tests::one_after' (2106) panicked at src/vacation.rs:1294:81:
[INFO] [stdout] called `Result::unwrap()` on an `Err` value: Os { code: 30, kind: ReadOnlyFilesystem, message: "Read-only file system" }
[INFO] [stdout] stack backtrace:
[INFO] [stdout]    0:     0x6032acf11791 - <<std[617be2ca0a6fd877]::sys::backtrace::BacktraceLock>::print::DisplayBacktrace as core[a373ad73a504971]::fmt::Display>::fmt
[INFO] [stdout]    1:     0x6032acf2884a - core[a373ad73a504971]::fmt::write
[INFO] [stdout]    2:     0x6032acf15afc - <alloc[2e1b2a31b91974c5]::vec::Vec<u8> as core[a373ad73a504971]::io::write::Write>::write_fmt
[INFO] [stdout]    3:     0x6032aceecbf6 - std[617be2ca0a6fd877]::panicking::default_hook::{closure#0}
[INFO] [stdout]    4:     0x6032acf08fd9 - std[617be2ca0a6fd877]::panicking::default_hook
[INFO] [stdout]    5:     0x6032acda4840 - test[aada8e7e76ba119b]::test_main_inner::{closure#0}
[INFO] [stdout]    6:     0x6032acf09192 - std[617be2ca0a6fd877]::panicking::panic_with_hook
[INFO] [stdout]    7:     0x6032aceecca2 - std[617be2ca0a6fd877]::panicking::panic_handler::{closure#0}
[INFO] [stdout]    8:     0x6032acee58d9 - std[617be2ca0a6fd877]::sys::backtrace::__rust_end_short_backtrace::<std[617be2ca0a6fd877]::panicking::panic_handler::{closure#0}, !>
[INFO] [stdout]    9:     0x6032aceed8ad - __rustc[ea4f61d10b84890b]::rust_begin_unwind
[INFO] [stdout]   10:     0x6032acf28fac - core[a373ad73a504971]::panicking::panic_fmt
[INFO] [stdout]   11:     0x6032acf28d82 - core[a373ad73a504971]::result::unwrap_failed
[INFO] [stdout]   12:     0x6032acd6fb4a - jobrog[7b228438526fe2b1]::vacation::tests::test_configuration
[INFO] [stdout]   13:     0x6032acd76dd2 - <jobrog[7b228438526fe2b1]::vacation::tests::one_after::{closure#0} as core[a373ad73a504971]::ops::function::FnOnce<()>>::call_once
[INFO] [stdout]   14:     0x6032acd97c8b - test[aada8e7e76ba119b]::__rust_begin_short_backtrace::<core[a373ad73a504971]::result::Result<(), alloc[2e1b2a31b91974c5]::string::String>, fn() -> core[a373ad73a504971]::result::Result<(), alloc[2e1b2a31b91974c5]::string::String>>
[INFO] [stdout]   15:     0x6032acda4e65 - test[aada8e7e76ba119b]::run_test::{closure#0}
[INFO] [stdout]   16:     0x6032acd9e754 - std[617be2ca0a6fd877]::sys::backtrace::__rust_begin_short_backtrace::<test[aada8e7e76ba119b]::run_test::{closure#1}, ()>
[INFO] [stdout]   17:     0x6032acda7ef2 - <std[617be2ca0a6fd877]::thread::lifecycle::spawn_unchecked<test[aada8e7e76ba119b]::run_test::{closure#1}, ()>::{closure#1} as core[a373ad73a504971]::ops::function::FnOnce<()>>::call_once::{shim:vtable#0}
[INFO] [stdout]   18:     0x6032acf10f2f - <std[617be2ca0a6fd877]::sys::thread::unix::Thread>::new::thread_start
[INFO] [stdout]   19:     0x7a5608c58dfa - <unknown>
[INFO] [stdout]   20:     0x7a5608cec3d4 - clone
[INFO] [stdout]   21:                0x0 - <unknown>
[INFO] [stdout] 
[INFO] [stdout] ---- vacation::tests::tags stdout ----
[INFO] [stdout] 
[INFO] [stdout] thread 'vacation::tests::tags' (2114) panicked at src/vacation.rs:1294:81:
[INFO] [stdout] called `Result::unwrap()` on an `Err` value: Os { code: 30, kind: ReadOnlyFilesystem, message: "Read-only file system" }
[INFO] [stdout] stack backtrace:
[INFO] [stdout]    0:     0x6032acf11791 - <<std[617be2ca0a6fd877]::sys::backtrace::BacktraceLock>::print::DisplayBacktrace as core[a373ad73a504971]::fmt::Display>::fmt
[INFO] [stdout]    1:     0x6032acf2884a - core[a373ad73a504971]::fmt::write
[INFO] [stdout]    2:     0x6032acf15afc - <alloc[2e1b2a31b91974c5]::vec::Vec<u8> as core[a373ad73a504971]::io::write::Write>::write_fmt
[INFO] [stdout]    3:     0x6032aceecbf6 - std[617be2ca0a6fd877]::panicking::default_hook::{closure#0}
[INFO] [stdout]    4:     0x6032acf08fd9 - std[617be2ca0a6fd877]::panicking::default_hook
[INFO] [stdout]    5:     0x6032acda4840 - test[aada8e7e76ba119b]::test_main_inner::{closure#0}
[INFO] [stdout]    6:     0x6032acf09192 - std[617be2ca0a6fd877]::panicking::panic_with_hook
[INFO] [stdout]    7:     0x6032aceecca2 - std[617be2ca0a6fd877]::panicking::panic_handler::{closure#0}
[INFO] [stdout]    8:     0x6032acee58d9 - std[617be2ca0a6fd877]::sys::backtrace::__rust_end_short_backtrace::<std[617be2ca0a6fd877]::panicking::panic_handler::{closure#0}, !>
[INFO] [stdout]    9:     0x6032aceed8ad - __rustc[ea4f61d10b84890b]::rust_begin_unwind
[INFO] [stdout]   10:     0x6032acf28fac - core[a373ad73a504971]::panicking::panic_fmt
[INFO] [stdout]   11:     0x6032acf28d82 - core[a373ad73a504971]::result::unwrap_failed
[INFO] [stdout]   12:     0x6032acd6fb4a - jobrog[7b228438526fe2b1]::vacation::tests::test_configuration
[INFO] [stdout]   13:     0x6032acd76428 - <jobrog[7b228438526fe2b1]::vacation::tests::tags::{closure#0} as core[a373ad73a504971]::ops::function::FnOnce<()>>::call_once
[INFO] [stdout]   14:     0x6032acd97c8b - test[aada8e7e76ba119b]::__rust_begin_short_backtrace::<core[a373ad73a504971]::result::Result<(), alloc[2e1b2a31b91974c5]::string::String>, fn() -> core[a373ad73a504971]::result::Result<(), alloc[2e1b2a31b91974c5]::string::String>>
[INFO] [stdout]   15:     0x6032acda4e65 - test[aada8e7e76ba119b]::run_test::{closure#0}
[INFO] [stdout]   16:     0x6032acd9e754 - std[617be2ca0a6fd877]::sys::backtrace::__rust_begin_short_backtrace::<test[aada8e7e76ba119b]::run_test::{closure#1}, ()>
[INFO] [stdout]   17:     0x6032acda7ef2 - <std[617be2ca0a6fd877]::thread::lifecycle::spawn_unchecked<test[aada8e7e76ba119b]::run_test::{closure#1}, ()>::{closure#1} as core[a373ad73a504971]::ops::function::FnOnce<()>>::call_once::{shim:vtable#0}
[INFO] [stdout]   18:     0x6032acf10f2f - <std[617be2ca0a6fd877]::sys::thread::unix::Thread>::new::thread_start
[INFO] [stdout]   19:     0x7a5608c58dfa - <unknown>
[INFO] [stdout]   20:     0x7a5608cec3d4 - clone
[INFO] [stdout]   21:                0x0 - <unknown>
[INFO] [stdout] 
[INFO] [stdout] ---- vacation::tests::simple_test stdout ----
[INFO] [stdout] 
[INFO] [stdout] thread 'vacation::tests::simple_test' (2113) panicked at src/vacation.rs:1294:81:
[INFO] [stdout] called `Result::unwrap()` on an `Err` value: Os { code: 30, kind: ReadOnlyFilesystem, message: "Read-only file system" }
[INFO] [stdout] stack backtrace:
[INFO] [stdout]    0:     0x6032acf11791 - <<std[617be2ca0a6fd877]::sys::backtrace::BacktraceLock>::print::DisplayBacktrace as core[a373ad73a504971]::fmt::Display>::fmt
[INFO] [stdout]    1:     0x6032acf2884a - core[a373ad73a504971]::fmt::write
[INFO] [stdout]    2:     0x6032acf15afc - <alloc[2e1b2a31b91974c5]::vec::Vec<u8> as core[a373ad73a504971]::io::write::Write>::write_fmt
[INFO] [stdout]    3:     0x6032aceecbf6 - std[617be2ca0a6fd877]::panicking::default_hook::{closure#0}
[INFO] [stdout]    4:     0x6032acf08fd9 - std[617be2ca0a6fd877]::panicking::default_hook
[INFO] [stdout]    5:     0x6032acda4840 - test[aada8e7e76ba119b]::test_main_inner::{closure#0}
[INFO] [stdout]    6:     0x6032acf09192 - std[617be2ca0a6fd877]::panicking::panic_with_hook
[INFO] [stdout]    7:     0x6032aceecca2 - std[617be2ca0a6fd877]::panicking::panic_handler::{closure#0}
[INFO] [stdout]    8:     0x6032acee58d9 - std[617be2ca0a6fd877]::sys::backtrace::__rust_end_short_backtrace::<std[617be2ca0a6fd877]::panicking::panic_handler::{closure#0}, !>
[INFO] [stdout]    9:     0x6032aceed8ad - __rustc[ea4f61d10b84890b]::rust_begin_unwind
[INFO] [stdout]   10:     0x6032acf28fac - core[a373ad73a504971]::panicking::panic_fmt
[INFO] [stdout]   11:     0x6032acf28d82 - core[a373ad73a504971]::result::unwrap_failed
[INFO] [stdout]   12:     0x6032acd6fb4a - jobrog[7b228438526fe2b1]::vacation::tests::test_configuration
[INFO] [stdout]   13:     0x6032acd725e3 - <jobrog[7b228438526fe2b1]::vacation::tests::simple_test::{closure#0} as core[a373ad73a504971]::ops::function::FnOnce<()>>::call_once
[INFO] [stdout]   14:     0x6032acd97c8b - test[aada8e7e76ba119b]::__rust_begin_short_backtrace::<core[a373ad73a504971]::result::Result<(), alloc[2e1b2a31b91974c5]::string::String>, fn() -> core[a373ad73a504971]::result::Result<(), alloc[2e1b2a31b91974c5]::string::String>>
[INFO] [stdout]   15:     0x6032acda4e65 - test[aada8e7e76ba119b]::run_test::{closure#0}
[INFO] [stdout]   16:     0x6032acd9e754 - std[617be2ca0a6fd877]::sys::backtrace::__rust_begin_short_backtrace::<test[aada8e7e76ba119b]::run_test::{closure#1}, ()>
[INFO] [stdout]   17:     0x6032acda7ef2 - <std[617be2ca0a6fd877]::thread::lifecycle::spawn_unchecked<test[aada8e7e76ba119b]::run_test::{closure#1}, ()>::{closure#1} as core[a373ad73a504971]::ops::function::FnOnce<()>>::call_once::{shim:vtable#0}
[INFO] [stdout]   18:     0x6032acf10f2f - <std[617be2ca0a6fd877]::sys::thread::unix::Thread>::new::thread_start
[INFO] [stdout]   19:     0x7a5608c58dfa - <unknown>
[INFO] [stdout]   20:     0x7a5608cec3d4 - clone
[INFO] [stdout]   21:                0x0 - <unknown>
[INFO] [stdout] 
[INFO] [stdout] ---- vacation::tests::simple_flex stdout ----
[INFO] [stdout] 
[INFO] [stdout] thread 'vacation::tests::simple_flex' (2112) panicked at src/vacation.rs:1294:81:
[INFO] [stdout] called `Result::unwrap()` on an `Err` value: Os { code: 30, kind: ReadOnlyFilesystem, message: "Read-only file system" }
[INFO] [stdout] stack backtrace:
[INFO] [stdout]    0:     0x6032acf11791 - <<std[617be2ca0a6fd877]::sys::backtrace::BacktraceLock>::print::DisplayBacktrace as core[a373ad73a504971]::fmt::Display>::fmt
[INFO] [stdout]    1:     0x6032acf2884a - core[a373ad73a504971]::fmt::write
[INFO] [stdout]    2:     0x6032acf15afc - <alloc[2e1b2a31b91974c5]::vec::Vec<u8> as core[a373ad73a504971]::io::write::Write>::write_fmt
[INFO] [stdout]    3:     0x6032aceecbf6 - std[617be2ca0a6fd877]::panicking::default_hook::{closure#0}
[INFO] [stdout]    4:     0x6032acf08fd9 - std[617be2ca0a6fd877]::panicking::default_hook
[INFO] [stdout]    5:     0x6032acda4840 - test[aada8e7e76ba119b]::test_main_inner::{closure#0}
[INFO] [stdout]    6:     0x6032acf09192 - std[617be2ca0a6fd877]::panicking::panic_with_hook
[INFO] [stdout]    7:     0x6032aceecca2 - std[617be2ca0a6fd877]::panicking::panic_handler::{closure#0}
[INFO] [stdout]    8:     0x6032acee58d9 - std[617be2ca0a6fd877]::sys::backtrace::__rust_end_short_backtrace::<std[617be2ca0a6fd877]::panicking::panic_handler::{closure#0}, !>
[INFO] [stdout]    9:     0x6032aceed8ad - __rustc[ea4f61d10b84890b]::rust_begin_unwind
[INFO] [stdout]   10:     0x6032acf28fac - core[a373ad73a504971]::panicking::panic_fmt
[INFO] [stdout]   11:     0x6032acf28d82 - core[a373ad73a504971]::result::unwrap_failed
[INFO] [stdout]   12:     0x6032acd6fb4a - jobrog[7b228438526fe2b1]::vacation::tests::test_configuration
[INFO] [stdout]   13:     0x6032acd71b23 - <jobrog[7b228438526fe2b1]::vacation::tests::simple_flex::{closure#0} as core[a373ad73a504971]::ops::function::FnOnce<()>>::call_once
[INFO] [stdout]   14:     0x6032acd97c8b - test[aada8e7e76ba119b]::__rust_begin_short_backtrace::<core[a373ad73a504971]::result::Result<(), alloc[2e1b2a31b91974c5]::string::String>, fn() -> core[a373ad73a504971]::result::Result<(), alloc[2e1b2a31b91974c5]::string::String>>
[INFO] [stdout]   15:     0x6032acda4e65 - test[aada8e7e76ba119b]::run_test::{closure#0}
[INFO] [stdout]   16:     0x6032acd9e754 - std[617be2ca0a6fd877]::sys::backtrace::__rust_begin_short_backtrace::<test[aada8e7e76ba119b]::run_test::{closure#1}, ()>
[INFO] [stdout]   17:     0x6032acda7ef2 - <std[617be2ca0a6fd877]::thread::lifecycle::spawn_unchecked<test[aada8e7e76ba119b]::run_test::{closure#1}, ()>::{closure#1} as core[a373ad73a504971]::ops::function::FnOnce<()>>::call_once::{shim:vtable#0}
[INFO] [stdout]   18:     0x6032acf10f2f - <std[617be2ca0a6fd877]::sys::thread::unix::Thread>::new::thread_start
[INFO] [stdout]   19:     0x7a5608c58dfa - <unknown>
[INFO] [stdout]   20:     0x7a5608cec3d4 - clone
[INFO] [stdout]   21:                0x0 - <unknown>
[INFO] [stdout] 
[INFO] [stdout] ---- edit::tests::test_events_in_future stdout ----
[INFO] [stdout] 
[INFO] [stdout] thread 'edit::tests::test_events_in_future' (2069) panicked at src/edit.rs:502:43:
[INFO] [stdout] could not create configuration file path: Os { code: 30, kind: ReadOnlyFilesystem, message: "Read-only file system" }
[INFO] [stdout] stack backtrace:
[INFO] [stdout]    0:     0x6032acf11791 - <<std[617be2ca0a6fd877]::sys::backtrace::BacktraceLock>::print::DisplayBacktrace as core[a373ad73a504971]::fmt::Display>::fmt
[INFO] [stdout]    1:     0x6032acf2884a - core[a373ad73a504971]::fmt::write
[INFO] [stdout]    2:     0x6032acf15afc - <alloc[2e1b2a31b91974c5]::vec::Vec<u8> as core[a373ad73a504971]::io::write::Write>::write_fmt
[INFO] [stdout]    3:     0x6032aceecbf6 - std[617be2ca0a6fd877]::panicking::default_hook::{closure#0}
[INFO] [stdout]    4:     0x6032acf08fd9 - std[617be2ca0a6fd877]::panicking::default_hook
[INFO] [stdout]    5:     0x6032acda4840 - test[aada8e7e76ba119b]::test_main_inner::{closure#0}
[INFO] [stdout]    6:     0x6032acf09192 - std[617be2ca0a6fd877]::panicking::panic_with_hook
[INFO] [stdout]    7:     0x6032aceecca2 - std[617be2ca0a6fd877]::panicking::panic_handler::{closure#0}
[INFO] [stdout]    8:     0x6032acee58d9 - std[617be2ca0a6fd877]::sys::backtrace::__rust_end_short_backtrace::<std[617be2ca0a6fd877]::panicking::panic_handler::{closure#0}, !>
[INFO] [stdout]    9:     0x6032aceed8ad - __rustc[ea4f61d10b84890b]::rust_begin_unwind
[INFO] [stdout]   10:     0x6032acf28fac - core[a373ad73a504971]::panicking::panic_fmt
[INFO] [stdout]   11:     0x6032acf28d82 - core[a373ad73a504971]::result::unwrap_failed
[INFO] [stdout]   12:     0x6032acd5c155 - jobrog[7b228438526fe2b1]::edit::tests::test_configuration
[INFO] [stdout]   13:     0x6032acd5d934 - <jobrog[7b228438526fe2b1]::edit::tests::test_events_in_future::{closure#0} as core[a373ad73a504971]::ops::function::FnOnce<()>>::call_once
[INFO] [stdout]   14:     0x6032acd97c8b - test[aada8e7e76ba119b]::__rust_begin_short_backtrace::<core[a373ad73a504971]::result::Result<(), alloc[2e1b2a31b91974c5]::string::String>, fn() -> core[a373ad73a504971]::result::Result<(), alloc[2e1b2a31b91974c5]::string::String>>
[INFO] [stdout]   15:     0x6032acda4e65 - test[aada8e7e76ba119b]::run_test::{closure#0}
[INFO] [stdout]   16:     0x6032acd9e754 - std[617be2ca0a6fd877]::sys::backtrace::__rust_begin_short_backtrace::<test[aada8e7e76ba119b]::run_test::{closure#1}, ()>
[INFO] [stdout]   17:     0x6032acda7ef2 - <std[617be2ca0a6fd877]::thread::lifecycle::spawn_unchecked<test[aada8e7e76ba119b]::run_test::{closure#1}, ()>::{closure#1} as core[a373ad73a504971]::ops::function::FnOnce<()>>::call_once::{shim:vtable#0}
[INFO] [stdout]   18:     0x6032acf10f2f - <std[617be2ca0a6fd877]::sys::thread::unix::Thread>::new::thread_start
[INFO] [stdout]   19:     0x7a5608c58dfa - <unknown>
[INFO] [stdout]   20:     0x7a5608cec3d4 - clone
[INFO] [stdout]   21:                0x0 - <unknown>
[INFO] [stdout] 
[INFO] [stdout] 
[INFO] [stdout] failures:
[INFO] [stdout]     edit::tests::test_bad_timestamp
[INFO] [stdout]     edit::tests::test_events_in_future
[INFO] [stdout]     edit::tests::test_events_out_of_order
[INFO] [stdout]     edit::tests::test_events_out_of_order_with_offset
[INFO] [stdout]     edit::tests::test_find_change_offset_when_no_change
[INFO] [stdout]     edit::tests::test_find_change_offset_with_change
[INFO] [stdout]     edit::tests::test_validation_messages_all_good
[INFO] [stdout]     edit::tests::test_validation_messages_done_after_done
[INFO] [stdout]     edit::tests::test_validation_messages_done_with_offset
[INFO] [stdout]     edit::tests::test_validation_messages_done_with_offset_error
[INFO] [stdout]     edit::tests::test_validation_messages_done_without_event
[INFO] [stdout]     edit::tests::test_validation_messages_garbled_line
[INFO] [stdout]     log::tests::stack_overflow_regression
[INFO] [stdout]     log::tests::test_100_tiny_files
[INFO] [stdout]     log::tests::test_10_small_files
[INFO] [stdout]     log::tests::test_empty_file
[INFO] [stdout]     log::tests::test_events_from_beginning
[INFO] [stdout]     log::tests::test_events_from_end
[INFO] [stdout]     log::tests::test_events_in_range
[INFO] [stdout]     log::tests::test_large_file
[INFO] [stdout]     log::tests::test_notes_from_beginning
[INFO] [stdout]     log::tests::test_notes_from_end
[INFO] [stdout]     log::tests::test_notes_in_range
[INFO] [stdout]     vacation::tests::fixed_overlapping_task
[INFO] [stdout]     vacation::tests::long_vacation
[INFO] [stdout]     vacation::tests::monthly_repetition
[INFO] [stdout]     vacation::tests::no_workdays
[INFO] [stdout]     vacation::tests::one_after
[INFO] [stdout]     vacation::tests::one_before
[INFO] [stdout]     vacation::tests::repetition
[INFO] [stdout]     vacation::tests::repetition_not_yet_begun
[INFO] [stdout]     vacation::tests::repetition_over
[INFO] [stdout]     vacation::tests::simple_fixed
[INFO] [stdout]     vacation::tests::simple_flex
[INFO] [stdout]     vacation::tests::simple_test
[INFO] [stdout]     vacation::tests::tags
[INFO] [stdout] 
[INFO] [stdout] test result: FAILED. 27 passed; 36 failed; 0 ignored; 0 measured; 0 filtered out; finished in 0.03s
[INFO] [stdout] 
[INFO] running `Command { std: "docker" "inspect" "bbb6a9d5ae66115b1d67045de6f0d76742ce5f54f6f71f382710fae630dfb2a0", kill_on_drop: false }`
[INFO] running `Command { std: "docker" "rm" "-f" "bbb6a9d5ae66115b1d67045de6f0d76742ce5f54f6f71f382710fae630dfb2a0", kill_on_drop: false }`
[INFO] [stdout] bbb6a9d5ae66115b1d67045de6f0d76742ce5f54f6f71f382710fae630dfb2a0
