[INFO] fetching crate jns42-core 0.1.3...
[INFO] testing jns42-core-0.1.3 against 1.100.0-beta.1+cargoflags=--release for beta-release-1.100-2
[INFO] extracting crate jns42-core 0.1.3 into /workspace/builds/worker-1-tc2/source
[INFO] started tweaking crates.io crate jns42-core 0.1.3
[INFO] finished tweaking crates.io crate jns42-core 0.1.3
[INFO] tweaked toml for crates.io crate jns42-core 0.1.3 written to /workspace/builds/worker-1-tc2/source/Cargo.toml
[INFO] validating manifest of crates.io crate jns42-core 0.1.3 on toolchain 1.100.0-beta.1
[INFO] running `Command { std: CARGO_HOME="/workspace/cargo-home" RUSTUP_HOME="/workspace/rustup-home" "/workspace/cargo-home/bin/cargo" "+1.100.0-beta.1" "metadata" "--manifest-path" "Cargo.toml" "--no-deps", kill_on_drop: false }`
[INFO] running `Command { std: CARGO_HOME="/workspace/cargo-home" RUSTUP_HOME="/workspace/rustup-home" "/workspace/cargo-home/bin/cargo" "+1.100.0-beta.1" "generate-lockfile" "--manifest-path" "Cargo.toml", kill_on_drop: false }`
[INFO] [stderr]     Updating crates.io index
[INFO] [stderr]      Locking 250 packages to highest compatible versions
[INFO] [stderr]       Adding gloo v0.11.0 (available: v0.12.0)
[INFO] [stderr]       Adding itertools v0.12.1 (available: v0.15.0)
[INFO] [stderr]       Adding subtle v2.4.1 (available: v2.6.1)
[INFO] running `Command { std: CARGO_HOME="/workspace/cargo-home" RUSTUP_HOME="/workspace/rustup-home" "/workspace/cargo-home/bin/cargo" "+1.100.0-beta.1" "fetch" "--manifest-path" "Cargo.toml", kill_on_drop: false }`
[INFO] running `Command { std: "docker" "create" "-v" "/var/lib/crater-agent-workspace/builds/worker-1-tc2/source:/opt/rustwide/workdir:ro,Z" "-v" "/var/lib/crater-agent-workspace/builds/worker-1-tc2/target:/opt/rustwide/target:rw,Z" "-v" "/var/lib/crater-agent-workspace/cargo-home:/opt/rustwide/cargo-home:ro,Z" "-v" "/var/lib/crater-agent-workspace/rustup-home:/opt/rustwide/rustup-home:ro,Z" "-m" "1610612736" "--network" "none" "ghcr.io/rust-lang/crates-build-env/linux@sha256:77db811e55d90add9212f6832c23229e3de5f1c1f9905e8cb07319ea15df73ac" "sleep" "infinity", kill_on_drop: false }`
[INFO] [stdout] 3b15bb6f16841fa36f78ce47413f24907329da071271be20af85cd720d64d91e
[INFO] running `Command { std: "docker" "start" "3b15bb6f16841fa36f78ce47413f24907329da071271be20af85cd720d64d91e", kill_on_drop: false }`
[INFO] running `Command { std: "docker" "inspect" "3b15bb6f16841fa36f78ce47413f24907329da071271be20af85cd720d64d91e", kill_on_drop: false }`
[INFO] running `Command { std: "docker" "exec" "-e" "SOURCE_DIR=/opt/rustwide/workdir" "-e" "CARGO_HOME=/opt/rustwide/cargo-home" "-e" "RUSTUP_HOME=/opt/rustwide/rustup-home" "-e" "CARGO_TARGET_DIR=/opt/rustwide/target" "-w" "/opt/rustwide/workdir" "--user" "0:0" "3b15bb6f16841fa36f78ce47413f24907329da071271be20af85cd720d64d91e" "/opt/rustwide/cargo-home/bin/cargo" "+1.100.0-beta.1" "metadata" "--no-deps" "--format-version=1", kill_on_drop: false }`
[INFO] running `Command { std: "docker" "inspect" "3b15bb6f16841fa36f78ce47413f24907329da071271be20af85cd720d64d91e", kill_on_drop: false }`
[INFO] running `Command { std: "docker" "exec" "-e" "SOURCE_DIR=/opt/rustwide/workdir" "-e" "CARGO_HOME=/opt/rustwide/cargo-home" "-e" "RUSTUP_HOME=/opt/rustwide/rustup-home" "-e" "CARGO_TARGET_DIR=/opt/rustwide/target" "-e" "CARGO_INCREMENTAL=0" "-e" "RUST_BACKTRACE=full" "-e" "RUSTFLAGS=--cap-lints=warn" "-e" "RUSTDOCFLAGS=--cap-lints=warn" "-w" "/opt/rustwide/workdir" "--user" "0:0" "3b15bb6f16841fa36f78ce47413f24907329da071271be20af85cd720d64d91e" "/opt/rustwide/cargo-home/bin/cargo" "+1.100.0-beta.1" "build" "--frozen" "--message-format=json" "--release", kill_on_drop: false }`
[INFO] [stderr]    Compiling futures-io v0.3.34
[INFO] [stderr]    Compiling wasm-bindgen-shared v0.2.129
[INFO] [stderr]    Compiling generic-array v0.14.9
[INFO] [stderr]    Compiling syn v3.0.9
[INFO] [stderr]    Compiling unicode-ident v1.0.27
[INFO] [stderr]    Compiling bumpalo v3.20.3
[INFO] [stderr]    Compiling wasm-bindgen v0.2.129
[INFO] [stderr]    Compiling syn v2.0.119
[INFO] [stderr]    Compiling pkg-config v0.3.34
[INFO] [stderr]    Compiling concurrent-queue v2.5.0
[INFO] [stderr]    Compiling subtle v2.4.1
[INFO] [stderr]    Compiling serde_json v1.0.154
[INFO] [stderr]    Compiling libnghttp2-sys v0.1.13+1.68.1
[INFO] [stderr]    Compiling event-listener v5.4.2
[INFO] [stderr]    Compiling openssl-sys v0.9.117
[INFO] [stderr]    Compiling libz-sys v1.1.30
[INFO] [stderr]    Compiling standback v0.2.17
[INFO] [stderr]    Compiling value-bag v1.14.1
[INFO] [stderr]    Compiling rustix v1.1.5
[INFO] [stderr]    Compiling proc-macro-hack v0.5.20+deprecated
[INFO] [stderr]    Compiling syn v1.0.109
[INFO] [stderr]    Compiling log v0.4.34
[INFO] [stderr]    Compiling event-listener-strategy v0.5.4
[INFO] [stderr]    Compiling curl-sys v0.4.91+curl-8.22.0
[INFO] [stderr]    Compiling futures-lite v2.6.1
[INFO] [stderr]    Compiling cipher v0.2.5
[INFO] [stderr]    Compiling linux-raw-sys v0.12.1
[INFO] [stderr]    Compiling bitflags v2.13.2
[INFO] [stderr]    Compiling async-io v2.6.0
[INFO] [stderr]    Compiling universal-hash v0.4.1
[INFO] [stderr]    Compiling digest v0.9.0
[INFO] [stderr]    Compiling event-listener v2.5.3
[INFO] [stderr]    Compiling async-task v4.7.1
[INFO] [stderr]    Compiling const_fn v0.4.12
[INFO] [stderr]    Compiling cpuid-bool v0.2.0
[INFO] [stderr]    Compiling piper v0.2.5
[INFO] [stderr]    Compiling polyval v0.4.5
[INFO] [stderr]    Compiling async-channel v1.9.0
[INFO] [stderr]    Compiling time-macros-impl v0.1.2
[INFO] [stderr]    Compiling getrandom v0.1.16
[INFO] [stderr]    Compiling aes-soft v0.6.4
[INFO] [stderr]    Compiling async-channel v2.5.0
[INFO] [stderr]    Compiling crypto-mac v0.10.1
[INFO] [stderr]    Compiling time v0.2.27
[INFO] [stderr]    Compiling equivalent v1.0.3
[INFO] [stderr]    Compiling http v0.2.12
[INFO] [stderr]    Compiling indexmap v2.14.2
[INFO] [stderr]    Compiling hmac v0.10.1
[INFO] [stderr]    Compiling blocking v1.7.0
[INFO] [stderr]    Compiling time-macros v0.1.1
[INFO] [stderr]    Compiling aes v0.6.0
[INFO] [stderr]    Compiling rand_core v0.5.1
[INFO] [stderr]    Compiling ghash v0.3.1
[INFO] [stderr]    Compiling async-executor v1.14.0
[INFO] [stderr]    Compiling ctr v0.6.0
[INFO] [stderr]    Compiling async-lock v3.4.2
[INFO] [stderr]    Compiling block-buffer v0.9.0
[INFO] [stderr]    Compiling aead v0.3.2
[INFO] [stderr]    Compiling cookie v0.14.4
[INFO] [stderr]    Compiling fastrand v1.9.0
[INFO] [stderr]    Compiling winnow v0.5.40
[INFO] [stderr]    Compiling toml_datetime v0.6.11
[INFO] [stderr]    Compiling synstructure v0.14.0
[INFO] [stderr]    Compiling wasm-bindgen-macro-support v0.2.129
[INFO] [stderr]    Compiling waker-fn v1.2.0
[INFO] [stderr]    Compiling curl v0.4.51
[INFO] [stderr]    Compiling futures-lite v1.13.0
[INFO] [stderr]    Compiling sha2 v0.9.9
[INFO] [stderr]    Compiling thiserror-impl v1.0.69
[INFO] [stderr]    Compiling pin-project-internal v1.1.13
[INFO] [stderr]    Compiling tracing-attributes v0.1.31
[INFO] [stderr]    Compiling toml_edit v0.19.15
[INFO] [stderr]    Compiling futures-macro v0.3.34
[INFO] [stderr]    Compiling zerofrom-derive v0.1.8
[INFO] [stderr]    Compiling serde_derive v1.0.229
[INFO] [stderr]    Compiling yoke-derive v0.8.4
[INFO] [stderr]    Compiling zerovec-derive v0.11.6
[INFO] [stderr]    Compiling futures-util v0.3.34
[INFO] [stderr]    Compiling displaydoc v0.2.7
[INFO] [stderr]    Compiling zerofrom v0.1.8
[INFO] [stderr]    Compiling yoke v0.8.3
[INFO] [stderr]    Compiling thiserror v1.0.69
[INFO] [stderr]    Compiling zerovec v0.11.8
[INFO] [stderr]    Compiling polling v3.11.0
[INFO] [stderr]    Compiling zerotrie v0.2.5
[INFO] [stderr]    Compiling pin-project v1.1.13
[INFO] [stderr]    Compiling tracing v0.1.44
[INFO] [stderr]    Compiling tinystr v0.8.4
[INFO] [stderr]    Compiling potential_utf v0.1.6
[INFO] [stderr]    Compiling icu_locale_core v2.3.0
[INFO] [stderr]    Compiling async-global-executor v2.4.1
[INFO] [stderr]    Compiling icu_collections v2.3.0
[INFO] [stderr]    Compiling aes-gcm v0.8.0
[INFO] [stderr]    Compiling rand v0.8.8
[INFO] [stderr]    Compiling serde v1.0.229
[INFO] [stderr]    Compiling wasm-bindgen-macro v0.2.129
[INFO] [stderr]    Compiling icu_provider v2.3.1
[INFO] [stderr]    Compiling serde_urlencoded v0.7.1
[INFO] [stderr]    Compiling futures-executor v0.3.34
[INFO] [stderr]    Compiling rand_chacha v0.2.2
[INFO] [stderr]    Compiling hkdf v0.10.0
[INFO] [stderr]    Compiling icu_normalizer v2.3.0
[INFO] [stderr]    Compiling icu_properties v2.3.0
[INFO] [stderr]    Compiling spinning_top v0.2.5
[INFO] [stderr]    Compiling kv-log-macro v1.0.7
[INFO] [stderr]    Compiling isahc v0.9.14
[INFO] [stderr]    Compiling pin-utils v0.1.1
[INFO] [stderr]    Compiling openssl-probe v0.1.6
[INFO] [stderr]    Compiling unicase v2.10.0
[INFO] [stderr]    Compiling base64 v0.13.1
[INFO] [stderr]    Compiling http-types v2.12.0
[INFO] [stderr]    Compiling mime_guess v2.0.5
[INFO] [stderr]    Compiling proc-macro-crate v1.3.1
[INFO] [stderr]    Compiling async-std v1.13.2
[INFO] [stderr]    Compiling js-sys v0.3.106
[INFO] [stderr]    Compiling idna_adapter v1.2.2
[INFO] [stderr]    Compiling idna v1.1.0
[INFO] [stderr]    Compiling flume v0.9.2
[INFO] [stderr]    Compiling rand v0.7.3
[INFO] [stderr]    Compiling url v2.5.8
[INFO] [stderr]    Compiling futures v0.3.34
[INFO] [stderr]    Compiling serde_qs v0.8.5
[INFO] [stderr]    Compiling tracing-futures v0.2.5
[INFO] [stderr]    Compiling sluice v0.5.5
[INFO] [stderr]    Compiling encoding_rs v0.8.42
[INFO] [stderr]    Compiling infer v0.2.3
[INFO] [stderr]    Compiling bytes v0.5.6
[INFO] [stderr]    Compiling pinned v0.1.0
[INFO] [stderr]    Compiling parking_lot_core v0.9.12
[INFO] [stderr]    Compiling gloo-worker-macros v0.1.0
[INFO] [stderr]    Compiling bincode v1.3.3
[INFO] [stderr]    Compiling async-trait v0.1.92
[INFO] [stderr]    Compiling errno v0.3.14
[INFO] [stderr]    Compiling bitmaps v2.1.0
[INFO] [stderr]    Compiling im v15.1.0
[INFO] [stderr]    Compiling proc-macro2 v1.0.107
[INFO] [stderr]    Compiling multiversion_no_op v1.0.0
[INFO] [stderr]    Compiling core_detect v1.0.0
[INFO] [stderr]    Compiling simdutf8 v0.1.5
[INFO] [stderr]    Compiling sized-chunks v0.6.5
[INFO] [stderr]    Compiling http-client v6.5.3
[INFO] [stderr]    Compiling signal-hook-registry v1.4.8
[INFO] [stderr]    Compiling parking_lot v0.12.5
[INFO] [stderr]    Compiling tokio-macros v2.7.2
[INFO] [stderr]    Compiling rand_xoshiro v0.6.0
[INFO] [stderr]    Compiling quote v1.0.47
[INFO] [stderr]    Compiling serde_yaml v0.9.34+deprecated
[INFO] [stderr]    Compiling tokio v1.53.3
[INFO] [stderr]    Compiling itertools v0.12.1
[INFO] [stderr]    Compiling web-sys v0.3.106
[INFO] [stderr]    Compiling wasm-bindgen-futures v0.4.79
[INFO] [stderr]    Compiling serde-wasm-bindgen v0.6.5
[INFO] [stderr]    Compiling gloo-timers v0.3.0
[INFO] [stderr]    Compiling gloo-utils v0.2.0
[INFO] [stderr]    Compiling gloo-events v0.2.0
[INFO] [stderr]    Compiling gloo-dialogs v0.2.0
[INFO] [stderr]    Compiling gloo-render v0.2.0
[INFO] [stderr]    Compiling surf v2.3.2
[INFO] [stderr]    Compiling gloo-console v0.3.0
[INFO] [stderr]    Compiling gloo-net v0.5.0
[INFO] [stderr]    Compiling gloo-file v0.3.0
[INFO] [stderr]    Compiling gloo-history v0.2.2
[INFO] [stderr]    Compiling gloo-storage v0.3.0
[INFO] [stderr]    Compiling gloo-worker v0.5.0
[INFO] [stderr]    Compiling gloo v0.11.0
[INFO] [stderr]    Compiling jns42-core v0.1.3 (/opt/rustwide/workdir)
[INFO] [stdout] warning: for loop over a `&Option`. This is more readably written as an `if let` statement
[INFO] [stdout]   --> src/models/schema_arena.rs:31:23
[INFO] [stdout]    |
[INFO] [stdout] 31 |       for child_id in &schema.all_of {
[INFO] [stdout]    |                       ^^^^^^^^^^^^^^
[INFO] [stdout]    |
[INFO] [stdout]    = note: `#[warn(for_loops_over_fallibles)]` on by default
[INFO] [stdout] help: to check pattern in a loop use `while let`
[INFO] [stdout]    |
[INFO] [stdout] 31 -       for child_id in &schema.all_of {
[INFO] [stdout] 31 +       while let Some(child_id) = &schema.all_of {
[INFO] [stdout]    |
[INFO] [stdout] help: consider using `if let` to clear intent
[INFO] [stdout]    |
[INFO] [stdout] 31 -       for child_id in &schema.all_of {
[INFO] [stdout] 31 +       if let Some(child_id) = &schema.all_of {
[INFO] [stdout]    |
[INFO] [stdout] 
[INFO] [stdout] 
[INFO] [stdout] warning: for loop over a `&Option`. This is more readably written as an `if let` statement
[INFO] [stdout]   --> src/models/schema_arena.rs:37:23
[INFO] [stdout]    |
[INFO] [stdout] 37 |       for child_id in &schema.any_of {
[INFO] [stdout]    |                       ^^^^^^^^^^^^^^
[INFO] [stdout]    |
[INFO] [stdout] help: to check pattern in a loop use `while let`
[INFO] [stdout]    |
[INFO] [stdout] 37 -       for child_id in &schema.any_of {
[INFO] [stdout] 37 +       while let Some(child_id) = &schema.any_of {
[INFO] [stdout]    |
[INFO] [stdout] help: consider using `if let` to clear intent
[INFO] [stdout]    |
[INFO] [stdout] 37 -       for child_id in &schema.any_of {
[INFO] [stdout] 37 +       if let Some(child_id) = &schema.any_of {
[INFO] [stdout]    |
[INFO] [stdout] 
[INFO] [stdout] 
[INFO] [stdout] warning: for loop over a `&Option`. This is more readably written as an `if let` statement
[INFO] [stdout]   --> src/models/schema_arena.rs:43:23
[INFO] [stdout]    |
[INFO] [stdout] 43 |       for child_id in &schema.one_of {
[INFO] [stdout]    |                       ^^^^^^^^^^^^^^
[INFO] [stdout]    |
[INFO] [stdout] help: to check pattern in a loop use `while let`
[INFO] [stdout]    |
[INFO] [stdout] 43 -       for child_id in &schema.one_of {
[INFO] [stdout] 43 +       while let Some(child_id) = &schema.one_of {
[INFO] [stdout]    |
[INFO] [stdout] help: consider using `if let` to clear intent
[INFO] [stdout]    |
[INFO] [stdout] 43 -       for child_id in &schema.one_of {
[INFO] [stdout] 43 +       if let Some(child_id) = &schema.one_of {
[INFO] [stdout]    |
[INFO] [stdout] 
[INFO] [stdout] 
[INFO] [stdout] warning: hiding a lifetime that's elided elsewhere is confusing
[INFO] [stdout]    --> src/naming/sentence.rs:170:15
[INFO] [stdout]     |
[INFO] [stdout] 170 |   pub fn iter(&self) -> Iter<Word> {
[INFO] [stdout]     |               ^^^^^     ^^^^^^^^^^ the same lifetime is hidden here
[INFO] [stdout]     |               |
[INFO] [stdout]     |               the lifetime is elided here
[INFO] [stdout]     |
[INFO] [stdout]     = help: the same lifetime is referred to in inconsistent ways, making the signature confusing
[INFO] [stdout]     = note: `#[warn(mismatched_lifetime_syntaxes)]` on by default
[INFO] [stdout] help: use `'_` for type paths
[INFO] [stdout]     |
[INFO] [stdout] 170 |   pub fn iter(&self) -> Iter<'_, Word> {
[INFO] [stdout]     |                              +++
[INFO] [stdout] 
[INFO] [stdout] 
[INFO] [stderr]     Finished `release` profile [optimized] target(s) in 3m 55s
[INFO] running `Command { std: "docker" "inspect" "3b15bb6f16841fa36f78ce47413f24907329da071271be20af85cd720d64d91e", kill_on_drop: false }`
[INFO] running `Command { std: "docker" "exec" "-e" "SOURCE_DIR=/opt/rustwide/workdir" "-e" "CARGO_HOME=/opt/rustwide/cargo-home" "-e" "RUSTUP_HOME=/opt/rustwide/rustup-home" "-e" "CARGO_TARGET_DIR=/opt/rustwide/target" "-e" "CARGO_INCREMENTAL=0" "-e" "RUST_BACKTRACE=full" "-e" "RUSTFLAGS=--cap-lints=warn" "-e" "RUSTDOCFLAGS=--cap-lints=warn" "-w" "/opt/rustwide/workdir" "--user" "0:0" "3b15bb6f16841fa36f78ce47413f24907329da071271be20af85cd720d64d91e" "/opt/rustwide/cargo-home/bin/cargo" "+1.100.0-beta.1" "test" "--frozen" "--no-run" "--message-format=json" "--release", kill_on_drop: false }`
[INFO] [stdout] warning: for loop over a `&Option`. This is more readably written as an `if let` statement
[INFO] [stdout]   --> src/models/schema_arena.rs:31:23
[INFO] [stdout]    |
[INFO] [stdout] 31 |       for child_id in &schema.all_of {
[INFO] [stdout]    |                       ^^^^^^^^^^^^^^
[INFO] [stdout]    |
[INFO] [stdout]    = note: `#[warn(for_loops_over_fallibles)]` on by default
[INFO] [stdout] help: to check pattern in a loop use `while let`
[INFO] [stdout]    |
[INFO] [stdout] 31 -       for child_id in &schema.all_of {
[INFO] [stdout] 31 +       while let Some(child_id) = &schema.all_of {
[INFO] [stdout]    |
[INFO] [stdout] help: consider using `if let` to clear intent
[INFO] [stdout]    |
[INFO] [stdout] 31 -       for child_id in &schema.all_of {
[INFO] [stdout] 31 +       if let Some(child_id) = &schema.all_of {
[INFO] [stdout]    |
[INFO] [stdout] 
[INFO] [stdout] 
[INFO] [stdout] warning: for loop over a `&Option`. This is more readably written as an `if let` statement
[INFO] [stdout]   --> src/models/schema_arena.rs:37:23
[INFO] [stdout]    |
[INFO] [stdout] 37 |       for child_id in &schema.any_of {
[INFO] [stdout]    |                       ^^^^^^^^^^^^^^
[INFO] [stdout]    |
[INFO] [stdout] help: to check pattern in a loop use `while let`
[INFO] [stdout]    |
[INFO] [stdout] 37 -       for child_id in &schema.any_of {
[INFO] [stdout] 37 +       while let Some(child_id) = &schema.any_of {
[INFO] [stdout]    |
[INFO] [stdout] help: consider using `if let` to clear intent
[INFO] [stdout]    |
[INFO] [stdout] 37 -       for child_id in &schema.any_of {
[INFO] [stdout] 37 +       if let Some(child_id) = &schema.any_of {
[INFO] [stdout]    |
[INFO] [stdout] 
[INFO] [stdout] 
[INFO] [stdout] warning: for loop over a `&Option`. This is more readably written as an `if let` statement
[INFO] [stdout]   --> src/models/schema_arena.rs:43:23
[INFO] [stdout]    |
[INFO] [stdout] 43 |       for child_id in &schema.one_of {
[INFO] [stdout]    |                       ^^^^^^^^^^^^^^
[INFO] [stdout]    |
[INFO] [stdout] help: to check pattern in a loop use `while let`
[INFO] [stdout]    |
[INFO] [stdout] 43 -       for child_id in &schema.one_of {
[INFO] [stdout] 43 +       while let Some(child_id) = &schema.one_of {
[INFO] [stdout]    |
[INFO] [stdout] help: consider using `if let` to clear intent
[INFO] [stdout]    |
[INFO] [stdout] 43 -       for child_id in &schema.one_of {
[INFO] [stdout] 43 +       if let Some(child_id) = &schema.one_of {
[INFO] [stdout]    |
[INFO] [stdout] 
[INFO] [stdout] 
[INFO] [stdout] warning: hiding a lifetime that's elided elsewhere is confusing
[INFO] [stdout]    --> src/naming/sentence.rs:170:15
[INFO] [stdout]     |
[INFO] [stdout] 170 |   pub fn iter(&self) -> Iter<Word> {
[INFO] [stdout]     |               ^^^^^     ^^^^^^^^^^ the same lifetime is hidden here
[INFO] [stdout]     |               |
[INFO] [stdout]     |               the lifetime is elided here
[INFO] [stdout]     |
[INFO] [stdout]     = help: the same lifetime is referred to in inconsistent ways, making the signature confusing
[INFO] [stdout]     = note: `#[warn(mismatched_lifetime_syntaxes)]` on by default
[INFO] [stdout] help: use `'_` for type paths
[INFO] [stdout]     |
[INFO] [stdout] 170 |   pub fn iter(&self) -> Iter<'_, Word> {
[INFO] [stdout]     |                              +++
[INFO] [stdout] 
[INFO] [stdout] 
[INFO] [stderr]    Compiling jns42-core v0.1.3 (/opt/rustwide/workdir)
[INFO] [stdout] warning: for loop over a `&Option`. This is more readably written as an `if let` statement
[INFO] [stdout]   --> src/models/schema_arena.rs:31:23
[INFO] [stdout]    |
[INFO] [stdout] 31 |       for child_id in &schema.all_of {
[INFO] [stdout]    |                       ^^^^^^^^^^^^^^
[INFO] [stdout]    |
[INFO] [stdout]    = note: `#[warn(for_loops_over_fallibles)]` on by default
[INFO] [stdout] help: to check pattern in a loop use `while let`
[INFO] [stdout]    |
[INFO] [stdout] 31 -       for child_id in &schema.all_of {
[INFO] [stdout] 31 +       while let Some(child_id) = &schema.all_of {
[INFO] [stdout]    |
[INFO] [stdout] help: consider using `if let` to clear intent
[INFO] [stdout]    |
[INFO] [stdout] 31 -       for child_id in &schema.all_of {
[INFO] [stdout] 31 +       if let Some(child_id) = &schema.all_of {
[INFO] [stdout]    |
[INFO] [stdout] 
[INFO] [stdout] 
[INFO] [stdout] warning: for loop over a `&Option`. This is more readably written as an `if let` statement
[INFO] [stdout]   --> src/models/schema_arena.rs:37:23
[INFO] [stdout]    |
[INFO] [stdout] 37 |       for child_id in &schema.any_of {
[INFO] [stdout]    |                       ^^^^^^^^^^^^^^
[INFO] [stdout]    |
[INFO] [stdout] help: to check pattern in a loop use `while let`
[INFO] [stdout]    |
[INFO] [stdout] 37 -       for child_id in &schema.any_of {
[INFO] [stdout] 37 +       while let Some(child_id) = &schema.any_of {
[INFO] [stdout]    |
[INFO] [stdout] help: consider using `if let` to clear intent
[INFO] [stdout]    |
[INFO] [stdout] 37 -       for child_id in &schema.any_of {
[INFO] [stdout] 37 +       if let Some(child_id) = &schema.any_of {
[INFO] [stdout]    |
[INFO] [stdout] 
[INFO] [stdout] 
[INFO] [stdout] warning: for loop over a `&Option`. This is more readably written as an `if let` statement
[INFO] [stdout]   --> src/models/schema_arena.rs:43:23
[INFO] [stdout]    |
[INFO] [stdout] 43 |       for child_id in &schema.one_of {
[INFO] [stdout]    |                       ^^^^^^^^^^^^^^
[INFO] [stdout]    |
[INFO] [stdout] help: to check pattern in a loop use `while let`
[INFO] [stdout]    |
[INFO] [stdout] 43 -       for child_id in &schema.one_of {
[INFO] [stdout] 43 +       while let Some(child_id) = &schema.one_of {
[INFO] [stdout]    |
[INFO] [stdout] help: consider using `if let` to clear intent
[INFO] [stdout]    |
[INFO] [stdout] 43 -       for child_id in &schema.one_of {
[INFO] [stdout] 43 +       if let Some(child_id) = &schema.one_of {
[INFO] [stdout]    |
[INFO] [stdout] 
[INFO] [stdout] 
[INFO] [stdout] warning: hiding a lifetime that's elided elsewhere is confusing
[INFO] [stdout]    --> src/naming/sentence.rs:170:15
[INFO] [stdout]     |
[INFO] [stdout] 170 |   pub fn iter(&self) -> Iter<Word> {
[INFO] [stdout]     |               ^^^^^     ^^^^^^^^^^ the same lifetime is hidden here
[INFO] [stdout]     |               |
[INFO] [stdout]     |               the lifetime is elided here
[INFO] [stdout]     |
[INFO] [stdout]     = help: the same lifetime is referred to in inconsistent ways, making the signature confusing
[INFO] [stdout]     = note: `#[warn(mismatched_lifetime_syntaxes)]` on by default
[INFO] [stdout] help: use `'_` for type paths
[INFO] [stdout]     |
[INFO] [stdout] 170 |   pub fn iter(&self) -> Iter<'_, Word> {
[INFO] [stdout]     |                              +++
[INFO] [stdout] 
[INFO] [stdout] 
[INFO] [stderr]     Finished `release` profile [optimized] target(s) in 43.70s
[INFO] running `Command { std: "docker" "inspect" "3b15bb6f16841fa36f78ce47413f24907329da071271be20af85cd720d64d91e", kill_on_drop: false }`
[INFO] running `Command { std: "docker" "exec" "-e" "SOURCE_DIR=/opt/rustwide/workdir" "-e" "CARGO_HOME=/opt/rustwide/cargo-home" "-e" "RUSTUP_HOME=/opt/rustwide/rustup-home" "-e" "CARGO_TARGET_DIR=/opt/rustwide/target" "-e" "CARGO_INCREMENTAL=0" "-e" "RUST_BACKTRACE=full" "-e" "RUSTFLAGS=--cap-lints=warn" "-e" "RUSTDOCFLAGS=--cap-lints=warn" "-w" "/opt/rustwide/workdir" "--user" "0:0" "3b15bb6f16841fa36f78ce47413f24907329da071271be20af85cd720d64d91e" "/opt/rustwide/cargo-home/bin/cargo" "+1.100.0-beta.1" "test" "--frozen" "--release", kill_on_drop: false }`
[INFO] [stderr] warning: for loop over a `&Option`. This is more readably written as an `if let` statement
[INFO] [stderr]   --> src/models/schema_arena.rs:31:23
[INFO] [stderr]    |
[INFO] [stderr] 31 |       for child_id in &schema.all_of {
[INFO] [stderr]    |                       ^^^^^^^^^^^^^^
[INFO] [stderr]    |
[INFO] [stderr]    = note: `#[warn(for_loops_over_fallibles)]` on by default
[INFO] [stderr] help: to check pattern in a loop use `while let`
[INFO] [stderr]    |
[INFO] [stderr] 31 -       for child_id in &schema.all_of {
[INFO] [stderr] 31 +       while let Some(child_id) = &schema.all_of {
[INFO] [stderr]    |
[INFO] [stderr] help: consider using `if let` to clear intent
[INFO] [stderr]    |
[INFO] [stderr] 31 -       for child_id in &schema.all_of {
[INFO] [stderr] 31 +       if let Some(child_id) = &schema.all_of {
[INFO] [stderr]    |
[INFO] [stderr] 
[INFO] [stderr] warning: for loop over a `&Option`. This is more readably written as an `if let` statement
[INFO] [stderr]   --> src/models/schema_arena.rs:37:23
[INFO] [stderr]    |
[INFO] [stderr] 37 |       for child_id in &schema.any_of {
[INFO] [stderr]    |                       ^^^^^^^^^^^^^^
[INFO] [stderr]    |
[INFO] [stderr] help: to check pattern in a loop use `while let`
[INFO] [stderr]    |
[INFO] [stderr] 37 -       for child_id in &schema.any_of {
[INFO] [stderr] 37 +       while let Some(child_id) = &schema.any_of {
[INFO] [stderr]    |
[INFO] [stderr] help: consider using `if let` to clear intent
[INFO] [stderr]    |
[INFO] [stderr] 37 -       for child_id in &schema.any_of {
[INFO] [stderr] 37 +       if let Some(child_id) = &schema.any_of {
[INFO] [stderr]    |
[INFO] [stderr] 
[INFO] [stderr] warning: for loop over a `&Option`. This is more readably written as an `if let` statement
[INFO] [stderr]   --> src/models/schema_arena.rs:43:23
[INFO] [stderr]    |
[INFO] [stderr] 43 |       for child_id in &schema.one_of {
[INFO] [stderr]    |                       ^^^^^^^^^^^^^^
[INFO] [stderr]    |
[INFO] [stderr] help: to check pattern in a loop use `while let`
[INFO] [stderr]    |
[INFO] [stderr] 43 -       for child_id in &schema.one_of {
[INFO] [stderr] 43 +       while let Some(child_id) = &schema.one_of {
[INFO] [stderr]    |
[INFO] [stderr] help: consider using `if let` to clear intent
[INFO] [stderr]    |
[INFO] [stderr] 43 -       for child_id in &schema.one_of {
[INFO] [stderr] 43 +       if let Some(child_id) = &schema.one_of {
[INFO] [stderr]    |
[INFO] [stderr] 
[INFO] [stderr] warning: hiding a lifetime that's elided elsewhere is confusing
[INFO] [stderr]    --> src/naming/sentence.rs:170:15
[INFO] [stderr]     |
[INFO] [stderr] 170 |   pub fn iter(&self) -> Iter<Word> {
[INFO] [stderr]     |               ^^^^^     ^^^^^^^^^^ the same lifetime is hidden here
[INFO] [stderr]     |               |
[INFO] [stderr]     |               the lifetime is elided here
[INFO] [stderr]     |
[INFO] [stderr]     = help: the same lifetime is referred to in inconsistent ways, making the signature confusing
[INFO] [stderr]     = note: `#[warn(mismatched_lifetime_syntaxes)]` on by default
[INFO] [stderr] help: use `'_` for type paths
[INFO] [stderr]     |
[INFO] [stderr] 170 |   pub fn iter(&self) -> Iter<'_, Word> {
[INFO] [stderr]     |                              +++
[INFO] [stderr] 
[INFO] [stderr] warning: `jns42-core` (lib) generated 4 warnings (run `cargo fix --lib -p jns42-core` to apply 1 suggestion)
[INFO] [stderr] warning: `jns42-core` (lib test) generated 4 warnings (4 duplicates)
[INFO] [stderr]     Finished `release` profile [optimized] target(s) in 0.32s
[INFO] [stderr]      Running unittests src/lib.rs (/opt/rustwide/target/release/build/jns42-core/cd18eb71c13fea49/out/jns42_core-cd18eb71c13fea49)
[INFO] [stdout] 
[INFO] [stdout] running 55 tests
[INFO] [stdout] test naming::names_builder::tests::test_names_3 ... ok
[INFO] [stdout] test naming::names_builder::tests::test_names_4 ... ok
[INFO] [stdout] test naming::name_part::tests::test_part_order ... ok
[INFO] [stdout] test naming::sentence::tests::test_to_pascal_case ... ok
[INFO] [stdout] test naming::sentence::tests::test_new ... ok
[INFO] [stdout] test naming::sentence::tests::test_to_screaming_snake_case ... ok
[INFO] [stdout] test naming::sentence::tests::test_to_snake_case ... ok
[INFO] [stdout] test documents::document_context::tests::test_load_string_from_location ... FAILED
[INFO] [stdout] test schema_transforms::explode::tests::test_transform ... ok
[INFO] [stdout] test schema_transforms::flatten::all_of::tests::test_transform ... ok
[INFO] [stdout] test schema_transforms::flatten::any_of::tests::test_transform ... ok
[INFO] [stdout] test naming::names_builder::tests::test_names_1 ... ok
[INFO] [stdout] test naming::sentence::tests::test_to_camel_case ... ok
[INFO] [stdout] test schema_transforms::flatten::one_of::tests::test_transform ... ok
[INFO] [stdout] test schema_transforms::flip::all_of_any_of::tests::test_transform ... ok
[INFO] [stdout] test schema_transforms::inherit::all_of::tests::test_transform ... ok
[INFO] [stdout] test schema_transforms::flip::one_of_any_of::tests::test_transform ... ok
[INFO] [stdout] test schema_transforms::flip::one_of_all_of::tests::test_transform ... ok
[INFO] [stdout] test schema_transforms::inherit::any_of::tests::test_transform ... ok
[INFO] [stdout] test schema_transforms::inherit::one_of::tests::test_transform ... ok
[INFO] [stdout] test naming::names_builder::tests::test_names_2 ... ok
[INFO] [stdout] test schema_transforms::primary::tests::test_transform ... ok
[INFO] [stdout] test schema_transforms::flip::all_of_one_of::tests::test_transform ... ok
[INFO] [stdout] test schema_transforms::flip::any_of_all_of::tests::test_transform ... ok
[INFO] [stdout] test schema_transforms::flip::any_of_one_of::tests::test_transform ... ok
[INFO] [stdout] test schema_transforms::inherit::reference::tests::test_transform ... ok
[INFO] [stdout] test schema_transforms::resolve_all_of::tests::test_map ... ok
[INFO] [stdout] test schema_transforms::resolve_all_of::tests::test_tuple ... ok
[INFO] [stdout] test schema_transforms::resolve_all_of::tests::test_object ... ok
[INFO] [stdout] test schema_transforms::resolve_all_of::tests::test_primitive ... ok
[INFO] [stdout] test schema_transforms::resolve_any_of::tests::test_primitive ... ok
[INFO] [stdout] test schema_transforms::resolve_any_of::tests::test_array ... ok
[INFO] [stdout] test schema_transforms::resolve_any_of::tests::test_map ... ok
[INFO] [stdout] test schema_transforms::resolve_all_of::tests::test_array ... ok
[INFO] [stdout] test schema_transforms::resolve_all_of::tests::test_utility ... ok
[INFO] [stdout] test schema_transforms::resolve_any_of::tests::test_object ... ok
[INFO] [stdout] test schema_transforms::resolve_any_of::tests::test_tuple ... ok
[INFO] [stdout] test schema_transforms::resolve_any_of::tests::test_utility ... ok
[INFO] [stdout] test schema_transforms::resolve_single::all_of::tests::test_transform ... ok
[INFO] [stdout] test schema_transforms::resolve_single::any_of::tests::test_transform ... ok
[INFO] [stdout] test schema_transforms::resolve_single::one_of::tests::test_transform ... ok
[INFO] [stdout] test utils::merge::tests::test_merge_option ... ok
[INFO] [stdout] test schema_transforms::single_type::tests::test_transform ... ok
[INFO] [stdout] test utils::node_location::tests::node_location_join ... ok
[INFO] [stdout] test utils::node_location::tests::test_normalize_path ... ok
[INFO] [stdout] test utils::node_location::tests::test_unescape_hash ... ok
[INFO] [stdout] test utils::node_cache::tests::test_load_from_location ... FAILED
[INFO] [stdout] test utils::node_location::tests::test_url_regex ... ok
[INFO] [stdout] test utils::node_location::tests::node_location_parse_path ... ok
[INFO] [stdout] test schema_transforms::resolve_if_then_else::tests::test_transform ... ok
[INFO] [stdout] test schema_transforms::resolve_not::tests::test_transform ... ok
[INFO] [stdout] test utils::node_location::tests::node_location_parse_pointer ... ok
[INFO] [stdout] test utils::node_location::tests::test_escape_hash ... ok
[INFO] [stdout] test utils::product::tests::test_product ... ok
[INFO] [stdout] test models::schema_transform::tests::test_transform_1 ... ok
[INFO] [stderr] error: test failed, to rerun pass `--lib`
[INFO] [stdout] 
[INFO] [stdout] failures:
[INFO] [stdout] 
[INFO] [stdout] ---- documents::document_context::tests::test_load_string_from_location stdout ----
[INFO] [stdout] 
[INFO] [stdout] thread 'documents::document_context::tests::test_load_string_from_location' (3005) panicked at src/documents/document_context.rs:534:8:
[INFO] [stdout] called `Result::unwrap()` on an `Err` value: FetchError
[INFO] [stdout] stack backtrace:
[INFO] [stdout]    0:     0x56c7e7672cd1 - <<std[617be2ca0a6fd877]::sys::backtrace::BacktraceLock>::print::DisplayBacktrace as core[a373ad73a504971]::fmt::Display>::fmt
[INFO] [stdout]    1:     0x56c7e768bbba - core[a373ad73a504971]::fmt::write
[INFO] [stdout]    2:     0x56c7e767790c - <alloc[2e1b2a31b91974c5]::vec::Vec<u8> as core[a373ad73a504971]::io::write::Write>::write_fmt
[INFO] [stdout]    3:     0x56c7e764d646 - std[617be2ca0a6fd877]::panicking::default_hook::{closure#0}
[INFO] [stdout]    4:     0x56c7e766a9a9 - std[617be2ca0a6fd877]::panicking::default_hook
[INFO] [stdout]    5:     0x56c7e7512420 - test[aada8e7e76ba119b]::test_main_inner::{closure#0}
[INFO] [stdout]    6:     0x56c7e766ab62 - std[617be2ca0a6fd877]::panicking::panic_with_hook
[INFO] [stdout]    7:     0x56c7e764d6f2 - std[617be2ca0a6fd877]::panicking::panic_handler::{closure#0}
[INFO] [stdout]    8:     0x56c7e7645d99 - std[617be2ca0a6fd877]::sys::backtrace::__rust_end_short_backtrace::<std[617be2ca0a6fd877]::panicking::panic_handler::{closure#0}, !>
[INFO] [stdout]    9:     0x56c7e764e5fd - __rustc[ea4f61d10b84890b]::rust_begin_unwind
[INFO] [stdout]   10:     0x56c7e768c39c - core[a373ad73a504971]::panicking::panic_fmt
[INFO] [stdout]   11:     0x56c7e768c172 - core[a373ad73a504971]::result::unwrap_failed
[INFO] [stdout]   12:     0x56c7e733cc8f - jns42_core[f763e21825d45c75]::documents::document_context::tests::test_load_string_from_location::{closure#0}
[INFO] [stdout]   13:     0x56c7e7343a83 - <tokio[3db95fc21d6733b5]::runtime::scheduler::current_thread::Context>::enter::<core[a373ad73a504971]::task::poll::Poll<()>, <tokio[3db95fc21d6733b5]::runtime::scheduler::current_thread::CoreGuard>::block_on<core[a373ad73a504971]::pin::Pin<&mut core[a373ad73a504971]::pin::Pin<&mut dyn core[a373ad73a504971]::future::future::Future<Output = ()>>>>::{closure#0}::{closure#0}>
[INFO] [stdout]   14:     0x56c7e73bbd8c - <tokio[3db95fc21d6733b5]::runtime::context::scoped::Scoped<tokio[3db95fc21d6733b5]::runtime::scheduler::Context>>::set::<<tokio[3db95fc21d6733b5]::runtime::scheduler::current_thread::CoreGuard>::enter<<tokio[3db95fc21d6733b5]::runtime::scheduler::current_thread::CoreGuard>::block_on<core[a373ad73a504971]::pin::Pin<&mut core[a373ad73a504971]::pin::Pin<&mut dyn core[a373ad73a504971]::future::future::Future<Output = ()>>>>::{closure#0}, core[a373ad73a504971]::option::Option<()>>::{closure#0}, (alloc[2e1b2a31b91974c5]::boxed::Box<tokio[3db95fc21d6733b5]::runtime::scheduler::current_thread::Core>, core[a373ad73a504971]::option::Option<()>)>
[INFO] [stdout]   15:     0x56c7e7343c27 - <tokio[3db95fc21d6733b5]::runtime::scheduler::current_thread::CoreGuard>::block_on::<core[a373ad73a504971]::pin::Pin<&mut core[a373ad73a504971]::pin::Pin<&mut dyn core[a373ad73a504971]::future::future::Future<Output = ()>>>>
[INFO] [stdout]   16:     0x56c7e732c62d - tokio[3db95fc21d6733b5]::runtime::context::runtime::enter_runtime::<<tokio[3db95fc21d6733b5]::runtime::scheduler::current_thread::CurrentThread>::block_on<core[a373ad73a504971]::pin::Pin<&mut dyn core[a373ad73a504971]::future::future::Future<Output = ()>>>::{closure#0}, ()>
[INFO] [stdout]   17:     0x56c7e7343925 - <tokio[3db95fc21d6733b5]::runtime::runtime::Runtime>::block_on::<core[a373ad73a504971]::pin::Pin<&mut dyn core[a373ad73a504971]::future::future::Future<Output = ()>>>
[INFO] [stdout]   18:     0x56c7e734373e - <jns42_core[f763e21825d45c75]::documents::document_context::tests::test_load_string_from_location::{closure#0} as core[a373ad73a504971]::ops::function::FnOnce<()>>::call_once
[INFO] [stdout]   19:     0x56c7e750586b - test[aada8e7e76ba119b]::__rust_begin_short_backtrace::<core[a373ad73a504971]::result::Result<(), alloc[2e1b2a31b91974c5]::string::String>, fn() -> core[a373ad73a504971]::result::Result<(), alloc[2e1b2a31b91974c5]::string::String>>
[INFO] [stdout]   20:     0x56c7e7512a45 - test[aada8e7e76ba119b]::run_test::{closure#0}
[INFO] [stdout]   21:     0x56c7e750c334 - std[617be2ca0a6fd877]::sys::backtrace::__rust_begin_short_backtrace::<test[aada8e7e76ba119b]::run_test::{closure#1}, ()>
[INFO] [stdout]   22:     0x56c7e7515ad2 - <std[617be2ca0a6fd877]::thread::lifecycle::spawn_unchecked<test[aada8e7e76ba119b]::run_test::{closure#1}, ()>::{closure#1} as core[a373ad73a504971]::ops::function::FnOnce<()>>::call_once::{shim:vtable#0}
[INFO] [stdout]   23:     0x56c7e7671f0f - <std[617be2ca0a6fd877]::sys::thread::unix::Thread>::new::thread_start
[INFO] [stdout]   24:     0x7b53d20d5dfa - <unknown>
[INFO] [stdout]   25:     0x7b53d21693d4 - clone
[INFO] [stdout]   26:                0x0 - <unknown>
[INFO] [stdout] 
[INFO] [stdout] ---- utils::node_cache::tests::test_load_from_location stdout ----
[INFO] [stdout] 
[INFO] [stdout] thread 'utils::node_cache::tests::test_load_from_location' (3052) panicked at src/utils/node_cache.rs:259:47:
[INFO] [stdout] called `Result::unwrap()` on an `Err` value: FetchError
[INFO] [stdout] stack backtrace:
[INFO] [stdout]    0:     0x56c7e7672cd1 - <<std[617be2ca0a6fd877]::sys::backtrace::BacktraceLock>::print::DisplayBacktrace as core[a373ad73a504971]::fmt::Display>::fmt
[INFO] [stdout]    1:     0x56c7e768bbba - core[a373ad73a504971]::fmt::write
[INFO] [stdout]    2:     0x56c7e767790c - <alloc[2e1b2a31b91974c5]::vec::Vec<u8> as core[a373ad73a504971]::io::write::Write>::write_fmt
[INFO] [stdout]    3:     0x56c7e764d646 - std[617be2ca0a6fd877]::panicking::default_hook::{closure#0}
[INFO] [stdout]    4:     0x56c7e766a9a9 - std[617be2ca0a6fd877]::panicking::default_hook
[INFO] [stdout]    5:     0x56c7e7512420 - test[aada8e7e76ba119b]::test_main_inner::{closure#0}
[INFO] [stdout]    6:     0x56c7e766ab62 - std[617be2ca0a6fd877]::panicking::panic_with_hook
[INFO] [stdout]    7:     0x56c7e764d6f2 - std[617be2ca0a6fd877]::panicking::panic_handler::{closure#0}
[INFO] [stdout]    8:     0x56c7e7645d99 - std[617be2ca0a6fd877]::sys::backtrace::__rust_end_short_backtrace::<std[617be2ca0a6fd877]::panicking::panic_handler::{closure#0}, !>
[INFO] [stdout]    9:     0x56c7e764e5fd - __rustc[ea4f61d10b84890b]::rust_begin_unwind
[INFO] [stdout]   10:     0x56c7e768c39c - core[a373ad73a504971]::panicking::panic_fmt
[INFO] [stdout]   11:     0x56c7e768c172 - core[a373ad73a504971]::result::unwrap_failed
[INFO] [stdout]   12:     0x56c7e73cc473 - jns42_core[f763e21825d45c75]::utils::node_cache::tests::test_load_from_location::{closure#0}
[INFO] [stdout]   13:     0x56c7e7343a83 - <tokio[3db95fc21d6733b5]::runtime::scheduler::current_thread::Context>::enter::<core[a373ad73a504971]::task::poll::Poll<()>, <tokio[3db95fc21d6733b5]::runtime::scheduler::current_thread::CoreGuard>::block_on<core[a373ad73a504971]::pin::Pin<&mut core[a373ad73a504971]::pin::Pin<&mut dyn core[a373ad73a504971]::future::future::Future<Output = ()>>>>::{closure#0}::{closure#0}>
[INFO] [stdout]   14:     0x56c7e73bbd8c - <tokio[3db95fc21d6733b5]::runtime::context::scoped::Scoped<tokio[3db95fc21d6733b5]::runtime::scheduler::Context>>::set::<<tokio[3db95fc21d6733b5]::runtime::scheduler::current_thread::CoreGuard>::enter<<tokio[3db95fc21d6733b5]::runtime::scheduler::current_thread::CoreGuard>::block_on<core[a373ad73a504971]::pin::Pin<&mut core[a373ad73a504971]::pin::Pin<&mut dyn core[a373ad73a504971]::future::future::Future<Output = ()>>>>::{closure#0}, core[a373ad73a504971]::option::Option<()>>::{closure#0}, (alloc[2e1b2a31b91974c5]::boxed::Box<tokio[3db95fc21d6733b5]::runtime::scheduler::current_thread::Core>, core[a373ad73a504971]::option::Option<()>)>
[INFO] [stdout]   15:     0x56c7e7343c27 - <tokio[3db95fc21d6733b5]::runtime::scheduler::current_thread::CoreGuard>::block_on::<core[a373ad73a504971]::pin::Pin<&mut core[a373ad73a504971]::pin::Pin<&mut dyn core[a373ad73a504971]::future::future::Future<Output = ()>>>>
[INFO] [stdout]   16:     0x56c7e732c62d - tokio[3db95fc21d6733b5]::runtime::context::runtime::enter_runtime::<<tokio[3db95fc21d6733b5]::runtime::scheduler::current_thread::CurrentThread>::block_on<core[a373ad73a504971]::pin::Pin<&mut dyn core[a373ad73a504971]::future::future::Future<Output = ()>>>::{closure#0}, ()>
[INFO] [stdout]   17:     0x56c7e7343925 - <tokio[3db95fc21d6733b5]::runtime::runtime::Runtime>::block_on::<core[a373ad73a504971]::pin::Pin<&mut dyn core[a373ad73a504971]::future::future::Future<Output = ()>>>
[INFO] [stdout]   18:     0x56c7e73d9050 - <jns42_core[f763e21825d45c75]::utils::node_cache::tests::test_load_from_location::{closure#0} as core[a373ad73a504971]::ops::function::FnOnce<()>>::call_once
[INFO] [stdout]   19:     0x56c7e750586b - test[aada8e7e76ba119b]::__rust_begin_short_backtrace::<core[a373ad73a504971]::result::Result<(), alloc[2e1b2a31b91974c5]::string::String>, fn() -> core[a373ad73a504971]::result::Result<(), alloc[2e1b2a31b91974c5]::string::String>>
[INFO] [stdout]   20:     0x56c7e7512a45 - test[aada8e7e76ba119b]::run_test::{closure#0}
[INFO] [stdout]   21:     0x56c7e750c334 - std[617be2ca0a6fd877]::sys::backtrace::__rust_begin_short_backtrace::<test[aada8e7e76ba119b]::run_test::{closure#1}, ()>
[INFO] [stdout]   22:     0x56c7e7515ad2 - <std[617be2ca0a6fd877]::thread::lifecycle::spawn_unchecked<test[aada8e7e76ba119b]::run_test::{closure#1}, ()>::{closure#1} as core[a373ad73a504971]::ops::function::FnOnce<()>>::call_once::{shim:vtable#0}
[INFO] [stdout]   23:     0x56c7e7671f0f - <std[617be2ca0a6fd877]::sys::thread::unix::Thread>::new::thread_start
[INFO] [stdout]   24:     0x7b53d20d5dfa - <unknown>
[INFO] [stdout]   25:     0x7b53d21693d4 - clone
[INFO] [stdout]   26:                0x0 - <unknown>
[INFO] [stdout] 
[INFO] [stdout] 
[INFO] [stdout] failures:
[INFO] [stdout]     documents::document_context::tests::test_load_string_from_location
[INFO] [stdout]     utils::node_cache::tests::test_load_from_location
[INFO] [stdout] 
[INFO] [stdout] test result: FAILED. 53 passed; 2 failed; 0 ignored; 0 measured; 0 filtered out; finished in 0.08s
[INFO] [stdout] 
[INFO] running `Command { std: "docker" "inspect" "3b15bb6f16841fa36f78ce47413f24907329da071271be20af85cd720d64d91e", kill_on_drop: false }`
[INFO] running `Command { std: "docker" "rm" "-f" "3b15bb6f16841fa36f78ce47413f24907329da071271be20af85cd720d64d91e", kill_on_drop: false }`
[INFO] [stdout] 3b15bb6f16841fa36f78ce47413f24907329da071271be20af85cd720d64d91e
