[INFO] fetching crate jnisafe-check 0.1.1...
[INFO] testing jnisafe-check-0.1.1 against 1.99.0-beta.8+cargoflags=--release for beta-release-1.100-2
[INFO] extracting crate jnisafe-check 0.1.1 into /workspace/builds/worker-1-tc1/source
[INFO] started tweaking crates.io crate jnisafe-check 0.1.1
[INFO] removed 0 missing examples
[INFO] removed 0 missing tests
[INFO] finished tweaking crates.io crate jnisafe-check 0.1.1
[INFO] tweaked toml for crates.io crate jnisafe-check 0.1.1 written to /workspace/builds/worker-1-tc1/source/Cargo.toml
[INFO] validating manifest of crates.io crate jnisafe-check 0.1.1 on toolchain 1.99.0-beta.8
[INFO] running `Command { std: CARGO_HOME="/workspace/cargo-home" RUSTUP_HOME="/workspace/rustup-home" "/workspace/cargo-home/bin/cargo" "+1.99.0-beta.8" "metadata" "--manifest-path" "Cargo.toml" "--no-deps", kill_on_drop: false }`
[INFO] crate crates.io crate jnisafe-check 0.1.1 already has a lockfile, it will not be regenerated
[INFO] running `Command { std: CARGO_HOME="/workspace/cargo-home" RUSTUP_HOME="/workspace/rustup-home" "/workspace/cargo-home/bin/cargo" "+1.99.0-beta.8" "fetch" "--manifest-path" "Cargo.toml", kill_on_drop: false }`
[INFO] [stderr]     Updating crates.io index
[INFO] [stderr]  Downloading crates ...
[INFO] [stderr]   Downloaded cafebabe v0.9.0
[INFO] running `Command { std: "docker" "create" "-v" "/var/lib/crater-agent-workspace/builds/worker-1-tc1/source:/opt/rustwide/workdir:ro,Z" "-v" "/var/lib/crater-agent-workspace/builds/worker-1-tc1/target:/opt/rustwide/target:rw,Z" "-v" "/var/lib/crater-agent-workspace/cargo-home:/opt/rustwide/cargo-home:ro,Z" "-v" "/var/lib/crater-agent-workspace/rustup-home:/opt/rustwide/rustup-home:ro,Z" "-m" "1610612736" "--network" "none" "ghcr.io/rust-lang/crates-build-env/linux@sha256:77db811e55d90add9212f6832c23229e3de5f1c1f9905e8cb07319ea15df73ac" "sleep" "infinity", kill_on_drop: false }`
[INFO] [stdout] 4d45c72a2a04b02218dfb586023529f81049540bf393c2cb431471a986858598
[INFO] running `Command { std: "docker" "start" "4d45c72a2a04b02218dfb586023529f81049540bf393c2cb431471a986858598", kill_on_drop: false }`
[INFO] running `Command { std: "docker" "inspect" "4d45c72a2a04b02218dfb586023529f81049540bf393c2cb431471a986858598", kill_on_drop: false }`
[INFO] running `Command { std: "docker" "exec" "-e" "SOURCE_DIR=/opt/rustwide/workdir" "-e" "CARGO_HOME=/opt/rustwide/cargo-home" "-e" "RUSTUP_HOME=/opt/rustwide/rustup-home" "-e" "CARGO_TARGET_DIR=/opt/rustwide/target" "-w" "/opt/rustwide/workdir" "--user" "0:0" "4d45c72a2a04b02218dfb586023529f81049540bf393c2cb431471a986858598" "/opt/rustwide/cargo-home/bin/cargo" "+1.99.0-beta.8" "metadata" "--no-deps" "--format-version=1", kill_on_drop: false }`
[INFO] running `Command { std: "docker" "inspect" "4d45c72a2a04b02218dfb586023529f81049540bf393c2cb431471a986858598", kill_on_drop: false }`
[INFO] running `Command { std: "docker" "exec" "-e" "SOURCE_DIR=/opt/rustwide/workdir" "-e" "CARGO_HOME=/opt/rustwide/cargo-home" "-e" "RUSTUP_HOME=/opt/rustwide/rustup-home" "-e" "CARGO_TARGET_DIR=/opt/rustwide/target" "-e" "CARGO_INCREMENTAL=0" "-e" "RUST_BACKTRACE=full" "-e" "RUSTFLAGS=--cap-lints=warn" "-e" "RUSTDOCFLAGS=--cap-lints=warn" "-w" "/opt/rustwide/workdir" "--user" "0:0" "4d45c72a2a04b02218dfb586023529f81049540bf393c2cb431471a986858598" "/opt/rustwide/cargo-home/bin/cargo" "+1.99.0-beta.8" "build" "--frozen" "--message-format=json" "--release", kill_on_drop: false }`
[INFO] [stderr]    Compiling simd-adler32 v0.3.9
[INFO] [stderr]    Compiling proc-macro2 v1.0.106
[INFO] [stderr]    Compiling thiserror-impl v2.0.18
[INFO] [stderr]    Compiling quote v1.0.45
[INFO] [stderr]    Compiling zip v2.4.2
[INFO] [stderr]    Compiling clap_derive v4.6.1
[INFO] [stderr]    Compiling displaydoc v0.2.6
[INFO] [stderr]    Compiling clap_builder v4.6.0
[INFO] [stderr]    Compiling cesu8 v1.1.0
[INFO] [stderr]    Compiling serde_json v1.0.150
[INFO] [stderr]    Compiling serde v1.0.228
[INFO] [stderr]    Compiling cafebabe v0.9.0
[INFO] [stderr]    Compiling miniz_oxide v0.8.9
[INFO] [stderr]    Compiling zopfli v0.8.3
[INFO] [stderr]    Compiling flate2 v1.1.9
[INFO] [stderr]    Compiling syn v2.0.117
[INFO] [stderr]    Compiling thiserror v2.0.18
[INFO] [stderr]    Compiling clap v4.6.1
[INFO] [stderr]    Compiling jnisafe-check v0.1.1 (/opt/rustwide/workdir)
[INFO] [stderr]     Finished `release` profile [optimized] target(s) in 48.23s
[INFO] running `Command { std: "docker" "inspect" "4d45c72a2a04b02218dfb586023529f81049540bf393c2cb431471a986858598", kill_on_drop: false }`
[INFO] running `Command { std: "docker" "exec" "-e" "SOURCE_DIR=/opt/rustwide/workdir" "-e" "CARGO_HOME=/opt/rustwide/cargo-home" "-e" "RUSTUP_HOME=/opt/rustwide/rustup-home" "-e" "CARGO_TARGET_DIR=/opt/rustwide/target" "-e" "CARGO_INCREMENTAL=0" "-e" "RUST_BACKTRACE=full" "-e" "RUSTFLAGS=--cap-lints=warn" "-e" "RUSTDOCFLAGS=--cap-lints=warn" "-w" "/opt/rustwide/workdir" "--user" "0:0" "4d45c72a2a04b02218dfb586023529f81049540bf393c2cb431471a986858598" "/opt/rustwide/cargo-home/bin/cargo" "+1.99.0-beta.8" "test" "--frozen" "--no-run" "--message-format=json" "--release", kill_on_drop: false }`
[INFO] [stderr]    Compiling aho-corasick v1.1.4
[INFO] [stderr]    Compiling predicates-core v1.0.10
[INFO] [stderr]    Compiling float-cmp v0.10.0
[INFO] [stderr]    Compiling assert_cmd v2.2.2
[INFO] [stderr]    Compiling normalize-line-endings v0.3.0
[INFO] [stderr]    Compiling difflib v0.4.0
[INFO] [stderr]    Compiling termtree v0.5.1
[INFO] [stderr]    Compiling wait-timeout v0.2.1
[INFO] [stderr]    Compiling predicates-tree v1.0.13
[INFO] [stderr]    Compiling regex-automata v0.4.14
[INFO] [stderr]    Compiling regex v1.12.4
[INFO] [stderr]    Compiling bstr v1.12.1
[INFO] [stderr]    Compiling predicates v3.1.4
[INFO] [stderr]    Compiling jnisafe-check v0.1.1 (/opt/rustwide/workdir)
[INFO] [stderr]     Finished `release` profile [optimized] target(s) in 29.19s
[INFO] running `Command { std: "docker" "inspect" "4d45c72a2a04b02218dfb586023529f81049540bf393c2cb431471a986858598", kill_on_drop: false }`
[INFO] running `Command { std: "docker" "exec" "-e" "SOURCE_DIR=/opt/rustwide/workdir" "-e" "CARGO_HOME=/opt/rustwide/cargo-home" "-e" "RUSTUP_HOME=/opt/rustwide/rustup-home" "-e" "CARGO_TARGET_DIR=/opt/rustwide/target" "-e" "CARGO_INCREMENTAL=0" "-e" "RUST_BACKTRACE=full" "-e" "RUSTFLAGS=--cap-lints=warn" "-e" "RUSTDOCFLAGS=--cap-lints=warn" "-w" "/opt/rustwide/workdir" "--user" "0:0" "4d45c72a2a04b02218dfb586023529f81049540bf393c2cb431471a986858598" "/opt/rustwide/cargo-home/bin/cargo" "+1.99.0-beta.8" "test" "--frozen" "--release", kill_on_drop: false }`
[INFO] [stderr]     Finished `release` profile [optimized] target(s) in 0.09s
[INFO] [stderr]      Running unittests src/lib.rs (/opt/rustwide/target/release/deps/jnisafe_check-2c366d379bea449f)
[INFO] [stdout] 
[INFO] [stdout] running 41 tests
[INFO] [stdout] test ir::tests::args_descriptor_concatenates_and_short_circuits ... ok
[INFO] [stdout] test check::tests::mismatched_handle_annotation_is_e045 ... ok
[INFO] [stdout] test check::tests::matching_refs_clean ... ok
[INFO] [stdout] test check::tests::mismatched_handle_kind_is_e045 ... ok
[INFO] [stdout] test mangle::tests::array_descriptor_escapes ... ok
[INFO] [stdout] test ir::tests::field_descriptors_match_jvm_form ... ok
[INFO] [stdout] test mangle::tests::class_dotted_to_internal_forms ... ok
[INFO] [stdout] test mangle::tests::underscore_in_name ... ok
[INFO] [stdout] test mangle::tests::unicode ... ok
[INFO] [stdout] test check::tests::unannotated_handle_field_is_w005 ... ok
[INFO] [stdout] test check::tests::handle_field_matching_annotation_is_clean ... ok
[INFO] [stdout] test check::tests::field_and_constructor_problems ... ok
[INFO] [stdout] test mangle::tests::snake_to_camel_matches_jni_doc_table ... ok
[INFO] [stdout] test code::tests::descriptor_arg_and_return_widths ... ok
[INFO] [stdout] test check::tests::missing_method_is_e040_and_bad_signature_is_e041 ... ok
[INFO] [stdout] test rust_loader::macros::tests::bind_java_type_collects_rust_to_java_call_refs ... ok
[INFO] [stdout] test rust_loader::macros::tests::bind_java_type_java_type_property_and_block_method ... ok
[INFO] [stdout] test check::tests::distinct_java_symbols_no_e005 ... ok
[INFO] [stdout] test mangle::tests::overload_long_form ... ok
[INFO] [stdout] test mangle::tests::basic ... ok
[INFO] [stdout] test check::tests::unloaded_class_is_w004 ... ok
[INFO] [stdout] test check::tests::duplicate_java_symbol_reports_e005 ... ok
[INFO] [stdout] test typemap::tests::maps_collection_wrappers ... ok
[INFO] [stdout] test rust_loader::tests::jni_mangle_explicit_name_and_overload_signature ... ok
[INFO] [stdout] test rust_loader::tests::jni_mangle_fn_lowers_to_mangled_symbol ... ok
[INFO] [stdout] test rust_loader::macros::tests::native_method_name_override_in_array ... ok
[INFO] [stdout] test rust_loader::macros::tests::native_method_recognizes_jnisafe_handle_via_type_map ... ok
[INFO] [stdout] test rust_loader::tests::detects_both_no_mangle_spellings ... ok
[INFO] [stdout] test rust_loader::tests::maps_generic_array_wrappers ... ok
[INFO] [stdout] test rust_loader::tests::ignores_attributes_that_merely_mention_no_mangle ... ok
[INFO] [stdout] test rust_loader::tests::object_types_resolve_via_bind_java_type_registry ... ok
[INFO] [stdout] test typemap::tests::normalizes_whitespace ... ok
[INFO] [stdout] test rust_loader::tests::unregistered_object_type_is_unsupported ... ok
[INFO] [stdout] test typemap::tests::maps_primitives ... ok
[INFO] [stdout] test rust_loader::macros::tests::native_method_primitives ... ok
[INFO] [stderr]      Running unittests src/main.rs (/opt/rustwide/target/release/deps/jnisafe_check-bc4c604706fe1054)
[INFO] [stdout] test rust_loader::tests::jni_mangle_derives_camel_case_method_name_and_skips_env_receiver ... ok
[INFO] [stdout] test rust_loader::tests::resolve_overloads_remangles_same_name_to_long_form ... ok
[INFO] [stdout] test rust_loader::macros::tests::bind_java_type_native_methods_block ... ok
[INFO] [stdout] test rust_loader::tests::resolve_overloads_leaves_unique_names_short ... ok
[INFO] [stdout] test typemap::tests::unknown_is_none ... ok
[INFO] [stdout] test typemap::tests::maps_string_both_sides ... ok
[INFO] [stdout] 
[INFO] [stdout] test result: ok. 41 passed; 0 failed; 0 ignored; 0 measured; 0 filtered out; finished in 0.01s
[INFO] [stdout] 
[INFO] [stderr]      Running tests/e2e.rs (/opt/rustwide/target/release/deps/e2e-f747fb72637cd732)
[INFO] [stdout] 
[INFO] [stdout] running 0 tests
[INFO] [stdout] 
[INFO] [stdout] test result: ok. 0 passed; 0 failed; 0 ignored; 0 measured; 0 filtered out; finished in 0.00s
[INFO] [stdout] 
[INFO] [stdout] 
[INFO] [stdout] running 25 tests
[INFO] [stdout] test flow_basic_cases ... FAILED
[INFO] [stdout] test incorrect_reports_one_diagnostic_per_case ... FAILED
[INFO] [stdout] test field_handle_annotations_report_expected_diagnostics ... FAILED
[INFO] [stdout] test incorrect_calls_report_expected_diagnostics ... FAILED
[INFO] [stdout] test flow_exclusive_aliasing ... FAILED
[INFO] [stdout] test flow_lowers_bytecode ... FAILED
[INFO] [stdout] test array_wrappers_match_their_java_declarations ... FAILED
[INFO] [stdout] test jdk_missing_member_reports_e040 ... ok
[INFO] [stdout] test flow_forging ... FAILED
[INFO] [stdout] test flow_exposed_handles ... FAILED
[INFO] [stdout] test flow_affine_move ... FAILED
[INFO] [stdout] test flow_suppression_silences_category ... FAILED
[INFO] [stdout] test jdk_declared_members_verify ... ok
[INFO] [stdout] test overloaded_macro_methods_match_when_supported ... FAILED
[INFO] [stdout] test jdk_inherited_members_verify ... ok
[INFO] [stdout] test load_jdk_models_resolves_bytebuffer_and_supertypes ... ok
[INFO] [stdout] test correct_passes ... FAILED
[INFO] [stdout] test incorrect_macros_report_expected_diagnostics ... FAILED
[INFO] [stdout] test flow_owned_field_never_disposed ... FAILED
[INFO] [stdout] test java_loader_reads_pointer_annotations ... FAILED
[INFO] [stdout] test flow_field_take_and_overwrite ... FAILED
[INFO] [stdout] test json_output_carries_codes ... FAILED
[INFO] [stdout] test rust_loader_skips_env_and_receiver ... FAILED
[INFO] [stdout] test load_jdk_models_without_jdk_source_is_graceful ... ok
[INFO] [stdout] test object_array_of_bound_type_matches ... FAILED
[INFO] [stdout] 
[INFO] [stdout] failures:
[INFO] [stdout] 
[INFO] [stdout] ---- flow_basic_cases stdout ----
[INFO] [stdout] 
[INFO] [stdout] thread 'flow_basic_cases' (1042) panicked at tests/e2e.rs:405:21:
[INFO] [stdout] missing generated fixture: /opt/rustwide/workdir/tests/fixtures/classes/example/Flow.class
[INFO] [stdout] The `.class` files under tests/fixtures/classes/ are not committed.
[INFO] [stdout] Run `pixi run fixtures` (or `pixi run test`) to compile them, then re-run.
[INFO] [stdout] stack backtrace:
[INFO] [stdout]    0:     0x6195dde0d5e1 - <<std[70759c8f55707aa4]::sys::backtrace::BacktraceLock>::print::DisplayBacktrace as core[df12db4294e9bfd3]::fmt::Display>::fmt
[INFO] [stdout]    1:     0x6195dde238ba - core[df12db4294e9bfd3]::fmt::write
[INFO] [stdout]    2:     0x6195dde11f7c - <alloc[2182bb758b4b3781]::vec::Vec<u8> as core[df12db4294e9bfd3]::io::write::Write>::write_fmt
[INFO] [stdout]    3:     0x6195ddde83f6 - std[70759c8f55707aa4]::panicking::default_hook::{closure#0}
[INFO] [stdout]    4:     0x6195dde05169 - std[70759c8f55707aa4]::panicking::default_hook
[INFO] [stdout]    5:     0x6195ddb4ad00 - test[9d35eded1c95d3be]::test_main_inner::<test[9d35eded1c95d3be]::test_main_static::{closure#0}>::{closure#0}
[INFO] [stdout]    6:     0x6195dde05492 - std[70759c8f55707aa4]::panicking::panic_with_hook
[INFO] [stdout]    7:     0x6195ddde84a2 - std[70759c8f55707aa4]::panicking::panic_handler::{closure#0}
[INFO] [stdout]    8:     0x6195ddde0fc9 - std[70759c8f55707aa4]::sys::backtrace::__rust_end_short_backtrace::<std[70759c8f55707aa4]::panicking::panic_handler::{closure#0}, !>
[INFO] [stdout]    9:     0x6195ddde909d - __rustc[8fa7c3cbc660c2b3]::rust_begin_unwind
[INFO] [stdout]   10:     0x6195dde2401c - core[df12db4294e9bfd3]::panicking::panic_fmt
[INFO] [stdout]   11:     0x6195ddb2ffcb - e2e[b837738d5c8761b9]::class
[INFO] [stdout]   12:     0x6195ddb2fb07 - e2e[b837738d5c8761b9]::flow_report
[INFO] [stdout]   13:     0x6195ddb30bc5 - <e2e[b837738d5c8761b9]::flow_basic_cases::{closure#0} as core[df12db4294e9bfd3]::ops::function::FnOnce<()>>::call_once
[INFO] [stdout]   14:     0x6195ddb3dfeb - test[9d35eded1c95d3be]::__rust_begin_short_backtrace::<core[df12db4294e9bfd3]::result::Result<(), alloc[2182bb758b4b3781]::string::String>, fn() -> core[df12db4294e9bfd3]::result::Result<(), alloc[2182bb758b4b3781]::string::String>>
[INFO] [stdout]   15:     0x6195ddb4b655 - test[9d35eded1c95d3be]::run_test::{closure#0}
[INFO] [stdout]   16:     0x6195ddb44f14 - std[70759c8f55707aa4]::sys::backtrace::__rust_begin_short_backtrace::<test[9d35eded1c95d3be]::run_test::{closure#1}, ()>
[INFO] [stdout]   17:     0x6195ddb4e7b2 - <std[70759c8f55707aa4]::thread::lifecycle::spawn_unchecked<test[9d35eded1c95d3be]::run_test::{closure#1}, ()>::{closure#1} as core[df12db4294e9bfd3]::ops::function::FnOnce<()>>::call_once::{shim:vtable#0}
[INFO] [stdout]   18:     0x6195dde0c819 - <std[70759c8f55707aa4]::sys::thread::unix::Thread>::new::thread_start
[INFO] [stdout]   19:     0x7eb98fa56dfa - <unknown>
[INFO] [stdout]   20:     0x7eb98faea3d4 - clone
[INFO] [stdout]   21:                0x0 - <unknown>
[INFO] [stdout] 
[INFO] [stdout] ---- incorrect_reports_one_diagnostic_per_case stdout ----
[INFO] [stdout] 
[INFO] [stdout] thread 'incorrect_reports_one_diagnostic_per_case' (1052) panicked at tests/e2e.rs:134:14:
[INFO] [stdout] missing generated fixture: /opt/rustwide/workdir/tests/fixtures/classes/example/Incorrect.class
[INFO] [stdout] The `.class` files under tests/fixtures/classes/ are not committed.
[INFO] [stdout] Run `pixi run fixtures` (or `pixi run test`) to compile them, then re-run.
[INFO] [stdout] stack backtrace:
[INFO] [stdout]    0:     0x6195dde0d5e1 - <<std[70759c8f55707aa4]::sys::backtrace::BacktraceLock>::print::DisplayBacktrace as core[df12db4294e9bfd3]::fmt::Display>::fmt
[INFO] [stdout]    1:     0x6195dde238ba - core[df12db4294e9bfd3]::fmt::write
[INFO] [stdout]    2:     0x6195dde11f7c - <alloc[2182bb758b4b3781]::vec::Vec<u8> as core[df12db4294e9bfd3]::io::write::Write>::write_fmt
[INFO] [stdout]    3:     0x6195ddde83f6 - std[70759c8f55707aa4]::panicking::default_hook::{closure#0}
[INFO] [stdout]    4:     0x6195dde05169 - std[70759c8f55707aa4]::panicking::default_hook
[INFO] [stdout]    5:     0x6195ddb4ad00 - test[9d35eded1c95d3be]::test_main_inner::<test[9d35eded1c95d3be]::test_main_static::{closure#0}>::{closure#0}
[INFO] [stdout]    6:     0x6195dde05492 - std[70759c8f55707aa4]::panicking::panic_with_hook
[INFO] [stdout]    7:     0x6195ddde84a2 - std[70759c8f55707aa4]::panicking::panic_handler::{closure#0}
[INFO] [stdout]    8:     0x6195ddde0fc9 - std[70759c8f55707aa4]::sys::backtrace::__rust_end_short_backtrace::<std[70759c8f55707aa4]::panicking::panic_handler::{closure#0}, !>
[INFO] [stdout]    9:     0x6195ddde909d - __rustc[8fa7c3cbc660c2b3]::rust_begin_unwind
[INFO] [stdout]   10:     0x6195dde2401c - core[df12db4294e9bfd3]::panicking::panic_fmt
[INFO] [stdout]   11:     0x6195ddb2ffcb - e2e[b837738d5c8761b9]::class
[INFO] [stdout]   12:     0x6195ddb33d17 - <e2e[b837738d5c8761b9]::incorrect_reports_one_diagnostic_per_case::{closure#0} as core[df12db4294e9bfd3]::ops::function::FnOnce<()>>::call_once
[INFO] [stdout]   13:     0x6195ddb3dfeb - test[9d35eded1c95d3be]::__rust_begin_short_backtrace::<core[df12db4294e9bfd3]::result::Result<(), alloc[2182bb758b4b3781]::string::String>, fn() -> core[df12db4294e9bfd3]::result::Result<(), alloc[2182bb758b4b3781]::string::String>>
[INFO] [stdout]   14:     0x6195ddb4b655 - test[9d35eded1c95d3be]::run_test::{closure#0}
[INFO] [stdout]   15:     0x6195ddb44f14 - std[70759c8f55707aa4]::sys::backtrace::__rust_begin_short_backtrace::<test[9d35eded1c95d3be]::run_test::{closure#1}, ()>
[INFO] [stdout]   16:     0x6195ddb4e7b2 - <std[70759c8f55707aa4]::thread::lifecycle::spawn_unchecked<test[9d35eded1c95d3be]::run_test::{closure#1}, ()>::{closure#1} as core[df12db4294e9bfd3]::ops::function::FnOnce<()>>::call_once::{shim:vtable#0}
[INFO] [stdout]   17:     0x6195dde0c819 - <std[70759c8f55707aa4]::sys::thread::unix::Thread>::new::thread_start
[INFO] [stdout]   18:     0x7eb98fa56dfa - <unknown>
[INFO] [stdout]   19:     0x7eb98faea3d4 - clone
[INFO] [stdout]   20:                0x0 - <unknown>
[INFO] [stdout] 
[INFO] [stdout] ---- field_handle_annotations_report_expected_diagnostics stdout ----
[INFO] [stdout] 
[INFO] [stdout] thread 'field_handle_annotations_report_expected_diagnostics' (1040) panicked at tests/e2e.rs:211:14:
[INFO] [stdout] missing generated fixture: /opt/rustwide/workdir/tests/fixtures/classes/example/FieldHandles.class
[INFO] [stdout] The `.class` files under tests/fixtures/classes/ are not committed.
[INFO] [stdout] Run `pixi run fixtures` (or `pixi run test`) to compile them, then re-run.
[INFO] [stdout] stack backtrace:
[INFO] [stdout]    0:     0x6195dde0d5e1 - <<std[70759c8f55707aa4]::sys::backtrace::BacktraceLock>::print::DisplayBacktrace as core[df12db4294e9bfd3]::fmt::Display>::fmt
[INFO] [stdout]    1:     0x6195dde238ba - core[df12db4294e9bfd3]::fmt::write
[INFO] [stdout]    2:     0x6195dde11f7c - <alloc[2182bb758b4b3781]::vec::Vec<u8> as core[df12db4294e9bfd3]::io::write::Write>::write_fmt
[INFO] [stdout]    3:     0x6195ddde83f6 - std[70759c8f55707aa4]::panicking::default_hook::{closure#0}
[INFO] [stdout]    4:     0x6195dde05169 - std[70759c8f55707aa4]::panicking::default_hook
[INFO] [stdout]    5:     0x6195ddb4ad00 - test[9d35eded1c95d3be]::test_main_inner::<test[9d35eded1c95d3be]::test_main_static::{closure#0}>::{closure#0}
[INFO] [stdout]    6:     0x6195dde05492 - std[70759c8f55707aa4]::panicking::panic_with_hook
[INFO] [stdout]    7:     0x6195ddde84a2 - std[70759c8f55707aa4]::panicking::panic_handler::{closure#0}
[INFO] [stdout]    8:     0x6195ddde0fc9 - std[70759c8f55707aa4]::sys::backtrace::__rust_end_short_backtrace::<std[70759c8f55707aa4]::panicking::panic_handler::{closure#0}, !>
[INFO] [stdout]    9:     0x6195ddde909d - __rustc[8fa7c3cbc660c2b3]::rust_begin_unwind
[INFO] [stdout]   10:     0x6195dde2401c - core[df12db4294e9bfd3]::panicking::panic_fmt
[INFO] [stdout]   11:     0x6195ddb2ffcb - e2e[b837738d5c8761b9]::class
[INFO] [stdout]   12:     0x6195ddb35ff7 - <e2e[b837738d5c8761b9]::field_handle_annotations_report_expected_diagnostics::{closure#0} as core[df12db4294e9bfd3]::ops::function::FnOnce<()>>::call_once
[INFO] [stdout]   13:     0x6195ddb3dfeb - test[9d35eded1c95d3be]::__rust_begin_short_backtrace::<core[df12db4294e9bfd3]::result::Result<(), alloc[2182bb758b4b3781]::string::String>, fn() -> core[df12db4294e9bfd3]::result::Result<(), alloc[2182bb758b4b3781]::string::String>>
[INFO] [stdout]   14:     0x6195ddb4b655 - test[9d35eded1c95d3be]::run_test::{closure#0}
[INFO] [stdout]   15:     0x6195ddb44f14 - std[70759c8f55707aa4]::sys::backtrace::__rust_begin_short_backtrace::<test[9d35eded1c95d3be]::run_test::{closure#1}, ()>
[INFO] [stdout]   16:     0x6195ddb4e7b2 - <std[70759c8f55707aa4]::thread::lifecycle::spawn_unchecked<test[9d35eded1c95d3be]::run_test::{closure#1}, ()>::{closure#1} as core[df12db4294e9bfd3]::ops::function::FnOnce<()>>::call_once::{shim:vtable#0}
[INFO] [stdout]   17:     0x6195dde0c819 - <std[70759c8f55707aa4]::sys::thread::unix::Thread>::new::thread_start
[INFO] [stdout]   18:     0x7eb98fa56dfa - <unknown>
[INFO] [stdout]   19:     0x7eb98faea3d4 - clone
[INFO] [stdout]   20:                0x0 - <unknown>
[INFO] [stdout] 
[INFO] [stdout] ---- incorrect_calls_report_expected_diagnostics stdout ----
[INFO] [stdout] 
[INFO] [stdout] thread 'incorrect_calls_report_expected_diagnostics' (1050) panicked at tests/e2e.rs:185:14:
[INFO] [stdout] missing generated fixture: /opt/rustwide/workdir/tests/fixtures/classes/example/IncorrectCalls.class
[INFO] [stdout] The `.class` files under tests/fixtures/classes/ are not committed.
[INFO] [stdout] Run `pixi run fixtures` (or `pixi run test`) to compile them, then re-run.
[INFO] [stdout] stack backtrace:
[INFO] [stdout]    0:     0x6195dde0d5e1 - <<std[70759c8f55707aa4]::sys::backtrace::BacktraceLock>::print::DisplayBacktrace as core[df12db4294e9bfd3]::fmt::Display>::fmt
[INFO] [stdout]    1:     0x6195dde238ba - core[df12db4294e9bfd3]::fmt::write
[INFO] [stdout]    2:     0x6195dde11f7c - <alloc[2182bb758b4b3781]::vec::Vec<u8> as core[df12db4294e9bfd3]::io::write::Write>::write_fmt
[INFO] [stdout]    3:     0x6195ddde83f6 - std[70759c8f55707aa4]::panicking::default_hook::{closure#0}
[INFO] [stdout]    4:     0x6195dde05169 - std[70759c8f55707aa4]::panicking::default_hook
[INFO] [stdout]    5:     0x6195ddb4ad00 - test[9d35eded1c95d3be]::test_main_inner::<test[9d35eded1c95d3be]::test_main_static::{closure#0}>::{closure#0}
[INFO] [stdout]    6:     0x6195dde05492 - std[70759c8f55707aa4]::panicking::panic_with_hook
[INFO] [stdout]    7:     0x6195ddde84a2 - std[70759c8f55707aa4]::panicking::panic_handler::{closure#0}
[INFO] [stdout]    8:     0x6195ddde0fc9 - std[70759c8f55707aa4]::sys::backtrace::__rust_end_short_backtrace::<std[70759c8f55707aa4]::panicking::panic_handler::{closure#0}, !>
[INFO] [stdout]    9:     0x6195ddde909d - __rustc[8fa7c3cbc660c2b3]::rust_begin_unwind
[INFO] [stdout]   10:     0x6195dde2401c - core[df12db4294e9bfd3]::panicking::panic_fmt
[INFO] [stdout]   11:     0x6195ddb2ffcb - e2e[b837738d5c8761b9]::class
[INFO] [stdout]   12:     0x6195ddb340c7 - <e2e[b837738d5c8761b9]::incorrect_calls_report_expected_diagnostics::{closure#0} as core[df12db4294e9bfd3]::ops::function::FnOnce<()>>::call_once
[INFO] [stdout]   13:     0x6195ddb3dfeb - test[9d35eded1c95d3be]::__rust_begin_short_backtrace::<core[df12db4294e9bfd3]::result::Result<(), alloc[2182bb758b4b3781]::string::String>, fn() -> core[df12db4294e9bfd3]::result::Result<(), alloc[2182bb758b4b3781]::string::String>>
[INFO] [stdout]   14:     0x6195ddb4b655 - test[9d35eded1c95d3be]::run_test::{closure#0}
[INFO] [stdout]   15:     0x6195ddb44f14 - std[70759c8f55707aa4]::sys::backtrace::__rust_begin_short_backtrace::<test[9d35eded1c95d3be]::run_test::{closure#1}, ()>
[INFO] [stdout]   16:     0x6195ddb4e7b2 - <std[70759c8f55707aa4]::thread::lifecycle::spawn_unchecked<test[9d35eded1c95d3be]::run_test::{closure#1}, ()>::{closure#1} as core[df12db4294e9bfd3]::ops::function::FnOnce<()>>::call_once::{shim:vtable#0}
[INFO] [stdout]   17:     0x6195dde0c819 - <std[70759c8f55707aa4]::sys::thread::unix::Thread>::new::thread_start
[INFO] [stdout]   18:     0x7eb98fa56dfa - <unknown>
[INFO] [stdout]   19:     0x7eb98faea3d4 - clone
[INFO] [stdout]   20:                0x0 - <unknown>
[INFO] [stdout] 
[INFO] [stdout] ---- flow_exclusive_aliasing stdout ----
[INFO] [stdout] 
[INFO] [stdout] thread 'flow_exclusive_aliasing' (1043) panicked at tests/e2e.rs:405:21:
[INFO] [stdout] missing generated fixture: /opt/rustwide/workdir/tests/fixtures/classes/example/AliasFlow.class
[INFO] [stdout] The `.class` files under tests/fixtures/classes/ are not committed.
[INFO] [stdout] Run `pixi run fixtures` (or `pixi run test`) to compile them, then re-run.
[INFO] [stdout] stack backtrace:
[INFO] [stdout]    0:     0x6195dde0d5e1 - <<std[70759c8f55707aa4]::sys::backtrace::BacktraceLock>::print::DisplayBacktrace as core[df12db4294e9bfd3]::fmt::Display>::fmt
[INFO] [stdout]    1:     0x6195dde238ba - core[df12db4294e9bfd3]::fmt::write
[INFO] [stdout]    2:     0x6195dde11f7c - <alloc[2182bb758b4b3781]::vec::Vec<u8> as core[df12db4294e9bfd3]::io::write::Write>::write_fmt
[INFO] [stdout]    3:     0x6195ddde83f6 - std[70759c8f55707aa4]::panicking::default_hook::{closure#0}
[INFO] [stdout]    4:     0x6195dde05169 - std[70759c8f55707aa4]::panicking::default_hook
[INFO] [stdout]    5:     0x6195ddb4ad00 - test[9d35eded1c95d3be]::test_main_inner::<test[9d35eded1c95d3be]::test_main_static::{closure#0}>::{closure#0}
[INFO] [stdout]    6:     0x6195dde05492 - std[70759c8f55707aa4]::panicking::panic_with_hook
[INFO] [stdout]    7:     0x6195ddde84a2 - std[70759c8f55707aa4]::panicking::panic_handler::{closure#0}
[INFO] [stdout]    8:     0x6195ddde0fc9 - std[70759c8f55707aa4]::sys::backtrace::__rust_end_short_backtrace::<std[70759c8f55707aa4]::panicking::panic_handler::{closure#0}, !>
[INFO] [stdout]    9:     0x6195ddde909d - __rustc[8fa7c3cbc660c2b3]::rust_begin_unwind
[INFO] [stdout]   10:     0x6195dde2401c - core[df12db4294e9bfd3]::panicking::panic_fmt
[INFO] [stdout]   11:     0x6195ddb2ffcb - e2e[b837738d5c8761b9]::class
[INFO] [stdout]   12:     0x6195ddb2fb07 - e2e[b837738d5c8761b9]::flow_report
[INFO] [stdout]   13:     0x6195ddb312c5 - <e2e[b837738d5c8761b9]::flow_exclusive_aliasing::{closure#0} as core[df12db4294e9bfd3]::ops::function::FnOnce<()>>::call_once
[INFO] [stdout]   14:     0x6195ddb3dfeb - test[9d35eded1c95d3be]::__rust_begin_short_backtrace::<core[df12db4294e9bfd3]::result::Result<(), alloc[2182bb758b4b3781]::string::String>, fn() -> core[df12db4294e9bfd3]::result::Result<(), alloc[2182bb758b4b3781]::string::String>>
[INFO] [stdout]   15:     0x6195ddb4b655 - test[9d35eded1c95d3be]::run_test::{closure#0}
[INFO] [stdout]   16:     0x6195ddb44f14 - std[70759c8f55707aa4]::sys::backtrace::__rust_begin_short_backtrace::<test[9d35eded1c95d3be]::run_test::{closure#1}, ()>
[INFO] [stdout]   17:     0x6195ddb4e7b2 - <std[70759c8f55707aa4]::thread::lifecycle::spawn_unchecked<test[9d35eded1c95d3be]::run_test::{closure#1}, ()>::{closure#1} as core[df12db4294e9bfd3]::ops::function::FnOnce<()>>::call_once::{shim:vtable#0}
[INFO] [stdout]   18:     0x6195dde0c819 - <std[70759c8f55707aa4]::sys::thread::unix::Thread>::new::thread_start
[INFO] [stdout]   19:     0x7eb98fa56dfa - <unknown>
[INFO] [stdout]   20:     0x7eb98faea3d4 - clone
[INFO] [stdout]   21:                0x0 - <unknown>
[INFO] [stdout] 
[INFO] [stdout] ---- flow_lowers_bytecode stdout ----
[INFO] [stdout] 
[INFO] [stdout] thread 'flow_lowers_bytecode' (1047) panicked at tests/e2e.rs:515:44:
[INFO] [stdout] missing generated fixture: /opt/rustwide/workdir/tests/fixtures/classes/example/Forge.class
[INFO] [stdout] The `.class` files under tests/fixtures/classes/ are not committed.
[INFO] [stdout] Run `pixi run fixtures` (or `pixi run test`) to compile them, then re-run.
[INFO] [stdout] stack backtrace:
[INFO] [stdout]    0:     0x6195dde0d5e1 - <<std[70759c8f55707aa4]::sys::backtrace::BacktraceLock>::print::DisplayBacktrace as core[df12db4294e9bfd3]::fmt::Display>::fmt
[INFO] [stdout]    1:     0x6195dde238ba - core[df12db4294e9bfd3]::fmt::write
[INFO] [stdout]    2:     0x6195dde11f7c - <alloc[2182bb758b4b3781]::vec::Vec<u8> as core[df12db4294e9bfd3]::io::write::Write>::write_fmt
[INFO] [stdout]    3:     0x6195ddde83f6 - std[70759c8f55707aa4]::panicking::default_hook::{closure#0}
[INFO] [stdout]    4:     0x6195dde05169 - std[70759c8f55707aa4]::panicking::default_hook
[INFO] [stdout]    5:     0x6195ddb4ad00 - test[9d35eded1c95d3be]::test_main_inner::<test[9d35eded1c95d3be]::test_main_static::{closure#0}>::{closure#0}
[INFO] [stdout]    6:     0x6195dde05492 - std[70759c8f55707aa4]::panicking::panic_with_hook
[INFO] [stdout]    7:     0x6195ddde84a2 - std[70759c8f55707aa4]::panicking::panic_handler::{closure#0}
[INFO] [stdout]    8:     0x6195ddde0fc9 - std[70759c8f55707aa4]::sys::backtrace::__rust_end_short_backtrace::<std[70759c8f55707aa4]::panicking::panic_handler::{closure#0}, !>
[INFO] [stdout]    9:     0x6195ddde909d - __rustc[8fa7c3cbc660c2b3]::rust_begin_unwind
[INFO] [stdout]   10:     0x6195dde2401c - core[df12db4294e9bfd3]::panicking::panic_fmt
[INFO] [stdout]   11:     0x6195ddb2ffcb - e2e[b837738d5c8761b9]::class
[INFO] [stdout]   12:     0x6195ddb30e31 - <e2e[b837738d5c8761b9]::flow_lowers_bytecode::{closure#0} as core[df12db4294e9bfd3]::ops::function::FnOnce<()>>::call_once
[INFO] [stdout]   13:     0x6195ddb3dfeb - test[9d35eded1c95d3be]::__rust_begin_short_backtrace::<core[df12db4294e9bfd3]::result::Result<(), alloc[2182bb758b4b3781]::string::String>, fn() -> core[df12db4294e9bfd3]::result::Result<(), alloc[2182bb758b4b3781]::string::String>>
[INFO] [stdout]   14:     0x6195ddb4b655 - test[9d35eded1c95d3be]::run_test::{closure#0}
[INFO] [stdout]   15:     0x6195ddb44f14 - std[70759c8f55707aa4]::sys::backtrace::__rust_begin_short_backtrace::<test[9d35eded1c95d3be]::run_test::{closure#1}, ()>
[INFO] [stdout]   16:     0x6195ddb4e7b2 - <std[70759c8f55707aa4]::thread::lifecycle::spawn_unchecked<test[9d35eded1c95d3be]::run_test::{closure#1}, ()>::{closure#1} as core[df12db4294e9bfd3]::ops::function::FnOnce<()>>::call_once::{shim:vtable#0}
[INFO] [stdout]   17:     0x6195dde0c819 - <std[70759c8f55707aa4]::sys::thread::unix::Thread>::new::thread_start
[INFO] [stdout]   18:     0x7eb98fa56dfa - <unknown>
[INFO] [stdout]   19:     0x7eb98faea3d4 - clone
[INFO] [stdout]   20:                0x0 - <unknown>
[INFO] [stdout] 
[INFO] [stdout] ---- array_wrappers_match_their_java_declarations stdout ----
[INFO] [stdout] 
[INFO] [stdout] thread 'array_wrappers_match_their_java_declarations' (1038) panicked at tests/e2e.rs:250:14:
[INFO] [stdout] missing generated fixture: /opt/rustwide/workdir/tests/fixtures/classes/example/Arrays.class
[INFO] [stdout] The `.class` files under tests/fixtures/classes/ are not committed.
[INFO] [stdout] Run `pixi run fixtures` (or `pixi run test`) to compile them, then re-run.
[INFO] [stdout] stack backtrace:
[INFO] [stdout]    0:     0x6195dde0d5e1 - <<std[70759c8f55707aa4]::sys::backtrace::BacktraceLock>::print::DisplayBacktrace as core[df12db4294e9bfd3]::fmt::Display>::fmt
[INFO] [stdout]    1:     0x6195dde238ba - core[df12db4294e9bfd3]::fmt::write
[INFO] [stdout]    2:     0x6195dde11f7c - <alloc[2182bb758b4b3781]::vec::Vec<u8> as core[df12db4294e9bfd3]::io::write::Write>::write_fmt
[INFO] [stdout]    3:     0x6195ddde83f6 - std[70759c8f55707aa4]::panicking::default_hook::{closure#0}
[INFO] [stdout]    4:     0x6195dde05169 - std[70759c8f55707aa4]::panicking::default_hook
[INFO] [stdout]    5:     0x6195ddb4ad00 - test[9d35eded1c95d3be]::test_main_inner::<test[9d35eded1c95d3be]::test_main_static::{closure#0}>::{closure#0}
[INFO] [stdout]    6:     0x6195dde05492 - std[70759c8f55707aa4]::panicking::panic_with_hook
[INFO] [stdout]    7:     0x6195ddde84a2 - std[70759c8f55707aa4]::panicking::panic_handler::{closure#0}
[INFO] [stdout]    8:     0x6195ddde0fc9 - std[70759c8f55707aa4]::sys::backtrace::__rust_end_short_backtrace::<std[70759c8f55707aa4]::panicking::panic_handler::{closure#0}, !>
[INFO] [stdout]    9:     0x6195ddde909d - __rustc[8fa7c3cbc660c2b3]::rust_begin_unwind
[INFO] [stdout]   10:     0x6195dde2401c - core[df12db4294e9bfd3]::panicking::panic_fmt
[INFO] [stdout]   11:     0x6195ddb2ffcb - e2e[b837738d5c8761b9]::class
[INFO] [stdout]   12:     0x6195ddb34470 - <e2e[b837738d5c8761b9]::array_wrappers_match_their_java_declarations::{closure#0} as core[df12db4294e9bfd3]::ops::function::FnOnce<()>>::call_once
[INFO] [stdout]   13:     0x6195ddb3dfeb - test[9d35eded1c95d3be]::__rust_begin_short_backtrace::<core[df12db4294e9bfd3]::result::Result<(), alloc[2182bb758b4b3781]::string::String>, fn() -> core[df12db4294e9bfd3]::result::Result<(), alloc[2182bb758b4b3781]::string::String>>
[INFO] [stdout]   14:     0x6195ddb4b655 - test[9d35eded1c95d3be]::run_test::{closure#0}
[INFO] [stdout]   15:     0x6195ddb44f14 - std[70759c8f55707aa4]::sys::backtrace::__rust_begin_short_backtrace::<test[9d35eded1c95d3be]::run_test::{closure#1}, ()>
[INFO] [stdout]   16:     0x6195ddb4e7b2 - <std[70759c8f55707aa4]::thread::lifecycle::spawn_unchecked<test[9d35eded1c95d3be]::run_test::{closure#1}, ()>::{closure#1} as core[df12db4294e9bfd3]::ops::function::FnOnce<()>>::call_once::{shim:vtable#0}
[INFO] [stdout]   17:     0x6195dde0c819 - <std[70759c8f55707aa4]::sys::thread::unix::Thread>::new::thread_start
[INFO] [stdout]   18:     0x7eb98fa56dfa - <unknown>
[INFO] [stdout]   19:     0x7eb98faea3d4 - clone
[INFO] [stdout]   20:                0x0 - <unknown>
[INFO] [stdout] 
[INFO] [stdout] ---- flow_forging stdout ----
[INFO] [stdout] 
[INFO] [stdout] thread 'flow_forging' (1046) panicked at tests/e2e.rs:405:21:
[INFO] [stdout] missing generated fixture: /opt/rustwide/workdir/tests/fixtures/classes/example/Forge.class
[INFO] [stdout] The `.class` files under tests/fixtures/classes/ are not committed.
[INFO] [stdout] Run `pixi run fixtures` (or `pixi run test`) to compile them, then re-run.
[INFO] [stdout] stack backtrace:
[INFO] [stdout]    0:     0x6195dde0d5e1 - <<std[70759c8f55707aa4]::sys::backtrace::BacktraceLock>::print::DisplayBacktrace as core[df12db4294e9bfd3]::fmt::Display>::fmt
[INFO] [stdout]    1:     0x6195dde238ba - core[df12db4294e9bfd3]::fmt::write
[INFO] [stdout]    2:     0x6195dde11f7c - <alloc[2182bb758b4b3781]::vec::Vec<u8> as core[df12db4294e9bfd3]::io::write::Write>::write_fmt
[INFO] [stdout]    3:     0x6195ddde83f6 - std[70759c8f55707aa4]::panicking::default_hook::{closure#0}
[INFO] [stdout]    4:     0x6195dde05169 - std[70759c8f55707aa4]::panicking::default_hook
[INFO] [stdout]    5:     0x6195ddb4ad00 - test[9d35eded1c95d3be]::test_main_inner::<test[9d35eded1c95d3be]::test_main_static::{closure#0}>::{closure#0}
[INFO] [stdout]    6:     0x6195dde05492 - std[70759c8f55707aa4]::panicking::panic_with_hook
[INFO] [stdout]    7:     0x6195ddde84a2 - std[70759c8f55707aa4]::panicking::panic_handler::{closure#0}
[INFO] [stdout]    8:     0x6195ddde0fc9 - std[70759c8f55707aa4]::sys::backtrace::__rust_end_short_backtrace::<std[70759c8f55707aa4]::panicking::panic_handler::{closure#0}, !>
[INFO] [stdout]    9:     0x6195ddde909d - __rustc[8fa7c3cbc660c2b3]::rust_begin_unwind
[INFO] [stdout]   10:     0x6195dde2401c - core[df12db4294e9bfd3]::panicking::panic_fmt
[INFO] [stdout]   11:     0x6195ddb2ffcb - e2e[b837738d5c8761b9]::class
[INFO] [stdout]   12:     0x6195ddb2fb07 - e2e[b837738d5c8761b9]::flow_report
[INFO] [stdout]   13:     0x6195ddb303b5 - <e2e[b837738d5c8761b9]::flow_forging::{closure#0} as core[df12db4294e9bfd3]::ops::function::FnOnce<()>>::call_once
[INFO] [stdout]   14:     0x6195ddb3dfeb - test[9d35eded1c95d3be]::__rust_begin_short_backtrace::<core[df12db4294e9bfd3]::result::Result<(), alloc[2182bb758b4b3781]::string::String>, fn() -> core[df12db4294e9bfd3]::result::Result<(), alloc[2182bb758b4b3781]::string::String>>
[INFO] [stdout]   15:     0x6195ddb4b655 - test[9d35eded1c95d3be]::run_test::{closure#0}
[INFO] [stdout]   16:     0x6195ddb44f14 - std[70759c8f55707aa4]::sys::backtrace::__rust_begin_short_backtrace::<test[9d35eded1c95d3be]::run_test::{closure#1}, ()>
[INFO] [stdout]   17:     0x6195ddb4e7b2 - <std[70759c8f55707aa4]::thread::lifecycle::spawn_unchecked<test[9d35eded1c95d3be]::run_test::{closure#1}, ()>::{closure#1} as core[df12db4294e9bfd3]::ops::function::FnOnce<()>>::call_once::{shim:vtable#0}
[INFO] [stdout]   18:     0x6195dde0c819 - <std[70759c8f55707aa4]::sys::thread::unix::Thread>::new::thread_start
[INFO] [stdout]   19:     0x7eb98fa56dfa - <unknown>
[INFO] [stdout]   20:     0x7eb98faea3d4 - clone
[INFO] [stdout]   21:                0x0 - <unknown>
[INFO] [stdout] 
[INFO] [stdout] ---- flow_exposed_handles stdout ----
[INFO] [stdout] 
[INFO] [stdout] thread 'flow_exposed_handles' (1044) panicked at tests/e2e.rs:405:21:
[INFO] [stdout] missing generated fixture: /opt/rustwide/workdir/tests/fixtures/classes/example/ExposeFlow.class
[INFO] [stdout] The `.class` files under tests/fixtures/classes/ are not committed.
[INFO] [stdout] Run `pixi run fixtures` (or `pixi run test`) to compile them, then re-run.
[INFO] [stdout] stack backtrace:
[INFO] [stdout]    0:     0x6195dde0d5e1 - <<std[70759c8f55707aa4]::sys::backtrace::BacktraceLock>::print::DisplayBacktrace as core[df12db4294e9bfd3]::fmt::Display>::fmt
[INFO] [stdout]    1:     0x6195dde238ba - core[df12db4294e9bfd3]::fmt::write
[INFO] [stdout]    2:     0x6195dde11f7c - <alloc[2182bb758b4b3781]::vec::Vec<u8> as core[df12db4294e9bfd3]::io::write::Write>::write_fmt
[INFO] [stdout]    3:     0x6195ddde83f6 - std[70759c8f55707aa4]::panicking::default_hook::{closure#0}
[INFO] [stdout]    4:     0x6195dde05169 - std[70759c8f55707aa4]::panicking::default_hook
[INFO] [stdout]    5:     0x6195ddb4ad00 - test[9d35eded1c95d3be]::test_main_inner::<test[9d35eded1c95d3be]::test_main_static::{closure#0}>::{closure#0}
[INFO] [stdout]    6:     0x6195dde05492 - std[70759c8f55707aa4]::panicking::panic_with_hook
[INFO] [stdout]    7:     0x6195ddde84a2 - std[70759c8f55707aa4]::panicking::panic_handler::{closure#0}
[INFO] [stdout]    8:     0x6195ddde0fc9 - std[70759c8f55707aa4]::sys::backtrace::__rust_end_short_backtrace::<std[70759c8f55707aa4]::panicking::panic_handler::{closure#0}, !>
[INFO] [stdout]    9:     0x6195ddde909d - __rustc[8fa7c3cbc660c2b3]::rust_begin_unwind
[INFO] [stdout]   10:     0x6195dde2401c - core[df12db4294e9bfd3]::panicking::panic_fmt
[INFO] [stdout]   11:     0x6195ddb2ffcb - e2e[b837738d5c8761b9]::class
[INFO] [stdout]   12:     0x6195ddb2fb07 - e2e[b837738d5c8761b9]::flow_report
[INFO] [stdout]   13:     0x6195ddb30cf5 - <e2e[b837738d5c8761b9]::flow_exposed_handles::{closure#0} as core[df12db4294e9bfd3]::ops::function::FnOnce<()>>::call_once
[INFO] [stdout]   14:     0x6195ddb3dfeb - test[9d35eded1c95d3be]::__rust_begin_short_backtrace::<core[df12db4294e9bfd3]::result::Result<(), alloc[2182bb758b4b3781]::string::String>, fn() -> core[df12db4294e9bfd3]::result::Result<(), alloc[2182bb758b4b3781]::string::String>>
[INFO] [stdout]   15:     0x6195ddb4b655 - test[9d35eded1c95d3be]::run_test::{closure#0}
[INFO] [stdout]   16:     0x6195ddb44f14 - std[70759c8f55707aa4]::sys::backtrace::__rust_begin_short_backtrace::<test[9d35eded1c95d3be]::run_test::{closure#1}, ()>
[INFO] [stdout]   17:     0x6195ddb4e7b2 - <std[70759c8f55707aa4]::thread::lifecycle::spawn_unchecked<test[9d35eded1c95d3be]::run_test::{closure#1}, ()>::{closure#1} as core[df12db4294e9bfd3]::ops::function::FnOnce<()>>::call_once::{shim:vtable#0}
[INFO] [stdout]   18:     0x6195dde0c819 - <std[70759c8f55707aa4]::sys::thread::unix::Thread>::new::thread_start
[INFO] [stdout]   19:     0x7eb98fa56dfa - <unknown>
[INFO] [stdout]   20:     0x7eb98faea3d4 - clone
[INFO] [stdout]   21:                0x0 - <unknown>
[INFO] [stdout] 
[INFO] [stdout] ---- flow_affine_move stdout ----
[INFO] [stdout] 
[INFO] [stdout] thread 'flow_affine_move' (1041) panicked at tests/e2e.rs:405:21:
[INFO] [stdout] missing generated fixture: /opt/rustwide/workdir/tests/fixtures/classes/example/AffineMove.class
[INFO] [stdout] The `.class` files under tests/fixtures/classes/ are not committed.
[INFO] [stdout] Run `pixi run fixtures` (or `pixi run test`) to compile them, then re-run.
[INFO] [stdout] stack backtrace:
[INFO] [stdout]    0:     0x6195dde0d5e1 - <<std[70759c8f55707aa4]::sys::backtrace::BacktraceLock>::print::DisplayBacktrace as core[df12db4294e9bfd3]::fmt::Display>::fmt
[INFO] [stdout]    1:     0x6195dde238ba - core[df12db4294e9bfd3]::fmt::write
[INFO] [stdout]    2:     0x6195dde11f7c - <alloc[2182bb758b4b3781]::vec::Vec<u8> as core[df12db4294e9bfd3]::io::write::Write>::write_fmt
[INFO] [stdout]    3:     0x6195ddde83f6 - std[70759c8f55707aa4]::panicking::default_hook::{closure#0}
[INFO] [stdout]    4:     0x6195dde05169 - std[70759c8f55707aa4]::panicking::default_hook
[INFO] [stdout]    5:     0x6195ddb4ad00 - test[9d35eded1c95d3be]::test_main_inner::<test[9d35eded1c95d3be]::test_main_static::{closure#0}>::{closure#0}
[INFO] [stdout]    6:     0x6195dde05492 - std[70759c8f55707aa4]::panicking::panic_with_hook
[INFO] [stdout]    7:     0x6195ddde84a2 - std[70759c8f55707aa4]::panicking::panic_handler::{closure#0}
[INFO] [stdout]    8:     0x6195ddde0fc9 - std[70759c8f55707aa4]::sys::backtrace::__rust_end_short_backtrace::<std[70759c8f55707aa4]::panicking::panic_handler::{closure#0}, !>
[INFO] [stdout]    9:     0x6195ddde909d - __rustc[8fa7c3cbc660c2b3]::rust_begin_unwind
[INFO] [stdout]   10:     0x6195dde2401c - core[df12db4294e9bfd3]::panicking::panic_fmt
[INFO] [stdout]   11:     0x6195ddb2ffcb - e2e[b837738d5c8761b9]::class
[INFO] [stdout]   12:     0x6195ddb2fb07 - e2e[b837738d5c8761b9]::flow_report
[INFO] [stdout]   13:     0x6195ddb30a95 - <e2e[b837738d5c8761b9]::flow_affine_move::{closure#0} as core[df12db4294e9bfd3]::ops::function::FnOnce<()>>::call_once
[INFO] [stdout]   14:     0x6195ddb3dfeb - test[9d35eded1c95d3be]::__rust_begin_short_backtrace::<core[df12db4294e9bfd3]::result::Result<(), alloc[2182bb758b4b3781]::string::String>, fn() -> core[df12db4294e9bfd3]::result::Result<(), alloc[2182bb758b4b3781]::string::String>>
[INFO] [stdout]   15:     0x6195ddb4b655 - test[9d35eded1c95d3be]::run_test::{closure#0}
[INFO] [stdout]   16:     0x6195ddb44f14 - std[70759c8f55707aa4]::sys::backtrace::__rust_begin_short_backtrace::<test[9d35eded1c95d3be]::run_test::{closure#1}, ()>
[INFO] [stdout]   17:     0x6195ddb4e7b2 - <std[70759c8f55707aa4]::thread::lifecycle::spawn_unchecked<test[9d35eded1c95d3be]::run_test::{closure#1}, ()>::{closure#1} as core[df12db4294e9bfd3]::ops::function::FnOnce<()>>::call_once::{shim:vtable#0}
[INFO] [stdout]   18:     0x6195dde0c819 - <std[70759c8f55707aa4]::sys::thread::unix::Thread>::new::thread_start
[INFO] [stdout]   19:     0x7eb98fa56dfa - <unknown>
[INFO] [stdout]   20:     0x7eb98faea3d4 - clone
[INFO] [stdout]   21:                0x0 - <unknown>
[INFO] [stdout] 
[INFO] [stdout] ---- flow_suppression_silences_category stdout ----
[INFO] [stdout] 
[INFO] [stdout] thread 'flow_suppression_silences_category' (1049) panicked at tests/e2e.rs:405:21:
[INFO] [stdout] missing generated fixture: /opt/rustwide/workdir/tests/fixtures/classes/example/SuppressFlow.class
[INFO] [stdout] The `.class` files under tests/fixtures/classes/ are not committed.
[INFO] [stdout] Run `pixi run fixtures` (or `pixi run test`) to compile them, then re-run.
[INFO] [stdout] stack backtrace:
[INFO] [stdout]    0:     0x6195dde0d5e1 - <<std[70759c8f55707aa4]::sys::backtrace::BacktraceLock>::print::DisplayBacktrace as core[df12db4294e9bfd3]::fmt::Display>::fmt
[INFO] [stdout]    1:     0x6195dde238ba - core[df12db4294e9bfd3]::fmt::write
[INFO] [stdout]    2:     0x6195dde11f7c - <alloc[2182bb758b4b3781]::vec::Vec<u8> as core[df12db4294e9bfd3]::io::write::Write>::write_fmt
[INFO] [stdout]    3:     0x6195ddde83f6 - std[70759c8f55707aa4]::panicking::default_hook::{closure#0}
[INFO] [stdout]    4:     0x6195dde05169 - std[70759c8f55707aa4]::panicking::default_hook
[INFO] [stdout]    5:     0x6195ddb4ad00 - test[9d35eded1c95d3be]::test_main_inner::<test[9d35eded1c95d3be]::test_main_static::{closure#0}>::{closure#0}
[INFO] [stdout]    6:     0x6195dde05492 - std[70759c8f55707aa4]::panicking::panic_with_hook
[INFO] [stdout]    7:     0x6195ddde84a2 - std[70759c8f55707aa4]::panicking::panic_handler::{closure#0}
[INFO] [stdout]    8:     0x6195ddde0fc9 - std[70759c8f55707aa4]::sys::backtrace::__rust_end_short_backtrace::<std[70759c8f55707aa4]::panicking::panic_handler::{closure#0}, !>
[INFO] [stdout]    9:     0x6195ddde909d - __rustc[8fa7c3cbc660c2b3]::rust_begin_unwind
[INFO] [stdout]   10:     0x6195dde2401c - core[df12db4294e9bfd3]::panicking::panic_fmt
[INFO] [stdout]   11:     0x6195ddb2ffcb - e2e[b837738d5c8761b9]::class
[INFO] [stdout]   12:     0x6195ddb2fb07 - e2e[b837738d5c8761b9]::flow_report
[INFO] [stdout]   13:     0x6195ddb32755 - <e2e[b837738d5c8761b9]::flow_suppression_silences_category::{closure#0} as core[df12db4294e9bfd3]::ops::function::FnOnce<()>>::call_once
[INFO] [stdout]   14:     0x6195ddb3dfeb - test[9d35eded1c95d3be]::__rust_begin_short_backtrace::<core[df12db4294e9bfd3]::result::Result<(), alloc[2182bb758b4b3781]::string::String>, fn() -> core[df12db4294e9bfd3]::result::Result<(), alloc[2182bb758b4b3781]::string::String>>
[INFO] [stdout]   15:     0x6195ddb4b655 - test[9d35eded1c95d3be]::run_test::{closure#0}
[INFO] [stdout]   16:     0x6195ddb44f14 - std[70759c8f55707aa4]::sys::backtrace::__rust_begin_short_backtrace::<test[9d35eded1c95d3be]::run_test::{closure#1}, ()>
[INFO] [stdout]   17:     0x6195ddb4e7b2 - <std[70759c8f55707aa4]::thread::lifecycle::spawn_unchecked<test[9d35eded1c95d3be]::run_test::{closure#1}, ()>::{closure#1} as core[df12db4294e9bfd3]::ops::function::FnOnce<()>>::call_once::{shim:vtable#0}
[INFO] [stdout]   18:     0x6195dde0c819 - <std[70759c8f55707aa4]::sys::thread::unix::Thread>::new::thread_start
[INFO] [stdout]   19:     0x7eb98fa56dfa - <unknown>
[INFO] [stdout]   20:     0x7eb98faea3d4 - clone
[INFO] [stdout]   21:                0x0 - <unknown>
[INFO] [stdout] 
[INFO] [stdout] ---- overloaded_macro_methods_match_when_supported stdout ----
[INFO] [stdout] 
[INFO] [stdout] thread 'overloaded_macro_methods_match_when_supported' (1061) panicked at tests/e2e.rs:232:14:
[INFO] [stdout] missing generated fixture: /opt/rustwide/workdir/tests/fixtures/classes/example/Overloaded.class
[INFO] [stdout] The `.class` files under tests/fixtures/classes/ are not committed.
[INFO] [stdout] Run `pixi run fixtures` (or `pixi run test`) to compile them, then re-run.
[INFO] [stdout] stack backtrace:
[INFO] [stdout]    0:     0x6195dde0d5e1 - <<std[70759c8f55707aa4]::sys::backtrace::BacktraceLock>::print::DisplayBacktrace as core[df12db4294e9bfd3]::fmt::Display>::fmt
[INFO] [stdout]    1:     0x6195dde238ba - core[df12db4294e9bfd3]::fmt::write
[INFO] [stdout]    2:     0x6195dde11f7c - <alloc[2182bb758b4b3781]::vec::Vec<u8> as core[df12db4294e9bfd3]::io::write::Write>::write_fmt
[INFO] [stdout]    3:     0x6195ddde83f6 - std[70759c8f55707aa4]::panicking::default_hook::{closure#0}
[INFO] [stdout]    4:     0x6195dde05169 - std[70759c8f55707aa4]::panicking::default_hook
[INFO] [stdout]    5:     0x6195ddb4ad00 - test[9d35eded1c95d3be]::test_main_inner::<test[9d35eded1c95d3be]::test_main_static::{closure#0}>::{closure#0}
[INFO] [stdout]    6:     0x6195dde05492 - std[70759c8f55707aa4]::panicking::panic_with_hook
[INFO] [stdout]    7:     0x6195ddde84a2 - std[70759c8f55707aa4]::panicking::panic_handler::{closure#0}
[INFO] [stdout]    8:     0x6195ddde0fc9 - std[70759c8f55707aa4]::sys::backtrace::__rust_end_short_backtrace::<std[70759c8f55707aa4]::panicking::panic_handler::{closure#0}, !>
[INFO] [stdout]    9:     0x6195ddde909d - __rustc[8fa7c3cbc660c2b3]::rust_begin_unwind
[INFO] [stdout]   10:     0x6195dde2401c - core[df12db4294e9bfd3]::panicking::panic_fmt
[INFO] [stdout]   11:     0x6195ddb2ffcb - e2e[b837738d5c8761b9]::class
[INFO] [stdout]   12:     0x6195ddb34bb7 - <e2e[b837738d5c8761b9]::overloaded_macro_methods_match_when_supported::{closure#0} as core[df12db4294e9bfd3]::ops::function::FnOnce<()>>::call_once
[INFO] [stdout]   13:     0x6195ddb3dfeb - test[9d35eded1c95d3be]::__rust_begin_short_backtrace::<core[df12db4294e9bfd3]::result::Result<(), alloc[2182bb758b4b3781]::string::String>, fn() -> core[df12db4294e9bfd3]::result::Result<(), alloc[2182bb758b4b3781]::string::String>>
[INFO] [stdout]   14:     0x6195ddb4b655 - test[9d35eded1c95d3be]::run_test::{closure#0}
[INFO] [stdout]   15:     0x6195ddb44f14 - std[70759c8f55707aa4]::sys::backtrace::__rust_begin_short_backtrace::<test[9d35eded1c95d3be]::run_test::{closure#1}, ()>
[INFO] [stdout]   16:     0x6195ddb4e7b2 - <std[70759c8f55707aa4]::thread::lifecycle::spawn_unchecked<test[9d35eded1c95d3be]::run_test::{closure#1}, ()>::{closure#1} as core[df12db4294e9bfd3]::ops::function::FnOnce<()>>::call_once::{shim:vtable#0}
[INFO] [stdout]   17:     0x6195dde0c819 - <std[70759c8f55707aa4]::sys::thread::unix::Thread>::new::thread_start
[INFO] [stdout]   18:     0x7eb98fa56dfa - <unknown>
[INFO] [stdout]   19:     0x7eb98faea3d4 - clone
[INFO] [stdout]   20:                0x0 - <unknown>
[INFO] [stdout] 
[INFO] [stdout] ---- correct_passes stdout ----
[INFO] [stdout] 
[INFO] [stdout] thread 'correct_passes' (1039) panicked at tests/e2e.rs:117:13:
[INFO] [stdout] missing generated fixture: /opt/rustwide/workdir/tests/fixtures/classes/example/HandWritten.class
[INFO] [stdout] The `.class` files under tests/fixtures/classes/ are not committed.
[INFO] [stdout] Run `pixi run fixtures` (or `pixi run test`) to compile them, then re-run.
[INFO] [stdout] stack backtrace:
[INFO] [stdout]    0:     0x6195dde0d5e1 - <<std[70759c8f55707aa4]::sys::backtrace::BacktraceLock>::print::DisplayBacktrace as core[df12db4294e9bfd3]::fmt::Display>::fmt
[INFO] [stdout]    1:     0x6195dde238ba - core[df12db4294e9bfd3]::fmt::write
[INFO] [stdout]    2:     0x6195dde11f7c - <alloc[2182bb758b4b3781]::vec::Vec<u8> as core[df12db4294e9bfd3]::io::write::Write>::write_fmt
[INFO] [stdout]    3:     0x6195ddde83f6 - std[70759c8f55707aa4]::panicking::default_hook::{closure#0}
[INFO] [stdout]    4:     0x6195dde05169 - std[70759c8f55707aa4]::panicking::default_hook
[INFO] [stdout]    5:     0x6195ddb4ad00 - test[9d35eded1c95d3be]::test_main_inner::<test[9d35eded1c95d3be]::test_main_static::{closure#0}>::{closure#0}
[INFO] [stdout]    6:     0x6195dde05492 - std[70759c8f55707aa4]::panicking::panic_with_hook
[INFO] [stdout]    7:     0x6195ddde84a2 - std[70759c8f55707aa4]::panicking::panic_handler::{closure#0}
[INFO] [stdout]    8:     0x6195ddde0fc9 - std[70759c8f55707aa4]::sys::backtrace::__rust_end_short_backtrace::<std[70759c8f55707aa4]::panicking::panic_handler::{closure#0}, !>
[INFO] [stdout]    9:     0x6195ddde909d - __rustc[8fa7c3cbc660c2b3]::rust_begin_unwind
[INFO] [stdout]   10:     0x6195dde2401c - core[df12db4294e9bfd3]::panicking::panic_fmt
[INFO] [stdout]   11:     0x6195ddb2ffcb - e2e[b837738d5c8761b9]::class
[INFO] [stdout]   12:     0x6195ddb30586 - <e2e[b837738d5c8761b9]::correct_passes::{closure#0} as core[df12db4294e9bfd3]::ops::function::FnOnce<()>>::call_once
[INFO] [stdout]   13:     0x6195ddb3dfeb - test[9d35eded1c95d3be]::__rust_begin_short_backtrace::<core[df12db4294e9bfd3]::result::Result<(), alloc[2182bb758b4b3781]::string::String>, fn() -> core[df12db4294e9bfd3]::result::Result<(), alloc[2182bb758b4b3781]::string::String>>
[INFO] [stdout]   14:     0x6195ddb4b655 - test[9d35eded1c95d3be]::run_test::{closure#0}
[INFO] [stdout]   15:     0x6195ddb44f14 - std[70759c8f55707aa4]::sys::backtrace::__rust_begin_short_backtrace::<test[9d35eded1c95d3be]::run_test::{closure#1}, ()>
[INFO] [stdout]   16:     0x6195ddb4e7b2 - <std[70759c8f55707aa4]::thread::lifecycle::spawn_unchecked<test[9d35eded1c95d3be]::run_test::{closure#1}, ()>::{closure#1} as core[df12db4294e9bfd3]::ops::function::FnOnce<()>>::call_once::{shim:vtable#0}
[INFO] [stdout]   17:     0x6195dde0c819 - <std[70759c8f55707aa4]::sys::thread::unix::Thread>::new::thread_start
[INFO] [stdout]   18:     0x7eb98fa56dfa - <unknown>
[INFO] [stdout]   19:     0x7eb98faea3d4 - clone
[INFO] [stdout]   20:                0x0 - <unknown>
[INFO] [stdout] 
[INFO] [stdout] ---- incorrect_macros_report_expected_diagnostics stdout ----
[INFO] [stdout] 
[INFO] [stdout] thread 'incorrect_macros_report_expected_diagnostics' (1051) panicked at tests/e2e.rs:165:14:
[INFO] [stdout] missing generated fixture: /opt/rustwide/workdir/tests/fixtures/classes/example/IncorrectMacros.class
[INFO] [stdout] The `.class` files under tests/fixtures/classes/ are not committed.
[INFO] [stdout] Run `pixi run fixtures` (or `pixi run test`) to compile them, then re-run.
[INFO] [stdout] stack backtrace:
[INFO] [stdout]    0:     0x6195dde0d5e1 - <<std[70759c8f55707aa4]::sys::backtrace::BacktraceLock>::print::DisplayBacktrace as core[df12db4294e9bfd3]::fmt::Display>::fmt
[INFO] [stdout]    1:     0x6195dde238ba - core[df12db4294e9bfd3]::fmt::write
[INFO] [stdout]    2:     0x6195dde11f7c - <alloc[2182bb758b4b3781]::vec::Vec<u8> as core[df12db4294e9bfd3]::io::write::Write>::write_fmt
[INFO] [stdout]    3:     0x6195ddde83f6 - std[70759c8f55707aa4]::panicking::default_hook::{closure#0}
[INFO] [stdout]    4:     0x6195dde05169 - std[70759c8f55707aa4]::panicking::default_hook
[INFO] [stdout]    5:     0x6195ddb4ad00 - test[9d35eded1c95d3be]::test_main_inner::<test[9d35eded1c95d3be]::test_main_static::{closure#0}>::{closure#0}
[INFO] [stdout]    6:     0x6195dde05492 - std[70759c8f55707aa4]::panicking::panic_with_hook
[INFO] [stdout]    7:     0x6195ddde84a2 - std[70759c8f55707aa4]::panicking::panic_handler::{closure#0}
[INFO] [stdout]    8:     0x6195ddde0fc9 - std[70759c8f55707aa4]::sys::backtrace::__rust_end_short_backtrace::<std[70759c8f55707aa4]::panicking::panic_handler::{closure#0}, !>
[INFO] [stdout]    9:     0x6195ddde909d - __rustc[8fa7c3cbc660c2b3]::rust_begin_unwind
[INFO] [stdout]   10:     0x6195dde2401c - core[df12db4294e9bfd3]::panicking::panic_fmt
[INFO] [stdout]   11:     0x6195ddb2ffcb - e2e[b837738d5c8761b9]::class
[INFO] [stdout]   12:     0x6195ddb34807 - <e2e[b837738d5c8761b9]::incorrect_macros_report_expected_diagnostics::{closure#0} as core[df12db4294e9bfd3]::ops::function::FnOnce<()>>::call_once
[INFO] [stdout]   13:     0x6195ddb3dfeb - test[9d35eded1c95d3be]::__rust_begin_short_backtrace::<core[df12db4294e9bfd3]::result::Result<(), alloc[2182bb758b4b3781]::string::String>, fn() -> core[df12db4294e9bfd3]::result::Result<(), alloc[2182bb758b4b3781]::string::String>>
[INFO] [stdout]   14:     0x6195ddb4b655 - test[9d35eded1c95d3be]::run_test::{closure#0}
[INFO] [stdout]   15:     0x6195ddb44f14 - std[70759c8f55707aa4]::sys::backtrace::__rust_begin_short_backtrace::<test[9d35eded1c95d3be]::run_test::{closure#1}, ()>
[INFO] [stdout]   16:     0x6195ddb4e7b2 - <std[70759c8f55707aa4]::thread::lifecycle::spawn_unchecked<test[9d35eded1c95d3be]::run_test::{closure#1}, ()>::{closure#1} as core[df12db4294e9bfd3]::ops::function::FnOnce<()>>::call_once::{shim:vtable#0}
[INFO] [stdout]   17:     0x6195dde0c819 - <std[70759c8f55707aa4]::sys::thread::unix::Thread>::new::thread_start
[INFO] [stdout]   18:     0x7eb98fa56dfa - <unknown>
[INFO] [stdout]   19:     0x7eb98faea3d4 - clone
[INFO] [stdout]   20:                0x0 - <unknown>
[INFO] [stdout] 
[INFO] [stdout] ---- flow_owned_field_never_disposed stdout ----
[INFO] [stdout] 
[INFO] [stdout] thread 'flow_owned_field_never_disposed' (1048) panicked at tests/e2e.rs:405:21:
[INFO] [stdout] missing generated fixture: /opt/rustwide/workdir/tests/fixtures/classes/example/OwnedFieldLeak.class
[INFO] [stdout] The `.class` files under tests/fixtures/classes/ are not committed.
[INFO] [stdout] Run `pixi run fixtures` (or `pixi run test`) to compile them, then re-run.
[INFO] [stdout] stack backtrace:
[INFO] [stdout]    0:     0x6195dde0d5e1 - <<std[70759c8f55707aa4]::sys::backtrace::BacktraceLock>::print::DisplayBacktrace as core[df12db4294e9bfd3]::fmt::Display>::fmt
[INFO] [stdout]    1:     0x6195dde238ba - core[df12db4294e9bfd3]::fmt::write
[INFO] [stdout]    2:     0x6195dde11f7c - <alloc[2182bb758b4b3781]::vec::Vec<u8> as core[df12db4294e9bfd3]::io::write::Write>::write_fmt
[INFO] [stdout]    3:     0x6195ddde83f6 - std[70759c8f55707aa4]::panicking::default_hook::{closure#0}
[INFO] [stdout]    4:     0x6195dde05169 - std[70759c8f55707aa4]::panicking::default_hook
[INFO] [stdout]    5:     0x6195ddb4ad00 - test[9d35eded1c95d3be]::test_main_inner::<test[9d35eded1c95d3be]::test_main_static::{closure#0}>::{closure#0}
[INFO] [stdout]    6:     0x6195dde05492 - std[70759c8f55707aa4]::panicking::panic_with_hook
[INFO] [stdout]    7:     0x6195ddde84a2 - std[70759c8f55707aa4]::panicking::panic_handler::{closure#0}
[INFO] [stdout]    8:     0x6195ddde0fc9 - std[70759c8f55707aa4]::sys::backtrace::__rust_end_short_backtrace::<std[70759c8f55707aa4]::panicking::panic_handler::{closure#0}, !>
[INFO] [stdout]    9:     0x6195ddde909d - __rustc[8fa7c3cbc660c2b3]::rust_begin_unwind
[INFO] [stdout]   10:     0x6195dde2401c - core[df12db4294e9bfd3]::panicking::panic_fmt
[INFO] [stdout]   11:     0x6195ddb2ffcb - e2e[b837738d5c8761b9]::class
[INFO] [stdout]   12:     0x6195ddb2fb07 - e2e[b837738d5c8761b9]::flow_report
[INFO] [stdout]   13:     0x6195ddb32215 - <e2e[b837738d5c8761b9]::flow_owned_field_never_disposed::{closure#0} as core[df12db4294e9bfd3]::ops::function::FnOnce<()>>::call_once
[INFO] [stdout]   14:     0x6195ddb3dfeb - test[9d35eded1c95d3be]::__rust_begin_short_backtrace::<core[df12db4294e9bfd3]::result::Result<(), alloc[2182bb758b4b3781]::string::String>, fn() -> core[df12db4294e9bfd3]::result::Result<(), alloc[2182bb758b4b3781]::string::String>>
[INFO] [stdout]   15:     0x6195ddb4b655 - test[9d35eded1c95d3be]::run_test::{closure#0}
[INFO] [stdout]   16:     0x6195ddb44f14 - std[70759c8f55707aa4]::sys::backtrace::__rust_begin_short_backtrace::<test[9d35eded1c95d3be]::run_test::{closure#1}, ()>
[INFO] [stdout]   17:     0x6195ddb4e7b2 - <std[70759c8f55707aa4]::thread::lifecycle::spawn_unchecked<test[9d35eded1c95d3be]::run_test::{closure#1}, ()>::{closure#1} as core[df12db4294e9bfd3]::ops::function::FnOnce<()>>::call_once::{shim:vtable#0}
[INFO] [stdout]   18:     0x6195dde0c819 - <std[70759c8f55707aa4]::sys::thread::unix::Thread>::new::thread_start
[INFO] [stdout]   19:     0x7eb98fa56dfa - <unknown>
[INFO] [stdout]   20:     0x7eb98faea3d4 - clone
[INFO] [stdout]   21:                0x0 - <unknown>
[INFO] [stdout] 
[INFO] [stdout] ---- java_loader_reads_pointer_annotations stdout ----
[INFO] [stdout] 
[INFO] [stdout] thread 'java_loader_reads_pointer_annotations' (1053) panicked at tests/e2e.rs:310:36:
[INFO] [stdout] missing generated fixture: /opt/rustwide/workdir/tests/fixtures/classes/example/HandWritten.class
[INFO] [stdout] The `.class` files under tests/fixtures/classes/ are not committed.
[INFO] [stdout] Run `pixi run fixtures` (or `pixi run test`) to compile them, then re-run.
[INFO] [stdout] stack backtrace:
[INFO] [stdout]    0:     0x6195dde0d5e1 - <<std[70759c8f55707aa4]::sys::backtrace::BacktraceLock>::print::DisplayBacktrace as core[df12db4294e9bfd3]::fmt::Display>::fmt
[INFO] [stdout]    1:     0x6195dde238ba - core[df12db4294e9bfd3]::fmt::write
[INFO] [stdout]    2:     0x6195dde11f7c - <alloc[2182bb758b4b3781]::vec::Vec<u8> as core[df12db4294e9bfd3]::io::write::Write>::write_fmt
[INFO] [stdout]    3:     0x6195ddde83f6 - std[70759c8f55707aa4]::panicking::default_hook::{closure#0}
[INFO] [stdout]    4:     0x6195dde05169 - std[70759c8f55707aa4]::panicking::default_hook
[INFO] [stdout]    5:     0x6195ddb4ad00 - test[9d35eded1c95d3be]::test_main_inner::<test[9d35eded1c95d3be]::test_main_static::{closure#0}>::{closure#0}
[INFO] [stdout]    6:     0x6195dde05492 - std[70759c8f55707aa4]::panicking::panic_with_hook
[INFO] [stdout]    7:     0x6195ddde84a2 - std[70759c8f55707aa4]::panicking::panic_handler::{closure#0}
[INFO] [stdout]    8:     0x6195ddde0fc9 - std[70759c8f55707aa4]::sys::backtrace::__rust_end_short_backtrace::<std[70759c8f55707aa4]::panicking::panic_handler::{closure#0}, !>
[INFO] [stdout]    9:     0x6195ddde909d - __rustc[8fa7c3cbc660c2b3]::rust_begin_unwind
[INFO] [stdout]   10:     0x6195dde2401c - core[df12db4294e9bfd3]::panicking::panic_fmt
[INFO] [stdout]   11:     0x6195ddb2ffcb - e2e[b837738d5c8761b9]::class
[INFO] [stdout]   12:     0x6195ddb33574 - <e2e[b837738d5c8761b9]::java_loader_reads_pointer_annotations::{closure#0} as core[df12db4294e9bfd3]::ops::function::FnOnce<()>>::call_once
[INFO] [stdout]   13:     0x6195ddb3dfeb - test[9d35eded1c95d3be]::__rust_begin_short_backtrace::<core[df12db4294e9bfd3]::result::Result<(), alloc[2182bb758b4b3781]::string::String>, fn() -> core[df12db4294e9bfd3]::result::Result<(), alloc[2182bb758b4b3781]::string::String>>
[INFO] [stdout]   14:     0x6195ddb4b655 - test[9d35eded1c95d3be]::run_test::{closure#0}
[INFO] [stdout]   15:     0x6195ddb44f14 - std[70759c8f55707aa4]::sys::backtrace::__rust_begin_short_backtrace::<test[9d35eded1c95d3be]::run_test::{closure#1}, ()>
[INFO] [stdout]   16:     0x6195ddb4e7b2 - <std[70759c8f55707aa4]::thread::lifecycle::spawn_unchecked<test[9d35eded1c95d3be]::run_test::{closure#1}, ()>::{closure#1} as core[df12db4294e9bfd3]::ops::function::FnOnce<()>>::call_once::{shim:vtable#0}
[INFO] [stdout]   17:     0x6195dde0c819 - <std[70759c8f55707aa4]::sys::thread::unix::Thread>::new::thread_start
[INFO] [stdout]   18:     0x7eb98fa56dfa - <unknown>
[INFO] [stdout]   19:     0x7eb98faea3d4 - clone
[INFO] [stdout]   20:                0x0 - <unknown>
[INFO] [stdout] 
[INFO] [stdout] ---- flow_field_take_and_overwrite stdout ----
[INFO] [stdout] 
[INFO] [stdout] thread 'flow_field_take_and_overwrite' (1045) panicked at tests/e2e.rs:405:21:
[INFO] [stdout] missing generated fixture: /opt/rustwide/workdir/tests/fixtures/classes/example/FieldTake.class
[INFO] [stdout] The `.class` files under tests/fixtures/classes/ are not committed.
[INFO] [stdout] Run `pixi run fixtures` (or `pixi run test`) to compile them, then re-run.
[INFO] [stdout] stack backtrace:
[INFO] [stdout]    0:     0x6195dde0d5e1 - <<std[70759c8f55707aa4]::sys::backtrace::BacktraceLock>::print::DisplayBacktrace as core[df12db4294e9bfd3]::fmt::Display>::fmt
[INFO] [stdout]    1:     0x6195dde238ba - core[df12db4294e9bfd3]::fmt::write
[INFO] [stdout]    2:     0x6195dde11f7c - <alloc[2182bb758b4b3781]::vec::Vec<u8> as core[df12db4294e9bfd3]::io::write::Write>::write_fmt
[INFO] [stdout]    3:     0x6195ddde83f6 - std[70759c8f55707aa4]::panicking::default_hook::{closure#0}
[INFO] [stdout]    4:     0x6195dde05169 - std[70759c8f55707aa4]::panicking::default_hook
[INFO] [stdout]    5:     0x6195ddb4ad00 - test[9d35eded1c95d3be]::test_main_inner::<test[9d35eded1c95d3be]::test_main_static::{closure#0}>::{closure#0}
[INFO] [stdout]    6:     0x6195dde05492 - std[70759c8f55707aa4]::panicking::panic_with_hook
[INFO] [stdout]    7:     0x6195ddde84a2 - std[70759c8f55707aa4]::panicking::panic_handler::{closure#0}
[INFO] [stdout]    8:     0x6195ddde0fc9 - std[70759c8f55707aa4]::sys::backtrace::__rust_end_short_backtrace::<std[70759c8f55707aa4]::panicking::panic_handler::{closure#0}, !>
[INFO] [stdout]    9:     0x6195ddde909d - __rustc[8fa7c3cbc660c2b3]::rust_begin_unwind
[INFO] [stdout]   10:     0x6195dde2401c - core[df12db4294e9bfd3]::panicking::panic_fmt
[INFO] [stdout]   11:     0x6195ddb2ffcb - e2e[b837738d5c8761b9]::class
[INFO] [stdout]   12:     0x6195ddb2fb07 - e2e[b837738d5c8761b9]::flow_report
[INFO] [stdout]   13:     0x6195ddb320e5 - <e2e[b837738d5c8761b9]::flow_field_take_and_overwrite::{closure#0} as core[df12db4294e9bfd3]::ops::function::FnOnce<()>>::call_once
[INFO] [stdout]   14:     0x6195ddb3dfeb - test[9d35eded1c95d3be]::__rust_begin_short_backtrace::<core[df12db4294e9bfd3]::result::Result<(), alloc[2182bb758b4b3781]::string::String>, fn() -> core[df12db4294e9bfd3]::result::Result<(), alloc[2182bb758b4b3781]::string::String>>
[INFO] [stdout]   15:     0x6195ddb4b655 - test[9d35eded1c95d3be]::run_test::{closure#0}
[INFO] [stdout]   16:     0x6195ddb44f14 - std[70759c8f55707aa4]::sys::backtrace::__rust_begin_short_backtrace::<test[9d35eded1c95d3be]::run_test::{closure#1}, ()>
[INFO] [stdout]   17:     0x6195ddb4e7b2 - <std[70759c8f55707aa4]::thread::lifecycle::spawn_unchecked<test[9d35eded1c95d3be]::run_test::{closure#1}, ()>::{closure#1} as core[df12db4294e9bfd3]::ops::function::FnOnce<()>>::call_once::{shim:vtable#0}
[INFO] [stdout]   18:     0x6195dde0c819 - <std[70759c8f55707aa4]::sys::thread::unix::Thread>::new::thread_start
[INFO] [stdout]   19:     0x7eb98fa56dfa - <unknown>
[INFO] [stdout]   20:     0x7eb98faea3d4 - clone
[INFO] [stdout]   21:                0x0 - <unknown>
[INFO] [stdout] 
[INFO] [stdout] ---- json_output_carries_codes stdout ----
[INFO] [stdout] 
[INFO] [stdout] thread 'json_output_carries_codes' (1057) panicked at tests/e2e.rs:293:14:
[INFO] [stdout] missing generated fixture: /opt/rustwide/workdir/tests/fixtures/classes/example/Incorrect.class
[INFO] [stdout] The `.class` files under tests/fixtures/classes/ are not committed.
[INFO] [stdout] Run `pixi run fixtures` (or `pixi run test`) to compile them, then re-run.
[INFO] [stdout] stack backtrace:
[INFO] [stdout]    0:     0x6195dde0d5e1 - <<std[70759c8f55707aa4]::sys::backtrace::BacktraceLock>::print::DisplayBacktrace as core[df12db4294e9bfd3]::fmt::Display>::fmt
[INFO] [stdout]    1:     0x6195dde238ba - core[df12db4294e9bfd3]::fmt::write
[INFO] [stdout]    2:     0x6195dde11f7c - <alloc[2182bb758b4b3781]::vec::Vec<u8> as core[df12db4294e9bfd3]::io::write::Write>::write_fmt
[INFO] [stdout]    3:     0x6195ddde83f6 - std[70759c8f55707aa4]::panicking::default_hook::{closure#0}
[INFO] [stdout]    4:     0x6195dde05169 - std[70759c8f55707aa4]::panicking::default_hook
[INFO] [stdout]    5:     0x6195ddb4ad00 - test[9d35eded1c95d3be]::test_main_inner::<test[9d35eded1c95d3be]::test_main_static::{closure#0}>::{closure#0}
[INFO] [stdout]    6:     0x6195dde05492 - std[70759c8f55707aa4]::panicking::panic_with_hook
[INFO] [stdout]    7:     0x6195ddde84a2 - std[70759c8f55707aa4]::panicking::panic_handler::{closure#0}
[INFO] [stdout]    8:     0x6195ddde0fc9 - std[70759c8f55707aa4]::sys::backtrace::__rust_end_short_backtrace::<std[70759c8f55707aa4]::panicking::panic_handler::{closure#0}, !>
[INFO] [stdout]    9:     0x6195ddde909d - __rustc[8fa7c3cbc660c2b3]::rust_begin_unwind
[INFO] [stdout]   10:     0x6195dde2401c - core[df12db4294e9bfd3]::panicking::panic_fmt
[INFO] [stdout]   11:     0x6195ddb2ffcb - e2e[b837738d5c8761b9]::class
[INFO] [stdout]   12:     0x6195ddb314af - <e2e[b837738d5c8761b9]::json_output_carries_codes::{closure#0} as core[df12db4294e9bfd3]::ops::function::FnOnce<()>>::call_once
[INFO] [stdout]   13:     0x6195ddb3dfeb - test[9d35eded1c95d3be]::__rust_begin_short_backtrace::<core[df12db4294e9bfd3]::result::Result<(), alloc[2182bb758b4b3781]::string::String>, fn() -> core[df12db4294e9bfd3]::result::Result<(), alloc[2182bb758b4b3781]::string::String>>
[INFO] [stdout]   14:     0x6195ddb4b655 - test[9d35eded1c95d3be]::run_test::{closure#0}
[INFO] [stdout]   15:     0x6195ddb44f14 - std[70759c8f55707aa4]::sys::backtrace::__rust_begin_short_backtrace::<test[9d35eded1c95d3be]::run_test::{closure#1}, ()>
[INFO] [stdout]   16:     0x6195ddb4e7b2 - <std[70759c8f55707aa4]::thread::lifecycle::spawn_unchecked<test[9d35eded1c95d3be]::run_test::{closure#1}, ()>::{closure#1} as core[df12db4294e9bfd3]::ops::function::FnOnce<()>>::call_once::{shim:vtable#0}
[INFO] [stdout]   17:     0x6195dde0c819 - <std[70759c8f55707aa4]::sys::thread::unix::Thread>::new::thread_start
[INFO] [stdout]   18:     0x7eb98fa56dfa - <unknown>
[INFO] [stdout]   19:     0x7eb98faea3d4 - clone
[INFO] [stdout]   20:                0x0 - <unknown>
[INFO] [stdout] 
[INFO] [stdout] ---- rust_loader_skips_env_and_receiver stdout ----
[INFO] [stdout] 
[INFO] [stdout] thread 'rust_loader_skips_env_and_receiver' (1062) panicked at tests/e2e.rs:358:70:
[INFO] [stdout] Java_example_HandWritten_create
[INFO] [stdout] stack backtrace:
[INFO] [stdout]    0:     0x6195dde0d5e1 - <<std[70759c8f55707aa4]::sys::backtrace::BacktraceLock>::print::DisplayBacktrace as core[df12db4294e9bfd3]::fmt::Display>::fmt
[INFO] [stdout]    1:     0x6195dde238ba - core[df12db4294e9bfd3]::fmt::write
[INFO] [stdout]    2:     0x6195dde11f7c - <alloc[2182bb758b4b3781]::vec::Vec<u8> as core[df12db4294e9bfd3]::io::write::Write>::write_fmt
[INFO] [stdout]    3:     0x6195ddde83f6 - std[70759c8f55707aa4]::panicking::default_hook::{closure#0}
[INFO] [stdout]    4:     0x6195dde05169 - std[70759c8f55707aa4]::panicking::default_hook
[INFO] [stdout]    5:     0x6195ddb4ad00 - test[9d35eded1c95d3be]::test_main_inner::<test[9d35eded1c95d3be]::test_main_static::{closure#0}>::{closure#0}
[INFO] [stdout]    6:     0x6195dde05492 - std[70759c8f55707aa4]::panicking::panic_with_hook
[INFO] [stdout]    7:     0x6195ddde84a2 - std[70759c8f55707aa4]::panicking::panic_handler::{closure#0}
[INFO] [stdout]    8:     0x6195ddde0fc9 - std[70759c8f55707aa4]::sys::backtrace::__rust_end_short_backtrace::<std[70759c8f55707aa4]::panicking::panic_handler::{closure#0}, !>
[INFO] [stdout]    9:     0x6195ddde909d - __rustc[8fa7c3cbc660c2b3]::rust_begin_unwind
[INFO] [stdout]   10:     0x6195dde2401c - core[df12db4294e9bfd3]::panicking::panic_fmt
[INFO] [stdout]   11:     0x6195dde23d74 - core[df12db4294e9bfd3]::option::expect_failed
[INFO] [stdout]   12:     0x6195ddb333c5 - <e2e[b837738d5c8761b9]::rust_loader_skips_env_and_receiver::{closure#0} as core[df12db4294e9bfd3]::ops::function::FnOnce<()>>::call_once
[INFO] [stdout]   13:     0x6195ddb3dfeb - test[9d35eded1c95d3be]::__rust_begin_short_backtrace::<core[df12db4294e9bfd3]::result::Result<(), alloc[2182bb758b4b3781]::string::String>, fn() -> core[df12db4294e9bfd3]::result::Result<(), alloc[2182bb758b4b3781]::string::String>>
[INFO] [stdout]   14:     0x6195ddb4b655 - test[9d35eded1c95d3be]::run_test::{closure#0}
[INFO] [stdout]   15:     0x6195ddb44f14 - std[70759c8f55707aa4]::sys::backtrace::__rust_begin_short_backtrace::<test[9d35eded1c95d3be]::run_test::{closure#1}, ()>
[INFO] [stdout]   16:     0x6195ddb4e7b2 - <std[70759c8f55707aa4]::thread::lifecycle::spawn_unchecked<test[9d35eded1c95d3be]::run_test::{closure#1}, ()>::{closure#1} as core[df12db4294e9bfd3]::ops::function::FnOnce<()>>::call_once::{shim:vtable#0}
[INFO] [stdout]   17:     0x6195dde0c819 - <std[70759c8f55707aa4]::sys::thread::unix::Thread>::new::thread_start
[INFO] [stdout]   18:     0x7eb98fa56dfa - <unknown>
[INFO] [stdout]   19:     0x7eb98faea3d4 - clone
[INFO] [stdout]   20:                0x0 - <unknown>
[INFO] [stdout] 
[INFO] [stdout] ---- object_array_of_bound_type_matches stdout ----
[INFO] [stdout] 
[INFO] [stdout] thread 'object_array_of_bound_type_matches' (1060) panicked at tests/e2e.rs:273:13:
[INFO] [stdout] missing generated fixture: /opt/rustwide/workdir/tests/fixtures/classes/example/ObjectArrays.class
[INFO] [stdout] The `.class` files under tests/fixtures/classes/ are not committed.
[INFO] [stdout] Run `pixi run fixtures` (or `pixi run test`) to compile them, then re-run.
[INFO] [stdout] stack backtrace:
[INFO] [stdout]    0:     0x6195dde0d5e1 - <<std[70759c8f55707aa4]::sys::backtrace::BacktraceLock>::print::DisplayBacktrace as core[df12db4294e9bfd3]::fmt::Display>::fmt
[INFO] [stdout]    1:     0x6195dde238ba - core[df12db4294e9bfd3]::fmt::write
[INFO] [stdout]    2:     0x6195dde11f7c - <alloc[2182bb758b4b3781]::vec::Vec<u8> as core[df12db4294e9bfd3]::io::write::Write>::write_fmt
[INFO] [stdout]    3:     0x6195ddde83f6 - std[70759c8f55707aa4]::panicking::default_hook::{closure#0}
[INFO] [stdout]    4:     0x6195dde05169 - std[70759c8f55707aa4]::panicking::default_hook
[INFO] [stdout]    5:     0x6195ddb4ad00 - test[9d35eded1c95d3be]::test_main_inner::<test[9d35eded1c95d3be]::test_main_static::{closure#0}>::{closure#0}
[INFO] [stdout]    6:     0x6195dde05492 - std[70759c8f55707aa4]::panicking::panic_with_hook
[INFO] [stdout]    7:     0x6195ddde84a2 - std[70759c8f55707aa4]::panicking::panic_handler::{closure#0}
[INFO] [stdout]    8:     0x6195ddde0fc9 - std[70759c8f55707aa4]::sys::backtrace::__rust_end_short_backtrace::<std[70759c8f55707aa4]::panicking::panic_handler::{closure#0}, !>
[INFO] [stdout]    9:     0x6195ddde909d - __rustc[8fa7c3cbc660c2b3]::rust_begin_unwind
[INFO] [stdout]   10:     0x6195dde2401c - core[df12db4294e9bfd3]::panicking::panic_fmt
[INFO] [stdout]   11:     0x6195ddb2ffcb - e2e[b837738d5c8761b9]::class
[INFO] [stdout]   12:     0x6195ddb32928 - <e2e[b837738d5c8761b9]::object_array_of_bound_type_matches::{closure#0} as core[df12db4294e9bfd3]::ops::function::FnOnce<()>>::call_once
[INFO] [stdout]   13:     0x6195ddb3dfeb - test[9d35eded1c95d3be]::__rust_begin_short_backtrace::<core[df12db4294e9bfd3]::result::Result<(), alloc[2182bb758b4b3781]::string::String>, fn() -> core[df12db4294e9bfd3]::result::Result<(), alloc[2182bb758b4b3781]::string::String>>
[INFO] [stdout]   14:     0x6195ddb4b655 - test[9d35eded1c95d3be]::run_test::{closure#0}
[INFO] [stdout]   15:     0x6195ddb44f14 - std[70759c8f55707aa4]::sys::backtrace::__rust_begin_short_backtrace::<test[9d35eded1c95d3be]::run_test::{closure#1}, ()>
[INFO] [stdout]   16:     0x6195ddb4e7b2 - <std[70759c8f55707aa4]::thread::lifecycle::spawn_unchecked<test[9d35eded1c95d3be]::run_test::{closure#1}, ()>::{closure#1} as core[df12db4294e9bfd3]::ops::function::FnOnce<()>>::call_once::{shim:vtable#0}
[INFO] [stdout]   17:     0x6195dde0c819 - <std[70759c8f55707aa4]::sys::thread::unix::Thread>::new::thread_start
[INFO] [stdout]   18:     0x7eb98fa56dfa - <unknown>
[INFO] [stdout]   19:     0x7eb98faea3d4 - clone
[INFO] [stdout]   20:                0x0 - <unknown>
[INFO] [stdout] 
[INFO] [stdout] 
[INFO] [stdout] failures:
[INFO] [stdout]     array_wrappers_match_their_java_declarations
[INFO] [stdout]     correct_passes
[INFO] [stdout]     field_handle_annotations_report_expected_diagnostics
[INFO] [stdout]     flow_affine_move
[INFO] [stdout]     flow_basic_cases
[INFO] [stdout]     flow_exclusive_aliasing
[INFO] [stdout]     flow_exposed_handles
[INFO] [stdout]     flow_field_take_and_overwrite
[INFO] [stdout]     flow_forging
[INFO] [stdout]     flow_lowers_bytecode
[INFO] [stdout]     flow_owned_field_never_disposed
[INFO] [stdout]     flow_suppression_silences_category
[INFO] [stdout]     incorrect_calls_report_expected_diagnostics
[INFO] [stdout]     incorrect_macros_report_expected_diagnostics
[INFO] [stdout]     incorrect_reports_one_diagnostic_per_case
[INFO] [stdout]     java_loader_reads_pointer_annotations
[INFO] [stdout]     json_output_carries_codes
[INFO] [stdout]     object_array_of_bound_type_matches
[INFO] [stdout]     overloaded_macro_methods_match_when_supported
[INFO] [stdout]     rust_loader_skips_env_and_receiver
[INFO] [stdout] 
[INFO] [stdout] test result: FAILED. 5 passed; 20 failed; 0 ignored; 0 measured; 0 filtered out; finished in 0.01s
[INFO] [stdout] 
[INFO] [stderr] error: test failed, to rerun pass `--test e2e`
[INFO] running `Command { std: "docker" "inspect" "4d45c72a2a04b02218dfb586023529f81049540bf393c2cb431471a986858598", kill_on_drop: false }`
[INFO] running `Command { std: "docker" "rm" "-f" "4d45c72a2a04b02218dfb586023529f81049540bf393c2cb431471a986858598", kill_on_drop: false }`
[INFO] [stdout] 4d45c72a2a04b02218dfb586023529f81049540bf393c2cb431471a986858598
