[INFO] fetching crate jmix-rs 0.3.2...
[INFO] testing jmix-rs-0.3.2 against 1.99.0-beta.8+cargoflags=--release for beta-release-1.100-2
[INFO] extracting crate jmix-rs 0.3.2 into /workspace/builds/worker-2-tc1/source
[INFO] started tweaking crates.io crate jmix-rs 0.3.2
[INFO] removed 0 missing examples
[INFO] removed 0 missing tests
[INFO] finished tweaking crates.io crate jmix-rs 0.3.2
[INFO] tweaked toml for crates.io crate jmix-rs 0.3.2 written to /workspace/builds/worker-2-tc1/source/Cargo.toml
[INFO] validating manifest of crates.io crate jmix-rs 0.3.2 on toolchain 1.99.0-beta.8
[INFO] running `Command { std: CARGO_HOME="/workspace/cargo-home" RUSTUP_HOME="/workspace/rustup-home" "/workspace/cargo-home/bin/cargo" "+1.99.0-beta.8" "metadata" "--manifest-path" "Cargo.toml" "--no-deps", kill_on_drop: false }`
[INFO] crate crates.io crate jmix-rs 0.3.2 already has a lockfile, it will not be regenerated
[INFO] running `Command { std: CARGO_HOME="/workspace/cargo-home" RUSTUP_HOME="/workspace/rustup-home" "/workspace/cargo-home/bin/cargo" "+1.99.0-beta.8" "fetch" "--manifest-path" "Cargo.toml", kill_on_drop: false }`
[INFO] [stderr]     Updating crates.io index
[INFO] [stderr]  Downloading crates ...
[INFO] [stderr]   Downloaded cc v1.2.39
[INFO] [stderr]   Downloaded crc v3.3.0
[INFO] [stderr]   Downloaded windows-targets v0.53.4
[INFO] [stderr]   Downloaded find-msvc-tools v0.1.2
[INFO] [stderr]   Downloaded borrow-or-share v0.2.2
[INFO] [stderr]   Downloaded thiserror v2.0.16
[INFO] [stderr]   Downloaded thiserror-impl v2.0.16
[INFO] [stderr]   Downloaded libz-rs-sys v0.5.2
[INFO] [stderr]   Downloaded deranged v0.5.4
[INFO] [stderr]   Downloaded windows-interface v0.59.2
[INFO] [stderr]   Downloaded libbz2-rs-sys v0.2.2
[INFO] [stderr]   Downloaded referencing v0.33.0
[INFO] [stderr]   Downloaded encoding_index_tests v0.1.4
[INFO] [stderr]   Downloaded encoding-index-singlebyte v1.20141219.5
[INFO] [stderr]   Downloaded windows-strings v0.5.0
[INFO] [stderr]   Downloaded windows-implement v0.60.1
[INFO] [stderr]   Downloaded fluent-uri v0.3.2
[INFO] [stderr]   Downloaded base64ct v1.8.0
[INFO] [stderr]   Downloaded windows-result v0.4.0
[INFO] [stderr]   Downloaded snafu-derive v0.8.9
[INFO] [stderr]   Downloaded flate2 v1.1.4
[INFO] [stderr]   Downloaded dicom-transfer-syntax-registry v0.9.0
[INFO] [stderr]   Downloaded byteordered v0.6.0
[INFO] [stderr]   Downloaded dicom-encoding v0.9.0
[INFO] [stderr]   Downloaded windows-core v0.62.1
[INFO] [stderr]   Downloaded dicom-parser v0.9.0
[INFO] [stderr]   Downloaded fraction v0.15.3
[INFO] [stderr]   Downloaded dicom-object v0.9.0
[INFO] [stderr]   Downloaded snafu v0.8.9
[INFO] [stderr]   Downloaded clap v4.5.48
[INFO] [stderr]   Downloaded clap_derive v4.5.47
[INFO] [stderr]   Downloaded zip v6.0.0
[INFO] [stderr]   Downloaded hyper-util v0.1.17
[INFO] [stderr]   Downloaded encoding v0.2.33
[INFO] [stderr]   Downloaded encoding-index-japanese v1.20141219.5
[INFO] [stderr]   Downloaded dicom-core v0.9.0
[INFO] [stderr]   Downloaded jsonschema v0.33.0
[INFO] [stderr]   Downloaded encoding-index-korean v1.20141219.5
[INFO] [stderr]   Downloaded regex v1.11.3
[INFO] [stderr]   Downloaded encoding-index-tradchinese v1.20141219.5
[INFO] [stderr]   Downloaded encoding-index-simpchinese v1.20141219.5
[INFO] [stderr]   Downloaded zlib-rs v0.5.2
[INFO] [stderr]   Downloaded clap_builder v4.5.48
[INFO] [stderr]   Downloaded lzma-rust2 v0.13.0
[INFO] [stderr]   Downloaded dicom-dictionary-std v0.9.0
[INFO] [stderr]   Downloaded regex-syntax v0.8.6
[INFO] [stderr]   Downloaded regex-automata v0.4.11
[INFO] [stderr]   Downloaded libc v0.2.176
[INFO] [stderr]   Downloaded windows-sys v0.61.1
[INFO] running `Command { std: "docker" "create" "-v" "/var/lib/crater-agent-workspace/builds/worker-2-tc1/source:/opt/rustwide/workdir:ro,Z" "-v" "/var/lib/crater-agent-workspace/builds/worker-2-tc1/target:/opt/rustwide/target:rw,Z" "-v" "/var/lib/crater-agent-workspace/cargo-home:/opt/rustwide/cargo-home:ro,Z" "-v" "/var/lib/crater-agent-workspace/rustup-home:/opt/rustwide/rustup-home:ro,Z" "-m" "1610612736" "--network" "none" "ghcr.io/rust-lang/crates-build-env/linux@sha256:77db811e55d90add9212f6832c23229e3de5f1c1f9905e8cb07319ea15df73ac" "sleep" "infinity", kill_on_drop: false }`
[INFO] [stdout] 7dd394e62a4089cf00dcf9c0daab97f6bd3b37aa81d856f740cef2906e243cb6
[INFO] running `Command { std: "docker" "start" "7dd394e62a4089cf00dcf9c0daab97f6bd3b37aa81d856f740cef2906e243cb6", kill_on_drop: false }`
[INFO] running `Command { std: "docker" "inspect" "7dd394e62a4089cf00dcf9c0daab97f6bd3b37aa81d856f740cef2906e243cb6", kill_on_drop: false }`
[INFO] running `Command { std: "docker" "exec" "-e" "SOURCE_DIR=/opt/rustwide/workdir" "-e" "CARGO_HOME=/opt/rustwide/cargo-home" "-e" "RUSTUP_HOME=/opt/rustwide/rustup-home" "-e" "CARGO_TARGET_DIR=/opt/rustwide/target" "-w" "/opt/rustwide/workdir" "--user" "0:0" "7dd394e62a4089cf00dcf9c0daab97f6bd3b37aa81d856f740cef2906e243cb6" "/opt/rustwide/cargo-home/bin/cargo" "+1.99.0-beta.8" "metadata" "--no-deps" "--format-version=1", kill_on_drop: false }`
[INFO] running `Command { std: "docker" "inspect" "7dd394e62a4089cf00dcf9c0daab97f6bd3b37aa81d856f740cef2906e243cb6", kill_on_drop: false }`
[INFO] running `Command { std: "docker" "exec" "-e" "SOURCE_DIR=/opt/rustwide/workdir" "-e" "CARGO_HOME=/opt/rustwide/cargo-home" "-e" "RUSTUP_HOME=/opt/rustwide/rustup-home" "-e" "CARGO_TARGET_DIR=/opt/rustwide/target" "-e" "CARGO_INCREMENTAL=0" "-e" "RUST_BACKTRACE=full" "-e" "RUSTFLAGS=--cap-lints=warn" "-e" "RUSTDOCFLAGS=--cap-lints=warn" "-w" "/opt/rustwide/workdir" "--user" "0:0" "7dd394e62a4089cf00dcf9c0daab97f6bd3b37aa81d856f740cef2906e243cb6" "/opt/rustwide/cargo-home/bin/cargo" "+1.99.0-beta.8" "build" "--frozen" "--message-format=json" "--release", kill_on_drop: false }`
[INFO] [stderr]    Compiling proc-macro2 v1.0.101
[INFO] [stderr]    Compiling unicode-ident v1.0.19
[INFO] [stderr]    Compiling libc v0.2.176
[INFO] [stderr]    Compiling cfg-if v1.0.3
[INFO] [stderr]    Compiling generic-array v0.14.7
[INFO] [stderr]    Compiling encoding_index_tests v0.1.4
[INFO] [stderr]    Compiling getrandom v0.3.3
[INFO] [stderr]    Compiling find-msvc-tools v0.1.2
[INFO] [stderr]    Compiling either v1.15.0
[INFO] [stderr]    Compiling bitflags v2.9.4
[INFO] [stderr]    Compiling safe-transmute v0.11.3
[INFO] [stderr]    Compiling semver v1.0.27
[INFO] [stderr]    Compiling futures-util v0.3.31
[INFO] [stderr]    Compiling itertools v0.14.0
[INFO] [stderr]    Compiling encoding-index-tradchinese v1.20141219.5
[INFO] [stderr]    Compiling rustc_version v0.4.1
[INFO] [stderr]    Compiling encoding-index-japanese v1.20141219.5
[INFO] [stderr]    Compiling quote v1.0.40
[INFO] [stderr]    Compiling block-buffer v0.10.4
[INFO] [stderr]    Compiling inout v0.1.4
[INFO] [stderr]    Compiling encoding-index-korean v1.20141219.5
[INFO] [stderr]    Compiling encoding-index-simpchinese v1.20141219.5
[INFO] [stderr]    Compiling syn v2.0.106
[INFO] [stderr]    Compiling encoding-index-singlebyte v1.20141219.5
[INFO] [stderr]    Compiling byteorder v1.5.0
[INFO] [stderr]    Compiling ref-cast v1.0.24
[INFO] [stderr]    Compiling crc32fast v1.5.0
[INFO] [stderr]    Compiling zerocopy v0.8.27
[INFO] [stderr]    Compiling getrandom v0.2.16
[INFO] [stderr]    Compiling socket2 v0.6.0
[INFO] [stderr]    Compiling mio v1.0.4
[INFO] [stderr]    Compiling rand_core v0.6.4
[INFO] [stderr]    Compiling jobserver v0.1.34
[INFO] [stderr]    Compiling serde_json v1.0.145
[INFO] [stderr]    Compiling rustix v1.1.2
[INFO] [stderr]    Compiling crypto-common v0.1.6
[INFO] [stderr]    Compiling digest v0.10.7
[INFO] [stderr]    Compiling cc v1.2.39
[INFO] [stderr]    Compiling parking_lot_core v0.9.11
[INFO] [stderr]    Compiling tokio v1.47.1
[INFO] [stderr]    Compiling cipher v0.4.4
[INFO] [stderr]    Compiling byteordered v0.6.0
[INFO] [stderr]    Compiling encoding v0.2.33
[INFO] [stderr]    Compiling curve25519-dalek v4.1.3
[INFO] [stderr]    Compiling futures-channel v0.3.31
[INFO] [stderr]    Compiling aho-corasick v1.1.3
[INFO] [stderr]    Compiling regex-syntax v0.8.6
[INFO] [stderr]    Compiling zstd-safe v7.2.4
[INFO] [stderr]    Compiling log v0.4.28
[INFO] [stderr]    Compiling linux-raw-sys v0.11.0
[INFO] [stderr]    Compiling zstd-sys v2.0.16+zstd.1.5.7
[INFO] [stderr]    Compiling anstyle-parse v0.2.7
[INFO] [stderr]    Compiling synstructure v0.13.2
[INFO] [stderr]    Compiling tower v0.5.2
[INFO] [stderr]    Compiling hyper v1.7.0
[INFO] [stderr]    Compiling regex-automata v0.4.11
[INFO] [stderr]    Compiling serde_derive v1.0.228
[INFO] [stderr]    Compiling zerofrom-derive v0.1.6
[INFO] [stderr]    Compiling zerofrom v0.1.6
[INFO] [stderr]    Compiling yoke-derive v0.8.0
[INFO] [stderr]    Compiling zerovec-derive v0.11.1
[INFO] [stderr]    Compiling yoke v0.8.0
[INFO] [stderr]    Compiling displaydoc v0.2.5
[INFO] [stderr]    Compiling zerovec v0.11.4
[INFO] [stderr]    Compiling zerotrie v0.2.2
[INFO] [stderr]    Compiling snafu-derive v0.8.9
[INFO] [stderr]    Compiling tracing-attributes v0.1.30
[INFO] [stderr]    Compiling zeroize_derive v1.4.2
[INFO] [stderr]    Compiling serde v1.0.228
[INFO] [stderr]    Compiling zeroize v1.8.1
[INFO] [stderr]    Compiling ref-cast-impl v1.0.24
[INFO] [stderr]    Compiling curve25519-dalek-derive v0.1.1
[INFO] [stderr]    Compiling tracing v0.1.41
[INFO] [stderr]    Compiling tinystr v0.8.1
[INFO] [stderr]    Compiling icu_locale_core v2.0.0
[INFO] [stderr]    Compiling potential_utf v0.1.3
[INFO] [stderr]    Compiling chrono v0.4.42
[INFO] [stderr]    Compiling sha2 v0.10.9
[INFO] [stderr]    Compiling icu_collections v2.0.0
[INFO] [stderr]    Compiling hmac v0.12.1
[INFO] [stderr]    Compiling snafu v0.8.9
[INFO] [stderr]    Compiling universal-hash v0.5.1
[INFO] [stderr]    Compiling anstyle-query v1.1.4
[INFO] [stderr]    Compiling zlib-rs v0.5.2
[INFO] [stderr]    Compiling icu_provider v2.0.0
[INFO] [stderr]    Compiling is_terminal_polyfill v1.70.1
[INFO] [stderr]    Compiling colorchoice v1.0.4
[INFO] [stderr]    Compiling anstyle v1.0.13
[INFO] [stderr]    Compiling icu_properties v2.0.1
[INFO] [stderr]    Compiling icu_normalizer v2.0.0
[INFO] [stderr]    Compiling dicom-core v0.9.0
[INFO] [stderr]    Compiling idna_adapter v1.2.1
[INFO] [stderr]    Compiling idna v1.1.0
[INFO] [stderr]    Compiling borrow-or-share v0.2.2
[INFO] [stderr]    Compiling iri-string v0.7.8
[INFO] [stderr]    Compiling crc-catalog v2.4.0
[INFO] [stderr]    Compiling hyper-util v0.1.17
[INFO] [stderr]    Compiling libz-rs-sys v0.5.2
[INFO] [stderr]    Compiling crc v3.3.0
[INFO] [stderr]    Compiling dicom-dictionary-std v0.9.0
[INFO] [stderr]    Compiling tower-http v0.6.6
[INFO] [stderr]    Compiling dicom-encoding v0.9.0
[INFO] [stderr]    Compiling url v2.5.7
[INFO] [stderr]    Compiling fluent-uri v0.3.2
[INFO] [stderr]    Compiling anstream v0.6.21
[INFO] [stderr]    Compiling polyval v0.6.2
[INFO] [stderr]    Compiling deranged v0.5.4
[INFO] [stderr]    Compiling parking_lot v0.12.4
[INFO] [stderr]    Compiling ahash v0.8.12
[INFO] [stderr]    Compiling serde_urlencoded v0.7.1
[INFO] [stderr]    Compiling aes v0.8.4
[INFO] [stderr]    Compiling uuid v1.18.1
[INFO] [stderr]    Compiling clap_lex v0.7.5
[INFO] [stderr]    Compiling hashbrown v0.16.0
[INFO] [stderr]    Compiling simd-adler32 v0.3.7
[INFO] [stderr]    Compiling libbz2-rs-sys v0.2.2
[INFO] [stderr]    Compiling bumpalo v3.19.0
[INFO] [stderr]    Compiling thiserror v2.0.16
[INFO] [stderr]    Compiling clap_builder v4.5.48
[INFO] [stderr]    Compiling bzip2 v0.6.1
[INFO] [stderr]    Compiling indexmap v2.12.0
[INFO] [stderr]    Compiling zopfli v0.8.2
[INFO] [stderr]    Compiling ed25519 v2.2.3
[INFO] [stderr]    Compiling time v0.3.44
[INFO] [stderr]    Compiling uuid-simd v0.8.0
[INFO] [stderr]    Compiling reqwest v0.12.23
[INFO] [stderr]    Compiling referencing v0.33.0
[INFO] [stderr]    Compiling fraction v0.15.3
[INFO] [stderr]    Compiling fancy-regex v0.16.2
[INFO] [stderr]    Compiling dicom-transfer-syntax-registry v0.9.0
[INFO] [stderr]    Compiling dicom-parser v0.9.0
[INFO] [stderr]    Compiling ghash v0.5.1
[INFO] [stderr]    Compiling lzma-rust2 v0.13.0
[INFO] [stderr]    Compiling flate2 v1.1.4
[INFO] [stderr]    Compiling regex v1.11.3
[INFO] [stderr]    Compiling pbkdf2 v0.12.2
[INFO] [stderr]    Compiling email_address v0.2.9
[INFO] [stderr]    Compiling thiserror-impl v2.0.16
[INFO] [stderr]    Compiling clap_derive v4.5.47
[INFO] [stderr]    Compiling xattr v1.6.1
[INFO] [stderr]    Compiling ctr v0.9.2
[INFO] [stderr]    Compiling sha1 v0.10.6
[INFO] [stderr]    Compiling aead v0.5.2
[INFO] [stderr]    Compiling filetime v0.2.26
[INFO] [stderr]    Compiling constant_time_eq v0.3.1
[INFO] [stderr]    Compiling deflate64 v0.1.10
[INFO] [stderr]    Compiling ppmd-rust v1.2.1
[INFO] [stderr]    Compiling jsonschema v0.33.0
[INFO] [stderr]    Compiling tempfile v3.23.0
[INFO] [stderr]    Compiling tar v0.4.44
[INFO] [stderr]    Compiling clap v4.5.48
[INFO] [stderr]    Compiling aes-gcm v0.10.3
[INFO] [stderr]    Compiling dicom-object v0.9.0
[INFO] [stderr]    Compiling ed25519-dalek v2.2.0
[INFO] [stderr]    Compiling x25519-dalek v2.0.1
[INFO] [stderr]    Compiling hkdf v0.12.4
[INFO] [stderr]    Compiling zstd v0.13.3
[INFO] [stderr]    Compiling zip v6.0.0
[INFO] [stderr]    Compiling jmix-rs v0.3.2 (/opt/rustwide/workdir)
[INFO] [stderr]     Finished `release` profile [optimized] target(s) in 5m 07s
[INFO] running `Command { std: "docker" "inspect" "7dd394e62a4089cf00dcf9c0daab97f6bd3b37aa81d856f740cef2906e243cb6", kill_on_drop: false }`
[INFO] running `Command { std: "docker" "exec" "-e" "SOURCE_DIR=/opt/rustwide/workdir" "-e" "CARGO_HOME=/opt/rustwide/cargo-home" "-e" "RUSTUP_HOME=/opt/rustwide/rustup-home" "-e" "CARGO_TARGET_DIR=/opt/rustwide/target" "-e" "CARGO_INCREMENTAL=0" "-e" "RUST_BACKTRACE=full" "-e" "RUSTFLAGS=--cap-lints=warn" "-e" "RUSTDOCFLAGS=--cap-lints=warn" "-w" "/opt/rustwide/workdir" "--user" "0:0" "7dd394e62a4089cf00dcf9c0daab97f6bd3b37aa81d856f740cef2906e243cb6" "/opt/rustwide/cargo-home/bin/cargo" "+1.99.0-beta.8" "test" "--frozen" "--no-run" "--message-format=json" "--release", kill_on_drop: false }`
[INFO] [stderr]    Compiling jmix-rs v0.3.2 (/opt/rustwide/workdir)
[INFO] [stderr]     Finished `release` profile [optimized] target(s) in 2m 14s
[INFO] running `Command { std: "docker" "inspect" "7dd394e62a4089cf00dcf9c0daab97f6bd3b37aa81d856f740cef2906e243cb6", kill_on_drop: false }`
[INFO] running `Command { std: "docker" "exec" "-e" "SOURCE_DIR=/opt/rustwide/workdir" "-e" "CARGO_HOME=/opt/rustwide/cargo-home" "-e" "RUSTUP_HOME=/opt/rustwide/rustup-home" "-e" "CARGO_TARGET_DIR=/opt/rustwide/target" "-e" "CARGO_INCREMENTAL=0" "-e" "RUST_BACKTRACE=full" "-e" "RUSTFLAGS=--cap-lints=warn" "-e" "RUSTDOCFLAGS=--cap-lints=warn" "-w" "/opt/rustwide/workdir" "--user" "0:0" "7dd394e62a4089cf00dcf9c0daab97f6bd3b37aa81d856f740cef2906e243cb6" "/opt/rustwide/cargo-home/bin/cargo" "+1.99.0-beta.8" "test" "--frozen" "--release", kill_on_drop: false }`
[INFO] [stderr]     Finished `release` profile [optimized] target(s) in 0.26s
[INFO] [stderr]      Running unittests src/lib.rs (/opt/rustwide/target/release/deps/jmix_rs-021e8cdd721911d3)
[INFO] [stdout] 
[INFO] [stdout] running 46 tests
[INFO] [stdout] test assertion::tests::test_assertion_manager_creation ... ok
[INFO] [stdout] test assertion::tests::test_assertion_verification ... ok
[INFO] [stdout] test assertion::tests::test_expired_assertion ... ok
[INFO] [stdout] test assertion::tests::test_invalid_assertion_verification ... ok
[INFO] [stdout] test assertion::tests::test_receiver_assertion_creation_and_verification ... ok
[INFO] [stdout] test assertion::tests::test_sender_assertion_creation ... ok
[INFO] [stdout] test builder::tests::test_builder_creation ... ok
[INFO] [stdout] test dicom::tests::test_dicom_processor_creation ... ok
[INFO] [stdout] test dicom::tests::test_format_dicom_date ... ok
[INFO] [stdout] test builder::tests::test_contact_conversion ... ok
[INFO] [stdout] test dicom::tests::test_fallback_metadata_from_config ... ok
[INFO] [stdout] test builder::tests::test_receivers_get_assertions_when_enabled ... ok
[INFO] [stdout] test dicom::tests::test_is_dicom_file_by_extension ... ok
[INFO] [stdout] test dicom::tests::test_format_dicom_person_name ... ok
[INFO] [stdout] test dicom::tests::test_process_empty_directory ... ok
[INFO] [stdout] test encryption::tests::test_encryption_different_ephemeral_keys ... ok
[INFO] [stdout] test dicom::tests::test_is_dicom_file_with_magic_number ... ok
[INFO] [stdout] test encryption::tests::test_encryption_manager_from_base64 ... ok
[INFO] [stdout] test encryption::tests::test_encryption_roundtrip ... ok
[INFO] [stdout] test builder::tests::test_builder_with_signing ... ok
[INFO] [stdout] test encryption::tests::test_keypair_generation ... ok
[INFO] [stdout] test jws::tests::test_jws_manager_creation ... ok
[INFO] [stdout] test encryption::tests::test_invalid_decryption ... ok
[INFO] [stdout] test jws::tests::test_keypair_file_generation ... ok
[INFO] [stdout] test jws::tests::test_sign_and_verify ... ok
[INFO] [stdout] test encryption::tests::test_keypair_save_load ... ok
[INFO] [stdout] test builder::tests::test_save_to_files ... ok
[INFO] [stdout] test jws::tests::test_invalid_jws_format ... ok
[INFO] [stdout] test jws::tests::test_key_generation ... ok
[INFO] [stdout] test tests::skip_flags::tests::test_backward_compatibility ... ok
[INFO] [stdout] test tests::skip_flags::tests::test_build_with_hashing_enabled ... ok
[INFO] [stdout] test tests::skip_flags::tests::test_build_with_hashing_disabled ... ok
[INFO] [stdout] test tests::skip_flags::tests::test_files_manifest_with_listing_disabled ... ok
[INFO] [stdout] test tests::skip_flags::tests::test_files_manifest_with_hashing_disabled ... ok
[INFO] [stdout] test tests::skip_flags::tests::test_build_with_listing_disabled ... ok
[INFO] [stdout] test validation::tests::test_manifest_validation_integration ... ignored
[INFO] [stdout] test types::tests::test_contact_variants ... ok
[INFO] [stdout] test types::tests::test_envelope_serialization_roundtrip ... ok
[INFO] [stdout] test validation::tests::test_minimal_structure_serialization ... ok
[INFO] [stdout] test validation::tests::test_validator_creation ... ok
[INFO] [stdout] test tests::skip_flags::tests::test_save_with_options_creates_files ... ok
[INFO] [stdout] test validation::tests::test_validation_with_missing_schemas ... ok
[INFO] [stdout] test tests::skip_flags::tests::test_save_with_skip_hashing_sets_placeholder ... ok
[INFO] [stdout] test tests::skip_flags::tests::test_save_with_skip_listing_creates_minimal_files_json ... ok
[INFO] [stdout] test tests::skip_flags::tests::test_skip_hashing_flag_acceptance ... ok
[INFO] [stdout] test tests::skip_flags::tests::test_build_with_both_flags_disabled ... ok
[INFO] [stderr]      Running unittests src/bin/jmix.rs (/opt/rustwide/target/release/deps/jmix-dc17c60b9e4c745e)
[INFO] [stdout] 
[INFO] [stdout] test result: ok. 45 passed; 0 failed; 1 ignored; 0 measured; 0 filtered out; finished in 0.02s
[INFO] [stdout] 
[INFO] [stdout] 
[INFO] [stdout] running 0 tests
[INFO] [stdout] 
[INFO] [stdout] test result: ok. 0 passed; 0 failed; 0 ignored; 0 measured; 0 filtered out; finished in 0.00s
[INFO] [stdout] 
[INFO] [stderr]      Running tests/integration_tests.rs (/opt/rustwide/target/release/deps/integration_tests-d72095b0b2b8d55d)
[INFO] [stdout] 
[INFO] [stdout] running 12 tests
[INFO] [stdout] test test_dicom_processor_with_sample_data ... ok
[INFO] [stdout] test test_hash_format_validation ... ok
[INFO] [stdout] test test_files_manifest_structure ... ok
[INFO] [stdout] test test_manifest_structure_validity ... ok
[INFO] [stdout] test test_metadata_structure_validity ... ok
[INFO] [stdout] test test_validation_integration_with_real_schemas ... ignored, Requires schema files in ../jmix/schemas
[INFO] [stdout] test test_uuid_validation_format ... ok
[INFO] [stdout] test test_config_serialization_roundtrip ... ok
[INFO] [stdout] test test_contact_serialization_variants ... ok
[INFO] [stdout] test test_complete_envelope_structure ... ok
[INFO] [stderr]      Running tests/sample_validation_tests.rs (/opt/rustwide/target/release/deps/sample_validation_tests-9d98cacc8539bcb3)
[INFO] [stdout] test test_error_handling ... ok
[INFO] [stdout] test test_audit_structure_validity ... ok
[INFO] [stdout] 
[INFO] [stdout] test result: ok. 11 passed; 0 failed; 1 ignored; 0 measured; 0 filtered out; finished in 0.01s
[INFO] [stdout] 
[INFO] [stdout] 
[INFO] [stdout] running 8 tests
[INFO] [stdout] test test_config_to_jmix_types_conversion ... ok
[INFO] [stdout] test test_load_sample_audit ... ok
[INFO] [stdout] test test_validate_sample_files_with_schemas ... ignored, Requires schema files in ../jmix/schemas
[INFO] [stdout] test test_load_sample_manifest ... ok
[INFO] [stdout] test test_load_sample_metadata ... ok
[INFO] [stdout] test test_sample_data_consistency ... FAILED
[INFO] [stdout] test test_load_sample_config ... ok
[INFO] [stdout] test test_load_sample_files ... ok
[INFO] [stderr] error: test failed, to rerun pass `--test sample_validation_tests`
[INFO] [stdout] 
[INFO] [stdout] failures:
[INFO] [stdout] 
[INFO] [stdout] ---- test_sample_data_consistency stdout ----
[INFO] [stdout] ⚠ samples/sample_config.json not found (this is OK for some tests)
[INFO] [stdout] ⚠ samples/sample_manifest.json not found (this is OK for some tests)
[INFO] [stdout] ⚠ samples/sample_metadata.json not found (this is OK for some tests)
[INFO] [stdout] ⚠ samples/sample_audit.json not found (this is OK for some tests)
[INFO] [stdout] ⚠ samples/sample_files.json not found (this is OK for some tests)
[INFO] [stdout] 
[INFO] [stdout] thread 'test_sample_data_consistency' (3367) panicked at tests/sample_validation_tests.rs:385:5:
[INFO] [stdout] No sample files found - this suggests a problem with test setup
[INFO] [stdout] stack backtrace:
[INFO] [stdout]    0:     0x5f781d9b3711 - <<std[70759c8f55707aa4]::sys::backtrace::BacktraceLock>::print::DisplayBacktrace as core[df12db4294e9bfd3]::fmt::Display>::fmt
[INFO] [stdout]    1:     0x5f781d9ca0ba - core[df12db4294e9bfd3]::fmt::write
[INFO] [stdout]    2:     0x5f781d9b821c - <alloc[2182bb758b4b3781]::vec::Vec<u8> as core[df12db4294e9bfd3]::io::write::Write>::write_fmt
[INFO] [stdout]    3:     0x5f781d98e2f6 - std[70759c8f55707aa4]::panicking::default_hook::{closure#0}
[INFO] [stdout]    4:     0x5f781d9ab159 - std[70759c8f55707aa4]::panicking::default_hook
[INFO] [stdout]    5:     0x5f781d65f130 - test[9d35eded1c95d3be]::test_main_inner::<test[9d35eded1c95d3be]::test_main_static::{closure#0}>::{closure#0}
[INFO] [stdout]    6:     0x5f781d9ab482 - std[70759c8f55707aa4]::panicking::panic_with_hook
[INFO] [stdout]    7:     0x5f781d98e3d4 - std[70759c8f55707aa4]::panicking::panic_handler::{closure#0}
[INFO] [stdout]    8:     0x5f781d986eb9 - std[70759c8f55707aa4]::sys::backtrace::__rust_end_short_backtrace::<std[70759c8f55707aa4]::panicking::panic_handler::{closure#0}, !>
[INFO] [stdout]    9:     0x5f781d98f18d - __rustc[8fa7c3cbc660c2b3]::rust_begin_unwind
[INFO] [stdout]   10:     0x5f781d9ca89c - core[df12db4294e9bfd3]::panicking::panic_fmt
[INFO] [stdout]   11:     0x5f781d642e92 - <sample_validation_tests[4ff4aa697aedad25]::test_sample_data_consistency::{closure#0} as core[df12db4294e9bfd3]::ops::function::FnOnce<()>>::call_once
[INFO] [stdout]   12:     0x5f781d65241b - test[9d35eded1c95d3be]::__rust_begin_short_backtrace::<core[df12db4294e9bfd3]::result::Result<(), alloc[2182bb758b4b3781]::string::String>, fn() -> core[df12db4294e9bfd3]::result::Result<(), alloc[2182bb758b4b3781]::string::String>>
[INFO] [stdout]   13:     0x5f781d65fa85 - test[9d35eded1c95d3be]::run_test::{closure#0}
[INFO] [stdout]   14:     0x5f781d659344 - std[70759c8f55707aa4]::sys::backtrace::__rust_begin_short_backtrace::<test[9d35eded1c95d3be]::run_test::{closure#1}, ()>
[INFO] [stdout]   15:     0x5f781d662be2 - <std[70759c8f55707aa4]::thread::lifecycle::spawn_unchecked<test[9d35eded1c95d3be]::run_test::{closure#1}, ()>::{closure#1} as core[df12db4294e9bfd3]::ops::function::FnOnce<()>>::call_once::{shim:vtable#0}
[INFO] [stdout]   16:     0x5f781d9b28c9 - <std[70759c8f55707aa4]::sys::thread::unix::Thread>::new::thread_start
[INFO] [stdout]   17:     0x7bd5bb2c3dfa - <unknown>
[INFO] [stdout]   18:     0x7bd5bb3573d4 - clone
[INFO] [stdout]   19:                0x0 - <unknown>
[INFO] [stdout] 
[INFO] [stdout] 
[INFO] [stdout] failures:
[INFO] [stdout]     test_sample_data_consistency
[INFO] [stdout] 
[INFO] [stdout] test result: FAILED. 6 passed; 1 failed; 1 ignored; 0 measured; 0 filtered out; finished in 0.05s
[INFO] [stdout] 
[INFO] running `Command { std: "docker" "inspect" "7dd394e62a4089cf00dcf9c0daab97f6bd3b37aa81d856f740cef2906e243cb6", kill_on_drop: false }`
[INFO] running `Command { std: "docker" "rm" "-f" "7dd394e62a4089cf00dcf9c0daab97f6bd3b37aa81d856f740cef2906e243cb6", kill_on_drop: false }`
[INFO] [stdout] 7dd394e62a4089cf00dcf9c0daab97f6bd3b37aa81d856f740cef2906e243cb6
