[INFO] fetching crate jj-conflict-workspace 0.4.0...
[INFO] testing jj-conflict-workspace-0.4.0 against 1.99.0-beta.8+cargoflags=--release for beta-release-1.100-2
[INFO] extracting crate jj-conflict-workspace 0.4.0 into /workspace/builds/worker-7-tc1/source
[INFO] started tweaking crates.io crate jj-conflict-workspace 0.4.0
[INFO] removed 0 missing tests
[INFO] finished tweaking crates.io crate jj-conflict-workspace 0.4.0
[INFO] tweaked toml for crates.io crate jj-conflict-workspace 0.4.0 written to /workspace/builds/worker-7-tc1/source/Cargo.toml
[INFO] validating manifest of crates.io crate jj-conflict-workspace 0.4.0 on toolchain 1.99.0-beta.8
[INFO] running `Command { std: CARGO_HOME="/workspace/cargo-home" RUSTUP_HOME="/workspace/rustup-home" "/workspace/cargo-home/bin/cargo" "+1.99.0-beta.8" "metadata" "--manifest-path" "Cargo.toml" "--no-deps", kill_on_drop: false }`
[INFO] crate crates.io crate jj-conflict-workspace 0.4.0 already has a lockfile, it will not be regenerated
[INFO] running `Command { std: CARGO_HOME="/workspace/cargo-home" RUSTUP_HOME="/workspace/rustup-home" "/workspace/cargo-home/bin/cargo" "+1.99.0-beta.8" "fetch" "--manifest-path" "Cargo.toml", kill_on_drop: false }`
[INFO] running `Command { std: "docker" "create" "-v" "/var/lib/crater-agent-workspace/builds/worker-7-tc1/source:/opt/rustwide/workdir:ro,Z" "-v" "/var/lib/crater-agent-workspace/builds/worker-7-tc1/target:/opt/rustwide/target:rw,Z" "-v" "/var/lib/crater-agent-workspace/cargo-home:/opt/rustwide/cargo-home:ro,Z" "-v" "/var/lib/crater-agent-workspace/rustup-home:/opt/rustwide/rustup-home:ro,Z" "-m" "1610612736" "--network" "none" "ghcr.io/rust-lang/crates-build-env/linux@sha256:77db811e55d90add9212f6832c23229e3de5f1c1f9905e8cb07319ea15df73ac" "sleep" "infinity", kill_on_drop: false }`
[INFO] [stdout] bf7033f848c1e3856423e5f011445d99a796f6bb539f46bf49e2588f4b5da350
[INFO] running `Command { std: "docker" "start" "bf7033f848c1e3856423e5f011445d99a796f6bb539f46bf49e2588f4b5da350", kill_on_drop: false }`
[INFO] running `Command { std: "docker" "inspect" "bf7033f848c1e3856423e5f011445d99a796f6bb539f46bf49e2588f4b5da350", kill_on_drop: false }`
[INFO] running `Command { std: "docker" "exec" "-e" "SOURCE_DIR=/opt/rustwide/workdir" "-e" "CARGO_HOME=/opt/rustwide/cargo-home" "-e" "RUSTUP_HOME=/opt/rustwide/rustup-home" "-e" "CARGO_TARGET_DIR=/opt/rustwide/target" "-w" "/opt/rustwide/workdir" "--user" "0:0" "bf7033f848c1e3856423e5f011445d99a796f6bb539f46bf49e2588f4b5da350" "/opt/rustwide/cargo-home/bin/cargo" "+1.99.0-beta.8" "metadata" "--no-deps" "--format-version=1", kill_on_drop: false }`
[INFO] running `Command { std: "docker" "inspect" "bf7033f848c1e3856423e5f011445d99a796f6bb539f46bf49e2588f4b5da350", kill_on_drop: false }`
[INFO] running `Command { std: "docker" "exec" "-e" "SOURCE_DIR=/opt/rustwide/workdir" "-e" "CARGO_HOME=/opt/rustwide/cargo-home" "-e" "RUSTUP_HOME=/opt/rustwide/rustup-home" "-e" "CARGO_TARGET_DIR=/opt/rustwide/target" "-e" "CARGO_INCREMENTAL=0" "-e" "RUST_BACKTRACE=full" "-e" "RUSTFLAGS=--cap-lints=warn" "-e" "RUSTDOCFLAGS=--cap-lints=warn" "-w" "/opt/rustwide/workdir" "--user" "0:0" "bf7033f848c1e3856423e5f011445d99a796f6bb539f46bf49e2588f4b5da350" "/opt/rustwide/cargo-home/bin/cargo" "+1.99.0-beta.8" "build" "--frozen" "--message-format=json" "--release", kill_on_drop: false }`
[INFO] [stderr]    Compiling generic-array v0.14.7
[INFO] [stderr]    Compiling proc-macro2 v1.0.107
[INFO] [stderr]    Compiling rustix v1.1.4
[INFO] [stderr]    Compiling filetime v0.2.29
[INFO] [stderr]    Compiling quote v1.0.47
[INFO] [stderr]    Compiling syn v3.0.3
[INFO] [stderr]    Compiling block-buffer v0.10.4
[INFO] [stderr]    Compiling crypto-common v0.1.7
[INFO] [stderr]    Compiling digest v0.10.7
[INFO] [stderr]    Compiling sha2 v0.10.9
[INFO] [stderr]    Compiling tempfile v3.27.0
[INFO] [stderr]    Compiling serde_derive v1.0.229
[INFO] [stderr]    Compiling serde v1.0.229
[INFO] [stderr]    Compiling jj-conflict-workspace v0.4.0 (/opt/rustwide/workdir)
[INFO] [stderr]     Finished `release` profile [optimized] target(s) in 16.97s
[INFO] running `Command { std: "docker" "inspect" "bf7033f848c1e3856423e5f011445d99a796f6bb539f46bf49e2588f4b5da350", kill_on_drop: false }`
[INFO] running `Command { std: "docker" "exec" "-e" "SOURCE_DIR=/opt/rustwide/workdir" "-e" "CARGO_HOME=/opt/rustwide/cargo-home" "-e" "RUSTUP_HOME=/opt/rustwide/rustup-home" "-e" "CARGO_TARGET_DIR=/opt/rustwide/target" "-e" "CARGO_INCREMENTAL=0" "-e" "RUST_BACKTRACE=full" "-e" "RUSTFLAGS=--cap-lints=warn" "-e" "RUSTDOCFLAGS=--cap-lints=warn" "-w" "/opt/rustwide/workdir" "--user" "0:0" "bf7033f848c1e3856423e5f011445d99a796f6bb539f46bf49e2588f4b5da350" "/opt/rustwide/cargo-home/bin/cargo" "+1.99.0-beta.8" "test" "--frozen" "--no-run" "--message-format=json" "--release", kill_on_drop: false }`
[INFO] [stderr]    Compiling jj-conflict-workspace v0.4.0 (/opt/rustwide/workdir)
[INFO] [stdout] warning: function `unique_temp_dir` is never used
[INFO] [stdout]    --> tests/cli_placeholder.rs:144:4
[INFO] [stdout]     |
[INFO] [stdout] 144 | fn unique_temp_dir(name: &str) -> PathBuf {
[INFO] [stdout]     |    ^^^^^^^^^^^^^^^
[INFO] [stdout]     |
[INFO] [stdout]     = note: `#[warn(dead_code)]` (part of `#[warn(unused)]`) on by default
[INFO] [stdout] 
[INFO] [stdout] 
[INFO] [stderr]     Finished `release` profile [optimized] target(s) in 10.33s
[INFO] running `Command { std: "docker" "inspect" "bf7033f848c1e3856423e5f011445d99a796f6bb539f46bf49e2588f4b5da350", kill_on_drop: false }`
[INFO] running `Command { std: "docker" "exec" "-e" "SOURCE_DIR=/opt/rustwide/workdir" "-e" "CARGO_HOME=/opt/rustwide/cargo-home" "-e" "RUSTUP_HOME=/opt/rustwide/rustup-home" "-e" "CARGO_TARGET_DIR=/opt/rustwide/target" "-e" "CARGO_INCREMENTAL=0" "-e" "RUST_BACKTRACE=full" "-e" "RUSTFLAGS=--cap-lints=warn" "-e" "RUSTDOCFLAGS=--cap-lints=warn" "-w" "/opt/rustwide/workdir" "--user" "0:0" "bf7033f848c1e3856423e5f011445d99a796f6bb539f46bf49e2588f4b5da350" "/opt/rustwide/cargo-home/bin/cargo" "+1.99.0-beta.8" "test" "--frozen" "--release", kill_on_drop: false }`
[INFO] [stderr] warning: function `unique_temp_dir` is never used
[INFO] [stderr]    --> tests/cli_placeholder.rs:144:4
[INFO] [stderr]     |
[INFO] [stderr] 144 | fn unique_temp_dir(name: &str) -> PathBuf {
[INFO] [stderr]     |    ^^^^^^^^^^^^^^^
[INFO] [stderr]     |
[INFO] [stderr]     = note: `#[warn(dead_code)]` (part of `#[warn(unused)]`) on by default
[INFO] [stderr] 
[INFO] [stderr] warning: `jj-conflict-workspace` (test "cli_placeholder") generated 1 warning
[INFO] [stderr]     Finished `release` profile [optimized] target(s) in 0.06s
[INFO] [stderr]      Running unittests src/lib.rs (/opt/rustwide/target/release/deps/jj_conflict_workspace-d0c1578b86749992)
[INFO] [stdout] 
[INFO] [stdout] running 97 tests
[INFO] [stdout] test apply::atomic_installer_model_tests::state_machine_reaches_finished_after_all_operations ... ok
[INFO] [stdout] test apply::tests::pre_commit_error_display_contains_phase_path_and_cleanup_state ... ok
[INFO] [stdout] test apply::tests::schema_v1_manifest_is_rejected_with_the_schema_version_error ... ok
[INFO] [stdout] test cli::tests::parses_both_commands_and_defaults_write_to_false ... ok
[INFO] [stdout] test apply::tests::secure_recheck_accepts_unchanged_input_and_rejects_replacement ... ok
[INFO] [stdout] test apply::tests::file_identity_equal_for_same_handle_and_differs_after_replacement ... ok
[INFO] [stdout] test apply::tests::cleanup_status_distinguishes_all_outcomes ... FAILED
[INFO] [stdout] test apply::tests::installation_ambiguity_display_never_claims_unchanged_or_success ... ok
[INFO] [stdout] test apply::tests::schema_v2_manifest_missing_region_seed_is_rejected ... ok
[INFO] [stdout] test core::apply_tests::apply_accepts_fully_resolved ... ok
[INFO] [stdout] test apply::tests::temp_cleanup_removes_created_artifact_explicitly ... ok
[INFO] [stdout] test apply::tests::hex_decoder_is_exact_and_rejects_bad_input ... ok
[INFO] [stdout] test core::apply_tests::apply_accepts_seed_not_matching_any_recorded_seed ... ok
[INFO] [stdout] test core::apply_tests::apply_rejects_untouched_adjacent_regions_seed ... ok
[INFO] [stdout] test core::apply_tests::apply_rejects_partially_resolved ... ok
[INFO] [stdout] test apply::install_backend_tests::install_backend_precommit_cleanup_failure_reports_partial_artifact ... ok
[INFO] [stdout] test cli::tests::rejects_syntax_errors_deterministically ... ok
[INFO] [stdout] test apply::atomic_installer_model_tests::post_commit_operations_are_classified_as_ambiguous ... ok
[INFO] [stdout] test core::apply_tests::accepts_multiple_regions_with_insertions_deletions_and_length_changes ... ok
[INFO] [stdout] test core::apply_tests::accepts_a_single_region_edit_and_reports_one_original_hunk ... ok
[INFO] [stdout] test cli::tests::retains_non_utf8_path_values ... ok
[INFO] [stdout] test apply::install_backend_tests::install_backend_success_reaches_rename_and_changes_source ... ok
[INFO] [stdout] test core::apply_tests::rejects_configured_continuation_labels_and_all_marker_families ... ok
[INFO] [stdout] test core::apply_tests::rejects_malformed_manifest_ranges_and_paths_at_apply_boundary ... ok
[INFO] [stdout] test core::apply_tests::rejects_resolved_prefix_suffix_overlap_without_panicking ... ok
[INFO] [stdout] test core::apply_tests::rejects_marker_runs_at_active_width_but_allows_short_marker_like_payload ... ok
[INFO] [stdout] test core::apply_tests::rejects_stale_source_before_treating_resolved_as_installable ... ok
[INFO] [stdout] test core::apply_tests::apply_rejects_untouched_seed ... ok
[INFO] [stdout] test core::apply_tests::remap_ignores_eol_differences_between_render_and_working_copy ... ok
[INFO] [stdout] test core::apply_tests::apply_uses_recorded_long_placeholder_for_existing_workspaces ... ok
[INFO] [stdout] test core::apply_tests::scan_conflict_regions_multi_region_and_error_cases ... ok
[INFO] [stdout] test apply::install_backend_tests::install_backend_uncertain_rename_reports_ambiguity_after_replacement ... ok
[INFO] [stdout] test core::apply_tests::remap_matches_diff_style_working_copy ... ok
[INFO] [stdout] test core::apply_tests::remap_rejects_count_label_width_mismatch ... ok
[INFO] [stdout] test core::tests::apply_accepts_empty_replacement_and_deletion ... ok
[INFO] [stdout] test core::tests::apply_maps_multiple_regions_repeated_bases_and_invalid_bytes ... ok
[INFO] [stdout] test core::apply_tests::scan_conflict_regions_ignores_interior_styles ... ok
[INFO] [stdout] test core::tests::arbitrary_snapshot_arity_is_not_rejected ... ok
[INFO] [stdout] test core::apply_tests::rejects_prefix_and_suffix_changes_with_first_byte_context ... ok
[INFO] [stdout] test core::apply_tests::renders_deterministic_byte_safe_diff_for_crlf_and_missing_final_newline ... ok
[INFO] [stdout] test core::apply_tests::suffix_tampering_still_rejected ... ok
[INFO] [stdout] test core::tests::marker_family_width_boundaries_are_explicit ... ok
[INFO] [stdout] test core::tests::materialize_unresolved_mirrors_eol_forms_and_preserves_outside_bytes ... ok
[INFO] [stdout] test core::tests::materializer_rejects_malformed_public_documents ... ok
[INFO] [stdout] test core::tests::metadata_driven_reference_corpus_is_rejected ... ok
[INFO] [stdout] test core::tests::parses_arbitrary_arity_and_repeated_bases ... ok
[INFO] [stdout] test core::tests::line_scanner_preserves_eol_forms ... ok
[INFO] [stdout] test core::tests::preserves_regions_and_seed_bytes ... ok
[INFO] [stdout] test core::tests::region_seed_is_short_marker_free_and_deterministic ... ok
[INFO] [stdout] test core::tests::malformed_bytes_never_panic ... ok
[INFO] [stdout] test core::tests::rejects_invalid_utf8_section_labels_with_context ... ok
[INFO] [stdout] test core::tests::preserves_short_marker_like_payload ... ok
[INFO] [stdout] test core::tests::reference_fixtures_are_rejected_with_expected_categories ... ok
[INFO] [stdout] test core::tests::public_core_boundaries_return_errors_instead_of_panicking ... ok
[INFO] [stdout] test core::tests::rejects_unsupported_reference_families ... ok
[INFO] [stdout] test domain_tests::byte_ranges_are_checked_and_half_open ... ok
[INFO] [stdout] test core::tests::treats_sub_minimum_opening_runs_as_ordinary_content ... ok
[INFO] [stdout] test core::tests::supported_corpus_parse_and_scaffold ... ok
[INFO] [stdout] test core::tests::metadata_driven_supported_corpus_is_exhaustive ... ok
[INFO] [stdout] test domain_tests::terms_allow_empty_bytes_arbitrary_arity_and_repeated_kinds ... ok
[INFO] [stdout] test error_tests::cli_error_display_is_actionable ... ok
[INFO] [stdout] test domain_tests::manifest_validates_schema_ranges_indices_and_exact_paths ... ok
[INFO] [stdout] test domain_tests::regions_and_documents_allow_gaps_and_touching_ranges_but_not_overlap ... ok
[INFO] [stdout] test core::tests::deterministic_generated_snapshot_properties_cover_arbitrary_bytes_and_structure ... ok
[INFO] [stdout] test path_output::tests::all_ascii_controls_and_del_are_escaped ... ok
[INFO] [stdout] test path_output::tests::printable_paths_are_literal_except_percent ... ok
[INFO] [stdout] test path_output::tests::unix_valid_non_ascii_and_invalid_bytes_are_distinguished ... ok
[INFO] [stdout] test error_tests::domain_error_display_includes_category_and_context ... ok
[INFO] [stdout] test prepare::tests::describe_parse_failure_distinguishes_no_conflict_from_malformed ... ok
[INFO] [stdout] test prepare::tests::line_context_reports_line_number_and_content_for_offsets ... ok
[INFO] [stdout] test core::tests::synthetic_separator_removes_one_exact_eol_per_term ... ok
[INFO] [stdout] test core::tests::region_seed_mirrors_the_region_trailing_eol ... ok
[INFO] [stdout] test apply::tests::secure_recheck_rejects_in_place_same_length_same_mtime_edit ... ok
[INFO] [stdout] test prepare::tests::manifest_json_contains_safe_layout_and_metadata ... ok
[INFO] [stdout] test domain_tests::apply_plan_supports_insert_delete_replace_adjacent_and_noop ... ok
[INFO] [stdout] test apply::install_backend_tests::install_backend_postcommit_failures_report_ambiguity_after_rename ... ok
[INFO] [stdout] test core::tests::rejects_invalid_structure_with_context ... ok
[INFO] [stdout] test core::tests::rejects_mixed_opening_widths_across_regions_with_context ... ok
[INFO] [stdout] test core::tests::rejects_over_width_section_and_closing_markers_with_context ... ok
[INFO] [stdout] test path_output::tests::line_breaks_are_escaped ... ok
[INFO] [stdout] test prepare::tests::manifest_json_round_trips_region_seeds_through_decode_manifest ... ok
[INFO] [stdout] test prepare::tests::render_bounded_jj_stderr_marks_rendered_overflow_below_raw_limit ... ok
[INFO] [stdout] test prepare::tests::sha256_matches_standard_vectors ... ok
[INFO] [stdout] test status::tests::line_matching_ignores_line_ending_only ... ok
[INFO] [stdout] test status::tests::scan_reports_duplicate_and_reordered_seed_lines_in_file_order ... ok
[INFO] [stdout] test public_api_tests::public_surface_exposes_foundation_contracts ... ok
[INFO] [stdout] test status::tests::split_lines_handles_final_newline ... ok
[INFO] [stdout] test public_api_tests::pure_boundaries_expose_implemented_core_and_deferred_apply ... ok
[INFO] [stdout] test prepare::tests::render_bounded_jj_stderr_handles_near_limit_all_invalid_bytes ... ok
[INFO] [stdout] test prepare::tests::render_bounded_jj_stderr_is_byte_bounded_and_escapes_invalid_bytes ... ok
[INFO] [stdout] test repository_root::tests::ignores_symlinked_repository_marker ... ok
[INFO] [stdout] test prepare::tests::file_identity_capture_uses_open_handle_metadata ... ok
[INFO] [stdout] test repository_root::tests::chooses_nearest_real_repository_marker ... ok
[INFO] [stdout] test apply::install_backend_tests::install_backend_precommit_failure_matrix_preserves_source ... ok
[INFO] [stdout] test prepare::tests::workspace_writer_reports_each_operation_and_cleanup_status ... ok
[INFO] [stdout] test prepare::tests::manifest_records_working_copy_coordinates_when_styles_differ ... ok
[INFO] [stdout] test prepare::tests::prepare_report_lists_marker_lines_with_line_numbers ... ok
[INFO] [stdout] 
[INFO] [stdout] failures:
[INFO] [stdout] 
[INFO] [stdout] ---- apply::tests::cleanup_status_distinguishes_all_outcomes stdout ----
[INFO] [stdout] 
[INFO] [stdout] thread 'apply::tests::cleanup_status_distinguishes_all_outcomes' (471) panicked at src/apply.rs:2581:9:
[INFO] [stdout] assertion `left == right` failed
[INFO] [stdout]   left: PartialArtifactRemains
[INFO] [stdout]  right: Completed
[INFO] [stdout] stack backtrace:
[INFO] [stdout]    0:     0x5cfc290129e1 - <<std[70759c8f55707aa4]::sys::backtrace::BacktraceLock>::print::DisplayBacktrace as core[df12db4294e9bfd3]::fmt::Display>::fmt
[INFO] [stdout]    1:     0x5cfc2902868a - core[df12db4294e9bfd3]::fmt::write
[INFO] [stdout]    2:     0x5cfc290171bc - <alloc[2182bb758b4b3781]::vec::Vec<u8> as core[df12db4294e9bfd3]::io::write::Write>::write_fmt
[INFO] [stdout]    3:     0x5cfc28fec796 - std[70759c8f55707aa4]::panicking::default_hook::{closure#0}
[INFO] [stdout]    4:     0x5cfc29009e29 - std[70759c8f55707aa4]::panicking::default_hook
[INFO] [stdout]    5:     0x5cfc28f99aa0 - test[9d35eded1c95d3be]::test_main_inner::<test[9d35eded1c95d3be]::test_main_static::{closure#0}>::{closure#0}
[INFO] [stdout]    6:     0x5cfc29009fe2 - std[70759c8f55707aa4]::panicking::panic_with_hook
[INFO] [stdout]    7:     0x5cfc28fec842 - std[70759c8f55707aa4]::panicking::panic_handler::{closure#0}
[INFO] [stdout]    8:     0x5cfc28fe5259 - std[70759c8f55707aa4]::sys::backtrace::__rust_end_short_backtrace::<std[70759c8f55707aa4]::panicking::panic_handler::{closure#0}, !>
[INFO] [stdout]    9:     0x5cfc28fed6dd - __rustc[8fa7c3cbc660c2b3]::rust_begin_unwind
[INFO] [stdout]   10:     0x5cfc29028dbc - core[df12db4294e9bfd3]::panicking::panic_fmt
[INFO] [stdout]   11:     0x5cfc29028cd3 - core[df12db4294e9bfd3]::panicking::assert_failed_inner
[INFO] [stdout]   12:     0x5cfc28f87e3d - core[df12db4294e9bfd3]::panicking::assert_failed::<jj_conflict_workspace[b84ffa5412f9dd8d]::apply::CleanupStatus, jj_conflict_workspace[b84ffa5412f9dd8d]::apply::CleanupStatus>
[INFO] [stdout]   13:     0x5cfc28f578e9 - jj_conflict_workspace[b84ffa5412f9dd8d]::apply::tests::cleanup_status_distinguishes_all_outcomes
[INFO] [stdout]   14:     0x5cfc28f62a19 - <jj_conflict_workspace[b84ffa5412f9dd8d]::apply::tests::cleanup_status_distinguishes_all_outcomes::{closure#0} as core[df12db4294e9bfd3]::ops::function::FnOnce<()>>::call_once
[INFO] [stdout]   15:     0x5cfc28f8cd8b - test[9d35eded1c95d3be]::__rust_begin_short_backtrace::<core[df12db4294e9bfd3]::result::Result<(), alloc[2182bb758b4b3781]::string::String>, fn() -> core[df12db4294e9bfd3]::result::Result<(), alloc[2182bb758b4b3781]::string::String>>
[INFO] [stdout]   16:     0x5cfc28f9a3f5 - test[9d35eded1c95d3be]::run_test::{closure#0}
[INFO] [stdout]   17:     0x5cfc28f93cb4 - std[70759c8f55707aa4]::sys::backtrace::__rust_begin_short_backtrace::<test[9d35eded1c95d3be]::run_test::{closure#1}, ()>
[INFO] [stdout]   18:     0x5cfc28f9d552 - <std[70759c8f55707aa4]::thread::lifecycle::spawn_unchecked<test[9d35eded1c95d3be]::run_test::{closure#1}, ()>::{closure#1} as core[df12db4294e9bfd3]::ops::function::FnOnce<()>>::call_once::{shim:vtable#0}
[INFO] [stdout]   19:     0x5cfc29011da9 - <std[70759c8f55707aa4]::sys::thread::unix::Thread>::new::thread_start
[INFO] [stdout]   20:     0x7ec4f3cd6dfa - <unknown>
[INFO] [stdout]   21:     0x7ec4f3d6a3d4 - clone
[INFO] [stdout]   22:                0x0 - <unknown>
[INFO] [stdout] 
[INFO] [stdout] 
[INFO] [stdout] failures:
[INFO] [stdout]     apply::tests::cleanup_status_distinguishes_all_outcomes
[INFO] [stdout] 
[INFO] [stdout] test result: FAILED. 96 passed; 1 failed; 0 ignored; 0 measured; 0 filtered out; finished in 0.07s
[INFO] [stdout] 
[INFO] [stderr] error: test failed, to rerun pass `--lib`
[INFO] running `Command { std: "docker" "inspect" "bf7033f848c1e3856423e5f011445d99a796f6bb539f46bf49e2588f4b5da350", kill_on_drop: false }`
[INFO] running `Command { std: "docker" "rm" "-f" "bf7033f848c1e3856423e5f011445d99a796f6bb539f46bf49e2588f4b5da350", kill_on_drop: false }`
[INFO] [stdout] bf7033f848c1e3856423e5f011445d99a796f6bb539f46bf49e2588f4b5da350
