[INFO] fetching crate jiter 0.17.0...
[INFO] testing jiter-0.17.0 against 1.100.0-beta.1+cargoflags=--release for beta-release-1.100-2
[INFO] extracting crate jiter 0.17.0 into /workspace/builds/worker-0-tc2/source
[INFO] started tweaking crates.io crate jiter 0.17.0
[INFO] removed 0 missing examples
[INFO] removed 0 missing tests
[INFO] finished tweaking crates.io crate jiter 0.17.0
[INFO] tweaked toml for crates.io crate jiter 0.17.0 written to /workspace/builds/worker-0-tc2/source/Cargo.toml
[INFO] validating manifest of crates.io crate jiter 0.17.0 on toolchain 1.100.0-beta.1
[INFO] running `Command { std: CARGO_HOME="/workspace/cargo-home" RUSTUP_HOME="/workspace/rustup-home" "/workspace/cargo-home/bin/cargo" "+1.100.0-beta.1" "metadata" "--manifest-path" "Cargo.toml" "--no-deps", kill_on_drop: false }`
[INFO] crate crates.io crate jiter 0.17.0 already has a lockfile, it will not be regenerated
[INFO] running `Command { std: CARGO_HOME="/workspace/cargo-home" RUSTUP_HOME="/workspace/rustup-home" "/workspace/cargo-home/bin/cargo" "+1.100.0-beta.1" "fetch" "--manifest-path" "Cargo.toml", kill_on_drop: false }`
[INFO] [stderr] warning: `package.homepage` is redundant with `package.repository`
[INFO] [stderr]    --> Cargo.toml:120:12
[INFO] [stderr]     |
[INFO] [stderr] 120 | homepage = "https://github.com/pydantic/jiter/"
[INFO] [stderr]     |            ^^^^^^^^^^^^^^^^^^^^^^^^^^^^^^^^^^^^
[INFO] [stderr] ...
[INFO] [stderr] 125 | repository = "https://github.com/pydantic/jiter/"
[INFO] [stderr]     |              ------------------------------------
[INFO] [stderr]     |
[INFO] [stderr]     = note: `cargo::redundant_homepage` is set to `warn` by default
[INFO] [stderr] help: consider removing `package.homepage`
[INFO] [stderr] warning: `jiter` (manifest) generated 1 warning
[INFO] running `Command { std: "docker" "create" "-v" "/var/lib/crater-agent-workspace/builds/worker-0-tc2/source:/opt/rustwide/workdir:ro,Z" "-v" "/var/lib/crater-agent-workspace/builds/worker-0-tc2/target:/opt/rustwide/target:rw,Z" "-v" "/var/lib/crater-agent-workspace/cargo-home:/opt/rustwide/cargo-home:ro,Z" "-v" "/var/lib/crater-agent-workspace/rustup-home:/opt/rustwide/rustup-home:ro,Z" "-m" "1610612736" "--network" "none" "ghcr.io/rust-lang/crates-build-env/linux@sha256:77db811e55d90add9212f6832c23229e3de5f1c1f9905e8cb07319ea15df73ac" "sleep" "infinity", kill_on_drop: false }`
[INFO] [stdout] f900482e8e5f81147b10a01bfe3c3e3dafea5e6db8ed9ce025e94be2582c180f
[INFO] running `Command { std: "docker" "start" "f900482e8e5f81147b10a01bfe3c3e3dafea5e6db8ed9ce025e94be2582c180f", kill_on_drop: false }`
[INFO] running `Command { std: "docker" "inspect" "f900482e8e5f81147b10a01bfe3c3e3dafea5e6db8ed9ce025e94be2582c180f", kill_on_drop: false }`
[INFO] running `Command { std: "docker" "exec" "-e" "SOURCE_DIR=/opt/rustwide/workdir" "-e" "CARGO_HOME=/opt/rustwide/cargo-home" "-e" "RUSTUP_HOME=/opt/rustwide/rustup-home" "-e" "CARGO_TARGET_DIR=/opt/rustwide/target" "-w" "/opt/rustwide/workdir" "--user" "0:0" "f900482e8e5f81147b10a01bfe3c3e3dafea5e6db8ed9ce025e94be2582c180f" "/opt/rustwide/cargo-home/bin/cargo" "+1.100.0-beta.1" "metadata" "--no-deps" "--format-version=1", kill_on_drop: false }`
[INFO] running `Command { std: "docker" "inspect" "f900482e8e5f81147b10a01bfe3c3e3dafea5e6db8ed9ce025e94be2582c180f", kill_on_drop: false }`
[INFO] running `Command { std: "docker" "exec" "-e" "SOURCE_DIR=/opt/rustwide/workdir" "-e" "CARGO_HOME=/opt/rustwide/cargo-home" "-e" "RUSTUP_HOME=/opt/rustwide/rustup-home" "-e" "CARGO_TARGET_DIR=/opt/rustwide/target" "-e" "CARGO_INCREMENTAL=0" "-e" "RUST_BACKTRACE=full" "-e" "RUSTFLAGS=--cap-lints=warn" "-e" "RUSTDOCFLAGS=--cap-lints=warn" "-w" "/opt/rustwide/workdir" "--user" "0:0" "f900482e8e5f81147b10a01bfe3c3e3dafea5e6db8ed9ce025e94be2582c180f" "/opt/rustwide/cargo-home/bin/cargo" "+1.100.0-beta.1" "build" "--frozen" "--message-format=json" "--release", kill_on_drop: false }`
[INFO] [stderr] warning: `package.homepage` is redundant with `package.repository`
[INFO] [stderr]    --> Cargo.toml:120:12
[INFO] [stderr]     |
[INFO] [stderr] 120 | homepage = "https://github.com/pydantic/jiter/"
[INFO] [stderr]     |            ^^^^^^^^^^^^^^^^^^^^^^^^^^^^^^^^^^^^
[INFO] [stderr] ...
[INFO] [stderr] 125 | repository = "https://github.com/pydantic/jiter/"
[INFO] [stderr]     |              ------------------------------------
[INFO] [stderr]     |
[INFO] [stderr]     = note: `cargo::redundant_homepage` is set to `warn` by default
[INFO] [stderr] help: consider removing `package.homepage`
[INFO] [stderr] warning: `jiter` (manifest) generated 1 warning
[INFO] [stderr]    Compiling lexical-util v1.0.7
[INFO] [stderr]    Compiling jiter v0.17.0 (/opt/rustwide/workdir)
[INFO] [stderr]    Compiling getrandom v0.3.4
[INFO] [stderr]    Compiling bitvec v1.1.1
[INFO] [stderr]    Compiling ahash v0.8.12
[INFO] [stderr]    Compiling lexical-parse-integer v1.0.6
[INFO] [stderr]    Compiling lexical-parse-float v1.0.6
[INFO] [stderr] warning: unused dependency `ahash`
[INFO] [stderr]   --> Cargo.toml:21:15
[INFO] [stderr]    |
[INFO] [stderr] 21 | [dependencies.ahash]
[INFO] [stderr]    |               ^^^^^^
[INFO] [stderr]    |
[INFO] [stderr]    = note: `cargo::unused_dependencies` is set to `warn` by default
[INFO] [stderr] help: consider removing the dependency on `ahash`
[INFO] [stderr] warning: `jiter` (manifest) generated 1 warning
[INFO] [stderr]     Finished `release` profile [optimized] target(s) in 7.18s
[INFO] running `Command { std: "docker" "inspect" "f900482e8e5f81147b10a01bfe3c3e3dafea5e6db8ed9ce025e94be2582c180f", kill_on_drop: false }`
[INFO] running `Command { std: "docker" "exec" "-e" "SOURCE_DIR=/opt/rustwide/workdir" "-e" "CARGO_HOME=/opt/rustwide/cargo-home" "-e" "RUSTUP_HOME=/opt/rustwide/rustup-home" "-e" "CARGO_TARGET_DIR=/opt/rustwide/target" "-e" "CARGO_INCREMENTAL=0" "-e" "RUST_BACKTRACE=full" "-e" "RUSTFLAGS=--cap-lints=warn" "-e" "RUSTDOCFLAGS=--cap-lints=warn" "-w" "/opt/rustwide/workdir" "--user" "0:0" "f900482e8e5f81147b10a01bfe3c3e3dafea5e6db8ed9ce025e94be2582c180f" "/opt/rustwide/cargo-home/bin/cargo" "+1.100.0-beta.1" "test" "--frozen" "--no-run" "--message-format=json" "--release", kill_on_drop: false }`
[INFO] [stderr] warning: `package.homepage` is redundant with `package.repository`
[INFO] [stderr]    --> Cargo.toml:120:12
[INFO] [stderr]     |
[INFO] [stderr] 120 | homepage = "https://github.com/pydantic/jiter/"
[INFO] [stderr]     |            ^^^^^^^^^^^^^^^^^^^^^^^^^^^^^^^^^^^^
[INFO] [stderr] ...
[INFO] [stderr] 125 | repository = "https://github.com/pydantic/jiter/"
[INFO] [stderr]     |              ------------------------------------
[INFO] [stderr]     |
[INFO] [stderr]     = note: `cargo::redundant_homepage` is set to `warn` by default
[INFO] [stderr] help: consider removing `package.homepage`
[INFO] [stderr] warning: `jiter` (manifest) generated 1 warning
[INFO] [stderr]    Compiling target-lexicon v0.13.5
[INFO] [stderr]    Compiling serde_json v1.0.151
[INFO] [stderr]    Compiling getrandom v0.3.4
[INFO] [stderr]    Compiling syn v3.0.3
[INFO] [stderr]    Compiling nix v0.31.3
[INFO] [stderr]    Compiling cc v1.4.4
[INFO] [stderr]    Compiling zerocopy-derive v0.8.56
[INFO] [stderr]    Compiling approx v0.5.1
[INFO] [stderr]    Compiling rustix v1.1.4
[INFO] [stderr]    Compiling clap_builder v4.6.6
[INFO] [stderr]    Compiling itertools v0.10.5
[INFO] [stderr]    Compiling pyo3-macros-backend v0.29.2
[INFO] [stderr]    Compiling plotters v0.3.7
[INFO] [stderr]    Compiling rayon v1.12.0
[INFO] [stderr]    Compiling wait-timeout v0.2.1
[INFO] [stderr]    Compiling is-terminal v0.4.17
[INFO] [stderr]    Compiling rand_core v0.9.5
[INFO] [stderr]    Compiling statrs v0.18.0
[INFO] [stderr]    Compiling codspeed-criterion-compat v5.0.1
[INFO] [stderr]    Compiling rand_xorshift v0.4.0
[INFO] [stderr]    Compiling rand v0.9.5
[INFO] [stderr]    Compiling pyo3-build-config v0.29.2
[INFO] [stderr]    Compiling codspeed v5.0.1
[INFO] [stderr]    Compiling zerocopy v0.8.56
[INFO] [stderr]    Compiling pyo3-ffi v0.29.2
[INFO] [stderr]    Compiling pyo3 v0.29.2
[INFO] [stderr]    Compiling criterion-plot v0.5.0
[INFO] [stderr]    Compiling serde_derive v1.0.229
[INFO] [stderr]    Compiling tempfile v3.27.0
[INFO] [stderr]    Compiling rusty-fork v0.3.1
[INFO] [stderr]    Compiling clap v4.6.6
[INFO] [stderr]    Compiling pyo3-macros v0.29.2
[INFO] [stderr]    Compiling serde v1.0.229
[INFO] [stderr]    Compiling half v2.7.1
[INFO] [stderr]    Compiling ppv-lite86 v0.2.21
[INFO] [stderr]    Compiling ahash v0.8.12
[INFO] [stderr]    Compiling jiter v0.17.0 (/opt/rustwide/workdir)
[INFO] [stderr]    Compiling rand_chacha v0.9.0
[INFO] [stderr]    Compiling tinytemplate v1.2.1
[INFO] [stderr]    Compiling proptest v1.11.0
[INFO] [stderr]    Compiling ciborium-ll v0.2.2
[INFO] [stderr]    Compiling ciborium v0.2.2
[INFO] [stderr]    Compiling codspeed-criterion-compat-walltime v5.0.1
[INFO] [stderr] warning: unused dependency `ahash`
[INFO] [stderr]   --> Cargo.toml:21:15
[INFO] [stderr]    |
[INFO] [stderr] 21 | [dependencies.ahash]
[INFO] [stderr]    |               ^^^^^^
[INFO] [stderr]    |
[INFO] [stderr]    = note: `cargo::unused_dependencies` is set to `warn` by default
[INFO] [stderr] help: consider removing the dependency on `ahash`
[INFO] [stderr] warning: `jiter` (manifest) generated 1 warning
[INFO] [stderr]     Finished `release` profile [optimized] target(s) in 59.19s
[INFO] running `Command { std: "docker" "inspect" "f900482e8e5f81147b10a01bfe3c3e3dafea5e6db8ed9ce025e94be2582c180f", kill_on_drop: false }`
[INFO] running `Command { std: "docker" "exec" "-e" "SOURCE_DIR=/opt/rustwide/workdir" "-e" "CARGO_HOME=/opt/rustwide/cargo-home" "-e" "RUSTUP_HOME=/opt/rustwide/rustup-home" "-e" "CARGO_TARGET_DIR=/opt/rustwide/target" "-e" "CARGO_INCREMENTAL=0" "-e" "RUST_BACKTRACE=full" "-e" "RUSTFLAGS=--cap-lints=warn" "-e" "RUSTDOCFLAGS=--cap-lints=warn" "-w" "/opt/rustwide/workdir" "--user" "0:0" "f900482e8e5f81147b10a01bfe3c3e3dafea5e6db8ed9ce025e94be2582c180f" "/opt/rustwide/cargo-home/bin/cargo" "+1.100.0-beta.1" "test" "--frozen" "--release", kill_on_drop: false }`
[INFO] [stderr] warning: `package.homepage` is redundant with `package.repository`
[INFO] [stderr]    --> Cargo.toml:120:12
[INFO] [stderr]     |
[INFO] [stderr] 120 | homepage = "https://github.com/pydantic/jiter/"
[INFO] [stderr]     |            ^^^^^^^^^^^^^^^^^^^^^^^^^^^^^^^^^^^^
[INFO] [stderr] ...
[INFO] [stderr] 125 | repository = "https://github.com/pydantic/jiter/"
[INFO] [stderr]     |              ------------------------------------
[INFO] [stderr]     |
[INFO] [stderr]     = note: `cargo::redundant_homepage` is set to `warn` by default
[INFO] [stderr] help: consider removing `package.homepage`
[INFO] [stderr] warning: `jiter` (manifest) generated 1 warning
[INFO] [stderr] warning: unused dependency `ahash`
[INFO] [stderr]   --> Cargo.toml:21:15
[INFO] [stderr]    |
[INFO] [stderr] 21 | [dependencies.ahash]
[INFO] [stderr]    |               ^^^^^^
[INFO] [stderr]    |
[INFO] [stderr]    = note: `cargo::unused_dependencies` is set to `warn` by default
[INFO] [stderr] help: consider removing the dependency on `ahash`
[INFO] [stderr] warning: `jiter` (manifest) generated 1 warning
[INFO] [stderr]     Finished `release` profile [optimized] target(s) in 0.22s
[INFO] [stderr]      Running unittests src/lib.rs (/opt/rustwide/target/release/build/jiter/95746c8fbebe8507/out/jiter-95746c8fbebe8507)
[INFO] [stdout] 
[INFO] [stderr]      Running tests/json_cases.rs (/opt/rustwide/target/release/build/jiter/c3a37d9c5fdd1f6c/out/json_cases-c3a37d9c5fdd1f6c)
[INFO] [stdout] running 1 test
[INFO] [stdout] test value::tests::scratch_holds_nothing_after_a_failed_parse ... ok
[INFO] [stdout] 
[INFO] [stdout] test result: ok. 1 passed; 0 failed; 0 ignored; 0 measured; 0 filtered out; finished in 0.00s
[INFO] [stdout] 
[INFO] [stdout] 
[INFO] [stdout] running 3 tests
[INFO] [stdout] test inf_nan_extension ... FAILED
[INFO] [stdout] test similar_cases_agree ... FAILED
[INFO] [stdout] test compare_to_serde_json ... FAILED
[INFO] [stdout] 
[INFO] [stdout] failures:
[INFO] [stdout] 
[INFO] [stdout] ---- inf_nan_extension stdout ----
[INFO] [stdout] 
[INFO] [stdout] thread 'inf_nan_extension' (1319) panicked at tests/corpus/mod.rs:58:9:
[INFO] [stdout] the json-cases corpus is missing, the tests need it:
[INFO] [stdout]     git clone https://github.com/samuelcolvin/json-cases ../json-cases
[INFO] [stdout]     make -C ../json-cases build
[INFO] [stdout] or point JSON_CASES at an existing checkout; `cases.json` was looked for under ../json-cases, next to this repository
[INFO] [stdout] stack backtrace:
[INFO] [stdout]    0:     0x5f0402bef951 - <<std[617be2ca0a6fd877]::sys::backtrace::BacktraceLock>::print::DisplayBacktrace as core[a373ad73a504971]::fmt::Display>::fmt
[INFO] [stdout]    1:     0x5f0402c04ffa - core[a373ad73a504971]::fmt::write
[INFO] [stdout]    2:     0x5f0402bf3b6c - <alloc[2e1b2a31b91974c5]::vec::Vec<u8> as core[a373ad73a504971]::io::write::Write>::write_fmt
[INFO] [stdout]    3:     0x5f0402bcb886 - std[617be2ca0a6fd877]::panicking::default_hook::{closure#0}
[INFO] [stdout]    4:     0x5f0402be7cd9 - std[617be2ca0a6fd877]::panicking::default_hook
[INFO] [stdout]    5:     0x5f0402b61840 - test[aada8e7e76ba119b]::test_main_inner::{closure#0}
[INFO] [stdout]    6:     0x5f0402be7e92 - std[617be2ca0a6fd877]::panicking::panic_with_hook
[INFO] [stdout]    7:     0x5f0402bcb932 - std[617be2ca0a6fd877]::panicking::panic_handler::{closure#0}
[INFO] [stdout]    8:     0x5f0402bc44b9 - std[617be2ca0a6fd877]::sys::backtrace::__rust_end_short_backtrace::<std[617be2ca0a6fd877]::panicking::panic_handler::{closure#0}, !>
[INFO] [stdout]    9:     0x5f0402bcc53d - __rustc[ea4f61d10b84890b]::rust_begin_unwind
[INFO] [stdout]   10:     0x5f0402c0572c - core[a373ad73a504971]::panicking::panic_fmt
[INFO] [stdout]   11:     0x5f0402b52573 - json_cases[59017f1f75227f46]::corpus::corpus_root
[INFO] [stdout]   12:     0x5f0402b4674e - <json_cases[59017f1f75227f46]::inf_nan_extension::{closure#0} as core[a373ad73a504971]::ops::function::FnOnce<()>>::call_once
[INFO] [stdout]   13:     0x5f0402b54c8b - test[aada8e7e76ba119b]::__rust_begin_short_backtrace::<core[a373ad73a504971]::result::Result<(), alloc[2e1b2a31b91974c5]::string::String>, fn() -> core[a373ad73a504971]::result::Result<(), alloc[2e1b2a31b91974c5]::string::String>>
[INFO] [stdout]   14:     0x5f0402b61e65 - test[aada8e7e76ba119b]::run_test::{closure#0}
[INFO] [stdout]   15:     0x5f0402b5b754 - std[617be2ca0a6fd877]::sys::backtrace::__rust_begin_short_backtrace::<test[aada8e7e76ba119b]::run_test::{closure#1}, ()>
[INFO] [stdout]   16:     0x5f0402b64ef2 - <std[617be2ca0a6fd877]::thread::lifecycle::spawn_unchecked<test[aada8e7e76ba119b]::run_test::{closure#1}, ()>::{closure#1} as core[a373ad73a504971]::ops::function::FnOnce<()>>::call_once::{shim:vtable#0}
[INFO] [stdout]   17:     0x5f0402beee9f - <std[617be2ca0a6fd877]::sys::thread::unix::Thread>::new::thread_start
[INFO] [stdout]   18:     0x7eb6eb6c4dfa - <unknown>
[INFO] [stdout]   19:     0x7eb6eb7583d4 - clone
[INFO] [stdout]   20:                0x0 - <unknown>
[INFO] [stdout] 
[INFO] [stdout] ---- similar_cases_agree stdout ----
[INFO] [stdout] 
[INFO] [stdout] thread 'similar_cases_agree' (1320) panicked at tests/corpus/mod.rs:58:9:
[INFO] [stdout] the json-cases corpus is missing, the tests need it:
[INFO] [stdout]     git clone https://github.com/samuelcolvin/json-cases ../json-cases
[INFO] [stdout]     make -C ../json-cases build
[INFO] [stdout] or point JSON_CASES at an existing checkout; `cases.json` was looked for under ../json-cases, next to this repository
[INFO] [stdout] stack backtrace:
[INFO] [stdout]    0:     0x5f0402bef951 - <<std[617be2ca0a6fd877]::sys::backtrace::BacktraceLock>::print::DisplayBacktrace as core[a373ad73a504971]::fmt::Display>::fmt
[INFO] [stdout]    1:     0x5f0402c04ffa - core[a373ad73a504971]::fmt::write
[INFO] [stdout]    2:     0x5f0402bf3b6c - <alloc[2e1b2a31b91974c5]::vec::Vec<u8> as core[a373ad73a504971]::io::write::Write>::write_fmt
[INFO] [stdout]    3:     0x5f0402bcb886 - std[617be2ca0a6fd877]::panicking::default_hook::{closure#0}
[INFO] [stdout]    4:     0x5f0402be7cd9 - std[617be2ca0a6fd877]::panicking::default_hook
[INFO] [stdout]    5:     0x5f0402b61840 - test[aada8e7e76ba119b]::test_main_inner::{closure#0}
[INFO] [stdout]    6:     0x5f0402be7e92 - std[617be2ca0a6fd877]::panicking::panic_with_hook
[INFO] [stdout]    7:     0x5f0402bcb932 - std[617be2ca0a6fd877]::panicking::panic_handler::{closure#0}
[INFO] [stdout]    8:     0x5f0402bc44b9 - std[617be2ca0a6fd877]::sys::backtrace::__rust_end_short_backtrace::<std[617be2ca0a6fd877]::panicking::panic_handler::{closure#0}, !>
[INFO] [stdout]    9:     0x5f0402bcc53d - __rustc[ea4f61d10b84890b]::rust_begin_unwind
[INFO] [stdout]   10:     0x5f0402c0572c - core[a373ad73a504971]::panicking::panic_fmt
[INFO] [stdout]   11:     0x5f0402b52573 - json_cases[59017f1f75227f46]::corpus::corpus_root
[INFO] [stdout]   12:     0x5f0402b46ebe - <json_cases[59017f1f75227f46]::similar_cases_agree::{closure#0} as core[a373ad73a504971]::ops::function::FnOnce<()>>::call_once
[INFO] [stdout]   13:     0x5f0402b54c8b - test[aada8e7e76ba119b]::__rust_begin_short_backtrace::<core[a373ad73a504971]::result::Result<(), alloc[2e1b2a31b91974c5]::string::String>, fn() -> core[a373ad73a504971]::result::Result<(), alloc[2e1b2a31b91974c5]::string::String>>
[INFO] [stdout]   14:     0x5f0402b61e65 - test[aada8e7e76ba119b]::run_test::{closure#0}
[INFO] [stdout]   15:     0x5f0402b5b754 - std[617be2ca0a6fd877]::sys::backtrace::__rust_begin_short_backtrace::<test[aada8e7e76ba119b]::run_test::{closure#1}, ()>
[INFO] [stdout]   16:     0x5f0402b64ef2 - <std[617be2ca0a6fd877]::thread::lifecycle::spawn_unchecked<test[aada8e7e76ba119b]::run_test::{closure#1}, ()>::{closure#1} as core[a373ad73a504971]::ops::function::FnOnce<()>>::call_once::{shim:vtable#0}
[INFO] [stdout]   17:     0x5f0402beee9f - <std[617be2ca0a6fd877]::sys::thread::unix::Thread>::new::thread_start
[INFO] [stdout]   18:     0x7eb6eb6c4dfa - <unknown>
[INFO] [stdout]   19:     0x7eb6eb7583d4 - clone
[INFO] [stdout]   20:                0x0 - <unknown>
[INFO] [stdout] 
[INFO] [stdout] ---- compare_to_serde_json stdout ----
[INFO] [stdout] 
[INFO] [stdout] thread 'compare_to_serde_json' (1318) panicked at tests/corpus/mod.rs:58:9:
[INFO] [stdout] the json-cases corpus is missing, the tests need it:
[INFO] [stdout]     git clone https://github.com/samuelcolvin/json-cases ../json-cases
[INFO] [stdout]     make -C ../json-cases build
[INFO] [stdout] or point JSON_CASES at an existing checkout; `cases.json` was looked for under ../json-cases, next to this repository
[INFO] [stdout] stack backtrace:
[INFO] [stdout]    0:     0x5f0402bef951 - <<std[617be2ca0a6fd877]::sys::backtrace::BacktraceLock>::print::DisplayBacktrace as core[a373ad73a504971]::fmt::Display>::fmt
[INFO] [stdout]    1:     0x5f0402c04ffa - core[a373ad73a504971]::fmt::write
[INFO] [stdout]    2:     0x5f0402bf3b6c - <alloc[2e1b2a31b91974c5]::vec::Vec<u8> as core[a373ad73a504971]::io::write::Write>::write_fmt
[INFO] [stdout]    3:     0x5f0402bcb886 - std[617be2ca0a6fd877]::panicking::default_hook::{closure#0}
[INFO] [stdout]    4:     0x5f0402be7cd9 - std[617be2ca0a6fd877]::panicking::default_hook
[INFO] [stdout]    5:     0x5f0402b61840 - test[aada8e7e76ba119b]::test_main_inner::{closure#0}
[INFO] [stdout]    6:     0x5f0402be7e92 - std[617be2ca0a6fd877]::panicking::panic_with_hook
[INFO] [stdout]    7:     0x5f0402bcb932 - std[617be2ca0a6fd877]::panicking::panic_handler::{closure#0}
[INFO] [stdout]    8:     0x5f0402bc44b9 - std[617be2ca0a6fd877]::sys::backtrace::__rust_end_short_backtrace::<std[617be2ca0a6fd877]::panicking::panic_handler::{closure#0}, !>
[INFO] [stdout]    9:     0x5f0402bcc53d - __rustc[ea4f61d10b84890b]::rust_begin_unwind
[INFO] [stdout]   10:     0x5f0402c0572c - core[a373ad73a504971]::panicking::panic_fmt
[INFO] [stdout]   11:     0x5f0402b52573 - json_cases[59017f1f75227f46]::corpus::corpus_root
[INFO] [stdout]   12:     0x5f0402b47e4e - <json_cases[59017f1f75227f46]::compare_to_serde_json::{closure#0} as core[a373ad73a504971]::ops::function::FnOnce<()>>::call_once
[INFO] [stdout]   13:     0x5f0402b54c8b - test[aada8e7e76ba119b]::__rust_begin_short_backtrace::<core[a373ad73a504971]::result::Result<(), alloc[2e1b2a31b91974c5]::string::String>, fn() -> core[a373ad73a504971]::result::Result<(), alloc[2e1b2a31b91974c5]::string::String>>
[INFO] [stdout]   14:     0x5f0402b61e65 - test[aada8e7e76ba119b]::run_test::{closure#0}
[INFO] [stdout]   15:     0x5f0402b5b754 - std[617be2ca0a6fd877]::sys::backtrace::__rust_begin_short_backtrace::<test[aada8e7e76ba119b]::run_test::{closure#1}, ()>
[INFO] [stdout]   16:     0x5f0402b64ef2 - <std[617be2ca0a6fd877]::thread::lifecycle::spawn_unchecked<test[aada8e7e76ba119b]::run_test::{closure#1}, ()>::{closure#1} as core[a373ad73a504971]::ops::function::FnOnce<()>>::call_once::{shim:vtable#0}
[INFO] [stdout]   17:     0x5f0402beee9f - <std[617be2ca0a6fd877]::sys::thread::unix::Thread>::new::thread_start
[INFO] [stdout]   18:     0x7eb6eb6c4dfa - <unknown>
[INFO] [stdout]   19:     0x7eb6eb7583d4 - clone
[INFO] [stdout]   20:                0x0 - <unknown>
[INFO] [stdout] 
[INFO] [stdout] 
[INFO] [stdout] failures:
[INFO] [stdout]     compare_to_serde_json
[INFO] [stdout]     inf_nan_extension
[INFO] [stdout]     similar_cases_agree
[INFO] [stdout] 
[INFO] [stdout] test result: FAILED. 0 passed; 3 failed; 0 ignored; 0 measured; 0 filtered out; finished in 0.01s
[INFO] [stdout] 
[INFO] [stderr] error: test failed, to rerun pass `--test json_cases`
[INFO] running `Command { std: "docker" "inspect" "f900482e8e5f81147b10a01bfe3c3e3dafea5e6db8ed9ce025e94be2582c180f", kill_on_drop: false }`
[INFO] running `Command { std: "docker" "rm" "-f" "f900482e8e5f81147b10a01bfe3c3e3dafea5e6db8ed9ce025e94be2582c180f", kill_on_drop: false }`
[INFO] [stdout] f900482e8e5f81147b10a01bfe3c3e3dafea5e6db8ed9ce025e94be2582c180f
