[INFO] fetching crate jigc 1.0.0-rc.24...
[INFO] testing jigc-1.0.0-rc.24 against 1.99.0-beta.8+cargoflags=--release for beta-release-1.100-2
[INFO] extracting crate jigc 1.0.0-rc.24 into /workspace/builds/worker-1-tc1/source
[INFO] started tweaking crates.io crate jigc 1.0.0-rc.24
[INFO] finished tweaking crates.io crate jigc 1.0.0-rc.24
[INFO] tweaked toml for crates.io crate jigc 1.0.0-rc.24 written to /workspace/builds/worker-1-tc1/source/Cargo.toml
[INFO] validating manifest of crates.io crate jigc 1.0.0-rc.24 on toolchain 1.99.0-beta.8
[INFO] running `Command { std: CARGO_HOME="/workspace/cargo-home" RUSTUP_HOME="/workspace/rustup-home" "/workspace/cargo-home/bin/cargo" "+1.99.0-beta.8" "metadata" "--manifest-path" "Cargo.toml" "--no-deps", kill_on_drop: false }`
[INFO] crate crates.io crate jigc 1.0.0-rc.24 already has a lockfile, it will not be regenerated
[INFO] running `Command { std: CARGO_HOME="/workspace/cargo-home" RUSTUP_HOME="/workspace/rustup-home" "/workspace/cargo-home/bin/cargo" "+1.99.0-beta.8" "fetch" "--manifest-path" "Cargo.toml", kill_on_drop: false }`
[INFO] [stderr]     Updating crates.io index
[INFO] [stderr]  Downloading crates ...
[INFO] [stderr]   Downloaded tree-sitter v0.26.9
[INFO] [stderr]   Downloaded jigc-engine v0.1.0-rc.2
[INFO] running `Command { std: "docker" "create" "-v" "/var/lib/crater-agent-workspace/builds/worker-1-tc1/source:/opt/rustwide/workdir:ro,Z" "-v" "/var/lib/crater-agent-workspace/builds/worker-1-tc1/target:/opt/rustwide/target:rw,Z" "-v" "/var/lib/crater-agent-workspace/cargo-home:/opt/rustwide/cargo-home:ro,Z" "-v" "/var/lib/crater-agent-workspace/rustup-home:/opt/rustwide/rustup-home:ro,Z" "-m" "1610612736" "--network" "none" "ghcr.io/rust-lang/crates-build-env/linux@sha256:77db811e55d90add9212f6832c23229e3de5f1c1f9905e8cb07319ea15df73ac" "sleep" "infinity", kill_on_drop: false }`
[INFO] [stdout] 0d128d452f34767874d9ba59985739b3bdf5d4b3d04d2cea35993db2b9209f70
[INFO] running `Command { std: "docker" "start" "0d128d452f34767874d9ba59985739b3bdf5d4b3d04d2cea35993db2b9209f70", kill_on_drop: false }`
[INFO] running `Command { std: "docker" "inspect" "0d128d452f34767874d9ba59985739b3bdf5d4b3d04d2cea35993db2b9209f70", kill_on_drop: false }`
[INFO] running `Command { std: "docker" "exec" "-e" "SOURCE_DIR=/opt/rustwide/workdir" "-e" "CARGO_HOME=/opt/rustwide/cargo-home" "-e" "RUSTUP_HOME=/opt/rustwide/rustup-home" "-e" "CARGO_TARGET_DIR=/opt/rustwide/target" "-w" "/opt/rustwide/workdir" "--user" "0:0" "0d128d452f34767874d9ba59985739b3bdf5d4b3d04d2cea35993db2b9209f70" "/opt/rustwide/cargo-home/bin/cargo" "+1.99.0-beta.8" "metadata" "--no-deps" "--format-version=1", kill_on_drop: false }`
[INFO] running `Command { std: "docker" "inspect" "0d128d452f34767874d9ba59985739b3bdf5d4b3d04d2cea35993db2b9209f70", kill_on_drop: false }`
[INFO] running `Command { std: "docker" "exec" "-e" "SOURCE_DIR=/opt/rustwide/workdir" "-e" "CARGO_HOME=/opt/rustwide/cargo-home" "-e" "RUSTUP_HOME=/opt/rustwide/rustup-home" "-e" "CARGO_TARGET_DIR=/opt/rustwide/target" "-e" "CARGO_INCREMENTAL=0" "-e" "RUST_BACKTRACE=full" "-e" "RUSTFLAGS=--cap-lints=warn" "-e" "RUSTDOCFLAGS=--cap-lints=warn" "-w" "/opt/rustwide/workdir" "--user" "0:0" "0d128d452f34767874d9ba59985739b3bdf5d4b3d04d2cea35993db2b9209f70" "/opt/rustwide/cargo-home/bin/cargo" "+1.99.0-beta.8" "build" "--frozen" "--message-format=json" "--release", kill_on_drop: false }`
[INFO] [stderr]    Compiling tree-sitter-language v0.1.7
[INFO] [stderr]    Compiling serde_json v1.0.150
[INFO] [stderr]    Compiling aho-corasick v1.1.4
[INFO] [stderr]    Compiling blake3 v1.8.5
[INFO] [stderr]    Compiling regex-syntax v0.8.10
[INFO] [stderr]    Compiling pulldown-cmark v0.13.4
[INFO] [stderr]    Compiling getopts v0.2.24
[INFO] [stderr]    Compiling tree-sitter-php v0.24.2
[INFO] [stderr]    Compiling tree-sitter-typescript v0.23.2
[INFO] [stderr]    Compiling tree-sitter-javascript v0.25.0
[INFO] [stderr]    Compiling tree-sitter-rust v0.24.2
[INFO] [stderr]    Compiling tree-sitter-css v0.23.2
[INFO] [stderr]    Compiling tree-sitter-bash v0.25.1
[INFO] [stderr]    Compiling tree-sitter-yaml v0.7.2
[INFO] [stderr]    Compiling thiserror-impl v2.0.18
[INFO] [stderr]    Compiling serde v1.0.228
[INFO] [stderr]    Compiling tree-sitter-python v0.25.0
[INFO] [stderr]    Compiling pulldown-cmark-escape v0.11.0
[INFO] [stderr]    Compiling clap_derive v4.6.1
[INFO] [stderr]    Compiling include_dir_macros v0.7.4
[INFO] [stderr]    Compiling streaming-iterator v0.1.9
[INFO] [stderr]    Compiling serde_yaml_ng v0.10.0
[INFO] [stderr]    Compiling thiserror v2.0.18
[INFO] [stderr]    Compiling include_dir v0.7.4
[INFO] [stderr]    Compiling tree-sitter v0.26.9
[INFO] [stderr]    Compiling clap v4.6.1
[INFO] [stderr]    Compiling regex-automata v0.4.14
[INFO] [stderr]    Compiling jigc-engine v0.1.0-rc.2
[INFO] [stderr]    Compiling regex v1.12.3
[INFO] [stderr]    Compiling jigc v1.0.0-rc.24 (/opt/rustwide/workdir)
[INFO] [stderr]     Finished `release` profile [optimized] target(s) in 1m 53s
[INFO] running `Command { std: "docker" "inspect" "0d128d452f34767874d9ba59985739b3bdf5d4b3d04d2cea35993db2b9209f70", kill_on_drop: false }`
[INFO] running `Command { std: "docker" "exec" "-e" "SOURCE_DIR=/opt/rustwide/workdir" "-e" "CARGO_HOME=/opt/rustwide/cargo-home" "-e" "RUSTUP_HOME=/opt/rustwide/rustup-home" "-e" "CARGO_TARGET_DIR=/opt/rustwide/target" "-e" "CARGO_INCREMENTAL=0" "-e" "RUST_BACKTRACE=full" "-e" "RUSTFLAGS=--cap-lints=warn" "-e" "RUSTDOCFLAGS=--cap-lints=warn" "-w" "/opt/rustwide/workdir" "--user" "0:0" "0d128d452f34767874d9ba59985739b3bdf5d4b3d04d2cea35993db2b9209f70" "/opt/rustwide/cargo-home/bin/cargo" "+1.99.0-beta.8" "test" "--frozen" "--no-run" "--message-format=json" "--release", kill_on_drop: false }`
[INFO] [stderr]    Compiling serde v1.0.228
[INFO] [stderr]    Compiling pulldown-cmark v0.13.4
[INFO] [stderr]    Compiling serde_json v1.0.150
[INFO] [stderr]    Compiling tempfile v3.27.0
[INFO] [stderr]    Compiling console v0.16.3
[INFO] [stderr]    Compiling toml v1.1.6+spec-1.1.0
[INFO] [stderr]    Compiling insta v1.47.2
[INFO] [stderr]    Compiling serde_yaml_ng v0.10.0
[INFO] [stderr]    Compiling jigc-engine v0.1.0-rc.2
[INFO] [stderr]    Compiling jigc v1.0.0-rc.24 (/opt/rustwide/workdir)
[INFO] [stderr]     Finished `release` profile [optimized] target(s) in 2m 04s
[INFO] running `Command { std: "docker" "inspect" "0d128d452f34767874d9ba59985739b3bdf5d4b3d04d2cea35993db2b9209f70", kill_on_drop: false }`
[INFO] running `Command { std: "docker" "exec" "-e" "SOURCE_DIR=/opt/rustwide/workdir" "-e" "CARGO_HOME=/opt/rustwide/cargo-home" "-e" "RUSTUP_HOME=/opt/rustwide/rustup-home" "-e" "CARGO_TARGET_DIR=/opt/rustwide/target" "-e" "CARGO_INCREMENTAL=0" "-e" "RUST_BACKTRACE=full" "-e" "RUSTFLAGS=--cap-lints=warn" "-e" "RUSTDOCFLAGS=--cap-lints=warn" "-w" "/opt/rustwide/workdir" "--user" "0:0" "0d128d452f34767874d9ba59985739b3bdf5d4b3d04d2cea35993db2b9209f70" "/opt/rustwide/cargo-home/bin/cargo" "+1.99.0-beta.8" "test" "--frozen" "--release", kill_on_drop: false }`
[INFO] [stderr]     Finished `release` profile [optimized] target(s) in 0.16s
[INFO] [stderr]      Running unittests src/lib.rs (/opt/rustwide/target/release/deps/cli-23cd0c6588051859)
[INFO] [stdout] 
[INFO] [stdout] running 543 tests
[INFO] [stdout] test adapter::tests::bootstrap_names_the_ahead_exception ... ok
[INFO] [stdout] test adapter::tests::bootstrap_file_states_the_output_contract ... ok
[INFO] [stdout] test adapter::tests::bootstrap_file_written_then_idempotent ... ok
[INFO] [stdout] test adapter::tests::bootstrap_file_states_the_read_rule_and_scopes_the_slices_promise ... ok
[INFO] [stdout] test adapter::tests::bootstrap_clause_covers_every_store_exit_flip ... ok
[INFO] [stdout] test adapter::tests::broken_guide_targets_fail_on_their_clause ... ok
[INFO] [stdout] test adapter::tests::deny_floor_empty_is_inert ... ok
[INFO] [stdout] test adapter::tests::broken_spawn_templates_fail_on_their_clause ... ok
[INFO] [stdout] test adapter::tests::claude_code_profile_loads_with_inject_and_allowlist_targets ... ok
[INFO] [stdout] test adapter::tests::load_profile_from_dir_missing_file_is_io_error ... ok
[INFO] [stdout] test adapter::tests::load_profile_from_empty_env_reads_the_embedded_profile ... ok
[INFO] [stdout] test adapter::tests::load_profile_from_unset_reads_the_embedded_profile ... ok
[INFO] [stdout] test adapter::tests::bootstrap_line_is_the_table ... ok
[INFO] [stdout] test adapter::tests::malformed_co_author_fails_the_profile_load ... ok
[INFO] [stdout] test adapter::tests::remove_allowlist_over_absent_settings_is_a_no_op ... ok
[INFO] [stdout] test adapter::tests::remove_deny_drops_floor_preserving_foreign_and_is_idempotent ... ok
[INFO] [stdout] test adapter::tests::deny_floor_preserves_existing_and_is_idempotent ... ok
[INFO] [stdout] test adapter::tests::inject_leaves_existing_reference_untouched ... ok
[INFO] [stdout] test adapter::tests::format_is_a_global_arg ... ok
[INFO] [stdout] test adapter::tests::remove_deny_over_absent_settings_is_a_no_op ... ok
[INFO] [stdout] test adapter::tests::remove_allowlist_drops_permit_preserving_unrelated_and_is_idempotent ... ok
[INFO] [stdout] test adapter::tests::remove_hook_over_absent_settings_is_a_no_op ... ok
[INFO] [stdout] test adapter::tests::shipped_guide_target_passes_validation ... ok
[INFO] [stdout] test adapter::tests::shipped_co_author_is_claude_keyed_on_claudecode ... ok
[INFO] [stdout] test adapter::tests::shipped_spawn_template_passes_validation ... ok
[INFO] [stdout] test adapter::tests::the_deny_floor_carries_the_two_human_owned_destroyers ... ok
[INFO] [stdout] test adapter::tests::sign_never_doubles_a_co_author_the_block_already_names ... ok
[INFO] [stdout] test adapter::tests::sign_places_the_trailer_in_the_trailer_block ... ok
[INFO] [stdout] test adapter::tests::spawn_template_permits_only_the_cd_worktree_prefix ... ok
[INFO] [stdout] test adapter::tests::unwire_reference_leaves_a_section_free_file_untouched ... ok
[INFO] [stdout] test adapter::tests::unwire_reference_removes_a_setup_created_file ... ok
[INFO] [stdout] test adapter::tests::unknown_assistant_yields_not_found ... ok
[INFO] [stdout] test adapter::tests::unwire_reference_round_trips_to_preexisting_bytes ... ok
[INFO] [stdout] test author::tests::malformed_payload_is_rejected_whole_at_parse ... ok
[INFO] [stdout] test author::tests::doc_level_section_leaves_split_field_and_slot_addresses ... ok
[INFO] [stdout] test author::tests::leaf_kind_mismatch_is_rejected_whole_at_parse ... ok
[INFO] [stdout] test adapter::tests::unwire_reference_round_trips_without_a_trailing_newline ... ok
[INFO] [stdout] test author::tests::multi_release_changelog_lowers_to_ordered_plan ... ok
[INFO] [stdout] test author::tests::title_less_singleton_defaults_non_singleton_error_is_enriched ... ok
[INFO] [stdout] test author::tests::unknown_schema_target_skips_the_cross_check ... ok
[INFO] [stdout] test cli::cli_parse::a_non_subcommand_usage_error_yields_no_tip ... ok
[INFO] [stdout] test adapter::tests::load_profile_from_dir_reads_the_on_disk_profile ... ok
[INFO] [stdout] test cli::cli_parse::config_fork_requires_a_target ... ok
[INFO] [stdout] test cli::cli_parse::config_fill_parses_the_target_and_from_file ... ok
[INFO] [stdout] test cli::cli_parse::config_fork_parses_the_target ... ok
[INFO] [stdout] test cli::cli_parse::config_fill_requires_from_file ... ok
[INFO] [stdout] test cli::cli_parse::config_insert_step_requires_an_anchor ... ok
[INFO] [stdout] test cli::cli_parse::config_insert_step_rejects_after_and_before_together ... ok
[INFO] [stdout] test cli::cli_parse::config_remove_step_parses_the_target ... ok
[INFO] [stdout] test cli::cli_parse::config_replace_step_parses_the_target_and_file ... ok
[INFO] [stdout] test cli::cli_parse::config_set_requires_both_key_and_value ... ok
[INFO] [stdout] test cli::cli_parse::config_set_parses_the_key_and_value ... ok
[INFO] [stdout] test cli::cli_parse::describe_kind_flags_combine ... ok
[INFO] [stdout] test cli::cli_parse::config_replace_step_requires_a_file ... ok
[INFO] [stdout] test cli::cli_parse::describe_format_json_is_selected ... ok
[INFO] [stdout] test cli::cli_parse::describe_rejects_a_positional ... ok
[INFO] [stdout] test cli::cli_parse::describe_parses ... ok
[INFO] [stdout] test adapter::tests::the_settings_check_accepts_exactly_what_the_writers_accept_and_writes_nothing ... ok
[INFO] [stdout] test cli::cli_parse::doc_show_help_names_the_staged_read ... ok
[INFO] [stdout] test cli::cli_parse::doc_show_help_names_the_anchor_as_the_item_id ... ok
[INFO] [stdout] test cli::cli_parse::doc_schema_parses_the_doctype_with_the_global_format ... ok
[INFO] [stdout] test cli::cli_parse::doc_show_help_states_the_stdout_purity_guarantee ... ok
[INFO] [stdout] test cli::cli_parse::doc_list_parses_with_an_optional_doctype_filter ... ok
[INFO] [stdout] test cli::cli_parse::doc_verbs_take_an_optional_task_selector ... ok
[INFO] [stdout] test cli::cli_parse::every_acting_row_carries_a_runnable_argv ... ok
[INFO] [stdout] test cli::cli_parse::every_curated_sibling_tip_passes_the_route_parse_fence ... ok
[INFO] [stdout] test cli::cli_parse::every_committing_door_acts_on_the_users_behalf ... ok
[INFO] [stdout] test cli::cli_parse::every_doctype_door_is_registered ... ok
[INFO] [stdout] test cli::cli_parse::every_leaf_verb_says_what_it_acts_on ... ok
[INFO] [stdout] test cli::cli_parse::every_foreclosed_argument_row_fires_at_its_node ... ok
[INFO] [stdout] test cli::cli_parse::every_clap_argument_is_classified ... ok
[INFO] [stdout] test cli::cli_parse::every_leaf_verb_is_classified ... ok
[INFO] [stdout] test cli::cli_parse::every_slug_door_is_registered ... ok
[INFO] [stdout] test cli::cli_parse::every_mint_verb_names_its_own_id_source_form ... ok
[INFO] [stdout] test cli::cli_parse::every_parent_node_carries_a_read_answer ... ok
[INFO] [stdout] test cli::cli_parse::every_path_arg_occurrence_is_registered ... ok
[INFO] [stdout] test cli::cli_parse::ingest_format_json_is_selected ... ok
[INFO] [stdout] test cli::cli_parse::ingest_help_cross_points_migrate ... ok
[INFO] [stdout] test cli::cli_parse::format_human_is_selected ... ok
[INFO] [stdout] test cli::cli_parse::ingest_parses ... ok
[INFO] [stdout] test cli::cli_parse::ingest_takes_no_positional ... ok
[INFO] [stdout] test cli::cli_parse::every_work_unit_id_door_is_registered ... ok
[INFO] [stdout] test cli::cli_parse::migrate_corpus_parses_with_the_commit_boundary_flags ... ok
[INFO] [stdout] test cli::cli_parse::migrate_corpus_takes_no_positional ... ok
[INFO] [stdout] test cli::cli_parse::migrate_help_is_de_enumerated_and_cross_points_ingest ... ok
[INFO] [stdout] test cli::cli_parse::migrate_parses_the_path_and_doctype ... ok
[INFO] [stdout] test cli::cli_parse::migrate_parses_the_slug_override ... ok
[INFO] [stdout] test cli::cli_parse::migrate_requires_a_path ... ok
[INFO] [stdout] test cli::cli_parse::migrate_requires_the_as_flag ... ok
[INFO] [stdout] test cli::cli_parse::milestone_add_from_spec_parses_the_id_and_spec_address ... ok
[INFO] [stdout] test cli::cli_parse::milestone_add_from_spec_requires_both_id_and_spec_address ... ok
[INFO] [stdout] test cli::cli_parse::config_insert_step_parses_workflow_anchor_and_file ... ok
[INFO] [stdout] test cli::cli_parse::jigc_setup_commits_on_behalf_and_states_its_unborn_exemption ... ok
[INFO] [stdout] test cli::cli_parse::milestone_add_task_requires_both_id_and_intent ... ok
[INFO] [stdout] test cli::cli_parse::milestone_add_task_parses_the_id_and_intent ... ok
[INFO] [stdout] test cli::cli_parse::milestone_add_from_spec_workflow_parses_explicit_value ... ok
[INFO] [stdout] test cli::cli_parse::milestone_add_task_workflow_parses_explicit_value ... ok
[INFO] [stdout] test cli::cli_parse::milestone_create_parses_the_title ... ok
[INFO] [stdout] test cli::cli_parse::milestone_discard_parses_the_force_flag ... ok
[INFO] [stdout] test adapter::tests::remove_hook_drops_jigc_matcher_preserving_foreign_and_is_idempotent ... ok
[INFO] [stdout] test cli::cli_parse::milestone_execute_parses_the_id ... ok
[INFO] [stdout] test cli::cli_parse::milestone_execute_requires_a_milestone_id ... ok
[INFO] [stdout] test cli::cli_parse::milestone_create_requires_a_title ... ok
[INFO] [stdout] test cli::cli_parse::milestone_finalize_parses_carry_staged ... ok
[INFO] [stdout] test cli::cli_parse::milestone_discard_requires_a_milestone_id ... ok
[INFO] [stdout] test cli::cli_parse::milestone_discard_parses_the_id_with_force_defaulting_false ... ok
[INFO] [stdout] test cli::cli_parse::leaf_reads_the_parsed_command_back_to_its_own_door ... ok
[INFO] [stdout] test cli::cli_parse::milestone_finalize_parses_the_id ... ok
[INFO] [stdout] test cli::cli_parse::milestone_finalize_requires_a_milestone_id ... ok
[INFO] [stdout] test adapter::tests::allowlist_added_then_idempotent ... ok
[INFO] [stdout] test adapter::tests::bootstrap_file_is_the_sentence_body ... ok
[INFO] [stdout] test cli::cli_parse::milestone_join_parses_the_id ... ok
[INFO] [stdout] test adapter::tests::hook_added_then_idempotent ... ok
[INFO] [stdout] test adapter::tests::claude_code_profile_bytes_are_canonical ... ok
[INFO] [stdout] test adapter::tests::deny_floor_added_then_idempotent ... ok
[INFO] [stdout] test adapter::tests::allowlist_preserves_existing_settings ... ok
[INFO] [stdout] test adapter::tests::inject_creates_then_is_idempotent ... ok
[INFO] [stdout] test cli::cli_parse::milestone_join_requires_a_milestone_id ... ok
[INFO] [stdout] test cli::cli_parse::milestone_provision_parses_the_id ... ok
[INFO] [stdout] test cli::cli_parse::milestone_provision_requires_a_milestone_id ... ok
[INFO] [stdout] test adapter::tests::inject_appends_when_reference_absent ... ok
[INFO] [stdout] test adapter::tests::hook_install_preserves_allowlist ... ok
[INFO] [stdout] test cli::cli_parse::relocate_parses_type_and_from ... ok
[INFO] [stdout] test cli::cli_parse::start_explain_combines_with_intent_and_workflow ... ok
[INFO] [stdout] test cli::cli_parse::rename_requires_an_address ... ok
[INFO] [stdout] test cli::cli_parse::relocate_requires_the_from_flag ... ok
[INFO] [stdout] test cli::cli_parse::rename_parses_the_explicit_slug_override ... ok
[INFO] [stdout] test cli::cli_parse::rename_requires_the_to_flag ... ok
[INFO] [stdout] test cli::cli_parse::start_defaults_to_agent_format ... ok
[INFO] [stdout] test cli::cli_parse::start_rejects_explain_and_task_together ... ok
[INFO] [stdout] test cli::cli_parse::start_help_runs_cleanly ... ok
[INFO] [stdout] test cli::cli_parse::setup_parses ... ok
[INFO] [stdout] test cli::cli_parse::start_rejects_intent_and_task_together ... ok
[INFO] [stdout] test cli::cli_parse::start_parses_the_slug_override ... ok
[INFO] [stdout] test cli::cli_parse::start_rejects_slug_and_task_together ... ok
[INFO] [stdout] test cli::cli_parse::start_task_parses_the_resume_form ... ok
[INFO] [stdout] test cli::cli_parse::start_with_intent_parses_the_positional ... ok
[INFO] [stdout] test cli::cli_parse::start_rejects_workflow_and_task_together ... ok
[INFO] [stdout] test cli::cli_parse::the_re_emitted_did_you_mean_matches_claps_wording_in_both_arities ... ok
[INFO] [stdout] test cli::cli_parse::uninstall_takes_no_positional ... ok
[INFO] [stdout] test cli::cli_parse::unknown_format_value_is_rejected ... ok
[INFO] [stdout] test cli::cli_parse::validate_format_json_is_selected ... ok
[INFO] [stdout] test cli::cli_parse::uninstall_parses ... ok
[INFO] [stdout] test cli::cli_parse::validate_takes_no_positional ... ok
[INFO] [stdout] test cli::cli_parse::upgrade_format_json_is_selected ... ok
[INFO] [stdout] test cli::cli_parse::validate_parses ... ok
[INFO] [stdout] test cli::cli_parse::task_finalize_parses_the_id_with_flags_defaulting_false ... ok
[INFO] [stdout] test cli::cli_parse::task_finalize_parses_the_dry_run_flag ... ok
[INFO] [stdout] test cli::cli_parse::the_release_id_worked_example_states_the_shipped_mint ... ok
[INFO] [stdout] test cli::cli_parse::workflow_parses_the_id_and_preview ... ok
[INFO] [stdout] test cli::cli_parse::upgrade_takes_no_positional ... ok
[INFO] [stdout] test cli::cli_parse::workflow_parses_the_id_and_task ... ok
[INFO] [stdout] test cli::cli_parse::workflow_requires_exactly_one_mode ... ok
[INFO] [stdout] test config::tests::basename_collision_rejects_pack_and_project_step_ids_passes_fresh ... ok
[INFO] [stdout] test cli::cli_parse::upgrade_parses ... ok
[INFO] [stdout] test config::tests::append_delta_preserves_scalar_and_prior_deltas_and_round_trips ... ok
[INFO] [stdout] test config::tests::workbench_home_rule_asks_where_the_value_lands ... ok
[INFO] [stdout] test config::tests::config_ack_json_is_parseable ... ok
[INFO] [stdout] test config::tests::anchor_present_in_snapshot_passes_absent_or_prior_removed_rejected ... ok
[INFO] [stdout] test cli::cli_parse::start_workflow_combines_with_the_intent_positional ... ok
[INFO] [stdout] test cli::cli_parse::milestone_list_tasks_parses_the_id ... ok
[INFO] [stdout] test doc::tests::barrier_predicate_accepts_in_area_and_rejects_escaping ... ok
[INFO] [stdout] test doc::tests::civil_from_days_matches_known_dates ... ok
[INFO] [stdout] test cli::cli_parse::milestone_rejects_an_unknown_verb ... ok
[INFO] [stdout] test doc::tests::migration_suppresses_only_the_doc_level_on_create_date ... ok
[INFO] [stdout] test doc::tests::migration_suppresses_only_the_on_create_date_not_other_create_fields ... ok
[INFO] [stdout] test doc::tests::implements_resolves_section_qualified_and_flat_alias ... ok
[INFO] [stdout] test doc::tests::on_create_item_fields_stamps_only_on_create_date_leaves ... ok
[INFO] [stdout] test doc::tests::on_create_doc_fields_materializes_default_and_on_create ... ok
[INFO] [stdout] test doc::tests::on_create_nested_item_fields_stamps_nested_on_create_date ... ok
[INFO] [stdout] test doc::tests::prd_repeatable_requirements_cold_then_one_item_round_trip ... ok
[INFO] [stdout] test doc::tests::prd_schema_loads_and_repeatable_requirements_round_trip ... ok
[INFO] [stdout] test doc::tests::schema_read_surface_picks_the_qualified_commit_address ... ok
[INFO] [stdout] test doc::tests::today_iso_is_a_well_formed_iso_date ... ok
[INFO] [stdout] test gate_coverage::tests::every_model_renames_only_the_members_that_declare_a_spelling_on_it ... ok
[INFO] [stdout] test gate_coverage::tests::every_row_states_the_door_it_is_decided_at ... ok
[INFO] [stdout] test gate_coverage::tests::member_ids_are_unique ... ok
[INFO] [stdout] test gate_coverage::tests::the_checker_reports_an_absent_token ... ok
[INFO] [stdout] test gate_coverage::tests::every_token_is_carried_by_its_own_fragment ... ok
[INFO] [stdout] test gate_coverage::tests::the_generated_fragment_is_the_shipped_sentence ... ok
[INFO] [stdout] test gate_coverage::tests::the_join_renders_english ... ok
[INFO] [stdout] test gate_coverage::tests::tokens_are_authored_in_normalized_form ... ok
[INFO] [stdout] test gitignore::tests::all_three_writers_emit_the_identical_entry_set ... ok
[INFO] [stdout] test gate_coverage::tests::the_doc_only_sentence_does_not_name_the_carryover_gate ... ok
[INFO] [stdout] test gitignore::tests::ensure_amends_a_legacy_worktreeless_gitignore ... ok
[INFO] [stdout] test gitignore::tests::ensure_writes_the_union_entry_set ... ok
[INFO] [stdout] test ingest::tests::ingest_near_miss_route_offers_no_adoption_for_an_already_managed_doc ... ok
[INFO] [stdout] test ingest::tests::ingest_near_miss_route_hands_over_the_migrate_argv ... ok
[INFO] [stdout] test ingest::tests::ingest_near_miss_route_quotes_a_path_a_shell_would_re_lex ... ok
[INFO] [stdout] test ingest::tests::ingest_near_miss_route_stays_human_without_a_migrate_workflow ... ok
[INFO] [stdout] test invocation_log::tests::no_registry_member_collides_with_the_finding_inventory ... ok
[INFO] [stdout] test invocation_log::tests::registry_mirrors_the_declared_members ... ok
[INFO] [stdout] test invocation_log::tests::every_prose_home_states_exactly_the_emitted_keys ... FAILED
[INFO] [stdout] test invocation_log::tests::the_design_doc_declares_the_log_unversioned_and_additive_only ... FAILED
[INFO] [stdout] test invocation_log::tests::the_emitted_key_set_is_closed_by_the_destructured_fields ... ok
[INFO] [stdout] test doc::tests::newly_created_doc_is_stamped_its_manifest_schema_version ... ok
[INFO] [stdout] test locate::tests::discovers_the_repo_root_from_a_nested_start_dir ... ok
[INFO] [stdout] test locate::tests::no_git_marker_is_not_in_repo ... ok
[INFO] [stdout] test locate::tests::absent_project_config_dir_is_reported_absent ... ok
[INFO] [stdout] test config::tests::undeclared_key_route_names_the_read_verb_that_enumerates_the_surface ... ok
[INFO] [stdout] test locate::tests::present_project_config_dir_is_located_as_the_project_layer ... ok
[INFO] [stdout] test locate::tests::team_path_resolves_under_home_at_config_jigc ... ok
[INFO] [stdout] test migrate::tests::a_source_outside_the_repository_is_refused_rather_than_folded_back_in ... ok
[INFO] [stdout] test migrate::tests::records_a_clean_repo_relative_source_path ... ok
[INFO] [stdout] test migrate_corpus::tests::a_missing_snapshot_blocks_the_whole_doctype_at_the_enumeration ... ok
[INFO] [stdout] test describe::tests::describe_prints_the_suppressed_reason_for_a_hidden_workflow ... ok
[INFO] [stdout] test describe::tests::describe_skip_on_absent_holds_through_the_shadow ... ok
[INFO] [stdout] test migrate_corpus::tests::below_version_added_repeatable_section_mints_the_heading_and_restamps ... ok
[INFO] [stdout] test migrate_corpus::tests::below_version_card_narrowing_is_refused_with_its_own_route ... ok
[INFO] [stdout] test migrate_corpus::tests::below_version_doc_migrates_via_snapshot_with_stamp_value_bump ... ok
[INFO] [stdout] test describe::tests::describe_reflects_the_project_workflow_shadow ... ok
[INFO] [stdout] test migrate_corpus::tests::below_version_field_removal_is_refused_with_its_own_route ... ok
[INFO] [stdout] test config::tests::replace_remove_record_displaced_pack_unit_basis_and_round_trip ... ok
[INFO] [stdout] test migrate_corpus::tests::below_version_optional_tighten_blocks_the_bare_doc_and_migrates_the_authored_one ... ok
[INFO] [stdout] test migrate_corpus::tests::below_version_unclassifiable_change_is_refused_with_the_build_the_kind_route ... ok
[INFO] [stdout] test migrate_corpus::tests::embedded_changelog_v1_to_v2_classifies_exactly_relocated_and_display_title ... ok
[INFO] [stdout] test migrate_corpus::tests::has_section_heading_recognizes_an_edge_stopword_section_id ... ok
[INFO] [stdout] test migrate_corpus::tests::below_version_required_item_field_blocks_the_doc_and_leaves_it_v0 ... ok
[INFO] [stdout] test migrate_corpus::tests::below_version_prose_needing_stamp_flips_only_after_prose_authored ... ok
[INFO] [stdout] test migrate_corpus::tests::header_less_doc_migration_introduces_the_fence_byte_stable ... ok
[INFO] [stdout] test migrate_corpus::tests::the_authored_remap_is_keyed_by_the_locus_path_not_the_section ... ok
[INFO] [stdout] test migrate_corpus::tests::the_contract_row_declares_exactly_the_reports_wire_keys ... FAILED
[INFO] [stdout] test migrate_corpus::tests::the_relocation_walk_unions_every_prior_home_not_just_the_last ... ok
[INFO] [stdout] test migrate_corpus::tests::embedded_changelog_relocates_committed_doc_to_root_byte_faithful ... ok
[INFO] [stdout] test migrate_corpus::tests::the_report_key_set_is_closed_by_its_stated_field_dispositions ... ok
[INFO] [stdout] test migrate_corpus::tests::relocated_doc_moves_to_placement_home_byte_faithful_with_rekey ... ok
[INFO] [stdout] test migrate_corpus::tests::relocation_abort_at_the_write_strands_neither_copy ... ok
[INFO] [stdout] test milestone::tests::milestone_feeding_emits_one_id_sorted_spawn_per_subtask ... ok
[INFO] [stdout] test orient::tests::absent_project_layer_yields_unset_project_view ... ok
[INFO] [stdout] test milestone::tests::the_task_list_restore_replaces_rather_than_truncates ... ok
[INFO] [stdout] test orient::tests::clean_view_next_steps_inert_when_off_catalog_verbs_absent ... ok
[INFO] [stdout] test orient::tests::one_pack_composite_header_is_byte_identical_to_today ... ok
[INFO] [stdout] test orient::tests::clean_view_next_steps_name_present_off_catalog_verbs ... ok
[INFO] [stdout] test orient::tests::pack_segment_is_sourced_from_pack_config ... ok
[INFO] [stdout] test cli::cli_parse::format_json_is_selected ... ok
[INFO] [stdout] test cli::cli_parse::rename_parses_the_address_and_title ... ok
[INFO] [stdout] test cli::cli_parse::both_create_verbs_state_the_argument_convention ... ok
[INFO] [stdout] test orient::tests::two_pack_set_header_names_both_packs_highest_first ... ok
[INFO] [stdout] test orient::tests::present_project_layer_yields_clean_view_with_header_and_catalog ... ok
[INFO] [stdout] test orient::tests::orientation_catalog_lists_only_selectable_work_workflows ... ok
[INFO] [stdout] test migrate_corpus::tests::already_current_doc_is_skipped_byte_untouched ... ok
[INFO] [stdout] test migrate_corpus::tests::written_docs_are_baselined_per_doc_even_when_a_later_write_aborts ... FAILED
[INFO] [stdout] test migrate_corpus::tests::below_version_added_item_field_splices_every_item_and_restamps ... ok
[INFO] [stdout] test orphan::tests::home_of_reads_placement_and_location_homes ... ok
[INFO] [stdout] test migrate_corpus::tests::a_doc_already_carrying_the_added_repeatable_section_migrates_clean ... ok
[INFO] [stdout] test orphan::tests::is_stranded_detects_a_location_basename_rename_strand ... ok
[INFO] [stdout] test orphan::tests::is_stranded_detects_a_location_to_placement_relocation ... ok
[INFO] [stdout] test migrate_corpus::tests::a_doc_stamped_zero_is_blocked_at_its_own_path_while_the_walk_still_builds ... ok
[INFO] [stdout] test orphan::tests::is_stranded_detects_a_placement_root_strand_given_a_prior_home ... ok
[INFO] [stdout] test orphan::tests::location_basename_is_the_trailing_dir_regardless_of_docs_root ... ok
[INFO] [stdout] test orphan::tests::parent_basename_is_none_for_a_root_level_file ... ok
[INFO] [stdout] test orphan::tests::a_filename_that_merely_ends_with_the_home_is_not_a_strand ... ok
[INFO] [stdout] test orphan::tests::the_fixed_identity_home_set_is_the_exact_declared_paths_and_nothing_else ... ok
[INFO] [stdout] test config::tests::config_verbs_ack_their_effect ... ok
[INFO] [stdout] test orphan::tests::the_territory_is_the_two_knobs_plus_every_resolved_doctype_home ... ok
[INFO] [stdout] test orphan::tests::a_path_the_strand_walk_spoke_for_is_never_an_orphaned_instance ... ok
[INFO] [stdout] test orphan::tests::unregistered_route_falls_back_to_ignore_or_human_without_a_migrate_workflow ... ok
[INFO] [stdout] test orphan::tests::a_home_the_repository_never_committed_into_is_not_vacated ... ok
[INFO] [stdout] test orphan::tests::unregistered_route_names_the_migrate_verb_when_the_workflow_ships ... ok
[INFO] [stdout] test pack::tests::changelog_schema_is_the_canonical_doctype ... ok
[INFO] [stdout] test pack::tests::composite::colliding_id_reads_the_precedence_winner ... ok
[INFO] [stdout] test pack::tests::composite::colliding_id_origin_is_the_precedence_winner ... ok
[INFO] [stdout] test orphan::tests::orphaned_docs_surfaces_the_matched_doctype ... ok
[INFO] [stdout] test orphan::tests::this_repos_own_committed_test_fixtures_are_never_orphaned_instances ... ok
[INFO] [stdout] test pack::tests::composite::list_dedups_the_collision_and_sorts_the_union ... ok
[INFO] [stdout] test pack::tests::composite::loser_only_id_origin_is_the_defining_pack ... ok
[INFO] [stdout] test pack::tests::composite::loser_only_id_reads_back_via_union ... ok
[INFO] [stdout] test pack::tests::composite::pack_version_is_the_highest_precedence_pack ... ok
[INFO] [stdout] test pack::tests::composite::per_origin_manifests::assert_schema_freeze_enforces_every_manifest_shipping_constituent ... ok
[INFO] [stdout] test pack::tests::composite::single_pack_composite_equals_the_pack ... ok
[INFO] [stdout] test pack::tests::composite::single_pack_composite_origin_is_the_pack ... ok
[INFO] [stdout] test pack::tests::composite::unowned_id_is_not_found ... ok
[INFO] [stdout] test pack::tests::composite::unowned_id_origin_falls_back_to_self ... ok
[INFO] [stdout] test pack::tests::constraint_token_map_bijects_with_the_fenced_codes ... ok
[INFO] [stdout] test pack::tests::constraint_tokens_are_authored_in_normalized_form ... ok
[INFO] [stdout] test pack::tests::declared_contract_identifiers_are_non_minted_and_buy_their_tokens ... ok
[INFO] [stdout] test pack::tests::embedded_pack_config_carries_defaults_and_commands ... ok
[INFO] [stdout] test pack::tests::embedded_pack_config_declares_pack_id ... ok
[INFO] [stdout] test pack::tests::embedded_pack_config_declares_the_knob_surface ... ok
[INFO] [stdout] test pack::tests::composite::per_origin_manifests::frozen_doctype_versions_is_the_per_doctype_governed_union ... ok
[INFO] [stdout] test pack::tests::embedded_pack_lists_and_reads_the_shipped_workflows ... ok
[INFO] [stdout] test pack::tests::embedded_pack_lists_the_mvp_steps ... ok
[INFO] [stdout] test pack::tests::embedded_pack_read_of_a_missing_id_is_not_found ... ok
[INFO] [stdout] test pack::tests::embedded_pack_version_is_the_binary_version ... ok
[INFO] [stdout] test pack::tests::every_ambush_row_names_a_commit_on_behalf_door ... ok
[INFO] [stdout] test pack::tests::factory::a_listed_pack_shadows_no_governed_doctype_but_still_extends ... ok
[INFO] [stdout] test pack::tests::composite::origin_pack_is_callable_on_a_trait_object ... ok
[INFO] [stdout] test pack::tests::composite::origin_packs_enumerates_every_owner_in_precedence_order ... ok
[INFO] [stdout] test pack::tests::factory::a_listed_pack_composes_over_the_base ... ok
[INFO] [stdout] test pack::tests::factory::marker_absent_is_the_base_only_floor ... ok
[INFO] [stdout] test pack::tests::factory::marker_composes_the_embedded_dev_methodology_pair ... ok
[INFO] [stdout] test pack::tests::factory::marker_resolves_collisions_dev_highest ... ok
[INFO] [stdout] test pack::tests::factory::pack_dir_supersedes_the_marker ... ok
[INFO] [stdout] test pack::tests::factory::set_env_yields_a_filesystem_pack_reading_the_dir ... ok
[INFO] [stdout] test pack::tests::factory::the_freeze_demotion_does_not_reach_other_id_spaces ... ok
[INFO] [stdout] test pack::tests::factory::unset_env_yields_an_embedded_backed_source ... ok
[INFO] [stdout] test pack::tests::filesystem_pack::list_of_absent_kind_dir_is_empty ... ok
[INFO] [stdout] test pack::tests::factory::marker_plus_listed_under_pack_dir_still_composes_the_m14_path ... ok
[INFO] [stdout] test pack::tests::filesystem_pack::list_returns_seeded_stems_sorted ... ok
[INFO] [stdout] test pack::tests::filesystem_pack::pack_version_without_defaults_file_is_the_sentinel ... ok
[INFO] [stdout] test pack::tests::filesystem_pack::pack_version_without_version_key_is_the_sentinel ... ok
[INFO] [stdout] test pack::tests::filesystem_pack::read_round_trips_bytes_and_absent_is_not_found ... ok
[INFO] [stdout] test pack::tests::filesystem_pack::pack_version_reads_the_defaults_version_key ... ok
[INFO] [stdout] test pack::tests::filesystem_pack::trait_is_object_usable ... ok
[INFO] [stdout] test pack::tests::load_pack_schema_stamps_persisted_frozen_doctypes_and_is_inert_elsewhere ... ok
[INFO] [stdout] test pack::tests::factory::empty_env_yields_an_embedded_backed_source ... ok
[INFO] [stdout] test pack::tests::load_prior_schema_of_a_missing_snapshot_is_a_located_error ... ok
[INFO] [stdout] test pack::tests::marker::absent_file_is_false ... ok
[INFO] [stdout] test pack::tests::marker::absent_key_is_false ... ok
[INFO] [stdout] test pack::tests::marker::garbage_is_a_located_err ... ok
[INFO] [stdout] test pack::tests::marker::marker_false_reads_false ... ok
[INFO] [stdout] test pack::tests::load_prior_schema_reads_a_versioned_snapshot_through_load_pack_schema ... FAILED
[INFO] [stdout] test pack::tests::methodology_pack::both_packs_declare_the_version_currency_severity_knob ... ok
[INFO] [stdout] test orphan::tests::a_stamped_doc_outside_the_territory_is_never_an_orphaned_instance ... ok
[INFO] [stdout] test pack::tests::methodology_pack::both_selectors_report_the_binary_version ... ok
[INFO] [stdout] test pack::tests::methodology_pack::methodology_selector_lists_and_loads_through_production_loaders ... ok
[INFO] [stdout] test pack::tests::methodology_pack::placement_root_is_declared_in_both_packs_identically ... ok
[INFO] [stdout] test pack::tests::methodology_pack::the_two_selectors_carry_distinct_trees ... ok
[INFO] [stdout] test pack::tests::methodology_pack::methodology_knob_surface_mirrors_dev_except_recorded_divergences ... ok
[INFO] [stdout] test pack::tests::pack_list::absent_file_is_empty ... ok
[INFO] [stdout] test pack::tests::pack_list::absent_packs_key_is_empty ... ok
[INFO] [stdout] test pack::tests::pack_list::empty_list_is_empty ... ok
[INFO] [stdout] test pack::tests::pack_list::garbage_is_a_located_err ... ok
[INFO] [stdout] test pack::tests::pack_list::two_entry_list_preserves_declared_order ... ok
[INFO] [stdout] test pack::tests::pack_list::wrong_shape_packs_is_a_located_err ... ok
[INFO] [stdout] test pack::tests::load_pack_schema_stamps_persisted_methodology_doctypes_and_shadow_commit_is_inert ... ok
[INFO] [stdout] test pack::tests::provenance::single_pack_composite_yields_one_entry ... ok
[INFO] [stdout] test pack::tests::provenance::content_hash_is_read_dir_order_invariant ... ok
[INFO] [stdout] test pack::tests::record_change_workflow_body_is_the_canonical_definition ... ok
[INFO] [stdout] test pack::tests::provenance::two_pack_entries_carry_own_path_and_hash_in_order ... ok
[INFO] [stdout] test orphan::tests::placement_root_file_and_sibling_root_md_are_never_orphaned ... ok
[INFO] [stdout] test pack::tests::single_task_workflow_body_is_the_canonical_definition ... ok
[INFO] [stdout] test pack::tests::shipped_schema_manifest_matches_the_frozen_doctype_set ... ok
[INFO] [stdout] test pack::tests::shipped_pack_narrates_every_workflow_and_doctype ... ok
[INFO] [stdout] test pack::tests::step_finalize_body_is_canonical ... ok
[INFO] [stdout] test pack::tests::step_implement_body_is_canonical ... ok
[INFO] [stdout] test pack::tests::step_superseded_context_body_is_canonical ... ok
[INFO] [stdout] test milestone::tests::git_commit_paths_commits_exactly_the_listed_paths_and_refuses_none ... ok
[INFO] [stdout] test pack::tests::the_owe_set_is_the_derivation_minus_exempt_plus_declared ... ok
[INFO] [stdout] test pack_builtin::tests::each_selector_reports_the_version_it_was_handed ... ok
[INFO] [stdout] test pack_builtin::tests::embedded_pack_carries_no_probes_directory ... ok
[INFO] [stdout] test pack_builtin::tests::methodology_dir_carries_no_build_subtree ... ok
[INFO] [stdout] test pack::tests::step_locate_body_is_canonical ... ok
[INFO] [stdout] test orphan::tests::the_placement_arm_keys_on_the_declared_remainder_not_the_resolved_home ... ok
[INFO] [stdout] test orphan::tests::a_location_singleton_vacates_at_its_own_path_not_at_its_directory ... ok
[INFO] [stdout] test orphan::tests::an_uncommitted_removal_reads_the_blob_head_still_carries ... ok
[INFO] [stdout] test pack_builtin::tests::each_root_form_is_the_tree_its_embed_carries ... ok
[INFO] [stdout] test pack::tests::factory::no_listed_packs_is_the_base_only_floor ... ok
[INFO] [stdout] test pack::tests::marker::marker_true_reads_true ... ok
[INFO] [stdout] test rename::tests::doc_path_resolves_a_placement_literal_and_leaves_location_docs_unchanged ... ok
[INFO] [stdout] test rename::tests::introduced_dangles_excludes_a_preexisting_dangle ... ok
[INFO] [stdout] test rename::tests::line_has_token_matches_a_standalone_slug_token ... ok
[INFO] [stdout] test rename::tests::line_has_token_rejects_a_caches_style_near_match ... ok
[INFO] [stdout] test pack::tests::methodology_schema_manifest_matches_the_frozen_doctype_set ... ok
[INFO] [stdout] test rename::tests::parse_addr_rejects_malformed ... ok
[INFO] [stdout] test rename::tests::introduced_dangles_flags_a_newly_introduced_dangle ... ok
[INFO] [stdout] test rename::tests::rewrite_h1_none_without_an_h1 ... ok
[INFO] [stdout] test rename::tests::rewrite_h1_skips_a_front_matter_yaml_comment ... ok
[INFO] [stdout] test rename::tests::rewrite_h1_swaps_only_the_title_line ... ok
[INFO] [stdout] test render::tests::an_advisory_rename_flips_no_exit_and_the_blocking_witness_still_does ... ok
[INFO] [stdout] test render::tests::create_gates_line_defines_the_gate_it_lists ... ok
[INFO] [stdout] test render::tests::left_out_spelling_is_the_commit_models_and_doc_only_never_routes_at_git_add ... ok
[INFO] [stdout] test render::tests::render_composed_agent_text_announces_only_a_real_mint ... ok
[INFO] [stdout] test render::tests::render_composed_agent_text_names_the_gates_then_the_footer ... ok
[INFO] [stdout] test render::tests::render_composed_agent_text_states_the_task_affordances ... ok
[INFO] [stdout] test rename::tests::the_h1_resolves_across_every_supported_checkout_shape ... ok
[INFO] [stdout] test render::tests::render_describe_routes_to_workflow_preview ... ok
[INFO] [stdout] test render::tests::render_describe_skips_absent_field_def_and_stays_prose_shaped ... ok
[INFO] [stdout] test render::tests::render_describe_weaves_authored_prose_with_footer ... ok
[INFO] [stdout] test render::tests::render_explain_names_collision_winner_per_top_level_collision ... ok
[INFO] [stdout] test render::tests::render_explain_names_pack_input_path_and_hash_per_composed_pack ... ok
[INFO] [stdout] test render::tests::render_explain_shows_a_rejected_demotion_line_distinct_from_applied_overrides ... ok
[INFO] [stdout] test render::tests::render_explain_tree_agent_text_and_json ... ok
[INFO] [stdout] test render::tests::render_finalize_landed_carries_the_manifest ... ok
[INFO] [stdout] test render::tests::render_finalize_manifest_flags_untracked_and_json_carries_dry_run ... ok
[INFO] [stdout] test render::tests::render_finalize_manifest_renders_staged_new_file_as_added ... ok
[INFO] [stdout] test render::tests::render_ingest_collapses_unmanaged_into_per_directory_counts ... ok
[INFO] [stdout] test render::tests::render_ingest_empty_report_renders_no_legend ... ok
[INFO] [stdout] test render::tests::render_ingest_json_carries_verdict_summary ... ok
[INFO] [stdout] test render::tests::render_ingest_legend_names_only_present_verdicts ... ok
[INFO] [stdout] test render::tests::render_ingest_lists_rows_with_routed_finding_and_footer ... ok
[INFO] [stdout] test render::tests::render_manifest_carried_over_kind_and_pre_commit_advisory ... ok
[INFO] [stdout] test render::tests::render_migration_review_fidelity_kept_set_scans_whole_rewrite_text ... ok
[INFO] [stdout] test render::tests::render_migration_review_fidelity_report_split_packaged_vs_bare ... ok
[INFO] [stdout] test render::tests::render_migration_review_fidelity_scan_trims_trailing_sentence_dot ... ok
[INFO] [stdout] test render::tests::render_migration_review_reports_dropped_v_prefixed_version ... ok
[INFO] [stdout] test render::tests::render_milestone_finalized_names_manifest_and_contributions ... ok
[INFO] [stdout] test render::tests::render_milestone_join_names_suffix_decision_and_self_ref_rewrite ... ok
[INFO] [stdout] test render::tests::render_operational_error_json_envelope_and_plain_agent_bytes ... ok
[INFO] [stdout] test render::tests::render_orientation_agent_text_ends_with_routing_footer ... ok
[INFO] [stdout] test render::tests::render_orientation_clean_has_header_catalog_and_footer ... ok
[INFO] [stdout] test render::tests::render_orientation_clean_names_off_catalog_next_step_verbs ... ok
[INFO] [stdout] test render::tests::render_orientation_clean_routes_to_workflow_preview ... ok
[INFO] [stdout] test render::tests::render_orientation_json_is_valid_and_carries_no_footer ... ok
[INFO] [stdout] test render::tests::render_orientation_unset_routes_to_setup ... ok
[INFO] [stdout] test rename::tests::rewrite_h1_ignores_h2_and_fenced_hash_lines ... ok
[INFO] [stdout] test render::tests::render_preview_advertising_is_scoped_to_the_minting_workflows ... ok
[INFO] [stdout] test render::tests::render_setup_success_names_what_was_installed ... ok
[INFO] [stdout] test render::tests::render_setup_success_says_a_hook_the_commit_could_not_carry_is_local_only ... ok
[INFO] [stdout] test render::tests::render_validation_lists_findings_or_clean_and_footers_agent_text ... ok
[INFO] [stdout] test render::tests::render_validation_store_clean_line_is_store_scoped ... ok
[INFO] [stdout] test render::tests::render_validation_store_gate_claim_turns_on_the_docs_baseline_not_on_the_code ... ok
[INFO] [stdout] test render::tests::render_validation_store_gate_label_names_only_a_gate_that_lands ... ok
[INFO] [stdout] test render::tests::render_validation_store_says_the_severity_label_is_scope_relative ... ok
[INFO] [stdout] test render::tests::render_validation_store_trailer_claims_a_gate_only_where_one_exists ... ok
[INFO] [stdout] test render::tests::render_validation_store_trailer_clarifies_report_only_vs_probe_integrity ... ok
[INFO] [stdout] test render::tests::render_warning_finding_is_non_blocking_and_distinct_from_advisory ... ok
[INFO] [stdout] test render::tests::routeless_advisory_carries_the_no_action_cue ... ok
[INFO] [stdout] test render::tests::render_scan_version_tokens_word_boundary_guard ... ok
[INFO] [stdout] test render::tests::the_ack_seam_fires_on_an_address_less_finding - should panic ... FAILED
[INFO] [stdout] test render::tests::the_setup_reject_renders_the_same_frame_on_the_declared_arm ... ok
[INFO] [stdout] test render::tests::whats_left_line_scopes_the_preview_to_what_validate_covers ... ok
[INFO] [stdout] test render::tests::render_ingest_blesses_staying_plain_for_unmanaged ... ok
[INFO] [stdout] test relocate::tests::freeze_exempt_relocation_refuses_a_frozen_doctype ... ok
[INFO] [stdout] test route_fence::tests::mechanical_route_from_a_non_parsing_argv_fires_the_fence - should panic ... FAILED
[INFO] [stdout] test route_fence::tests::mechanical_route_with_a_declared_placeholder_passes_verbatim ... ok
[INFO] [stdout] test route_fence::tests::mechanical_route_with_a_double_quoted_prose_token_fires_the_fence - should panic ... FAILED
[INFO] [stdout] test route_fence::tests::mechanical_route_with_an_undeclared_placeholder_fires_the_fence - should panic ... FAILED
[INFO] [stdout] test route_fence::tests::shell_safe_admits_the_bare_and_the_single_quoted_forms_only ... ok
[INFO] [stdout] test route_fence::tests::the_dummy_table_and_the_derivability_table_declare_the_same_placeholders ... ok
[INFO] [stdout] test route_fence::tests::validator_accepts_a_real_verb_line_and_requires_the_leading_jigc ... ok
[INFO] [stdout] test pack::tests::singleton_migrate_author_steps_declare_the_copy_in_constraint ... ok
[INFO] [stdout] test repo::tests::jigc_home_matches_walk_up_outside_worktree ... ok
[INFO] [stdout] test repo::tests::jigc_home_fake_git_does_not_shell_to_ancestor ... ok
[INFO] [stdout] test orphan::tests::orphaned_instances_names_the_stamped_unclaimed_docs_and_nothing_else ... ok
[INFO] [stdout] test relocate::tests::freeze_exempt_relocation_leaves_an_instance_already_at_the_current_home ... ok
[INFO] [stdout] test combine::tests::wip_survives_a_blocked_combine ... ok
[INFO] [stdout] test relocate::tests::move_doc_refuses_a_destination_git_cannot_track_and_moves_nothing ... ok
[INFO] [stdout] test setup::tests::install_failure_yields_blocking_finding_with_route ... ok
[INFO] [stdout] test combine::tests::blocks_same_path_collision_including_a_rename ... ok
[INFO] [stdout] test combine::tests::combines_disjoint_staged_sets_dropping_none ... ok
[INFO] [stdout] test setup::tests::install_precommit_preserves_existing_hook ... ok
[INFO] [stdout] test setup::tests::a_refused_install_stage_is_loud_and_routes_on_gits_own_cause ... ok
[INFO] [stdout] test setup::tests::install_rejects_broken_spawn_template_with_clause_route ... ok
[INFO] [stdout] test relocate::tests::move_doc_moves_the_file_and_rekeys_file_state ... ok
[INFO] [stdout] test relocate::tests::freeze_exempt_relocation_moves_a_stranded_instance_to_the_placement_home ... ok
[INFO] [stdout] test setup::tests::precommit_hook_body_golden ... ok
[INFO] [stdout] test setup::tests::install_precommit_honors_core_hookspath ... ok
[INFO] [stdout] test setup::tests::install_precommit_preserves_foreign_hook_carrying_start_sentinel_without_end_marker ... ok
[INFO] [stdout] test setup::tests::remove_precommit_removes_standalone_jigc_hook_then_is_a_no_op ... ok
[INFO] [stdout] test setup::tests::remove_precommit_leaves_foreign_hook_untouched ... ok
[INFO] [stdout] test setup::tests::install_precommit_writes_executable_sentinel_hook_idempotently ... ok
[INFO] [stdout] test orphan::tests::a_home_whose_last_committed_blob_was_never_jigcs_is_not_vacated ... ok
[INFO] [stdout] test repo::tests::jigc_home_resolves_to_main_checkout_from_worktree ... ok
[INFO] [stdout] test setup::tests::seed_secrets_gitignore_merges_foreign_gitignore_never_clobbers ... ok
[INFO] [stdout] test combine::tests::combined_tree_is_byte_identical_across_input_orders ... ok
[INFO] [stdout] test setup::tests::seed_secrets_gitignore_no_seed_when_not_a_repo ... ok
[INFO] [stdout] test start::tests::all_schemas_routes_through_the_project_schema_shadow ... ok
[INFO] [stdout] test relocate::tests::a_foreign_squatter_at_the_destination_moves_into_the_workbench_and_the_managed_lands ... ok
[INFO] [stdout] test start::tests::cascade_step_source_missing_project_file_is_a_located_error ... ok
[INFO] [stdout] test start::tests::cascade_step_source_reads_project_body_when_project_owns_the_id ... ok
[INFO] [stdout] test start::tests::cli_resolution_tree_threads_scoped_replace_delta ... ok
[INFO] [stdout] test start::tests::collision_winners_name_the_owning_pack_over_every_derived_id_space ... ok
[INFO] [stdout] test start::tests::cli_resolution_tree_tags_each_step_by_resolved_file_owner ... ok
[INFO] [stdout] test start::tests::committed_store_enumerates_by_location_stem ... ok
[INFO] [stdout] test start::tests::committed_store_keys_a_placement_doctype_by_its_type_id ... ok
[INFO] [stdout] test start::tests::compose_core_delta_introduced_cycle_fails_at_phase_6 ... ok
[INFO] [stdout] test start::tests::compose_core_flow_3a_re_include_composes_clean ... ok
[INFO] [stdout] test setup::tests::seed_secrets_gitignore_negation_actually_unignores_env_example ... ok
[INFO] [stdout] test start::tests::compose_routes_workflow_read_through_the_project_file_shadow ... ok
[INFO] [stdout] test start::tests::fillable_form_omits_an_optional_ref_but_keeps_required_fields ... ok
[INFO] [stdout] test start::tests::compose_core_orphaned_anchor_delta_fails_with_route ... ok
[INFO] [stdout] test start::tests::form_d_unknown_workflow_rejects_before_minting ... ok
[INFO] [stdout] test setup::tests::install_precommit_resolves_worktree_common_hooks_dir ... ok
[INFO] [stdout] test start::tests::loser_pack_schema_resolves_its_own_field_type ... ok
[INFO] [stdout] test start::tests::loser_pack_workflow_composes_its_own_step_body ... ok
[INFO] [stdout] test start::tests::loser_pack_workflow_resolves_its_own_command_ref ... ok
[INFO] [stdout] test start::tests::manifest_non_string_scalar_renders_to_its_yaml_string ... ok
[INFO] [stdout] test start::tests::manifest_records_every_scalar_entry ... ok
[INFO] [stdout] test start::tests::manifest_scalar_block_flips_the_resolved_value ... ok
[INFO] [stdout] test start::tests::manifest_tracked_fork_entry_round_trips_alongside_scalar_and_slot_fill ... ok
[INFO] [stdout] test start::tests::manifest_with_blank_scalar_block_yields_empty_layer ... ok
[INFO] [stdout] test start::tests::manifest_without_scalar_block_yields_empty_layer ... ok
[INFO] [stdout] test start::tests::ingest_existing_composes_via_form_d_and_emits_run_jigc_ingest ... ok
[INFO] [stdout] test setup::tests::seed_secrets_gitignore_writes_floor_on_zero_commit_repo ... ok
[INFO] [stdout] test start::tests::migration_task_id_disambiguates_paths_that_slug_to_empty ... ok
[INFO] [stdout] test start::tests::migration_task_id_is_per_file_and_path_aware ... ok
[INFO] [stdout] test setup::tests::seed_secrets_gitignore_create_then_rerun_byte_stable ... ok
[INFO] [stdout] test setup::tests::remove_precommit_restores_wrapped_foreign_hook ... ok
[INFO] [stdout] test start::tests::form_d_over_a_creates_task_workflow_mints_and_composes ... ok
[INFO] [stdout] test start::tests::empty_slug_intent_is_rejected_and_mints_nothing ... ok
[INFO] [stdout] test start::tests::missing_manifest_file_yields_empty_layer ... ok
[INFO] [stdout] test start::tests::missing_project_step_finding_routes_through_the_serialization_seam ... ok
[INFO] [stdout] test start::tests::non_selectable_workflow_without_when_does_not_trip_the_missing_when_error ... ok
[INFO] [stdout] test start::tests::pack_inputs_names_each_composed_pack_by_path_and_hash_in_order ... ok
[INFO] [stdout] test start::tests::no_task_workflow_composes_the_catalog_without_minting ... ok
[INFO] [stdout] test start::tests::project_owned_but_missing_workflow_shadow_is_a_located_fault_not_a_pack_fallthrough ... ok
[INFO] [stdout] test start::tests::migration_mint_snapshots_prestaged_state ... ok
[INFO] [stdout] test start::tests::provision_commit_doc_records_created_provenance ... ok
[INFO] [stdout] test start::tests::reads_role_seeds_the_compose_map_and_resolves_empty_when_unbound ... ok
[INFO] [stdout] test start::tests::replace_basis_never_perturbs_compose ... ok
[INFO] [stdout] test start::tests::replace_remove_basis_records_present_keys_and_loads_absent_clean ... ok
[INFO] [stdout] test start::tests::replace_remove_partial_basis_is_a_clear_error_not_a_panic ... ok
[INFO] [stdout] test start::tests::same_id_project_step_and_workflow_shadow_is_a_routed_blocking_finding ... ok
[INFO] [stdout] test start::tests::project_workflow_and_schema_shadows_resolve_to_project_owner ... ok
[INFO] [stdout] test start::tests::selectable_catalog_excludes_ingest_existing_over_the_embedded_pack ... ok
[INFO] [stdout] test start::tests::selectable_catalog_excludes_the_non_selectable_sub_task_over_the_embedded_pack ... ok
[INFO] [stdout] test start::tests::single_pack_composite_command_ref_is_byte_identical ... ok
[INFO] [stdout] test start::tests::single_pack_composite_compose_is_byte_identical ... ok
[INFO] [stdout] test start::tests::tracked_fork_entry_does_not_perturb_structural_or_slot_fill_vectors ... ok
[INFO] [stdout] test start::tests::tracked_fork_missing_base_hash_is_a_clear_error_not_a_panic ... ok
[INFO] [stdout] test start::tests::undeclared_compose_read_key_fails_loudly ... ok
[INFO] [stdout] test start::tests::winner_pack_schema_loads ... ok
[INFO] [stdout] test start::tests::winner_pack_workflow_composes_its_own_step_body ... ok
[INFO] [stdout] test start::tests::single_pack_composite_field_types_are_byte_identical ... ok
[INFO] [stdout] test start::tests::winner_pack_workflow_resolves_its_own_command_ref ... ok
[INFO] [stdout] test setup::tests::seed_secrets_gitignore_leaves_committed_repo_untouched ... ok
[INFO] [stdout] test task::tests::an_unreadable_docs_dir_refuses_in_scope_and_is_none_of_the_doors_business_outside_it ... FAILED
[INFO] [stdout] test task::tests::every_pathspec_magic_spelling_is_refused_at_the_sink ... ok
[INFO] [stdout] test setup::tests::install_accepts_shipped_spawn_template ... ok
[INFO] [stdout] test task::tests::an_ordinary_in_repo_spelling_survives_the_sink ... ok
[INFO] [stdout] test start::tests::preview_in_repo_rejects_a_no_task_workflow ... ok
[INFO] [stdout] test task::tests::git_untracked_reports_new_files_and_nothing_when_clean ... ok
[INFO] [stdout] test setup::tests::install_writes_both_targets_and_reports_paths ... ok
[INFO] [stdout] test task::tests::shell_token_leaves_an_id_or_address_bare ... ok
[INFO] [stdout] test setup::tests::rendered_hook_warns_iff_doc_code_content_finding_always_exits_zero ... ok
[INFO] [stdout] test task::tests::the_staged_prose_probe_answers_for_one_task_without_naming_its_sibling ... ok
[INFO] [stdout] test task::tests::typed_errors_pass_through_the_commit_failure_marker ... ok
[INFO] [stdout] test task::tests::existing_pathspecs_drops_absent_so_git_add_never_aborts ... ok
[INFO] [stdout] test start::tests::mint_opens_working_dir_and_base_pin_under_a_temp_git_repo ... ok
[INFO] [stdout] test setup::tests::install_seeds_and_commits_secrets_gitignore_on_fresh_repo ... ok
[INFO] [stdout] test start::tests::migration_mint_ids_are_collision_free_for_colliding_paths ... ok
[INFO] [stdout] test unmanage::tests::identity_of_owns_a_placement_file_by_exact_path ... ok
[INFO] [stdout] test upgrade::tests::upgrade_classifies_an_orphaned_delta_and_mutates_nothing ... ok
[INFO] [stdout] test upgrade::tests::upgrade_conflict_stays_blocking_when_severity_override_is_omitted ... ok
[INFO] [stdout] test upgrade::tests::upgrade_demotes_a_conflict_to_warning_through_the_seam ... ok
[INFO] [stdout] test upgrade::tests::upgrade_in_repo_errors_outside_a_project_layer ... ok
[INFO] [stdout] test start::tests::preview_composes_minus_mint_and_is_byte_identical_to_a_real_mint ... ok
[INFO] [stdout] test upgrade::tests::upgrade_over_a_no_delta_manifest_returns_an_empty_report ... ok
[INFO] [stdout] test trackable::tests::every_shape_git_cannot_record_is_named_as_such ... ok
[INFO] [stdout] test trackable::tests::a_path_inside_an_embedded_repository_is_not_this_index_s_to_take ... ok
[INFO] [stdout] test task::tests::shell_token_round_trips_through_a_real_shell_over_the_metachar_axis ... ok
[INFO] [stdout] test setup::tests::a_refused_hook_entry_costs_the_hook_not_the_install_commit ... ok
[INFO] [stdout] test task::tests::rollback_restores_a_tracked_destinations_uncommitted_pre_promote_bytes ... ok
[INFO] [stdout] test task::tests::mid_promote_failure_restores_the_earlier_displaced_untracked_foreign ... ok
[INFO] [stdout] test trackable::tests::no_refusal_names_the_host_path_of_the_machine_it_ran_on ... ok
[INFO] [stdout] test task::tests::git_commit_returns_hook_output_on_success_and_bails_on_rejection ... ok
[INFO] [stdout] test trackable::tests::an_ordinary_or_merely_gitignored_destination_is_admitted ... ok
[INFO] [stdout] test task::tests::mid_retire_failure_restores_the_earlier_retired_untracked_foreign ... ok
[INFO] [stdout] test start::tests::mint_snapshots_prestaged_add_modify_and_delete ... ok
[INFO] [stdout] test setup::tests::install_commits_only_its_own_files_in_a_dedicated_commit_idempotently ... ok
[INFO] [stdout] test setup::tests::install_leaves_established_repo_gitignore_untouched_and_uncommitted ... ok
[INFO] [stderr] error: test failed, to rerun pass `--lib`
[INFO] [stdout] test setup::tests::committable_hook_path_admits_only_working_tree_hooks ... ok
[INFO] [stdout] 
[INFO] [stdout] failures:
[INFO] [stdout] 
[INFO] [stdout] ---- invocation_log::tests::every_prose_home_states_exactly_the_emitted_keys stdout ----
[INFO] [stdout] 
[INFO] [stdout] thread 'invocation_log::tests::every_prose_home_states_exactly_the_emitted_keys' (1890) panicked at src/invocation_log.rs:860:39:
[INFO] [stdout] ../../design/measurement.md is readable: No such file or directory (os error 2)
[INFO] [stdout] stack backtrace:
[INFO] [stdout]    0:     0x5ba8faee11c1 - <<std[70759c8f55707aa4]::sys::backtrace::BacktraceLock>::print::DisplayBacktrace as core[df12db4294e9bfd3]::fmt::Display>::fmt
[INFO] [stdout]    1:     0x5ba8faefa74a - core[df12db4294e9bfd3]::fmt::write
[INFO] [stdout]    2:     0x5ba8faee654c - <alloc[2182bb758b4b3781]::vec::Vec<u8> as core[df12db4294e9bfd3]::io::write::Write>::write_fmt
[INFO] [stdout]    3:     0x5ba8faeb7be6 - std[70759c8f55707aa4]::panicking::default_hook::{closure#0}
[INFO] [stdout]    4:     0x5ba8faed6e89 - std[70759c8f55707aa4]::panicking::default_hook
[INFO] [stdout]    5:     0x5ba8facaaf30 - test[9d35eded1c95d3be]::test_main_inner::<test[9d35eded1c95d3be]::test_main_static::{closure#0}>::{closure#0}
[INFO] [stdout]    6:     0x5ba8faed71b2 - std[70759c8f55707aa4]::panicking::panic_with_hook
[INFO] [stdout]    7:     0x5ba8faeb7c92 - std[70759c8f55707aa4]::panicking::panic_handler::{closure#0}
[INFO] [stdout]    8:     0x5ba8faeafd39 - std[70759c8f55707aa4]::sys::backtrace::__rust_end_short_backtrace::<std[70759c8f55707aa4]::panicking::panic_handler::{closure#0}, !>
[INFO] [stdout]    9:     0x5ba8faeb8c6d - __rustc[8fa7c3cbc660c2b3]::rust_begin_unwind
[INFO] [stdout]   10:     0x5ba8faefaeac - core[df12db4294e9bfd3]::panicking::panic_fmt
[INFO] [stdout]   11:     0x5ba8faac81fa - cli[3a7919b6a725bad4]::invocation_log::tests::every_prose_home_states_exactly_the_emitted_keys::{closure#1}
[INFO] [stdout]   12:     0x5ba8faade111 - cli[3a7919b6a725bad4]::invocation_log::tests::every_prose_home_states_exactly_the_emitted_keys
[INFO] [stdout]   13:     0x5ba8fa9d7bf9 - <cli[3a7919b6a725bad4]::invocation_log::tests::every_prose_home_states_exactly_the_emitted_keys::{closure#0} as core[df12db4294e9bfd3]::ops::function::FnOnce<()>>::call_once
[INFO] [stdout]   14:     0x5ba8fac9e21b - test[9d35eded1c95d3be]::__rust_begin_short_backtrace::<core[df12db4294e9bfd3]::result::Result<(), alloc[2182bb758b4b3781]::string::String>, fn() -> core[df12db4294e9bfd3]::result::Result<(), alloc[2182bb758b4b3781]::string::String>>
[INFO] [stdout]   15:     0x5ba8facab885 - test[9d35eded1c95d3be]::run_test::{closure#0}
[INFO] [stdout]   16:     0x5ba8faca5144 - std[70759c8f55707aa4]::sys::backtrace::__rust_begin_short_backtrace::<test[9d35eded1c95d3be]::run_test::{closure#1}, ()>
[INFO] [stdout]   17:     0x5ba8facae9e2 - <std[70759c8f55707aa4]::thread::lifecycle::spawn_unchecked<test[9d35eded1c95d3be]::run_test::{closure#1}, ()>::{closure#1} as core[df12db4294e9bfd3]::ops::function::FnOnce<()>>::call_once::{shim:vtable#0}
[INFO] [stdout]   18:     0x5ba8faee0119 - <std[70759c8f55707aa4]::sys::thread::unix::Thread>::new::thread_start
[INFO] [stdout]   19:     0x7c06af4fcdfa - <unknown>
[INFO] [stdout]   20:     0x7c06af5903d4 - clone
[INFO] [stdout]   21:                0x0 - <unknown>
[INFO] [stdout] 
[INFO] [stdout] ---- invocation_log::tests::the_design_doc_declares_the_log_unversioned_and_additive_only stdout ----
[INFO] [stdout] 
[INFO] [stdout] thread 'invocation_log::tests::the_design_doc_declares_the_log_unversioned_and_additive_only' (1893) panicked at src/invocation_log.rs:877:51:
[INFO] [stdout] design/measurement.md is readable: Os { code: 2, kind: NotFound, message: "No such file or directory" }
[INFO] [stdout] stack backtrace:
[INFO] [stdout]    0:     0x5ba8faee11c1 - <<std[70759c8f55707aa4]::sys::backtrace::BacktraceLock>::print::DisplayBacktrace as core[df12db4294e9bfd3]::fmt::Display>::fmt
[INFO] [stdout]    1:     0x5ba8faefa74a - core[df12db4294e9bfd3]::fmt::write
[INFO] [stdout]    2:     0x5ba8faee654c - <alloc[2182bb758b4b3781]::vec::Vec<u8> as core[df12db4294e9bfd3]::io::write::Write>::write_fmt
[INFO] [stdout]    3:     0x5ba8faeb7be6 - std[70759c8f55707aa4]::panicking::default_hook::{closure#0}
[INFO] [stdout]    4:     0x5ba8faed6e89 - std[70759c8f55707aa4]::panicking::default_hook
[INFO] [stdout]    5:     0x5ba8facaaf30 - test[9d35eded1c95d3be]::test_main_inner::<test[9d35eded1c95d3be]::test_main_static::{closure#0}>::{closure#0}
[INFO] [stdout]    6:     0x5ba8faed71b2 - std[70759c8f55707aa4]::panicking::panic_with_hook
[INFO] [stdout]    7:     0x5ba8faeb7c92 - std[70759c8f55707aa4]::panicking::panic_handler::{closure#0}
[INFO] [stdout]    8:     0x5ba8faeafd39 - std[70759c8f55707aa4]::sys::backtrace::__rust_end_short_backtrace::<std[70759c8f55707aa4]::panicking::panic_handler::{closure#0}, !>
[INFO] [stdout]    9:     0x5ba8faeb8c6d - __rustc[8fa7c3cbc660c2b3]::rust_begin_unwind
[INFO] [stdout]   10:     0x5ba8faefaeac - core[df12db4294e9bfd3]::panicking::panic_fmt
[INFO] [stdout]   11:     0x5ba8faefac82 - core[df12db4294e9bfd3]::result::unwrap_failed
[INFO] [stdout]   12:     0x5ba8faae02ac - cli[3a7919b6a725bad4]::invocation_log::tests::the_design_doc_declares_the_log_unversioned_and_additive_only
[INFO] [stdout]   13:     0x5ba8fa9d7c59 - <cli[3a7919b6a725bad4]::invocation_log::tests::the_design_doc_declares_the_log_unversioned_and_additive_only::{closure#0} as core[df12db4294e9bfd3]::ops::function::FnOnce<()>>::call_once
[INFO] [stdout]   14:     0x5ba8fac9e21b - test[9d35eded1c95d3be]::__rust_begin_short_backtrace::<core[df12db4294e9bfd3]::result::Result<(), alloc[2182bb758b4b3781]::string::String>, fn() -> core[df12db4294e9bfd3]::result::Result<(), alloc[2182bb758b4b3781]::string::String>>
[INFO] [stdout]   15:     0x5ba8facab885 - test[9d35eded1c95d3be]::run_test::{closure#0}
[INFO] [stdout]   16:     0x5ba8faca5144 - std[70759c8f55707aa4]::sys::backtrace::__rust_begin_short_backtrace::<test[9d35eded1c95d3be]::run_test::{closure#1}, ()>
[INFO] [stdout]   17:     0x5ba8facae9e2 - <std[70759c8f55707aa4]::thread::lifecycle::spawn_unchecked<test[9d35eded1c95d3be]::run_test::{closure#1}, ()>::{closure#1} as core[df12db4294e9bfd3]::ops::function::FnOnce<()>>::call_once::{shim:vtable#0}
[INFO] [stdout]   18:     0x5ba8faee0119 - <std[70759c8f55707aa4]::sys::thread::unix::Thread>::new::thread_start
[INFO] [stdout]   19:     0x7c06af4fcdfa - <unknown>
[INFO] [stdout]   20:     0x7c06af5903d4 - clone
[INFO] [stdout]   21:                0x0 - <unknown>
[INFO] [stdout] 
[INFO] [stdout] ---- migrate_corpus::tests::the_contract_row_declares_exactly_the_reports_wire_keys stdout ----
[INFO] [stdout] 
[INFO] [stdout] thread 'migrate_corpus::tests::the_contract_row_declares_exactly_the_reports_wire_keys' (1958) panicked at src/migrate_corpus.rs:2787:45:
[INFO] [stdout] the command-output contract is readable: Os { code: 2, kind: NotFound, message: "No such file or directory" }
[INFO] [stdout] stack backtrace:
[INFO] [stdout]    0:     0x5ba8faee11c1 - <<std[70759c8f55707aa4]::sys::backtrace::BacktraceLock>::print::DisplayBacktrace as core[df12db4294e9bfd3]::fmt::Display>::fmt
[INFO] [stdout]    1:     0x5ba8faefa74a - core[df12db4294e9bfd3]::fmt::write
[INFO] [stdout]    2:     0x5ba8faee654c - <alloc[2182bb758b4b3781]::vec::Vec<u8> as core[df12db4294e9bfd3]::io::write::Write>::write_fmt
[INFO] [stdout]    3:     0x5ba8faeb7be6 - std[70759c8f55707aa4]::panicking::default_hook::{closure#0}
[INFO] [stdout]    4:     0x5ba8faed6e89 - std[70759c8f55707aa4]::panicking::default_hook
[INFO] [stdout]    5:     0x5ba8facaaf30 - test[9d35eded1c95d3be]::test_main_inner::<test[9d35eded1c95d3be]::test_main_static::{closure#0}>::{closure#0}
[INFO] [stdout]    6:     0x5ba8faed71b2 - std[70759c8f55707aa4]::panicking::panic_with_hook
[INFO] [stdout]    7:     0x5ba8faeb7c92 - std[70759c8f55707aa4]::panicking::panic_handler::{closure#0}
[INFO] [stdout]    8:     0x5ba8faeafd39 - std[70759c8f55707aa4]::sys::backtrace::__rust_end_short_backtrace::<std[70759c8f55707aa4]::panicking::panic_handler::{closure#0}, !>
[INFO] [stdout]    9:     0x5ba8faeb8c6d - __rustc[8fa7c3cbc660c2b3]::rust_begin_unwind
[INFO] [stdout]   10:     0x5ba8faefaeac - core[df12db4294e9bfd3]::panicking::panic_fmt
[INFO] [stdout]   11:     0x5ba8faefac82 - core[df12db4294e9bfd3]::result::unwrap_failed
[INFO] [stdout]   12:     0x5ba8fa956312 - cli[3a7919b6a725bad4]::migrate_corpus::tests::the_contract_row_declares_exactly_the_reports_wire_keys
[INFO] [stdout]   13:     0x5ba8fa9d7cb9 - <cli[3a7919b6a725bad4]::migrate_corpus::tests::the_contract_row_declares_exactly_the_reports_wire_keys::{closure#0} as core[df12db4294e9bfd3]::ops::function::FnOnce<()>>::call_once
[INFO] [stdout]   14:     0x5ba8fac9e21b - test[9d35eded1c95d3be]::__rust_begin_short_backtrace::<core[df12db4294e9bfd3]::result::Result<(), alloc[2182bb758b4b3781]::string::String>, fn() -> core[df12db4294e9bfd3]::result::Result<(), alloc[2182bb758b4b3781]::string::String>>
[INFO] [stdout]   15:     0x5ba8facab885 - test[9d35eded1c95d3be]::run_test::{closure#0}
[INFO] [stdout]   16:     0x5ba8faca5144 - std[70759c8f55707aa4]::sys::backtrace::__rust_begin_short_backtrace::<test[9d35eded1c95d3be]::run_test::{closure#1}, ()>
[INFO] [stdout]   17:     0x5ba8facae9e2 - <std[70759c8f55707aa4]::thread::lifecycle::spawn_unchecked<test[9d35eded1c95d3be]::run_test::{closure#1}, ()>::{closure#1} as core[df12db4294e9bfd3]::ops::function::FnOnce<()>>::call_once::{shim:vtable#0}
[INFO] [stdout]   18:     0x5ba8faee0119 - <std[70759c8f55707aa4]::sys::thread::unix::Thread>::new::thread_start
[INFO] [stdout]   19:     0x7c06af4fcdfa - <unknown>
[INFO] [stdout]   20:     0x7c06af5903d4 - clone
[INFO] [stdout]   21:                0x0 - <unknown>
[INFO] [stdout] 
[INFO] [stdout] ---- migrate_corpus::tests::written_docs_are_baselined_per_doc_even_when_a_later_write_aborts stdout ----
[INFO] [stdout] 
[INFO] [stdout] thread 'migrate_corpus::tests::written_docs_are_baselined_per_doc_even_when_a_later_write_aborts' (1964) panicked at src/migrate_corpus.rs:3233:9:
[INFO] [stdout] the aborted write surfaces as an error: Ok(CorpusMigrationReport { migrated: ["docs/notes/a.md", "docs/zzz/b.md"], already_current: [], blocked: Findings([]), unadopted: Findings([]), unfilled: Findings([]), commit: None, hook_output: "", touched: ["docs/notes/a.md", "docs/zzz/b.md"], unlanded: [], dry_run: false, no_commit: false })
[INFO] [stdout] stack backtrace:
[INFO] [stdout]    0:     0x5ba8faee11c1 - <<std[70759c8f55707aa4]::sys::backtrace::BacktraceLock>::print::DisplayBacktrace as core[df12db4294e9bfd3]::fmt::Display>::fmt
[INFO] [stdout]    1:     0x5ba8faefa74a - core[df12db4294e9bfd3]::fmt::write
[INFO] [stdout]    2:     0x5ba8faee654c - <alloc[2182bb758b4b3781]::vec::Vec<u8> as core[df12db4294e9bfd3]::io::write::Write>::write_fmt
[INFO] [stdout]    3:     0x5ba8faeb7be6 - std[70759c8f55707aa4]::panicking::default_hook::{closure#0}
[INFO] [stdout]    4:     0x5ba8faed6e89 - std[70759c8f55707aa4]::panicking::default_hook
[INFO] [stdout]    5:     0x5ba8facaaf30 - test[9d35eded1c95d3be]::test_main_inner::<test[9d35eded1c95d3be]::test_main_static::{closure#0}>::{closure#0}
[INFO] [stdout]    6:     0x5ba8faed71b2 - std[70759c8f55707aa4]::panicking::panic_with_hook
[INFO] [stdout]    7:     0x5ba8faeb7c92 - std[70759c8f55707aa4]::panicking::panic_handler::{closure#0}
[INFO] [stdout]    8:     0x5ba8faeafd39 - std[70759c8f55707aa4]::sys::backtrace::__rust_end_short_backtrace::<std[70759c8f55707aa4]::panicking::panic_handler::{closure#0}, !>
[INFO] [stdout]    9:     0x5ba8faeb8c6d - __rustc[8fa7c3cbc660c2b3]::rust_begin_unwind
[INFO] [stdout]   10:     0x5ba8faefaeac - core[df12db4294e9bfd3]::panicking::panic_fmt
[INFO] [stdout]   11:     0x5ba8fa963121 - cli[3a7919b6a725bad4]::migrate_corpus::tests::written_docs_are_baselined_per_doc_even_when_a_later_write_aborts
[INFO] [stdout]   12:     0x5ba8fa9d7e99 - <cli[3a7919b6a725bad4]::migrate_corpus::tests::written_docs_are_baselined_per_doc_even_when_a_later_write_aborts::{closure#0} as core[df12db4294e9bfd3]::ops::function::FnOnce<()>>::call_once
[INFO] [stdout]   13:     0x5ba8fac9e21b - test[9d35eded1c95d3be]::__rust_begin_short_backtrace::<core[df12db4294e9bfd3]::result::Result<(), alloc[2182bb758b4b3781]::string::String>, fn() -> core[df12db4294e9bfd3]::result::Result<(), alloc[2182bb758b4b3781]::string::String>>
[INFO] [stdout]   14:     0x5ba8facab885 - test[9d35eded1c95d3be]::run_test::{closure#0}
[INFO] [stdout]   15:     0x5ba8faca5144 - std[70759c8f55707aa4]::sys::backtrace::__rust_begin_short_backtrace::<test[9d35eded1c95d3be]::run_test::{closure#1}, ()>
[INFO] [stdout]   16:     0x5ba8facae9e2 - <std[70759c8f55707aa4]::thread::lifecycle::spawn_unchecked<test[9d35eded1c95d3be]::run_test::{closure#1}, ()>::{closure#1} as core[df12db4294e9bfd3]::ops::function::FnOnce<()>>::call_once::{shim:vtable#0}
[INFO] [stdout]   17:     0x5ba8faee0119 - <std[70759c8f55707aa4]::sys::thread::unix::Thread>::new::thread_start
[INFO] [stdout]   18:     0x7c06af4fcdfa - <unknown>
[INFO] [stdout]   19:     0x7c06af5903d4 - clone
[INFO] [stdout]   20:                0x0 - <unknown>
[INFO] [stdout] 
[INFO] [stdout] ---- pack::tests::load_prior_schema_reads_a_versioned_snapshot_through_load_pack_schema stdout ----
[INFO] [stdout] 
[INFO] [stdout] thread 'pack::tests::load_prior_schema_reads_a_versioned_snapshot_through_load_pack_schema' (2227) panicked at src/pack.rs:2579:56:
[INFO] [stdout] the prd.v1 snapshot loads: no prior-schema snapshot `prd.v1` (schema-snapshots/prd.v1.yaml)
[INFO] [stdout] 
[INFO] [stdout] Caused by:
[INFO] [stdout]     no pack resource of kind schema-snapshots with id `prd.v1`
[INFO] [stdout] 
[INFO] [stdout] Stack backtrace:
[INFO] [stdout]    0: <jigc_engine::packsource::PackError as anyhow::context::ext::StdError>::ext_context::<alloc::string::String>
[INFO] [stdout]    1: cli::pack::load_prior_schema
[INFO] [stdout]    2: cli::pack::tests::load_prior_schema_reads_a_versioned_snapshot_through_load_pack_schema
[INFO] [stdout]    3: <cli::pack::tests::load_prior_schema_reads_a_versioned_snapshot_through_load_pack_schema::{closure#0} as core::ops::function::FnOnce<()>>::call_once
[INFO] [stdout]    4: test::__rust_begin_short_backtrace::<core::result::Result<(), alloc::string::String>, fn() -> core::result::Result<(), alloc::string::String>>
[INFO] [stdout]    5: test::run_test::{closure#0}
[INFO] [stdout]    6: std::sys::backtrace::__rust_begin_short_backtrace::<test::run_test::{closure#1}, ()>
[INFO] [stdout]    7: <std::thread::lifecycle::spawn_unchecked<test::run_test::{closure#1}, ()>::{closure#1} as core::ops::function::FnOnce<()>>::call_once::{shim:vtable#0}
[INFO] [stdout]    8: <std::sys::thread::unix::Thread>::new::thread_start
[INFO] [stdout]    9: <unknown>
[INFO] [stdout]   10: clone
[INFO] [stdout] stack backtrace:
[INFO] [stdout]    0:     0x5ba8faee11c1 - <<std[70759c8f55707aa4]::sys::backtrace::BacktraceLock>::print::DisplayBacktrace as core[df12db4294e9bfd3]::fmt::Display>::fmt
[INFO] [stdout]    1:     0x5ba8faefa74a - core[df12db4294e9bfd3]::fmt::write
[INFO] [stdout]    2:     0x5ba8faee654c - <alloc[2182bb758b4b3781]::vec::Vec<u8> as core[df12db4294e9bfd3]::io::write::Write>::write_fmt
[INFO] [stdout]    3:     0x5ba8faeb7be6 - std[70759c8f55707aa4]::panicking::default_hook::{closure#0}
[INFO] [stdout]    4:     0x5ba8faed6e89 - std[70759c8f55707aa4]::panicking::default_hook
[INFO] [stdout]    5:     0x5ba8facaaf30 - test[9d35eded1c95d3be]::test_main_inner::<test[9d35eded1c95d3be]::test_main_static::{closure#0}>::{closure#0}
[INFO] [stdout]    6:     0x5ba8faed71b2 - std[70759c8f55707aa4]::panicking::panic_with_hook
[INFO] [stdout]    7:     0x5ba8faeb7c92 - std[70759c8f55707aa4]::panicking::panic_handler::{closure#0}
[INFO] [stdout]    8:     0x5ba8faeafd39 - std[70759c8f55707aa4]::sys::backtrace::__rust_end_short_backtrace::<std[70759c8f55707aa4]::panicking::panic_handler::{closure#0}, !>
[INFO] [stdout]    9:     0x5ba8faeb8c6d - __rustc[8fa7c3cbc660c2b3]::rust_begin_unwind
[INFO] [stdout]   10:     0x5ba8faefaeac - core[df12db4294e9bfd3]::panicking::panic_fmt
[INFO] [stdout]   11:     0x5ba8faefac82 - core[df12db4294e9bfd3]::result::unwrap_failed
[INFO] [stdout]   12:     0x5ba8fa97b344 - cli[3a7919b6a725bad4]::pack::tests::load_prior_schema_reads_a_versioned_snapshot_through_load_pack_schema
[INFO] [stdout]   13:     0x5ba8fa9d9179 - <cli[3a7919b6a725bad4]::pack::tests::load_prior_schema_reads_a_versioned_snapshot_through_load_pack_schema::{closure#0} as core[df12db4294e9bfd3]::ops::function::FnOnce<()>>::call_once
[INFO] [stdout]   14:     0x5ba8fac9e21b - test[9d35eded1c95d3be]::__rust_begin_short_backtrace::<core[df12db4294e9bfd3]::result::Result<(), alloc[2182bb758b4b3781]::string::String>, fn() -> core[df12db4294e9bfd3]::result::Result<(), alloc[2182bb758b4b3781]::string::String>>
[INFO] [stdout]   15:     0x5ba8facab885 - test[9d35eded1c95d3be]::run_test::{closure#0}
[INFO] [stdout]   16:     0x5ba8faca5144 - std[70759c8f55707aa4]::sys::backtrace::__rust_begin_short_backtrace::<test[9d35eded1c95d3be]::run_test::{closure#1}, ()>
[INFO] [stdout]   17:     0x5ba8facae9e2 - <std[70759c8f55707aa4]::thread::lifecycle::spawn_unchecked<test[9d35eded1c95d3be]::run_test::{closure#1}, ()>::{closure#1} as core[df12db4294e9bfd3]::ops::function::FnOnce<()>>::call_once::{shim:vtable#0}
[INFO] [stdout]   18:     0x5ba8faee0119 - <std[70759c8f55707aa4]::sys::thread::unix::Thread>::new::thread_start
[INFO] [stdout]   19:     0x7c06af4fcdfa - <unknown>
[INFO] [stdout]   20:     0x7c06af5903d4 - clone
[INFO] [stdout]   21:                0x0 - <unknown>
[INFO] [stdout] 
[INFO] [stdout] ---- render::tests::the_ack_seam_fires_on_an_address_less_finding stdout ----
[INFO] [stdout] note: test did not panic as expected at src/render.rs:7478:8
[INFO] [stdout] ---- route_fence::tests::mechanical_route_from_a_non_parsing_argv_fires_the_fence stdout ----
[INFO] [stdout] note: test did not panic as expected at src/route_fence.rs:157:8
[INFO] [stdout] ---- route_fence::tests::mechanical_route_with_a_double_quoted_prose_token_fires_the_fence stdout ----
[INFO] [stdout] note: test did not panic as expected at src/route_fence.rs:213:8
[INFO] [stdout] ---- route_fence::tests::mechanical_route_with_an_undeclared_placeholder_fires_the_fence stdout ----
[INFO] [stdout] note: test did not panic as expected at src/route_fence.rs:166:8
[INFO] [stdout] ---- task::tests::an_unreadable_docs_dir_refuses_in_scope_and_is_none_of_the_doors_business_outside_it stdout ----
[INFO] [stdout] 
[INFO] [stdout] thread 'task::tests::an_unreadable_docs_dir_refuses_in_scope_and_is_none_of_the_doors_business_outside_it' (2961) panicked at src/task.rs:9690:32:
[INFO] [stdout] the whole-workbench probe fails closed: [("t-alpha", ["commit:t-alpha"]), ("t-beta", ["commit:t-beta"])]
[INFO] [stdout] stack backtrace:
[INFO] [stdout]    0:     0x5ba8faee11c1 - <<std[70759c8f55707aa4]::sys::backtrace::BacktraceLock>::print::DisplayBacktrace as core[df12db4294e9bfd3]::fmt::Display>::fmt
[INFO] [stdout]    1:     0x5ba8faefa74a - core[df12db4294e9bfd3]::fmt::write
[INFO] [stdout]    2:     0x5ba8faee654c - <alloc[2182bb758b4b3781]::vec::Vec<u8> as core[df12db4294e9bfd3]::io::write::Write>::write_fmt
[INFO] [stdout]    3:     0x5ba8faeb7be6 - std[70759c8f55707aa4]::panicking::default_hook::{closure#0}
[INFO] [stdout]    4:     0x5ba8faed6e89 - std[70759c8f55707aa4]::panicking::default_hook
[INFO] [stdout]    5:     0x5ba8facaaf30 - test[9d35eded1c95d3be]::test_main_inner::<test[9d35eded1c95d3be]::test_main_static::{closure#0}>::{closure#0}
[INFO] [stdout]    6:     0x5ba8faed71b2 - std[70759c8f55707aa4]::panicking::panic_with_hook
[INFO] [stdout]    7:     0x5ba8faeb7c92 - std[70759c8f55707aa4]::panicking::panic_handler::{closure#0}
[INFO] [stdout]    8:     0x5ba8faeafd39 - std[70759c8f55707aa4]::sys::backtrace::__rust_end_short_backtrace::<std[70759c8f55707aa4]::panicking::panic_handler::{closure#0}, !>
[INFO] [stdout]    9:     0x5ba8faeb8c6d - __rustc[8fa7c3cbc660c2b3]::rust_begin_unwind
[INFO] [stdout]   10:     0x5ba8faefaeac - core[df12db4294e9bfd3]::panicking::panic_fmt
[INFO] [stdout]   11:     0x5ba8faefac82 - core[df12db4294e9bfd3]::result::unwrap_failed
[INFO] [stdout]   12:     0x5ba8faa8d453 - cli[3a7919b6a725bad4]::task::tests::an_unreadable_docs_dir_refuses_in_scope_and_is_none_of_the_doors_business_outside_it
[INFO] [stdout]   13:     0x5ba8fa9da939 - <cli[3a7919b6a725bad4]::task::tests::an_unreadable_docs_dir_refuses_in_scope_and_is_none_of_the_doors_business_outside_it::{closure#0} as core[df12db4294e9bfd3]::ops::function::FnOnce<()>>::call_once
[INFO] [stdout]   14:     0x5ba8fac9e21b - test[9d35eded1c95d3be]::__rust_begin_short_backtrace::<core[df12db4294e9bfd3]::result::Result<(), alloc[2182bb758b4b3781]::string::String>, fn() -> core[df12db4294e9bfd3]::result::Result<(), alloc[2182bb758b4b3781]::string::String>>
[INFO] [stdout]   15:     0x5ba8facab885 - test[9d35eded1c95d3be]::run_test::{closure#0}
[INFO] [stdout]   16:     0x5ba8faca5144 - std[70759c8f55707aa4]::sys::backtrace::__rust_begin_short_backtrace::<test[9d35eded1c95d3be]::run_test::{closure#1}, ()>
[INFO] [stdout]   17:     0x5ba8facae9e2 - <std[70759c8f55707aa4]::thread::lifecycle::spawn_unchecked<test[9d35eded1c95d3be]::run_test::{closure#1}, ()>::{closure#1} as core[df12db4294e9bfd3]::ops::function::FnOnce<()>>::call_once::{shim:vtable#0}
[INFO] [stdout]   18:     0x5ba8faee0119 - <std[70759c8f55707aa4]::sys::thread::unix::Thread>::new::thread_start
[INFO] [stdout]   19:     0x7c06af4fcdfa - <unknown>
[INFO] [stdout]   20:     0x7c06af5903d4 - clone
[INFO] [stdout]   21:                0x0 - <unknown>
[INFO] [stdout] 
[INFO] [stdout] 
[INFO] [stdout] failures:
[INFO] [stdout]     invocation_log::tests::every_prose_home_states_exactly_the_emitted_keys
[INFO] [stdout]     invocation_log::tests::the_design_doc_declares_the_log_unversioned_and_additive_only
[INFO] [stdout]     migrate_corpus::tests::the_contract_row_declares_exactly_the_reports_wire_keys
[INFO] [stdout]     migrate_corpus::tests::written_docs_are_baselined_per_doc_even_when_a_later_write_aborts
[INFO] [stdout]     pack::tests::load_prior_schema_reads_a_versioned_snapshot_through_load_pack_schema
[INFO] [stdout]     render::tests::the_ack_seam_fires_on_an_address_less_finding
[INFO] [stdout]     route_fence::tests::mechanical_route_from_a_non_parsing_argv_fires_the_fence
[INFO] [stdout]     route_fence::tests::mechanical_route_with_a_double_quoted_prose_token_fires_the_fence
[INFO] [stdout]     route_fence::tests::mechanical_route_with_an_undeclared_placeholder_fires_the_fence
[INFO] [stdout]     task::tests::an_unreadable_docs_dir_refuses_in_scope_and_is_none_of_the_doors_business_outside_it
[INFO] [stdout] 
[INFO] [stdout] test result: FAILED. 533 passed; 10 failed; 0 ignored; 0 measured; 0 filtered out; finished in 2.09s
[INFO] [stdout] 
[INFO] running `Command { std: "docker" "inspect" "0d128d452f34767874d9ba59985739b3bdf5d4b3d04d2cea35993db2b9209f70", kill_on_drop: false }`
[INFO] running `Command { std: "docker" "rm" "-f" "0d128d452f34767874d9ba59985739b3bdf5d4b3d04d2cea35993db2b9209f70", kill_on_drop: false }`
[INFO] [stdout] 0d128d452f34767874d9ba59985739b3bdf5d4b3d04d2cea35993db2b9209f70
