[INFO] fetching crate jgd-rs 0.2.1...
[INFO] testing jgd-rs-0.2.1 against 1.99.0-beta.8+cargoflags=--release for beta-release-1.100-2
[INFO] extracting crate jgd-rs 0.2.1 into /workspace/builds/worker-0-tc1/source
[INFO] started tweaking crates.io crate jgd-rs 0.2.1
[INFO] finished tweaking crates.io crate jgd-rs 0.2.1
[INFO] tweaked toml for crates.io crate jgd-rs 0.2.1 written to /workspace/builds/worker-0-tc1/source/Cargo.toml
[INFO] validating manifest of crates.io crate jgd-rs 0.2.1 on toolchain 1.99.0-beta.8
[INFO] running `Command { std: CARGO_HOME="/workspace/cargo-home" RUSTUP_HOME="/workspace/rustup-home" "/workspace/cargo-home/bin/cargo" "+1.99.0-beta.8" "metadata" "--manifest-path" "Cargo.toml" "--no-deps", kill_on_drop: false }`
[INFO] crate crates.io crate jgd-rs 0.2.1 already has a lockfile, it will not be regenerated
[INFO] running `Command { std: CARGO_HOME="/workspace/cargo-home" RUSTUP_HOME="/workspace/rustup-home" "/workspace/cargo-home/bin/cargo" "+1.99.0-beta.8" "fetch" "--manifest-path" "Cargo.toml", kill_on_drop: false }`
[INFO] [stderr]     Updating crates.io index
[INFO] [stderr]  Downloading crates ...
[INFO] [stderr]   Downloaded uuid v1.17.0
[INFO] [stderr]   Downloaded random_color v1.1.0
[INFO] [stderr]   Downloaded windows-interface v0.59.1
[INFO] [stderr]   Downloaded time-core v0.1.4
[INFO] [stderr]   Downloaded dummy v0.11.0
[INFO] [stderr]   Downloaded windows-implement v0.60.0
[INFO] [stderr]   Downloaded atomic v0.6.1
[INFO] [stderr]   Downloaded android-tzdata v0.1.1
[INFO] [stderr]   Downloaded rand_core v0.9.3
[INFO] [stderr]   Downloaded deranged v0.4.0
[INFO] [stderr]   Downloaded time-macros v0.2.22
[INFO] [stderr]   Downloaded iana-time-zone v0.1.63
[INFO] [stderr]   Downloaded anyhow v1.0.98
[INFO] [stderr]   Downloaded bytemuck v1.23.2
[INFO] [stderr]   Downloaded zerocopy-derive v0.8.26
[INFO] [stderr]   Downloaded fake v4.4.0
[INFO] [stderr]   Downloaded time v0.3.41
[INFO] [stderr]   Downloaded deunicode v1.6.2
[INFO] [stderr]   Downloaded zerocopy v0.8.26
[INFO] [stderr]   Downloaded chrono v0.4.41
[INFO] running `Command { std: "docker" "create" "-v" "/var/lib/crater-agent-workspace/builds/worker-0-tc1/source:/opt/rustwide/workdir:ro,Z" "-v" "/var/lib/crater-agent-workspace/builds/worker-0-tc1/target:/opt/rustwide/target:rw,Z" "-v" "/var/lib/crater-agent-workspace/cargo-home:/opt/rustwide/cargo-home:ro,Z" "-v" "/var/lib/crater-agent-workspace/rustup-home:/opt/rustwide/rustup-home:ro,Z" "-m" "1610612736" "--network" "none" "ghcr.io/rust-lang/crates-build-env/linux@sha256:77db811e55d90add9212f6832c23229e3de5f1c1f9905e8cb07319ea15df73ac" "sleep" "infinity", kill_on_drop: false }`
[INFO] [stdout] 8a50b954d04877ba7bab43e82981397a1dfad59f8c4c2c77e6a96c4cd2876dcd
[INFO] running `Command { std: "docker" "start" "8a50b954d04877ba7bab43e82981397a1dfad59f8c4c2c77e6a96c4cd2876dcd", kill_on_drop: false }`
[INFO] running `Command { std: "docker" "inspect" "8a50b954d04877ba7bab43e82981397a1dfad59f8c4c2c77e6a96c4cd2876dcd", kill_on_drop: false }`
[INFO] running `Command { std: "docker" "exec" "-e" "SOURCE_DIR=/opt/rustwide/workdir" "-e" "CARGO_HOME=/opt/rustwide/cargo-home" "-e" "RUSTUP_HOME=/opt/rustwide/rustup-home" "-e" "CARGO_TARGET_DIR=/opt/rustwide/target" "-w" "/opt/rustwide/workdir" "--user" "0:0" "8a50b954d04877ba7bab43e82981397a1dfad59f8c4c2c77e6a96c4cd2876dcd" "/opt/rustwide/cargo-home/bin/cargo" "+1.99.0-beta.8" "metadata" "--no-deps" "--format-version=1", kill_on_drop: false }`
[INFO] running `Command { std: "docker" "inspect" "8a50b954d04877ba7bab43e82981397a1dfad59f8c4c2c77e6a96c4cd2876dcd", kill_on_drop: false }`
[INFO] running `Command { std: "docker" "exec" "-e" "SOURCE_DIR=/opt/rustwide/workdir" "-e" "CARGO_HOME=/opt/rustwide/cargo-home" "-e" "RUSTUP_HOME=/opt/rustwide/rustup-home" "-e" "CARGO_TARGET_DIR=/opt/rustwide/target" "-e" "CARGO_INCREMENTAL=0" "-e" "RUST_BACKTRACE=full" "-e" "RUSTFLAGS=--cap-lints=warn" "-e" "RUSTDOCFLAGS=--cap-lints=warn" "-w" "/opt/rustwide/workdir" "--user" "0:0" "8a50b954d04877ba7bab43e82981397a1dfad59f8c4c2c77e6a96c4cd2876dcd" "/opt/rustwide/cargo-home/bin/cargo" "+1.99.0-beta.8" "build" "--frozen" "--message-format=json" "--release", kill_on_drop: false }`
[INFO] [stderr]    Compiling proc-macro2 v1.0.95
[INFO] [stderr]    Compiling unicode-ident v1.0.18
[INFO] [stderr]    Compiling libc v0.2.174
[INFO] [stderr]    Compiling cfg-if v1.0.1
[INFO] [stderr]    Compiling getrandom v0.3.3
[INFO] [stderr]    Compiling typenum v1.18.0
[INFO] [stderr]    Compiling zerocopy v0.8.26
[INFO] [stderr]    Compiling serde v1.0.219
[INFO] [stderr]    Compiling autocfg v1.5.0
[INFO] [stderr]    Compiling ident_case v1.0.1
[INFO] [stderr]    Compiling fnv v1.0.7
[INFO] [stderr]    Compiling memchr v2.7.5
[INFO] [stderr]    Compiling powerfmt v0.2.0
[INFO] [stderr]    Compiling bytemuck v1.23.2
[INFO] [stderr]    Compiling num-traits v0.2.19
[INFO] [stderr]    Compiling itoa v1.0.15
[INFO] [stderr]    Compiling atomic v0.6.1
[INFO] [stderr]    Compiling deranged v0.4.0
[INFO] [stderr]    Compiling quote v1.0.40
[INFO] [stderr]    Compiling syn v2.0.104
[INFO] [stderr]    Compiling aho-corasick v1.1.3
[INFO] [stderr]    Compiling generic-array v0.14.7
[INFO] [stderr]    Compiling rand_core v0.9.3
[INFO] [stderr]    Compiling anyhow v1.0.98
[INFO] [stderr]    Compiling serde_json v1.0.142
[INFO] [stderr]    Compiling sha1_smol v1.0.1
[INFO] [stderr]    Compiling iana-time-zone v0.1.63
[INFO] [stderr]    Compiling block-buffer v0.10.4
[INFO] [stderr]    Compiling crypto-common v0.1.6
[INFO] [stderr]    Compiling time-core v0.1.4
[INFO] [stderr]    Compiling digest v0.10.7
[INFO] [stderr]    Compiling hashbrown v0.15.5
[INFO] [stderr]    Compiling num-conv v0.1.0
[INFO] [stderr]    Compiling regex-syntax v0.8.5
[INFO] [stderr]    Compiling time v0.3.41
[INFO] [stderr]    Compiling md-5 v0.10.6
[INFO] [stderr]    Compiling deunicode v1.6.2
[INFO] [stderr]    Compiling either v1.15.0
[INFO] [stderr]    Compiling ryu v1.0.20
[INFO] [stderr]    Compiling ppv-lite86 v0.2.21
[INFO] [stderr]    Compiling rand_chacha v0.9.0
[INFO] [stderr]    Compiling rand v0.9.2
[INFO] [stderr]    Compiling darling_core v0.20.11
[INFO] [stderr]    Compiling ulid v1.2.1
[INFO] [stderr]    Compiling random_color v1.1.0
[INFO] [stderr]    Compiling regex-automata v0.4.9
[INFO] [stderr]    Compiling serde_derive v1.0.219
[INFO] [stderr]    Compiling darling_macro v0.20.11
[INFO] [stderr]    Compiling darling v0.20.11
[INFO] [stderr]    Compiling dummy v0.11.0
[INFO] [stderr]    Compiling regex v1.11.1
[INFO] [stderr]    Compiling chrono v0.4.41
[INFO] [stderr]    Compiling indexmap v2.10.0
[INFO] [stderr]    Compiling uuid v1.17.0
[INFO] [stderr]    Compiling fake v4.4.0
[INFO] [stderr]    Compiling jgd-rs v0.2.1 (/opt/rustwide/workdir)
[INFO] [stderr]     Finished `release` profile [optimized] target(s) in 1m 32s
[INFO] running `Command { std: "docker" "inspect" "8a50b954d04877ba7bab43e82981397a1dfad59f8c4c2c77e6a96c4cd2876dcd", kill_on_drop: false }`
[INFO] running `Command { std: "docker" "exec" "-e" "SOURCE_DIR=/opt/rustwide/workdir" "-e" "CARGO_HOME=/opt/rustwide/cargo-home" "-e" "RUSTUP_HOME=/opt/rustwide/rustup-home" "-e" "CARGO_TARGET_DIR=/opt/rustwide/target" "-e" "CARGO_INCREMENTAL=0" "-e" "RUST_BACKTRACE=full" "-e" "RUSTFLAGS=--cap-lints=warn" "-e" "RUSTDOCFLAGS=--cap-lints=warn" "-w" "/opt/rustwide/workdir" "--user" "0:0" "8a50b954d04877ba7bab43e82981397a1dfad59f8c4c2c77e6a96c4cd2876dcd" "/opt/rustwide/cargo-home/bin/cargo" "+1.99.0-beta.8" "test" "--frozen" "--no-run" "--message-format=json" "--release", kill_on_drop: false }`
[INFO] [stderr]    Compiling jgd-rs v0.2.1 (/opt/rustwide/workdir)
[INFO] [stderr]     Finished `release` profile [optimized] target(s) in 23.04s
[INFO] running `Command { std: "docker" "inspect" "8a50b954d04877ba7bab43e82981397a1dfad59f8c4c2c77e6a96c4cd2876dcd", kill_on_drop: false }`
[INFO] running `Command { std: "docker" "exec" "-e" "SOURCE_DIR=/opt/rustwide/workdir" "-e" "CARGO_HOME=/opt/rustwide/cargo-home" "-e" "RUSTUP_HOME=/opt/rustwide/rustup-home" "-e" "CARGO_TARGET_DIR=/opt/rustwide/target" "-e" "CARGO_INCREMENTAL=0" "-e" "RUST_BACKTRACE=full" "-e" "RUSTFLAGS=--cap-lints=warn" "-e" "RUSTDOCFLAGS=--cap-lints=warn" "-w" "/opt/rustwide/workdir" "--user" "0:0" "8a50b954d04877ba7bab43e82981397a1dfad59f8c4c2c77e6a96c4cd2876dcd" "/opt/rustwide/cargo-home/bin/cargo" "+1.99.0-beta.8" "test" "--frozen" "--release", kill_on_drop: false }`
[INFO] [stderr]     Finished `release` profile [optimized] target(s) in 0.09s
[INFO] [stderr]      Running unittests src/lib.rs (/opt/rustwide/target/release/deps/jgd_rs-f45ff9ddc0f54b52)
[INFO] [stdout] 
[INFO] [stdout] running 199 tests
[INFO] [stdout] test fake::fake_generator::tests::test_generate_by_key_administrative_methods ... ok
[INFO] [stdout] test fake::fake_generator::tests::test_generate_by_key_barcode_methods ... ok
[INFO] [stdout] test fake::fake_generator::tests::test_generate_by_key_boolean_methods ... ok
[INFO] [stdout] test fake::fake_generator::tests::test_generate_by_key_chrono_methods ... ok
[INFO] [stdout] test fake::fake_generator::tests::test_generate_by_key_address_methods ... ok
[INFO] [stdout] test fake::fake_generator::tests::test_generate_by_key_automotive_methods ... ok
[INFO] [stdout] test fake::fake_generator::tests::test_argument_parsing_integration ... ok
[INFO] [stdout] test fake::fake_generator::tests::test_generate_by_key_color_methods ... ok
[INFO] [stdout] test fake::fake_generator::tests::test_generate_by_key_currency_methods ... ok
[INFO] [stdout] test fake::fake_generator::tests::test_generate_by_key_company_methods ... ok
[INFO] [stdout] test fake::fake_generator::tests::test_generate_by_key_creditcard_methods ... ok
[INFO] [stdout] test fake::fake_generator::tests::test_generate_by_key_internet_methods ... ok
[INFO] [stdout] test fake::fake_generator::tests::test_generate_by_key_lorem_methods ... ok
[INFO] [stdout] test fake::fake_generator::tests::test_generate_by_key_phone_methods ... ok
[INFO] [stdout] test fake::fake_generator::tests::test_generate_by_key_time_methods ... ok
[INFO] [stdout] test fake::fake_generator::tests::test_generate_by_key_unknown_pattern ... ok
[INFO] [stdout] test fake::fake_generator::tests::test_generate_by_key_job_methods ... ok
[INFO] [stdout] test type_spec::array_spec::tests::test_array_spec_clone ... ok
[INFO] [stdout] test fake::fake_generator::tests::test_generate_by_key_finance_methods ... ok
[INFO] [stdout] test fake::fake_generator::tests::test_generate_by_key_filesystem_methods ... ok
[INFO] [stdout] test fake::fake_generator::tests::test_generate_by_key_http_methods ... ok
[INFO] [stdout] test fake::fake_generator::tests::test_generate_by_key_markdown_methods ... ok
[INFO] [stdout] test fake::fake_generator::tests::test_generate_by_key_name_methods ... ok
[INFO] [stdout] test fake::fake_generator::tests::test_generate_by_key_number_methods ... ok
[INFO] [stdout] test type_spec::array_spec::tests::test_array_spec_deterministic_with_seed ... ok
[INFO] [stdout] test type_spec::array_spec::tests::test_array_spec_different_seeds_different_results ... ok
[INFO] [stdout] test type_spec::array_spec::tests::test_array_spec_debug ... ok
[INFO] [stdout] test tests::all_keys ... FAILED
[INFO] [stdout] test type_spec::array_spec::tests::test_array_spec_with_zero_count ... ok
[INFO] [stdout] test type_spec::count::tests::test_count_clone ... ok
[INFO] [stdout] test type_spec::array_spec::tests::test_array_spec_with_range_count ... ok
[INFO] [stdout] test type_spec::array_spec::tests::test_array_spec_with_default_count ... ok
[INFO] [stdout] test type_spec::count::tests::test_count_deserialize_fixed ... ok
[INFO] [stdout] test type_spec::count::tests::test_count_deserialize_invalid ... ok
[INFO] [stdout] test type_spec::array_spec::tests::test_array_spec_element_independence ... ok
[INFO] [stdout] test type_spec::array_spec::tests::test_array_spec_large_count ... ok
[INFO] [stdout] test type_spec::array_spec::tests::test_array_spec_with_fixed_count ... ok
[INFO] [stdout] test type_spec::array_spec::tests::test_array_spec_with_mixed_primitive_types ... ok
[INFO] [stdout] test type_spec::array_spec::tests::test_array_spec_with_string_elements ... ok
[INFO] [stdout] test type_spec::count::tests::test_count_debug ... ok
[INFO] [stdout] test type_spec::count::tests::test_count_fixed_large_number ... ok
[INFO] [stdout] test type_spec::count::tests::test_count_deserialize_range ... ok
[INFO] [stdout] test type_spec::count::tests::test_count_fixed_zero ... ok
[INFO] [stdout] test type_spec::count::tests::test_count_fixed ... ok
[INFO] [stdout] test type_spec::count::tests::test_count_range_deterministic_with_seed ... ok
[INFO] [stdout] test type_spec::count::tests::test_count_range_within_bounds ... ok
[INFO] [stdout] test type_spec::count::tests::test_count_range_zero_to_value ... ok
[INFO] [stdout] test type_spec::count::tests::test_edge_case_max_u64 ... ok
[INFO] [stdout] test type_spec::count::tests::test_multiple_configs_independence ... ok
[INFO] [stdout] test type_spec::count::tests::test_count_range_distribution ... ok
[INFO] [stdout] test type_spec::count::tests::test_count_range_large_range ... ok
[INFO] [stdout] test type_spec::count::tests::test_count_range_single_value ... ok
[INFO] [stdout] test type_spec::count::tests::test_option_count_none ... ok
[INFO] [stdout] test type_spec::count::tests::test_option_count_some_fixed ... ok
[INFO] [stdout] test type_spec::count::tests::test_option_count_some_range ... ok
[INFO] [stdout] test type_spec::entity::tests::test_entity_array_generation ... ok
[INFO] [stdout] test type_spec::entity::tests::test_entity_cross_reference_storage ... ok
[INFO] [stdout] test type_spec::entity::tests::test_entity_map_generation ... ok
[INFO] [stdout] test type_spec::entity::tests::test_entity_single_generation ... ok
[INFO] [stdout] test type_spec::entity::tests::test_entity_composite_uniqueness ... ok
[INFO] [stdout] test type_spec::entity::tests::test_entity_uniqueness_constraint ... ok
[INFO] [stdout] test type_spec::entity::tests::test_fingerprint_missing_field ... ok
[INFO] [stdout] test type_spec::entity::tests::test_fingerprint_different_types ... ok
[INFO] [stdout] test type_spec::entity::tests::test_fingerprint_multiple_fields ... ok
[INFO] [stdout] test type_spec::entity::tests::test_fingerprint_single_field ... ok
[INFO] [stdout] test type_spec::field::tests::test_complex_nested_fields ... ok
[INFO] [stdout] test type_spec::field::tests::test_field_bool_false ... ok
[INFO] [stdout] test type_spec::field::tests::test_field_clone ... ok
[INFO] [stdout] test type_spec::field::tests::test_field_debug ... ok
[INFO] [stdout] test type_spec::field::tests::test_field_null ... ok
[INFO] [stdout] test type_spec::field::tests::test_field_entity ... ok
[INFO] [stdout] test type_spec::field::tests::test_field_ref_missing_path ... ok
[INFO] [stdout] test type_spec::field::tests::test_field_f64 ... ok
[INFO] [stdout] test type_spec::field::tests::test_field_i64 ... ok
[INFO] [stdout] test type_spec::field::tests::test_field_str_without_placeholders ... ok
[INFO] [stdout] test type_spec::field::tests::test_field_variants_coverage ... ok
[INFO] [stdout] test type_spec::field::tests::test_field_array ... ok
[INFO] [stdout] test type_spec::field::tests::test_field_bool_true ... ok
[INFO] [stdout] test type_spec::field::tests::test_field_number ... ok
[INFO] [stdout] test type_spec::field::tests::test_indexmap_empty_generation ... ok
[INFO] [stdout] test type_spec::field::tests::test_indexmap_field_generation ... ok
[INFO] [stdout] test type_spec::field::tests::test_string_template_processing ... ok
[INFO] [stdout] test type_spec::jgd::tests::test_complex_root_mode_with_count ... ok
[INFO] [stdout] test type_spec::field::tests::test_field_ref_existing_path ... ok
[INFO] [stdout] test type_spec::field::tests::test_string_invalid_template_error ... ok
[INFO] [stdout] test type_spec::field::tests::test_string_no_placeholders ... ok
[INFO] [stdout] test type_spec::jgd::tests::test_custom_key ... ok
[INFO] [stdout] test type_spec::jgd::tests::test_create_config ... ok
[INFO] [stdout] test type_spec::jgd::tests::test_custom_locale ... ok
[INFO] [stdout] test type_spec::jgd::tests::test_default_locale_function ... ok
[INFO] [stdout] test type_spec::jgd::tests::test_entities_with_cross_references ... ok
[INFO] [stdout] test type_spec::jgd::tests::test_generate_deterministic_with_seed ... ok
[INFO] [stdout] test type_spec::jgd::tests::test_generate_root_mode ... ok
[INFO] [stdout] test type_spec::jgd::tests::test_generate_different_seeds_different_results ... ok
[INFO] [stdout] test type_spec::jgd::tests::test_jgd_debug ... ok
[INFO] [stdout] test type_spec::jgd::tests::test_jgd_default_values ... ok
[INFO] [stdout] test type_spec::jgd::tests::test_generate_empty_schema ... ok
[INFO] [stdout] test type_spec::jgd::tests::test_generate_entities_mode ... ok
[INFO] [stdout] test type_spec::jgd::tests::test_jgd_from_str_entities_mode ... ok
[INFO] [stdout] test type_spec::jgd::tests::test_jgd_from_value ... ok
[INFO] [stdout] test type_spec::jgd::tests::test_jgd_from_str_root_mode ... ok
[INFO] [stdout] test type_spec::jgd::tests::test_jgd_from_string ... ok
[INFO] [stdout] test type_spec::jgd::tests::test_minimal_valid_schema ... ok
[INFO] [stdout] test type_spec::optional_spec::tests::test_optional_spec_always_generate ... ok
[INFO] [stdout] test type_spec::optional_spec::tests::test_optional_spec_clone ... ok
[INFO] [stdout] test type_spec::optional_spec::tests::test_optional_spec_consistent_rng_usage ... ok
[INFO] [stdout] test type_spec::optional_spec::tests::test_optional_spec_different_seeds_different_results ... ok
[INFO] [stdout] test type_spec::optional_spec::tests::test_optional_spec_edge_case_probabilities ... ok
[INFO] [stdout] test type_spec::optional_spec::tests::test_optional_spec_nested_optionals ... ok
[INFO] [stdout] test type_spec::optional_spec::tests::test_optional_spec_probability_boundaries ... ok
[INFO] [stdout] test type_spec::optional_spec::tests::test_optional_spec_deterministic_with_seed ... ok
[INFO] [stdout] test type_spec::optional_spec::tests::test_optional_spec_with_different_field_types ... ok
[INFO] [stdout] test type_spec::utils::arguments::tests::test_edge_case_empty_content ... ok
[INFO] [stdout] test type_spec::optional_spec::tests::test_optional_spec_never_generate ... ok
[INFO] [stdout] test type_spec::utils::arguments::tests::test_edge_case_trailing_comma ... ok
[INFO] [stdout] test type_spec::utils::arguments::tests::test_edge_case_trailing_dots ... ok
[INFO] [stdout] test type_spec::utils::arguments::tests::test_edge_case_only_comma ... ok
[INFO] [stdout] test type_spec::optional_spec::tests::test_default_prob_function ... ok
[INFO] [stdout] test type_spec::optional_spec::tests::test_optional_spec_debug ... ok
[INFO] [stdout] test type_spec::utils::arguments::tests::test_edge_case_only_dots ... ok
[INFO] [stdout] test type_spec::utils::arguments::tests::test_get_datetime_fixed_invalid ... ok
[INFO] [stdout] test type_spec::utils::arguments::tests::test_get_datetime_fixed_space_format ... ok
[INFO] [stdout] test type_spec::utils::arguments::tests::test_get_datetime_fixed_valid ... ok
[INFO] [stdout] test type_spec::utils::arguments::tests::test_get_number_fixed_invalid ... ok
[INFO] [stdout] test type_spec::optional_spec::tests::test_optional_spec_probability_distribution ... ok
[INFO] [stdout] test type_spec::optional_spec::tests::test_optional_spec_with_complex_field ... ok
[INFO] [stdout] test type_spec::utils::arguments::tests::test_get_datetime_default ... ok
[INFO] [stdout] test type_spec::utils::arguments::tests::test_get_number_range_invalid ... ok
[INFO] [stdout] test type_spec::utils::arguments::tests::test_get_string_default ... ok
[INFO] [stdout] test type_spec::utils::arguments::tests::test_get_string_fixed ... ok
[INFO] [stdout] test type_spec::utils::arguments::tests::test_get_string_range ... ok
[INFO] [stdout] test type_spec::utils::arguments::tests::test_get_string_tuple_fixed ... ok
[INFO] [stdout] test type_spec::utils::arguments::tests::test_get_datetime_range ... ok
[INFO] [stdout] test type_spec::utils::arguments::tests::test_get_number_default ... ok
[INFO] [stdout] test type_spec::utils::arguments::tests::test_get_string_tuple_none ... ok
[INFO] [stdout] test type_spec::utils::arguments::tests::test_get_number_fixed ... ok
[INFO] [stdout] test type_spec::utils::arguments::tests::test_get_string_tuple_range ... ok
[INFO] [stdout] test type_spec::utils::arguments::tests::test_parse_datetime_iso ... ok
[INFO] [stdout] test type_spec::utils::arguments::tests::test_parse_datetime_range_comma ... ok
[INFO] [stdout] test type_spec::utils::arguments::tests::test_get_number_range_function_fixed ... ok
[INFO] [stdout] test type_spec::utils::arguments::tests::test_get_number_range_function_range ... ok
[INFO] [stdout] test type_spec::utils::arguments::tests::test_parse_datetime_range_dots_no_spaces ... ok
[INFO] [stdout] test type_spec::utils::arguments::tests::test_parse_datetime_range_dots_with_spaces ... ok
[INFO] [stdout] test type_spec::utils::arguments::tests::test_parse_datetime_with_space ... ok
[INFO] [stdout] test type_spec::utils::arguments::tests::test_parse_empty_parentheses ... ok
[INFO] [stdout] test type_spec::utils::arguments::tests::test_parse_format_string ... ok
[INFO] [stdout] test type_spec::utils::arguments::tests::test_parse_large_number ... ok
[INFO] [stdout] test type_spec::utils::arguments::tests::test_parse_multiple_comma_separated ... ok
[INFO] [stdout] test type_spec::utils::arguments::tests::test_get_number_range ... ok
[INFO] [stdout] test type_spec::utils::arguments::tests::test_parse_range_with_dots ... ok
[INFO] [stdout] test type_spec::utils::arguments::tests::test_get_number_range_function ... ok
[INFO] [stdout] test type_spec::utils::arguments::tests::test_parse_percentage ... ok
[INFO] [stdout] test type_spec::utils::arguments::tests::test_parse_range_with_dots_and_spaces ... ok
[INFO] [stdout] test type_spec::utils::arguments::tests::test_parse_range_with_multiple_dots ... ok
[INFO] [stdout] test type_spec::utils::arguments::tests::test_parse_time_end ... ok
[INFO] [stdout] test type_spec::utils::arguments::tests::test_parse_simple_string ... ok
[INFO] [stdout] test type_spec::utils::arguments::tests::test_parse_comma_separated_with_spaces ... ok
[INFO] [stdout] test type_spec::utils::arguments::tests::test_parse_comma_separated_numbers ... ok
[INFO] [stdout] test type_spec::utils::arguments::tests::test_parse_single_number ... ok
[INFO] [stdout] test type_spec::utils::arguments::tests::test_parse_datetime_range_comma_no_spaces ... ok
[INFO] [stdout] test type_spec::utils::arguments::tests::test_parse_time_range_comma ... ok
[INFO] [stdout] test type_spec::utils::arguments::tests::test_parse_time_range_comma_no_spaces ... ok
[INFO] [stdout] test type_spec::utils::generator_config::tests::test_gen_value_map_operations ... ok
[INFO] [stdout] test type_spec::utils::generator_config::tests::test_get_random_item_from_array_with_non_array ... ok
[INFO] [stdout] test type_spec::utils::generator_config::tests::test_get_random_item_from_array_with_non_object_items ... ok
[INFO] [stdout] test type_spec::utils::generator_config::tests::test_get_random_item_from_array_with_empty_array ... ok
[INFO] [stdout] test type_spec::utils::generator_config::tests::test_get_random_item_from_array_with_valid_array ... ok
[INFO] [stdout] test type_spec::utils::generator_config::tests::test_get_random_item_from_array_with_missing_key ... ok
[INFO] [stdout] test type_spec::utils::generator_config::tests::test_get_value_from_path_complex_nested_with_arrays ... ok
[INFO] [stdout] test type_spec::utils::generator_config::tests::test_get_value_from_path_invalid_traversal ... ok
[INFO] [stdout] test type_spec::utils::generator_config::tests::test_get_value_from_path_nested_object ... ok
[INFO] [stdout] test type_spec::utils::generator_config::tests::test_get_value_from_path_empty_path ... ok
[INFO] [stdout] test type_spec::utils::generator_config::tests::test_get_value_from_path_nonexistent_key ... ok
[INFO] [stdout] test type_spec::utils::generator_config::tests::test_get_value_from_path_with_array ... ok
[INFO] [stdout] test type_spec::utils::generator_config::tests::test_get_value_from_path_simple_key ... ok
[INFO] [stdout] test type_spec::utils::generator_config::tests::test_new_with_different_locales ... ok
[INFO] [stdout] test type_spec::utils::replacer::tests::test_regex_pattern_matching ... ok
[INFO] [stdout] test type_spec::utils::generator_config::tests::test_new_with_random_seed ... ok
[INFO] [stdout] test type_spec::utils::generator_config::tests::test_new_with_seed ... ok
[INFO] [stdout] test type_spec::utils::generator_config::tests::test_get_value_from_path_nonexistent_root ... ok
[INFO] [stdout] test type_spec::utils::replacer::tests::test_replacer_collection_new_partial_replacement ... ok
[INFO] [stdout] test type_spec::utils::replacer::tests::test_replacer_collection_get_full_replacer ... ok
[INFO] [stdout] test type_spec::utils::replacer::tests::test_replacer_collection_new_empty ... ok
[INFO] [stdout] test type_spec::utils::arguments::tests::test_parse_time_range_dots_no_spaces ... ok
[INFO] [stdout] test type_spec::utils::arguments::tests::test_parse_time_range_dots_with_spaces ... ok
[INFO] [stdout] test type_spec::utils::arguments::tests::test_parse_time_start ... ok
[INFO] [stdout] test type_spec::utils::replacer::tests::test_replacer_collection_is_empty ... ok
[INFO] [stdout] test type_spec::utils::replacer::tests::test_replacer_collection_new_multiple_replacements ... ok
[INFO] [stdout] test type_spec::utils::replacer::tests::test_replacer_collection_replace_full_with_valid_key ... ok
[INFO] [stdout] test type_spec::utils::replacer::tests::test_replacer_collection_replace_with_arguments ... ok
[INFO] [stdout] test type_spec::utils::replacer::tests::test_replacer_new ... ok
[INFO] [stdout] test type_spec::utils::replacer::tests::test_replacer_new_with_arguments ... ok
[INFO] [stdout] test type_spec::utils::replacer::tests::test_replacer_collection_new_single_replacement ... ok
[INFO] [stdout] test type_spec::utils::replacer::tests::test_replacer_collection_replace_empty ... ok
[INFO] [stdout] test type_spec::utils::replacer::tests::test_replacer_collection_replace_full_with_invalid_key ... ok
[INFO] [stdout] test type_spec::utils::replacer::tests::test_replacer_collection_replace_preserves_order ... ok
[INFO] [stdout] test type_spec::utils::replacer::tests::test_replacer_collection_replace_overlapping_patterns ... ok
[INFO] [stdout] test type_spec::utils::replacer::tests::test_replacer_collection_replace_partial_with_mixed_keys ... ok
[INFO] [stdout] test type_spec::utils::replacer::tests::test_replacer_collection_replace_partial_with_valid_keys ... ok
[INFO] [stdout] 
[INFO] [stdout] failures:
[INFO] [stdout] 
[INFO] [stdout] ---- tests::all_keys stdout ----
[INFO] [stdout] 
[INFO] [stdout] thread 'tests::all_keys' (1145) panicked at src/type_spec/jgd.rs:242:31:
[INFO] [stdout] called `Result::unwrap()` on an `Err` value: Os { code: 2, kind: NotFound, message: "No such file or directory" }
[INFO] [stdout] stack backtrace:
[INFO] [stdout]    0:     0x5b0295a36d11 - <<std[70759c8f55707aa4]::sys::backtrace::BacktraceLock>::print::DisplayBacktrace as core[df12db4294e9bfd3]::fmt::Display>::fmt
[INFO] [stdout]    1:     0x5b0295a4df8a - core[df12db4294e9bfd3]::fmt::write
[INFO] [stdout]    2:     0x5b0295a3b1ac - <alloc[2182bb758b4b3781]::vec::Vec<u8> as core[df12db4294e9bfd3]::io::write::Write>::write_fmt
[INFO] [stdout]    3:     0x5b0295a12ec6 - std[70759c8f55707aa4]::panicking::default_hook::{closure#0}
[INFO] [stdout]    4:     0x5b0295a2f039 - std[70759c8f55707aa4]::panicking::default_hook
[INFO] [stdout]    5:     0x5b02958f00c0 - test[9d35eded1c95d3be]::test_main_inner::<test[9d35eded1c95d3be]::test_main_static::{closure#0}>::{closure#0}
[INFO] [stdout]    6:     0x5b0295a2f1f2 - std[70759c8f55707aa4]::panicking::panic_with_hook
[INFO] [stdout]    7:     0x5b0295a12f72 - std[70759c8f55707aa4]::panicking::panic_handler::{closure#0}
[INFO] [stdout]    8:     0x5b0295a0bb69 - std[70759c8f55707aa4]::sys::backtrace::__rust_end_short_backtrace::<std[70759c8f55707aa4]::panicking::panic_handler::{closure#0}, !>
[INFO] [stdout]    9:     0x5b0295a13b6d - __rustc[8fa7c3cbc660c2b3]::rust_begin_unwind
[INFO] [stdout]   10:     0x5b0295a4e76c - core[df12db4294e9bfd3]::panicking::panic_fmt
[INFO] [stdout]   11:     0x5b0295a4e542 - core[df12db4294e9bfd3]::result::unwrap_failed
[INFO] [stdout]   12:     0x5b02958b7abb - jgd_rs[b3902d49d34adea3]::tests::all_keys
[INFO] [stdout]   13:     0x5b029589da49 - <jgd_rs[b3902d49d34adea3]::tests::all_keys::{closure#0} as core[df12db4294e9bfd3]::ops::function::FnOnce<()>>::call_once
[INFO] [stdout]   14:     0x5b02958e33ab - test[9d35eded1c95d3be]::__rust_begin_short_backtrace::<core[df12db4294e9bfd3]::result::Result<(), alloc[2182bb758b4b3781]::string::String>, fn() -> core[df12db4294e9bfd3]::result::Result<(), alloc[2182bb758b4b3781]::string::String>>
[INFO] [stdout]   15:     0x5b02958f0a15 - test[9d35eded1c95d3be]::run_test::{closure#0}
[INFO] [stdout]   16:     0x5b02958ea2d4 - std[70759c8f55707aa4]::sys::backtrace::__rust_begin_short_backtrace::<test[9d35eded1c95d3be]::run_test::{closure#1}, ()>
[INFO] [stdout]   17:     0x5b02958f3b72 - <std[70759c8f55707aa4]::thread::lifecycle::spawn_unchecked<test[9d35eded1c95d3be]::run_test::{closure#1}, ()>::{closure#1} as core[df12db4294e9bfd3]::ops::function::FnOnce<()>>::call_once::{shim:vtable#0}
[INFO] [stdout]   18:     0x5b0295a36279 - <std[70759c8f55707aa4]::sys::thread::unix::Thread>::new::thread_start
[INFO] [stdout]   19:     0x72c66d935dfa - <unknown>
[INFO] [stdout]   20:     0x72c66d9c93d4 - clone
[INFO] [stdout]   21:                0x0 - <unknown>
[INFO] [stdout] 
[INFO] [stdout] 
[INFO] [stdout] failures:
[INFO] [stdout]     tests::all_keys
[INFO] [stdout] 
[INFO] [stdout] test result: FAILED. 198 passed; 1 failed; 0 ignored; 0 measured; 0 filtered out; finished in 0.05s
[INFO] [stdout] 
[INFO] [stderr] error: test failed, to rerun pass `--lib`
[INFO] running `Command { std: "docker" "inspect" "8a50b954d04877ba7bab43e82981397a1dfad59f8c4c2c77e6a96c4cd2876dcd", kill_on_drop: false }`
[INFO] running `Command { std: "docker" "rm" "-f" "8a50b954d04877ba7bab43e82981397a1dfad59f8c4c2c77e6a96c4cd2876dcd", kill_on_drop: false }`
[INFO] [stdout] 8a50b954d04877ba7bab43e82981397a1dfad59f8c4c2c77e6a96c4cd2876dcd
