[INFO] fetching crate jev-sdk 0.1.0...
[INFO] testing jev-sdk-0.1.0 against 1.100.0-beta.1+cargoflags=--release for beta-release-1.100-2
[INFO] extracting crate jev-sdk 0.1.0 into /workspace/builds/worker-5-tc2/source
[INFO] started tweaking crates.io crate jev-sdk 0.1.0
[INFO] removed 0 missing examples
[INFO] removed 0 missing tests
[INFO] finished tweaking crates.io crate jev-sdk 0.1.0
[INFO] tweaked toml for crates.io crate jev-sdk 0.1.0 written to /workspace/builds/worker-5-tc2/source/Cargo.toml
[INFO] validating manifest of crates.io crate jev-sdk 0.1.0 on toolchain 1.100.0-beta.1
[INFO] running `Command { std: CARGO_HOME="/workspace/cargo-home" RUSTUP_HOME="/workspace/rustup-home" "/workspace/cargo-home/bin/cargo" "+1.100.0-beta.1" "metadata" "--manifest-path" "Cargo.toml" "--no-deps", kill_on_drop: false }`
[INFO] crate crates.io crate jev-sdk 0.1.0 already has a lockfile, it will not be regenerated
[INFO] running `Command { std: CARGO_HOME="/workspace/cargo-home" RUSTUP_HOME="/workspace/rustup-home" "/workspace/cargo-home/bin/cargo" "+1.100.0-beta.1" "fetch" "--manifest-path" "Cargo.toml", kill_on_drop: false }`
[INFO] running `Command { std: "docker" "create" "-v" "/var/lib/crater-agent-workspace/builds/worker-5-tc2/source:/opt/rustwide/workdir:ro,Z" "-v" "/var/lib/crater-agent-workspace/builds/worker-5-tc2/target:/opt/rustwide/target:rw,Z" "-v" "/var/lib/crater-agent-workspace/cargo-home:/opt/rustwide/cargo-home:ro,Z" "-v" "/var/lib/crater-agent-workspace/rustup-home:/opt/rustwide/rustup-home:ro,Z" "-m" "1610612736" "--network" "none" "ghcr.io/rust-lang/crates-build-env/linux@sha256:77db811e55d90add9212f6832c23229e3de5f1c1f9905e8cb07319ea15df73ac" "sleep" "infinity", kill_on_drop: false }`
[INFO] [stdout] 488db63316fd4de824e4b2e26c0549b06dfde940abf9aa5419c9ddb19066a31f
[INFO] running `Command { std: "docker" "start" "488db63316fd4de824e4b2e26c0549b06dfde940abf9aa5419c9ddb19066a31f", kill_on_drop: false }`
[INFO] running `Command { std: "docker" "inspect" "488db63316fd4de824e4b2e26c0549b06dfde940abf9aa5419c9ddb19066a31f", kill_on_drop: false }`
[INFO] running `Command { std: "docker" "exec" "-e" "SOURCE_DIR=/opt/rustwide/workdir" "-e" "CARGO_HOME=/opt/rustwide/cargo-home" "-e" "RUSTUP_HOME=/opt/rustwide/rustup-home" "-e" "CARGO_TARGET_DIR=/opt/rustwide/target" "-w" "/opt/rustwide/workdir" "--user" "0:0" "488db63316fd4de824e4b2e26c0549b06dfde940abf9aa5419c9ddb19066a31f" "/opt/rustwide/cargo-home/bin/cargo" "+1.100.0-beta.1" "metadata" "--no-deps" "--format-version=1", kill_on_drop: false }`
[INFO] running `Command { std: "docker" "inspect" "488db63316fd4de824e4b2e26c0549b06dfde940abf9aa5419c9ddb19066a31f", kill_on_drop: false }`
[INFO] running `Command { std: "docker" "exec" "-e" "SOURCE_DIR=/opt/rustwide/workdir" "-e" "CARGO_HOME=/opt/rustwide/cargo-home" "-e" "RUSTUP_HOME=/opt/rustwide/rustup-home" "-e" "CARGO_TARGET_DIR=/opt/rustwide/target" "-e" "CARGO_INCREMENTAL=0" "-e" "RUST_BACKTRACE=full" "-e" "RUSTFLAGS=--cap-lints=warn" "-e" "RUSTDOCFLAGS=--cap-lints=warn" "-w" "/opt/rustwide/workdir" "--user" "0:0" "488db63316fd4de824e4b2e26c0549b06dfde940abf9aa5419c9ddb19066a31f" "/opt/rustwide/cargo-home/bin/cargo" "+1.100.0-beta.1" "build" "--frozen" "--message-format=json" "--release", kill_on_drop: false }`
[INFO] [stderr]    Compiling find-msvc-tools v0.1.13
[INFO] [stderr]    Compiling slab v0.4.12
[INFO] [stderr]    Compiling syn v3.0.6
[INFO] [stderr]    Compiling rustls v0.23.45
[INFO] [stderr]    Compiling getrandom v0.2.17
[INFO] [stderr]    Compiling tokio v1.53.1
[INFO] [stderr]    Compiling webpki-roots v1.0.9
[INFO] [stderr]    Compiling indexmap v2.14.2
[INFO] [stderr]    Compiling cc v1.4.7
[INFO] [stderr]    Compiling futures-util v0.3.34
[INFO] [stderr]    Compiling serde_json v1.0.151
[INFO] [stderr]    Compiling ring v0.17.14
[INFO] [stderr]    Compiling synstructure v0.14.0
[INFO] [stderr]    Compiling zerofrom-derive v0.1.8
[INFO] [stderr]    Compiling yoke-derive v0.8.3
[INFO] [stderr]    Compiling zerovec-derive v0.11.6
[INFO] [stderr]    Compiling displaydoc v0.2.7
[INFO] [stderr]    Compiling serde_derive v1.0.229
[INFO] [stderr]    Compiling thiserror-impl v2.0.20
[INFO] [stderr]    Compiling zerofrom v0.1.8
[INFO] [stderr]    Compiling yoke v0.8.3
[INFO] [stderr]    Compiling zerotrie v0.2.5
[INFO] [stderr]    Compiling thiserror v2.0.20
[INFO] [stderr]    Compiling zerovec v0.11.8
[INFO] [stderr]    Compiling tinystr v0.8.4
[INFO] [stderr]    Compiling potential_utf v0.1.6
[INFO] [stderr]    Compiling icu_locale_core v2.3.0
[INFO] [stderr]    Compiling icu_collections v2.3.0
[INFO] [stderr]    Compiling serde v1.0.229
[INFO] [stderr]    Compiling hyper v1.11.1
[INFO] [stderr]    Compiling tower v0.5.3
[INFO] [stderr]    Compiling icu_provider v2.3.1
[INFO] [stderr]    Compiling serde_urlencoded v0.7.1
[INFO] [stderr]    Compiling icu_normalizer v2.3.0
[INFO] [stderr]    Compiling icu_properties v2.3.0
[INFO] [stderr]    Compiling hyper-util v0.1.20
[INFO] [stderr]    Compiling idna_adapter v1.2.2
[INFO] [stderr]    Compiling idna v1.1.0
[INFO] [stderr]    Compiling url v2.5.8
[INFO] [stderr]    Compiling tower-http v0.6.11
[INFO] [stderr]    Compiling rustls-webpki v0.103.15
[INFO] [stderr]    Compiling tokio-rustls v0.26.5
[INFO] [stderr]    Compiling hyper-rustls v0.27.9
[INFO] [stderr]    Compiling reqwest v0.12.28
[INFO] [stderr]    Compiling jev-sdk v0.1.0 (/opt/rustwide/workdir)
[INFO] [stderr]     Finished `release` profile [optimized] target(s) in 58.56s
[INFO] running `Command { std: "docker" "inspect" "488db63316fd4de824e4b2e26c0549b06dfde940abf9aa5419c9ddb19066a31f", kill_on_drop: false }`
[INFO] running `Command { std: "docker" "exec" "-e" "SOURCE_DIR=/opt/rustwide/workdir" "-e" "CARGO_HOME=/opt/rustwide/cargo-home" "-e" "RUSTUP_HOME=/opt/rustwide/rustup-home" "-e" "CARGO_TARGET_DIR=/opt/rustwide/target" "-e" "CARGO_INCREMENTAL=0" "-e" "RUST_BACKTRACE=full" "-e" "RUSTFLAGS=--cap-lints=warn" "-e" "RUSTDOCFLAGS=--cap-lints=warn" "-w" "/opt/rustwide/workdir" "--user" "0:0" "488db63316fd4de824e4b2e26c0549b06dfde940abf9aa5419c9ddb19066a31f" "/opt/rustwide/cargo-home/bin/cargo" "+1.100.0-beta.1" "test" "--frozen" "--no-run" "--message-format=json" "--release", kill_on_drop: false }`
[INFO] [stderr]    Compiling tokio-macros v2.7.2
[INFO] [stderr]    Compiling zerofrom v0.1.8
[INFO] [stderr]    Compiling serde v1.0.229
[INFO] [stderr]    Compiling thiserror-impl v2.0.20
[INFO] [stderr]    Compiling yoke v0.8.3
[INFO] [stderr]    Compiling zerovec v0.11.8
[INFO] [stderr]    Compiling zerotrie v0.2.5
[INFO] [stderr]    Compiling tokio v1.53.1
[INFO] [stderr]    Compiling tinystr v0.8.4
[INFO] [stderr]    Compiling potential_utf v0.1.6
[INFO] [stderr]    Compiling icu_collections v2.3.0
[INFO] [stderr]    Compiling icu_locale_core v2.3.0
[INFO] [stderr]    Compiling thiserror v2.0.20
[INFO] [stderr]    Compiling serde_urlencoded v0.7.1
[INFO] [stderr]    Compiling icu_provider v2.3.1
[INFO] [stderr]    Compiling icu_properties v2.3.0
[INFO] [stderr]    Compiling icu_normalizer v2.3.0
[INFO] [stderr]    Compiling idna_adapter v1.2.2
[INFO] [stderr]    Compiling idna v1.1.0
[INFO] [stderr]    Compiling url v2.5.8
[INFO] [stderr]    Compiling hyper v1.11.1
[INFO] [stderr]    Compiling tower v0.5.3
[INFO] [stderr]    Compiling tokio-rustls v0.26.5
[INFO] [stderr]    Compiling tower-http v0.6.11
[INFO] [stderr]    Compiling hyper-util v0.1.20
[INFO] [stderr]    Compiling hyper-rustls v0.27.9
[INFO] [stderr]    Compiling reqwest v0.12.28
[INFO] [stderr]    Compiling jev-sdk v0.1.0 (/opt/rustwide/workdir)
[INFO] [stderr]     Finished `release` profile [optimized] target(s) in 47.47s
[INFO] running `Command { std: "docker" "inspect" "488db63316fd4de824e4b2e26c0549b06dfde940abf9aa5419c9ddb19066a31f", kill_on_drop: false }`
[INFO] running `Command { std: "docker" "exec" "-e" "SOURCE_DIR=/opt/rustwide/workdir" "-e" "CARGO_HOME=/opt/rustwide/cargo-home" "-e" "RUSTUP_HOME=/opt/rustwide/rustup-home" "-e" "CARGO_TARGET_DIR=/opt/rustwide/target" "-e" "CARGO_INCREMENTAL=0" "-e" "RUST_BACKTRACE=full" "-e" "RUSTFLAGS=--cap-lints=warn" "-e" "RUSTDOCFLAGS=--cap-lints=warn" "-w" "/opt/rustwide/workdir" "--user" "0:0" "488db63316fd4de824e4b2e26c0549b06dfde940abf9aa5419c9ddb19066a31f" "/opt/rustwide/cargo-home/bin/cargo" "+1.100.0-beta.1" "test" "--frozen" "--release", kill_on_drop: false }`
[INFO] [stderr]     Finished `release` profile [optimized] target(s) in 0.15s
[INFO] [stderr]      Running unittests src/lib.rs (/opt/rustwide/target/release/build/jev-sdk/0ff7905d61762427/out/jev_sdk-0ff7905d61762427)
[INFO] [stdout] 
[INFO] [stdout] running 30 tests
[INFO] [stdout] test client::tests::debug_formatting_never_exposes_the_api_key ... ok
[INFO] [stdout] test client::tests::rejects_empty_questions ... ok
[INFO] [stdout] test client::tests::builder_requires_api_key ... ok
[INFO] [stdout] test client::tests::builder_rejects_key_with_control_characters ... ok
[INFO] [stdout] test error::tests::parses_object_detail ... ok
[INFO] [stdout] test client::tests::builder_rejects_plaintext_http_base_url ... ok
[INFO] [stdout] test question::tests::choice_serializes_with_null_descriptions ... ok
[INFO] [stdout] test question::tests::noul_serializes_with_tag ... ok
[INFO] [stdout] test question::tests::questions_deserialize_from_api_json ... ok
[INFO] [stdout] test question::tests::score_serializes_ordered_levels ... ok
[INFO] [stdout] test error::tests::parses_fastapi_validation_list ... ok
[INFO] [stdout] test error::tests::falls_back_to_raw_body ... ok
[INFO] [stdout] test error::tests::parses_string_detail ... ok
[INFO] [stdout] test question::tests::questions_round_trip_through_json ... ok
[INFO] [stdout] test client::tests::rejects_empty_score_criteria ... ok
[INFO] [stdout] test question::tests::deserialize_rejects_unknown_type ... ok
[INFO] [stdout] test response::tests::score_answer_tolerates_missing_probabilities ... ok
[INFO] [stdout] test question::tests::noul_criteria_partial_round_trip ... ok
[INFO] [stdout] test retry::tests::backoff_grows_and_is_capped ... ok
[INFO] [stdout] test client::tests::builder_allows_loopback_http_for_testing ... ok
[INFO] [stdout] test question::tests::structured_instructions_are_supported ... ok
[INFO] [stdout] test response::tests::parses_full_response ... ok
[INFO] [stdout] test response::tests::responses_round_trip_through_json ... ok
[INFO] [stdout] test retry::tests::defaults_retry_documented_statuses ... ok
[INFO] [stdout] test retry::tests::parses_retry_after_seconds ... ok
[INFO] [stdout] test retry::tests::retry_after_hint_is_capped ... ok
[INFO] [stdout] test retry::tests::backoff_never_panics_on_extreme_inputs ... ok
[INFO] [stdout] test question::tests::noul_criteria_uses_true_false_keys ... ok
[INFO] [stdout] test client::tests::builds_mixed_question_map ... ok
[INFO] [stderr]      Running tests/hardening.rs (/opt/rustwide/target/release/build/jev-sdk/1e555379a044e7c3/out/hardening-1e555379a044e7c3)
[INFO] [stdout] test client::tests::builder_rejects_bad_base_url ... ok
[INFO] [stdout] 
[INFO] [stdout] test result: ok. 30 passed; 0 failed; 0 ignored; 0 measured; 0 filtered out; finished in 0.05s
[INFO] [stdout] 
[INFO] [stdout] 
[INFO] [stdout] running 4 tests
[INFO] [stdout] test auth_header_uses_bearer_scheme ... ok
[INFO] [stdout] test redirects_are_not_followed_and_auth_is_not_forwarded ... ok
[INFO] [stdout] test oversized_error_body_is_truncated_not_fatal ... ok
[INFO] [stdout] test oversized_success_body_is_rejected ... ok
[INFO] [stdout] 
[INFO] [stdout] test result: ok. 4 passed; 0 failed; 0 ignored; 0 measured; 0 filtered out; finished in 0.13s
[INFO] [stdout] 
[INFO] [stderr]      Running tests/live.rs (/opt/rustwide/target/release/build/jev-sdk/20b92290e265e099/out/live-20b92290e265e099)
[INFO] [stdout] 
[INFO] [stdout] running 4 tests
[INFO] [stdout] test evaluates_mixed_questions ... ok
[INFO] [stdout] test structured_state_is_accepted ... ok
[INFO] [stdout] test lists_models ... ok
[INFO] [stdout] test bad_key_is_an_authentication_error ... FAILED
[INFO] [stdout] 
[INFO] [stdout] failures:
[INFO] [stdout] 
[INFO] [stdout] ---- bad_key_is_an_authentication_error stdout ----
[INFO] [stdout] 
[INFO] [stdout] thread 'bad_key_is_an_authentication_error' (1769) panicked at tests/live.rs:143:5:
[INFO] [stdout] unexpected error: connection error: error sending request for url (https://api.typesafe.ai/v1/systemone)
[INFO] [stdout] stack backtrace:
[INFO] [stdout]    0:     0x5572528ada01 - <<std[617be2ca0a6fd877]::sys::backtrace::BacktraceLock>::print::DisplayBacktrace as core[a373ad73a504971]::fmt::Display>::fmt
[INFO] [stdout]    1:     0x5572528c429a - core[a373ad73a504971]::fmt::write
[INFO] [stdout]    2:     0x5572528b22bc - <alloc[2e1b2a31b91974c5]::vec::Vec<u8> as core[a373ad73a504971]::io::write::Write>::write_fmt
[INFO] [stdout]    3:     0x557252888b36 - std[617be2ca0a6fd877]::panicking::default_hook::{closure#0}
[INFO] [stdout]    4:     0x5572528a58f9 - std[617be2ca0a6fd877]::panicking::default_hook
[INFO] [stdout]    5:     0x557252652bd0 - test[aada8e7e76ba119b]::test_main_inner::{closure#0}
[INFO] [stdout]    6:     0x5572528a5c22 - std[617be2ca0a6fd877]::panicking::panic_with_hook
[INFO] [stdout]    7:     0x557252888be2 - std[617be2ca0a6fd877]::panicking::panic_handler::{closure#0}
[INFO] [stdout]    8:     0x557252881819 - std[617be2ca0a6fd877]::sys::backtrace::__rust_end_short_backtrace::<std[617be2ca0a6fd877]::panicking::panic_handler::{closure#0}, !>
[INFO] [stdout]    9:     0x5572528899dd - __rustc[ea4f61d10b84890b]::rust_begin_unwind
[INFO] [stdout]   10:     0x5572528c49fc - core[a373ad73a504971]::panicking::panic_fmt
[INFO] [stdout]   11:     0x557252623910 - live[63daee592641e493]::bad_key_is_an_authentication_error::{closure#0}
[INFO] [stdout]   12:     0x557252637923 - <tokio[97a40a85bc9df60a]::runtime::scheduler::current_thread::Context>::enter::<core[a373ad73a504971]::task::poll::Poll<()>, <tokio[97a40a85bc9df60a]::runtime::scheduler::current_thread::CoreGuard>::block_on<core[a373ad73a504971]::pin::Pin<&mut core[a373ad73a504971]::pin::Pin<&mut dyn core[a373ad73a504971]::future::future::Future<Output = ()>>>>::{closure#0}::{closure#0}>
[INFO] [stdout]   13:     0x5572526351ac - <tokio[97a40a85bc9df60a]::runtime::context::scoped::Scoped<tokio[97a40a85bc9df60a]::runtime::scheduler::Context>>::set::<<tokio[97a40a85bc9df60a]::runtime::scheduler::current_thread::CoreGuard>::enter<<tokio[97a40a85bc9df60a]::runtime::scheduler::current_thread::CoreGuard>::block_on<core[a373ad73a504971]::pin::Pin<&mut core[a373ad73a504971]::pin::Pin<&mut dyn core[a373ad73a504971]::future::future::Future<Output = ()>>>>::{closure#0}, core[a373ad73a504971]::option::Option<()>>::{closure#0}, (alloc[2e1b2a31b91974c5]::boxed::Box<tokio[97a40a85bc9df60a]::runtime::scheduler::current_thread::Core>, core[a373ad73a504971]::option::Option<()>)>
[INFO] [stdout]   14:     0x557252637cd7 - <tokio[97a40a85bc9df60a]::runtime::scheduler::current_thread::CoreGuard>::block_on::<core[a373ad73a504971]::pin::Pin<&mut core[a373ad73a504971]::pin::Pin<&mut dyn core[a373ad73a504971]::future::future::Future<Output = ()>>>>
[INFO] [stdout]   15:     0x55725263659d - tokio[97a40a85bc9df60a]::runtime::context::runtime::enter_runtime::<<tokio[97a40a85bc9df60a]::runtime::scheduler::current_thread::CurrentThread>::block_on<core[a373ad73a504971]::pin::Pin<&mut dyn core[a373ad73a504971]::future::future::Future<Output = ()>>>::{closure#0}, ()>
[INFO] [stdout]   16:     0x557252637805 - <tokio[97a40a85bc9df60a]::runtime::runtime::Runtime>::block_on::<core[a373ad73a504971]::pin::Pin<&mut dyn core[a373ad73a504971]::future::future::Future<Output = ()>>>
[INFO] [stdout]   17:     0x557252625dee - <live[63daee592641e493]::bad_key_is_an_authentication_error::{closure#0} as core[a373ad73a504971]::ops::function::FnOnce<()>>::call_once
[INFO] [stdout]   18:     0x55725264601b - test[aada8e7e76ba119b]::__rust_begin_short_backtrace::<core[a373ad73a504971]::result::Result<(), alloc[2e1b2a31b91974c5]::string::String>, fn() -> core[a373ad73a504971]::result::Result<(), alloc[2e1b2a31b91974c5]::string::String>>
[INFO] [stdout]   19:     0x5572526531f5 - test[aada8e7e76ba119b]::run_test::{closure#0}
[INFO] [stdout]   20:     0x55725264cae4 - std[617be2ca0a6fd877]::sys::backtrace::__rust_begin_short_backtrace::<test[aada8e7e76ba119b]::run_test::{closure#1}, ()>
[INFO] [stdout]   21:     0x557252656282 - <std[617be2ca0a6fd877]::thread::lifecycle::spawn_unchecked<test[aada8e7e76ba119b]::run_test::{closure#1}, ()>::{closure#1} as core[a373ad73a504971]::ops::function::FnOnce<()>>::call_once::{shim:vtable#0}
[INFO] [stdout]   22:     0x5572528aceaf - <std[617be2ca0a6fd877]::sys::thread::unix::Thread>::new::thread_start
[INFO] [stdout]   23:     0x7fd5b3aa1dfa - <unknown>
[INFO] [stdout]   24:     0x7fd5b3b353d4 - clone
[INFO] [stdout]   25:                0x0 - <unknown>
[INFO] [stdout] 
[INFO] [stdout] 
[INFO] [stdout] failures:
[INFO] [stdout]     bad_key_is_an_authentication_error
[INFO] [stdout] 
[INFO] [stdout] test result: FAILED. 3 passed; 1 failed; 0 ignored; 0 measured; 0 filtered out; finished in 1.80s
[INFO] [stdout] 
[INFO] [stderr] error: test failed, to rerun pass `--test live`
[INFO] running `Command { std: "docker" "inspect" "488db63316fd4de824e4b2e26c0549b06dfde940abf9aa5419c9ddb19066a31f", kill_on_drop: false }`
[INFO] running `Command { std: "docker" "rm" "-f" "488db63316fd4de824e4b2e26c0549b06dfde940abf9aa5419c9ddb19066a31f", kill_on_drop: false }`
[INFO] [stdout] 488db63316fd4de824e4b2e26c0549b06dfde940abf9aa5419c9ddb19066a31f
