[INFO] fetching crate jett 0.1.6...
[INFO] testing jett-0.1.6 against 1.99.0-beta.8+cargoflags=--release for beta-release-1.100-2
[INFO] extracting crate jett 0.1.6 into /workspace/builds/worker-0-tc1/source
[INFO] started tweaking crates.io crate jett 0.1.6
[INFO] removed 0 missing tests
[INFO] finished tweaking crates.io crate jett 0.1.6
[INFO] tweaked toml for crates.io crate jett 0.1.6 written to /workspace/builds/worker-0-tc1/source/Cargo.toml
[INFO] validating manifest of crates.io crate jett 0.1.6 on toolchain 1.99.0-beta.8
[INFO] running `Command { std: CARGO_HOME="/workspace/cargo-home" RUSTUP_HOME="/workspace/rustup-home" "/workspace/cargo-home/bin/cargo" "+1.99.0-beta.8" "metadata" "--manifest-path" "Cargo.toml" "--no-deps", kill_on_drop: false }`
[INFO] crate crates.io crate jett 0.1.6 already has a lockfile, it will not be regenerated
[INFO] running `Command { std: CARGO_HOME="/workspace/cargo-home" RUSTUP_HOME="/workspace/rustup-home" "/workspace/cargo-home/bin/cargo" "+1.99.0-beta.8" "fetch" "--manifest-path" "Cargo.toml", kill_on_drop: false }`
[INFO] [stderr]     Updating crates.io index
[INFO] [stderr]  Downloading crates ...
[INFO] [stderr]   Downloaded kasuari v0.4.12
[INFO] [stderr]   Downloaded palette_derive v0.7.7
[INFO] [stderr]   Downloaded palette_math v0.7.7
[INFO] [stderr]   Downloaded lru v0.18.5
[INFO] [stderr]   Downloaded instability v0.3.14
[INFO] [stderr]   Downloaded siphasher v1.0.4
[INFO] [stderr]   Downloaded darling_macro v0.24.1
[INFO] [stderr]   Downloaded filesize v0.2.0
[INFO] [stderr]   Downloaded mac_address v1.2.0
[INFO] [stderr]   Downloaded termios v0.3.2
[INFO] [stderr]   Downloaded line-clipping v0.3.8
[INFO] [stderr]   Downloaded pest_generator v2.9.2
[INFO] [stderr]   Downloaded pest_derive v2.9.2
[INFO] [stderr]   Downloaded log v0.4.11
[INFO] [stderr]   Downloaded darling v0.24.1
[INFO] [stderr]   Downloaded pest_meta v2.9.2
[INFO] [stderr]   Downloaded jwalk v0.9.0
[INFO] [stderr]   Downloaded finl_unicode v1.5.0
[INFO] [stderr]   Downloaded euclid v0.22.14
[INFO] [stderr]   Downloaded darling_core v0.24.1
[INFO] [stderr]   Downloaded palette v0.7.7
[INFO] [stderr]   Downloaded pest v2.9.2
[INFO] running `Command { std: "docker" "create" "-v" "/var/lib/crater-agent-workspace/builds/worker-0-tc1/source:/opt/rustwide/workdir:ro,Z" "-v" "/var/lib/crater-agent-workspace/builds/worker-0-tc1/target:/opt/rustwide/target:rw,Z" "-v" "/var/lib/crater-agent-workspace/cargo-home:/opt/rustwide/cargo-home:ro,Z" "-v" "/var/lib/crater-agent-workspace/rustup-home:/opt/rustwide/rustup-home:ro,Z" "-m" "1610612736" "--network" "none" "ghcr.io/rust-lang/crates-build-env/linux@sha256:77db811e55d90add9212f6832c23229e3de5f1c1f9905e8cb07319ea15df73ac" "sleep" "infinity", kill_on_drop: false }`
[INFO] [stdout] 056c52d3e05fb1125186b5e7dae624424e79f4e31a0ebcf31dfd2b76a4fedc26
[INFO] running `Command { std: "docker" "start" "056c52d3e05fb1125186b5e7dae624424e79f4e31a0ebcf31dfd2b76a4fedc26", kill_on_drop: false }`
[INFO] running `Command { std: "docker" "inspect" "056c52d3e05fb1125186b5e7dae624424e79f4e31a0ebcf31dfd2b76a4fedc26", kill_on_drop: false }`
[INFO] running `Command { std: "docker" "exec" "-e" "SOURCE_DIR=/opt/rustwide/workdir" "-e" "CARGO_HOME=/opt/rustwide/cargo-home" "-e" "RUSTUP_HOME=/opt/rustwide/rustup-home" "-e" "CARGO_TARGET_DIR=/opt/rustwide/target" "-w" "/opt/rustwide/workdir" "--user" "0:0" "056c52d3e05fb1125186b5e7dae624424e79f4e31a0ebcf31dfd2b76a4fedc26" "/opt/rustwide/cargo-home/bin/cargo" "+1.99.0-beta.8" "metadata" "--no-deps" "--format-version=1", kill_on_drop: false }`
[INFO] running `Command { std: "docker" "inspect" "056c52d3e05fb1125186b5e7dae624424e79f4e31a0ebcf31dfd2b76a4fedc26", kill_on_drop: false }`
[INFO] running `Command { std: "docker" "exec" "-e" "SOURCE_DIR=/opt/rustwide/workdir" "-e" "CARGO_HOME=/opt/rustwide/cargo-home" "-e" "RUSTUP_HOME=/opt/rustwide/rustup-home" "-e" "CARGO_TARGET_DIR=/opt/rustwide/target" "-e" "CARGO_INCREMENTAL=0" "-e" "RUST_BACKTRACE=full" "-e" "RUSTFLAGS=--cap-lints=warn" "-e" "RUSTDOCFLAGS=--cap-lints=warn" "-w" "/opt/rustwide/workdir" "--user" "0:0" "056c52d3e05fb1125186b5e7dae624424e79f4e31a0ebcf31dfd2b76a4fedc26" "/opt/rustwide/cargo-home/bin/cargo" "+1.99.0-beta.8" "build" "--frozen" "--message-format=json" "--release", kill_on_drop: false }`
[INFO] [stderr]    Compiling unicode-ident v1.0.26
[INFO] [stderr]    Compiling libc v0.2.190
[INFO] [stderr]    Compiling either v1.5.3
[INFO] [stderr]    Compiling ryu v1.0.5
[INFO] [stderr]    Compiling ident_case v1.0.1
[INFO] [stderr]    Compiling thiserror v2.0.21
[INFO] [stderr]    Compiling strsim v0.11.1
[INFO] [stderr]    Compiling log v0.4.11
[INFO] [stderr]    Compiling hashbrown v0.16.1
[INFO] [stderr]    Compiling hashbrown v0.17.1
[INFO] [stderr]    Compiling cfg-if v0.1.10
[INFO] [stderr]    Compiling castaway v0.2.4
[INFO] [stderr]    Compiling signal-hook v0.3.18
[INFO] [stderr]    Compiling unicode-segmentation v1.13.3
[INFO] [stderr]    Compiling unicode-width v0.2.2
[INFO] [stderr]    Compiling critical-section v1.2.0
[INFO] [stderr]    Compiling scopeguard v1.1.0
[INFO] [stderr]    Compiling proc-macro2 v1.0.107
[INFO] [stderr]    Compiling indoc v2.0.7
[INFO] [stderr]    Compiling rustix v1.1.5
[INFO] [stderr]    Compiling smallvec v1.16.2
[INFO] [stderr]    Compiling itertools v0.14.0
[INFO] [stderr]    Compiling lock_api v0.4.14
[INFO] [stderr]    Compiling num_threads v0.1.7
[INFO] [stderr]    Compiling num-conv v0.2.2
[INFO] [stderr]    Compiling compact_str v0.9.1
[INFO] [stderr]    Compiling deranged v0.5.8
[INFO] [stderr]    Compiling litrs v1.0.0
[INFO] [stderr]    Compiling time-core v0.1.9
[INFO] [stderr]    Compiling utf8parse v0.2.2
[INFO] [stderr]    Compiling powerfmt v0.2.1
[INFO] [stderr]    Compiling anstyle-parse v1.0.0
[INFO] [stderr]    Compiling line-clipping v0.3.8
[INFO] [stderr]    Compiling is_terminal_polyfill v1.70.2
[INFO] [stderr]    Compiling colorchoice v1.0.5
[INFO] [stderr]    Compiling cfg_aliases v0.2.2
[INFO] [stderr]    Compiling convert_case v0.10.0
[INFO] [stderr]    Compiling anstyle-query v1.1.5
[INFO] [stderr]    Compiling anstream v1.0.0
[INFO] [stderr]    Compiling nix v0.31.3
[INFO] [stderr]    Compiling crossbeam-queue v0.3.14
[INFO] [stderr]    Compiling crossbeam-channel v0.5.17
[INFO] [stderr]    Compiling clap_lex v1.1.1
[INFO] [stderr]    Compiling quote v1.0.47
[INFO] [stderr]    Compiling syn v3.0.6
[INFO] [stderr]    Compiling syn v2.0.119
[INFO] [stderr]    Compiling winnow v1.0.4
[INFO] [stderr]    Compiling rayon v1.12.0
[INFO] [stderr]    Compiling serde_spanned v1.1.1
[INFO] [stderr]    Compiling lru v0.18.5
[INFO] [stderr]    Compiling clap_builder v4.6.7
[INFO] [stderr]    Compiling document-features v0.2.12
[INFO] [stderr]    Compiling toml_datetime v1.1.1+spec-1.1.0
[INFO] [stderr]    Compiling toml_writer v1.1.2+spec-1.1.0
[INFO] [stderr]    Compiling toml_parser v1.1.3+spec-1.1.0
[INFO] [stderr]    Compiling filesize v0.2.0
[INFO] [stderr]    Compiling crossbeam v0.8.5
[INFO] [stderr]    Compiling toml v1.1.6+spec-1.1.0
[INFO] [stderr]    Compiling unicode-truncate v2.0.1
[INFO] [stderr]    Compiling errno v0.3.14
[INFO] [stderr]    Compiling parking_lot_core v0.9.12
[INFO] [stderr]    Compiling mio v1.2.4
[INFO] [stderr]    Compiling time v0.3.55
[INFO] [stderr]    Compiling signal-hook-registry v1.4.8
[INFO] [stderr]    Compiling parking_lot v0.12.5
[INFO] [stderr]    Compiling signal-hook-mio v0.2.5
[INFO] [stderr]    Compiling strum_macros v0.28.0
[INFO] [stderr]    Compiling derive_more-impl v2.1.1
[INFO] [stderr]    Compiling derive_more v2.1.1
[INFO] [stderr]    Compiling crossterm v0.29.0
[INFO] [stderr]    Compiling darling_core v0.24.1
[INFO] [stderr]    Compiling strum v0.28.0
[INFO] [stderr]    Compiling jwalk v0.9.0
[INFO] [stderr]    Compiling thiserror-impl v2.0.21
[INFO] [stderr]    Compiling serde_derive v1.0.229
[INFO] [stderr]    Compiling clap_derive v4.6.7
[INFO] [stderr]    Compiling kasuari v0.4.12
[INFO] [stderr]    Compiling ratatui-core v0.1.2
[INFO] [stderr]    Compiling clap v4.6.7
[INFO] [stderr]    Compiling darling_macro v0.24.1
[INFO] [stderr]    Compiling darling v0.24.1
[INFO] [stderr]    Compiling instability v0.3.14
[INFO] [stderr]    Compiling ratatui-widgets v0.3.2
[INFO] [stderr]    Compiling ratatui-crossterm v0.1.2
[INFO] [stderr]    Compiling serde v1.0.229
[INFO] [stderr]    Compiling ratatui-macros v0.7.2
[INFO] [stderr]    Compiling ratatui v0.30.2
[INFO] [stderr]    Compiling jett v0.1.6 (/opt/rustwide/workdir)
[INFO] [stderr]     Finished `release` profile [optimized] target(s) in 53.38s
[INFO] running `Command { std: "docker" "inspect" "056c52d3e05fb1125186b5e7dae624424e79f4e31a0ebcf31dfd2b76a4fedc26", kill_on_drop: false }`
[INFO] running `Command { std: "docker" "exec" "-e" "SOURCE_DIR=/opt/rustwide/workdir" "-e" "CARGO_HOME=/opt/rustwide/cargo-home" "-e" "RUSTUP_HOME=/opt/rustwide/rustup-home" "-e" "CARGO_TARGET_DIR=/opt/rustwide/target" "-e" "CARGO_INCREMENTAL=0" "-e" "RUST_BACKTRACE=full" "-e" "RUSTFLAGS=--cap-lints=warn" "-e" "RUSTDOCFLAGS=--cap-lints=warn" "-w" "/opt/rustwide/workdir" "--user" "0:0" "056c52d3e05fb1125186b5e7dae624424e79f4e31a0ebcf31dfd2b76a4fedc26" "/opt/rustwide/cargo-home/bin/cargo" "+1.99.0-beta.8" "test" "--frozen" "--no-run" "--message-format=json" "--release", kill_on_drop: false }`
[INFO] [stderr]    Compiling rustix v1.1.5
[INFO] [stderr]    Compiling getrandom v0.4.3
[INFO] [stderr]    Compiling console v0.16.6
[INFO] [stderr]    Compiling similar v2.7.0
[INFO] [stderr]    Compiling crossterm v0.29.0
[INFO] [stderr]    Compiling tempfile v3.27.0
[INFO] [stderr]    Compiling insta v1.49.0
[INFO] [stderr]    Compiling ratatui-crossterm v0.1.2
[INFO] [stderr]    Compiling ratatui v0.30.2
[INFO] [stderr]    Compiling jett v0.1.6 (/opt/rustwide/workdir)
[INFO] [stderr]     Finished `release` profile [optimized] target(s) in 39.82s
[INFO] running `Command { std: "docker" "inspect" "056c52d3e05fb1125186b5e7dae624424e79f4e31a0ebcf31dfd2b76a4fedc26", kill_on_drop: false }`
[INFO] running `Command { std: "docker" "exec" "-e" "SOURCE_DIR=/opt/rustwide/workdir" "-e" "CARGO_HOME=/opt/rustwide/cargo-home" "-e" "RUSTUP_HOME=/opt/rustwide/rustup-home" "-e" "CARGO_TARGET_DIR=/opt/rustwide/target" "-e" "CARGO_INCREMENTAL=0" "-e" "RUST_BACKTRACE=full" "-e" "RUSTFLAGS=--cap-lints=warn" "-e" "RUSTDOCFLAGS=--cap-lints=warn" "-w" "/opt/rustwide/workdir" "--user" "0:0" "056c52d3e05fb1125186b5e7dae624424e79f4e31a0ebcf31dfd2b76a4fedc26" "/opt/rustwide/cargo-home/bin/cargo" "+1.99.0-beta.8" "test" "--frozen" "--release", kill_on_drop: false }`
[INFO] [stderr]     Finished `release` profile [optimized] target(s) in 0.18s
[INFO] [stderr]      Running unittests src/main.rs (/opt/rustwide/target/release/deps/jett-524c146163271355)
[INFO] [stdout] 
[INFO] [stdout] running 96 tests
[INFO] [stdout] test app::theme_selector_tests::resize_does_not_lose_the_preview_rollback_or_escape_path ... ok
[INFO] [stdout] test app::theme_selector_tests::q_cancels_only_with_empty_filter_and_ctrl_c_always_cancels ... ok
[INFO] [stdout] test app::theme_selector_tests::enter_persists_custom_selection_and_preserves_config ... ok
[INFO] [stdout] test app::dry_run_tests::cancelled_dry_run_deletion_does_not_account_or_list_and_confirm_off_still_works ... ok
[INFO] [stdout] test app::theme_selector_tests::failed_save_restores_runtime_and_displays_non_fatal_notice ... ok
[INFO] [stdout] test config::tests::custom_names_can_be_selected_by_flag ... ok
[INFO] [stdout] test app::theme_selector_tests::selector_preserves_navigation_and_is_not_available_while_scanning_or_deleting ... ok
[INFO] [stdout] test config::tests::every_named_ratatui_color_is_supported ... ok
[INFO] [stdout] test config::tests::no_theme_preserves_default_and_flag_overrides_config ... ok
[INFO] [stdout] test config::tests::custom_colors_overlay_the_mode_base_without_changing_other_roles ... ok
[INFO] [stdout] test config::tests::invalid_colors_include_the_scheme_and_role_even_when_unused ... ok
[INFO] [stdout] test config::tests::malformed_configs_report_the_specific_problem ... ok
[INFO] [stdout] test config::tests::modes_are_explicit_then_inferred_from_custom_names ... ok
[INFO] [stdout] test os::desktop::tests::missing_clipboard_message_lists_every_candidate ... ok
[INFO] [stdout] test config::tests::invalid_config_falls_back_with_a_notice_and_valid_flag_still_wins ... ok
[INFO] [stdout] test config::tests::unix_paths_use_xdg_then_home_even_on_macos ... ok
[INFO] [stdout] test config::tests::windows_path_uses_appdata ... ok
[INFO] [stdout] test app::theme_selector_tests::filter_arrows_preview_and_escape_restore_exact_runtime_without_writes ... ok
[INFO] [stdout] test os::desktop::tests::linux_opens_folders_with_xdg_open ... ok
[INFO] [stdout] test os::desktop::tests::linux_tries_wayland_then_x11_clipboard_tools ... ok
[INFO] [stdout] test state::dry_run::tests::nul_list_preserves_hostile_and_non_utf8_filenames_and_byte_order ... ok
[INFO] [stdout] test state::dry_run::tests::zero_deletions_have_summary_but_no_list ... ok
[INFO] [stdout] test app::composition_tests::composition_phase_is_scan_state_not_overlay_mode ... ok
[INFO] [stdout] test app::theme_selector_tests::unicode_filter_backspace_and_empty_results_are_safe ... ok
[INFO] [stdout] test app::theme_selector_tests::read_only_directory_save_fails_without_changing_config ... FAILED
[INFO] [stdout] test app::dry_run_tests::metadata_failure_still_errors_without_accounting_or_listing_in_dry_run ... ok
[INFO] [stdout] test app::dry_run_tests::deletion_reselects_largest_remaining_folder_so_yank_and_open_stay_live ... ok
[INFO] [stdout] test app::dry_run_tests::dry_run_and_real_deletion_have_identical_tree_board_and_freed_accounting ... ok
[INFO] [stdout] test state::dry_run::tests::list_is_sorted_deduplicated_absolute_and_counts_folders_once ... ok
[INFO] [stderr] xdg-open: file '/tmp/jett_tests/dry_run/1953-2' does not exist
[INFO] [stdout] test app::theme_selector_tests::selector_screens ... FAILED
[INFO] [stdout] test tests::cases::ui::empty_folder ... FAILED
[INFO] [stdout] test tests::cases::ui::delete_file_press_n ... FAILED
[INFO] [stdout] test tests::cases::ui::cant_delete_file_with_term_too_small ... ok
[INFO] [stdout] test tests::cases::ui::clear_selection_when_moving_off_screen_edges ... FAILED
[INFO] [stdout] test tests::cases::ui::enter_folder ... FAILED
[INFO] [stdout] test tests::cases::ui::delete_file_no_confirmation ... FAILED
[INFO] [stdout] test tests::cases::ui::delete_folder_no_confirmation ... FAILED
[INFO] [stdout] test tests::cases::ui::delete_file ... FAILED
[INFO] [stdout] test tests::cases::ui::delete_folder_with_multiple_children_no_confirmation ... FAILED
[INFO] [stdout] test tests::cases::ui::delete_folder ... FAILED
[INFO] [stdout] test tests::cases::ui::files_with_size_zero ... FAILED
[INFO] [stdout] test tests::cases::ui::delete_folder_small_window_no_confirmation ... FAILED
[INFO] [stdout] test tests::cases::ui::enter_folder_medium_width ... FAILED
[INFO] [stdout] test tests::cases::ui::enter_folder_small_width ... FAILED
[INFO] [stdout] test tests::cases::ui::delete_folder_with_multiple_children ... FAILED
[INFO] [stdout] test tests::cases::ui::delete_folder_small_window ... FAILED
[INFO] [stdout] test tests::cases::ui::enter_largest_folder_with_no_selected_tile ... FAILED
[INFO] [stdout] test tests::cases::ui::medium_width ... FAILED
[INFO] [stdout] test tests::cases::ui::esc_to_go_up ... FAILED
[INFO] [stdout] test tests::cases::ui::one_file_system_still_scans_same_device_content ... FAILED
[INFO] [stdout] test tests::cases::ui::permission_denied_when_deleting_no_confirmation ... FAILED
[INFO] [stdout] test tests::cases::ui::pressing_delete_with_no_selected_tile ... FAILED
[INFO] [stdout] test tests::cases::ui::permission_denied_when_deleting ... FAILED
[INFO] [stdout] test tests::cases::ui::too_small_height ... ok
[INFO] [stdout] test tests::cases::ui::move_right_and_enter_folder ... FAILED
[INFO] [stdout] test tests::cases::ui::move_left_and_enter_folder ... FAILED
[INFO] [stdout] test tests::cases::ui::move_down_and_enter_folder ... FAILED
[INFO] [stdout] test tests::cases::ui::eleven_files ... FAILED
[INFO] [stdout] test tests::cases::ui::move_up_and_enter_folder ... FAILED
[INFO] [stdout] test tests::cases::ui::too_small_width_five ... ok
[INFO] [stdout] test tests::cases::ui::too_small_width_four ... ok
[INFO] [stdout] test ui::display::theme_tests::config_notice_is_non_modal_and_visible_during_scanning_and_navigation ... ok
[INFO] [stdout] test ui::display::theme_tests::configured_and_flag_selected_palettes_reach_the_rendered_ui ... ok
[INFO] [stdout] test ui::display::theme_tests::default_tile_styles_are_exact_legacy_patches ... ok
[INFO] [stdout] test tests::cases::ui::too_small_width_three ... ok
[INFO] [stdout] test ui::format::truncate::tests::truncate_middle_char_boundary ... ok
[INFO] [stdout] test ui::grid::composition::tests::all_phase_and_empty_zero_state_rows ... ok
[INFO] [stdout] test ui::grid::composition::tests::composition_selection_and_track_styles_use_existing_theme_surfaces ... ok
[INFO] [stdout] test ui::grid::composition::tests::deletion_refresh_rebuilds_rankings_and_leaves_no_stale_chart_cells ... ok
[INFO] [stdout] test ui::grid::composition::tests::deterministic_metadata_zoom_and_remainder_conservation ... ok
[INFO] [stdout] test ui::grid::composition::tests::display_cell_names_folder_suffix_counts_and_content_cap ... ok
[INFO] [stdout] test ui::grid::composition::tests::exact_interior_thresholds_and_identity_geometry ... ok
[INFO] [stdout] test ui::grid::composition::tests::file_and_below_threshold_tiles_ignore_composition_phase ... ok
[INFO] [stdout] test ui::grid::composition::tests::no_phantom_rows_and_a_many_small_items_profile ... ok
[INFO] [stdout] test ui::grid::composition::tests::same_count_and_largest_share_have_distinct_tail_shapes ... ok
[INFO] [stdout] test ui::grid::composition::tests::sub_cell_positive_shares_zero_bytes_and_nearly_total_shares ... ok
[INFO] [stdout] test ui::theme::tests::all_documented_schemes_resolve_with_explicit_modes ... ok
[INFO] [stdout] test ui::theme::tests::explicit_text_on_fill_pairs_meet_design_contrast_target ... ok
[INFO] [stdout] test tests::cases::ui::noop_when_entering_file ... FAILED
[INFO] [stdout] test ui::theme::tests::help_lists_theme_choices ... ok
[INFO] [stdout] test ui::theme::tests::unknown_names_are_rejected_without_fallback ... ok
[INFO] [stdout] test ui::theme::tests::helpers_preserve_styles_without_behavior_modifiers ... ok
[INFO] [stdout] test tests::cases::ui::too_small_width_two ... ok
[INFO] [stdout] test tests::cases::ui::too_small_width_one ... ok
[INFO] [stdout] test tests::cases::ui::noop_when_pressing_esc_at_base_folder ... FAILED
[INFO] [stdout] test tests::cases::ui::small_width ... FAILED
[INFO] [stdout] test ui::display::dry_run_tests::mode_chip_and_counter_match_all_flag_combinations_in_every_ui_mode ... ok
[INFO] [stdout] test ui::display::theme_tests::every_scheme_reaches_all_display_modes ... ok
[INFO] [stdout] test tests::cases::ui::small_width_long_folder_name ... FAILED
[INFO] [stdout] test tests::cases::ui::two_large_files_one_small_file ... FAILED
[INFO] [stdout] test tests::cases::ui::minimum_tile_sides ... FAILED
[INFO] [stdout] test tests::cases::ui::small_files_with_y_as_zero ... FAILED
[INFO] [stdout] test tests::cases::ui::cannot_move_into_small_files ... FAILED
[INFO] [stdout] test tests::cases::ui::small_files ... FAILED
[INFO] [stdout] test tests::cases::ui::small_files_with_x_as_zero ... FAILED
[INFO] [stdout] test tests::cases::ui::zoom_into_small_files ... FAILED
[INFO] [stdout] 
[INFO] [stdout] failures:
[INFO] [stdout] 
[INFO] [stdout] ---- app::theme_selector_tests::read_only_directory_save_fails_without_changing_config stdout ----
[INFO] [stdout] 
[INFO] [stdout] thread 'app::theme_selector_tests::read_only_directory_save_fails_without_changing_config' (1963) panicked at src/app/theme_selector_tests.rs:177:5:
[INFO] [stdout] assertion failed: screen(&mut app).contains("Theme not saved:")
[INFO] [stdout] stack backtrace:
[INFO] [stdout]    0:     0x5970f71bbd81 - <<std[70759c8f55707aa4]::sys::backtrace::BacktraceLock>::print::DisplayBacktrace as core[df12db4294e9bfd3]::fmt::Display>::fmt
[INFO] [stdout]    1:     0x5970f71d40fa - core[df12db4294e9bfd3]::fmt::write
[INFO] [stdout]    2:     0x5970f71c0cdc - <alloc[2182bb758b4b3781]::vec::Vec<u8> as core[df12db4294e9bfd3]::io::write::Write>::write_fmt
[INFO] [stdout]    3:     0x5970f7193cd6 - std[70759c8f55707aa4]::panicking::default_hook::{closure#0}
[INFO] [stdout]    4:     0x5970f71b26f9 - std[70759c8f55707aa4]::panicking::default_hook
[INFO] [stdout]    5:     0x5970f7056d10 - test[9d35eded1c95d3be]::test_main_inner::<test[9d35eded1c95d3be]::test_main_static::{closure#0}>::{closure#0}
[INFO] [stdout]    6:     0x5970f71b2a22 - std[70759c8f55707aa4]::panicking::panic_with_hook
[INFO] [stdout]    7:     0x5970f7193db4 - std[70759c8f55707aa4]::panicking::panic_handler::{closure#0}
[INFO] [stdout]    8:     0x5970f718c039 - std[70759c8f55707aa4]::sys::backtrace::__rust_end_short_backtrace::<std[70759c8f55707aa4]::panicking::panic_handler::{closure#0}, !>
[INFO] [stdout]    9:     0x5970f7194cdd - __rustc[8fa7c3cbc660c2b3]::rust_begin_unwind
[INFO] [stdout]   10:     0x5970f71d489c - core[df12db4294e9bfd3]::panicking::panic_fmt
[INFO] [stdout]   11:     0x5970f71d4862 - core[df12db4294e9bfd3]::panicking::panic
[INFO] [stdout]   12:     0x5970f7015279 - jett[b5a7a08171fafb73]::app::theme_selector_tests::read_only_directory_save_fails_without_changing_config
[INFO] [stdout]   13:     0x5970f6fa26c9 - <jett[b5a7a08171fafb73]::app::theme_selector_tests::read_only_directory_save_fails_without_changing_config::{closure#0} as core[df12db4294e9bfd3]::ops::function::FnOnce<()>>::call_once
[INFO] [stdout]   14:     0x5970f7049ffb - test[9d35eded1c95d3be]::__rust_begin_short_backtrace::<core[df12db4294e9bfd3]::result::Result<(), alloc[2182bb758b4b3781]::string::String>, fn() -> core[df12db4294e9bfd3]::result::Result<(), alloc[2182bb758b4b3781]::string::String>>
[INFO] [stdout]   15:     0x5970f7057665 - test[9d35eded1c95d3be]::run_test::{closure#0}
[INFO] [stdout]   16:     0x5970f7050f24 - std[70759c8f55707aa4]::sys::backtrace::__rust_begin_short_backtrace::<test[9d35eded1c95d3be]::run_test::{closure#1}, ()>
[INFO] [stdout]   17:     0x5970f705a7c2 - <std[70759c8f55707aa4]::thread::lifecycle::spawn_unchecked<test[9d35eded1c95d3be]::run_test::{closure#1}, ()>::{closure#1} as core[df12db4294e9bfd3]::ops::function::FnOnce<()>>::call_once::{shim:vtable#0}
[INFO] [stdout]   18:     0x5970f71bad99 - <std[70759c8f55707aa4]::sys::thread::unix::Thread>::new::thread_start
[INFO] [stdout]   19:     0x7ea80ecf5dfa - <unknown>
[INFO] [stdout]   20:     0x7ea80ed893d4 - clone
[INFO] [stdout]   21:                0x0 - <unknown>
[INFO] [stdout] 
[INFO] [stdout] ---- app::theme_selector_tests::selector_screens stdout ----
[INFO] [stdout] ━━━━━━━━━━━━━━━━━━━━━━━━━━━━━━━ Snapshot Summary ━━━━━━━━━━━━━━━━━━━━━━━━━━━━━━━
[INFO] [stdout] Snapshot file: src/app/snapshots/jett__app__theme_selector_tests__selector_open.snap
[INFO] [stdout] Snapshot: selector_open
[INFO] [stdout] Source: src/app/theme_selector_tests.rs:303
[INFO] [stdout] ────────────────────────────────────────────────────────────────────────────────
[INFO] [stdout] Expression: screen(&mut app)
[INFO] [stdout] ────────────────────────────────────────────────────────────────────────────────
[INFO] [stdout] -old snapshot
[INFO] [stdout] +new results
[INFO] [stdout] ────────────┬───────────────────────────────────────────────────────────────────
[INFO] [stdout]     1       │- Total: 12.0K (3 files), freed: 0 | /synthetic                                                      
[INFO] [stdout]           1 │+ Total: 12.0K (3 files), freed: 0 (CAUTION: running as root) | /synthetic                           
[INFO] [stdout]     2     2 │  Themes (live preview)                      ──────────────────────┬────────────────────────────────┐
[INFO] [stdout]     3     3 │                                                                   │                                │
[INFO] [stdout]     4     4 │  > default                                                        │                                │
[INFO] [stdout]     5     5 │    dark                                                           │                                │
[INFO] [stdout] ────────────┴───────────────────────────────────────────────────────────────────
[INFO] [stdout] 
[INFO] [stdout] thread 'app::theme_selector_tests::selector_screens' (1966) panicked at src/app/theme_selector_tests.rs:303:5:
[INFO] [stdout] called `Result::unwrap()` on an `Err` value: FileIo(Os { code: 30, kind: ReadOnlyFilesystem, message: "Read-only file system" }, "/opt/rustwide/workdir/src/app/snapshots/jett__app__theme_selector_tests__selector_open.snap.new")
[INFO] [stdout] stack backtrace:
[INFO] [stdout]    0:     0x5970f71bbd81 - <<std[70759c8f55707aa4]::sys::backtrace::BacktraceLock>::print::DisplayBacktrace as core[df12db4294e9bfd3]::fmt::Display>::fmt
[INFO] [stdout]    1:     0x5970f71d40fa - core[df12db4294e9bfd3]::fmt::write
[INFO] [stdout]    2:     0x5970f71c0cdc - <alloc[2182bb758b4b3781]::vec::Vec<u8> as core[df12db4294e9bfd3]::io::write::Write>::write_fmt
[INFO] [stdout]    3:     0x5970f7193cd6 - std[70759c8f55707aa4]::panicking::default_hook::{closure#0}
[INFO] [stdout]    4:     0x5970f71b26f9 - std[70759c8f55707aa4]::panicking::default_hook
[INFO] [stdout]    5:     0x5970f7056d10 - test[9d35eded1c95d3be]::test_main_inner::<test[9d35eded1c95d3be]::test_main_static::{closure#0}>::{closure#0}
[INFO] [stdout]    6:     0x5970f71b2a22 - std[70759c8f55707aa4]::panicking::panic_with_hook
[INFO] [stdout]    7:     0x5970f7193d82 - std[70759c8f55707aa4]::panicking::panic_handler::{closure#0}
[INFO] [stdout]    8:     0x5970f718c039 - std[70759c8f55707aa4]::sys::backtrace::__rust_end_short_backtrace::<std[70759c8f55707aa4]::panicking::panic_handler::{closure#0}, !>
[INFO] [stdout]    9:     0x5970f7194cdd - __rustc[8fa7c3cbc660c2b3]::rust_begin_unwind
[INFO] [stdout]   10:     0x5970f71d489c - core[df12db4294e9bfd3]::panicking::panic_fmt
[INFO] [stdout]   11:     0x5970f71d4672 - core[df12db4294e9bfd3]::result::unwrap_failed
[INFO] [stdout]   12:     0x5970f7012c83 - jett[b5a7a08171fafb73]::app::theme_selector_tests::selector_screens
[INFO] [stdout]   13:     0x5970f6fa2669 - <jett[b5a7a08171fafb73]::app::theme_selector_tests::selector_screens::{closure#0} as core[df12db4294e9bfd3]::ops::function::FnOnce<()>>::call_once
[INFO] [stdout]   14:     0x5970f7049ffb - test[9d35eded1c95d3be]::__rust_begin_short_backtrace::<core[df12db4294e9bfd3]::result::Result<(), alloc[2182bb758b4b3781]::string::String>, fn() -> core[df12db4294e9bfd3]::result::Result<(), alloc[2182bb758b4b3781]::string::String>>
[INFO] [stdout]   15:     0x5970f7057665 - test[9d35eded1c95d3be]::run_test::{closure#0}
[INFO] [stdout]   16:     0x5970f7050f24 - std[70759c8f55707aa4]::sys::backtrace::__rust_begin_short_backtrace::<test[9d35eded1c95d3be]::run_test::{closure#1}, ()>
[INFO] [stdout]   17:     0x5970f705a7c2 - <std[70759c8f55707aa4]::thread::lifecycle::spawn_unchecked<test[9d35eded1c95d3be]::run_test::{closure#1}, ()>::{closure#1} as core[df12db4294e9bfd3]::ops::function::FnOnce<()>>::call_once::{shim:vtable#0}
[INFO] [stdout]   18:     0x5970f71bad99 - <std[70759c8f55707aa4]::sys::thread::unix::Thread>::new::thread_start
[INFO] [stdout]   19:     0x7ea80ecf5dfa - <unknown>
[INFO] [stdout]   20:     0x7ea80ed893d4 - clone
[INFO] [stdout]   21:                0x0 - <unknown>
[INFO] [stdout] 
[INFO] [stdout] ---- tests::cases::ui::empty_folder stdout ----
[INFO] [stdout] ━━━━━━━━━━━━━━━━━━━━━━━━━━━━━━━ Snapshot Summary ━━━━━━━━━━━━━━━━━━━━━━━━━━━━━━━
[INFO] [stdout] Snapshot file: src/tests/cases/snapshots/jett__tests__cases__ui__empty_folder.snap
[INFO] [stdout] Snapshot: empty_folder
[INFO] [stdout] Source: src/tests/cases/ui.rs:2711
[INFO] [stdout] ────────────────────────────────────────────────────────────────────────────────
[INFO] [stdout] Expression: &terminal_draw_events_mirror[0]
[INFO] [stdout] ────────────────────────────────────────────────────────────────────────────────
[INFO] [stdout] -old snapshot
[INFO] [stdout] +new results
[INFO] [stdout] ────────────┬───────────────────────────────────────────────────────────────────
[INFO] [stdout]     1       │- Total: 0 (0 files), freed: 0 | /tmp/jett_tests/empty_folder                                                                                                                                  
[INFO] [stdout]           1 │+ Total: 0 (0 files), freed: 0 (CAUTION: running as root) | /tmp/jett_tests/empty_folder                                                                                                       
[INFO] [stdout]     2     2 │ ┌────────────────────────────────────────────────────────────────────────────────────────────────────────────────────────────────────────────────────────────────────────────────────────────┐
[INFO] [stdout]     3     3 │ │████████████████████████████████████████████████████████████████████████████████████████████████████████████████████████████████████████████████████████████████████████████████████████████│
[INFO] [stdout]     4     4 │ │████████████████████████████████████████████████████████████████████████████████████████████████████████████████████████████████████████████████████████████████████████████████████████████│
[INFO] [stdout]     5     5 │ │████████████████████████████████████████████████████████████████████████████████████████████████████████████████████████████████████████████████████████████████████████████████████████████│
[INFO] [stdout] ────────────┴───────────────────────────────────────────────────────────────────
[INFO] [stdout] 
[INFO] [stdout] thread 'tests::cases::ui::empty_folder' (2024) panicked at src/tests/cases/ui.rs:2711:5:
[INFO] [stdout] called `Result::unwrap()` on an `Err` value: FileIo(Os { code: 30, kind: ReadOnlyFilesystem, message: "Read-only file system" }, "/opt/rustwide/workdir/src/tests/cases/snapshots/jett__tests__cases__ui__empty_folder.snap.new")
[INFO] [stdout] stack backtrace:
[INFO] [stdout]    0:     0x5970f71bbd81 - <<std[70759c8f55707aa4]::sys::backtrace::BacktraceLock>::print::DisplayBacktrace as core[df12db4294e9bfd3]::fmt::Display>::fmt
[INFO] [stdout]    1:     0x5970f71d40fa - core[df12db4294e9bfd3]::fmt::write
[INFO] [stdout]    2:     0x5970f71c0cdc - <alloc[2182bb758b4b3781]::vec::Vec<u8> as core[df12db4294e9bfd3]::io::write::Write>::write_fmt
[INFO] [stdout]    3:     0x5970f7193cd6 - std[70759c8f55707aa4]::panicking::default_hook::{closure#0}
[INFO] [stdout]    4:     0x5970f71b26f9 - std[70759c8f55707aa4]::panicking::default_hook
[INFO] [stdout]    5:     0x5970f7056d10 - test[9d35eded1c95d3be]::test_main_inner::<test[9d35eded1c95d3be]::test_main_static::{closure#0}>::{closure#0}
[INFO] [stdout]    6:     0x5970f71b2a22 - std[70759c8f55707aa4]::panicking::panic_with_hook
[INFO] [stdout]    7:     0x5970f7193d82 - std[70759c8f55707aa4]::panicking::panic_handler::{closure#0}
[INFO] [stdout]    8:     0x5970f718c039 - std[70759c8f55707aa4]::sys::backtrace::__rust_end_short_backtrace::<std[70759c8f55707aa4]::panicking::panic_handler::{closure#0}, !>
[INFO] [stdout]    9:     0x5970f7194cdd - __rustc[8fa7c3cbc660c2b3]::rust_begin_unwind
[INFO] [stdout]   10:     0x5970f71d489c - core[df12db4294e9bfd3]::panicking::panic_fmt
[INFO] [stdout]   11:     0x5970f71d4672 - core[df12db4294e9bfd3]::result::unwrap_failed
[INFO] [stdout]   12:     0x5970f6f478db - jett[b5a7a08171fafb73]::tests::cases::ui::empty_folder
[INFO] [stdout]   13:     0x5970f6fa2b39 - <jett[b5a7a08171fafb73]::tests::cases::ui::empty_folder::{closure#0} as core[df12db4294e9bfd3]::ops::function::FnOnce<()>>::call_once
[INFO] [stdout]   14:     0x5970f7049ffb - test[9d35eded1c95d3be]::__rust_begin_short_backtrace::<core[df12db4294e9bfd3]::result::Result<(), alloc[2182bb758b4b3781]::string::String>, fn() -> core[df12db4294e9bfd3]::result::Result<(), alloc[2182bb758b4b3781]::string::String>>
[INFO] [stdout]   15:     0x5970f7057665 - test[9d35eded1c95d3be]::run_test::{closure#0}
[INFO] [stdout]   16:     0x5970f7050f24 - std[70759c8f55707aa4]::sys::backtrace::__rust_begin_short_backtrace::<test[9d35eded1c95d3be]::run_test::{closure#1}, ()>
[INFO] [stdout]   17:     0x5970f705a7c2 - <std[70759c8f55707aa4]::thread::lifecycle::spawn_unchecked<test[9d35eded1c95d3be]::run_test::{closure#1}, ()>::{closure#1} as core[df12db4294e9bfd3]::ops::function::FnOnce<()>>::call_once::{shim:vtable#0}
[INFO] [stdout]   18:     0x5970f71bad99 - <std[70759c8f55707aa4]::sys::thread::unix::Thread>::new::thread_start
[INFO] [stdout]   19:     0x7ea80ecf5dfa - <unknown>
[INFO] [stdout]   20:     0x7ea80ed893d4 - clone
[INFO] [stdout]   21:                0x0 - <unknown>
[INFO] [stdout] 
[INFO] [stdout] ---- tests::cases::ui::delete_file_press_n stdout ----
[INFO] [stdout] ━━━━━━━━━━━━━━━━━━━━━━━━━━━━━━━ Snapshot Summary ━━━━━━━━━━━━━━━━━━━━━━━━━━━━━━━
[INFO] [stdout] Snapshot file: src/tests/cases/snapshots/jett__tests__cases__ui__delete_file_press_n.snap
[INFO] [stdout] Snapshot: delete_file_press_n
[INFO] [stdout] Source: src/tests/cases/ui.rs:2639
[INFO] [stdout] ────────────────────────────────────────────────────────────────────────────────
[INFO] [stdout] Expression: &terminal_draw_events_mirror[0]
[INFO] [stdout] ────────────────────────────────────────────────────────────────────────────────
[INFO] [stdout] -old snapshot
[INFO] [stdout] +new results
[INFO] [stdout] ────────────┬───────────────────────────────────────────────────────────────────
[INFO] [stdout]     1       │- Total: 12.0K (4 files), freed: 0 | /tmp/jett_tests/delete_file_press_n                                                                                                                       
[INFO] [stdout]           1 │+ Total: 12.0K (4 files), freed: 0 (CAUTION: running as root) | /tmp/jett_tests/delete_file_press_n                                                                                            
[INFO] [stdout]     2     2 │ ┌─────────────────────────────────────────────────────────────────────────────────────────────────────────────────────────────┬──────────────────────────────────────────────────────────────┐
[INFO] [stdout]     3     3 │ │                                                                                                                             │                                                              │
[INFO] [stdout]     4     4 │ │                                                                                                                             │                                                              │
[INFO] [stdout]     5     5 │ │                                                                                                                             │                                                              │
[INFO] [stdout] ────────────┴───────────────────────────────────────────────────────────────────
[INFO] [stdout] 
[INFO] [stdout] thread 'tests::cases::ui::delete_file_press_n' (1993) panicked at src/tests/cases/ui.rs:2639:5:
[INFO] [stdout] called `Result::unwrap()` on an `Err` value: FileIo(Os { code: 30, kind: ReadOnlyFilesystem, message: "Read-only file system" }, "/opt/rustwide/workdir/src/tests/cases/snapshots/jett__tests__cases__ui__delete_file_press_n.snap.new")
[INFO] [stdout] stack backtrace:
[INFO] [stdout]    0:     0x5970f71bbd81 - <<std[70759c8f55707aa4]::sys::backtrace::BacktraceLock>::print::DisplayBacktrace as core[df12db4294e9bfd3]::fmt::Display>::fmt
[INFO] [stdout]    1:     0x5970f71d40fa - core[df12db4294e9bfd3]::fmt::write
[INFO] [stdout]    2:     0x5970f71c0cdc - <alloc[2182bb758b4b3781]::vec::Vec<u8> as core[df12db4294e9bfd3]::io::write::Write>::write_fmt
[INFO] [stdout]    3:     0x5970f7193cd6 - std[70759c8f55707aa4]::panicking::default_hook::{closure#0}
[INFO] [stdout]    4:     0x5970f71b26f9 - std[70759c8f55707aa4]::panicking::default_hook
[INFO] [stdout]    5:     0x5970f7056d10 - test[9d35eded1c95d3be]::test_main_inner::<test[9d35eded1c95d3be]::test_main_static::{closure#0}>::{closure#0}
[INFO] [stdout]    6:     0x5970f71b2a22 - std[70759c8f55707aa4]::panicking::panic_with_hook
[INFO] [stdout]    7:     0x5970f7193d82 - std[70759c8f55707aa4]::panicking::panic_handler::{closure#0}
[INFO] [stdout]    8:     0x5970f718c039 - std[70759c8f55707aa4]::sys::backtrace::__rust_end_short_backtrace::<std[70759c8f55707aa4]::panicking::panic_handler::{closure#0}, !>
[INFO] [stdout]    9:     0x5970f7194cdd - __rustc[8fa7c3cbc660c2b3]::rust_begin_unwind
[INFO] [stdout]   10:     0x5970f71d489c - core[df12db4294e9bfd3]::panicking::panic_fmt
[INFO] [stdout]   11:     0x5970f71d4672 - core[df12db4294e9bfd3]::result::unwrap_failed
[INFO] [stdout]   12:     0x5970f6f50ea6 - jett[b5a7a08171fafb73]::tests::cases::ui::delete_file_press_n
[INFO] [stdout]   13:     0x5970f6fa2c19 - <jett[b5a7a08171fafb73]::tests::cases::ui::delete_file_press_n::{closure#0} as core[df12db4294e9bfd3]::ops::function::FnOnce<()>>::call_once
[INFO] [stdout]   14:     0x5970f7049ffb - test[9d35eded1c95d3be]::__rust_begin_short_backtrace::<core[df12db4294e9bfd3]::result::Result<(), alloc[2182bb758b4b3781]::string::String>, fn() -> core[df12db4294e9bfd3]::result::Result<(), alloc[2182bb758b4b3781]::string::String>>
[INFO] [stdout]   15:     0x5970f7057665 - test[9d35eded1c95d3be]::run_test::{closure#0}
[INFO] [stdout]   16:     0x5970f7050f24 - std[70759c8f55707aa4]::sys::backtrace::__rust_begin_short_backtrace::<test[9d35eded1c95d3be]::run_test::{closure#1}, ()>
[INFO] [stdout]   17:     0x5970f705a7c2 - <std[70759c8f55707aa4]::thread::lifecycle::spawn_unchecked<test[9d35eded1c95d3be]::run_test::{closure#1}, ()>::{closure#1} as core[df12db4294e9bfd3]::ops::function::FnOnce<()>>::call_once::{shim:vtable#0}
[INFO] [stdout]   18:     0x5970f71bad99 - <std[70759c8f55707aa4]::sys::thread::unix::Thread>::new::thread_start
[INFO] [stdout]   19:     0x7ea80ecf5dfa - <unknown>
[INFO] [stdout]   20:     0x7ea80ed893d4 - clone
[INFO] [stdout]   21:                0x0 - <unknown>
[INFO] [stdout] 
[INFO] [stdout] ---- tests::cases::ui::clear_selection_when_moving_off_screen_edges stdout ----
[INFO] [stdout] ━━━━━━━━━━━━━━━━━━━━━━━━━━━━━━━ Snapshot Summary ━━━━━━━━━━━━━━━━━━━━━━━━━━━━━━━
[INFO] [stdout] Snapshot file: src/tests/cases/snapshots/jett__tests__cases__ui__clear_selection_when_moving_off_screen_edges.snap
[INFO] [stdout] Snapshot: clear_selection_when_moving_off_screen_edges
[INFO] [stdout] Source: src/tests/cases/ui.rs:1445
[INFO] [stdout] ────────────────────────────────────────────────────────────────────────────────
[INFO] [stdout] Expression: &terminal_draw_events_mirror[0]
[INFO] [stdout] ────────────────────────────────────────────────────────────────────────────────
[INFO] [stdout] -old snapshot
[INFO] [stdout] +new results
[INFO] [stdout] ────────────┬───────────────────────────────────────────────────────────────────
[INFO] [stdout]     1       │- Total: 12.0K (3 files), freed: 0 | /tmp/jett_tests/noop_when_moving_off_screen_edges                                                                                                         
[INFO] [stdout]           1 │+ Total: 12.0K (3 files), freed: 0 (CAUTION: running as root) | /tmp/jett_tests/noop_when_moving_off_screen_edges                                                                              
[INFO] [stdout]     2     2 │ ┌─────────────────────────────────────────────────────────────────────────────────────────────────────────────────────────────┬──────────────────────────────────────────────────────────────┐
[INFO] [stdout]     3     3 │ │                                                                                                                             │                                                              │
[INFO] [stdout]     4     4 │ │                                                                                                                             │                                                              │
[INFO] [stdout]     5     5 │ │                                                                                                                             │                                                              │
[INFO] [stdout] ────────────┴───────────────────────────────────────────────────────────────────
[INFO] [stdout] 
[INFO] [stdout] thread 'tests::cases::ui::clear_selection_when_moving_off_screen_edges' (1990) panicked at src/tests/cases/ui.rs:1445:5:
[INFO] [stdout] called `Result::unwrap()` on an `Err` value: FileIo(Os { code: 30, kind: ReadOnlyFilesystem, message: "Read-only file system" }, "/opt/rustwide/workdir/src/tests/cases/snapshots/jett__tests__cases__ui__clear_selection_when_moving_off_screen_edges.snap.new")
[INFO] [stdout] stack backtrace:
[INFO] [stdout]    0:     0x5970f71bbd81 - <<std[70759c8f55707aa4]::sys::backtrace::BacktraceLock>::print::DisplayBacktrace as core[df12db4294e9bfd3]::fmt::Display>::fmt
[INFO] [stdout]    1:     0x5970f71d40fa - core[df12db4294e9bfd3]::fmt::write
[INFO] [stdout]    2:     0x5970f71c0cdc - <alloc[2182bb758b4b3781]::vec::Vec<u8> as core[df12db4294e9bfd3]::io::write::Write>::write_fmt
[INFO] [stdout]    3:     0x5970f7193cd6 - std[70759c8f55707aa4]::panicking::default_hook::{closure#0}
[INFO] [stdout]    4:     0x5970f71b26f9 - std[70759c8f55707aa4]::panicking::default_hook
[INFO] [stdout]    5:     0x5970f7056d10 - test[9d35eded1c95d3be]::test_main_inner::<test[9d35eded1c95d3be]::test_main_static::{closure#0}>::{closure#0}
[INFO] [stdout]    6:     0x5970f71b2a22 - std[70759c8f55707aa4]::panicking::panic_with_hook
[INFO] [stdout]    7:     0x5970f7193d82 - std[70759c8f55707aa4]::panicking::panic_handler::{closure#0}
[INFO] [stdout]    8:     0x5970f718c039 - std[70759c8f55707aa4]::sys::backtrace::__rust_end_short_backtrace::<std[70759c8f55707aa4]::panicking::panic_handler::{closure#0}, !>
[INFO] [stdout]    9:     0x5970f7194cdd - __rustc[8fa7c3cbc660c2b3]::rust_begin_unwind
[INFO] [stdout]   10:     0x5970f71d489c - core[df12db4294e9bfd3]::panicking::panic_fmt
[INFO] [stdout]   11:     0x5970f71d4672 - core[df12db4294e9bfd3]::result::unwrap_failed
[INFO] [stdout]   12:     0x5970f6f7b1fc - jett[b5a7a08171fafb73]::tests::cases::ui::clear_selection_when_moving_off_screen_edges
[INFO] [stdout]   13:     0x5970f6fa2fd9 - <jett[b5a7a08171fafb73]::tests::cases::ui::clear_selection_when_moving_off_screen_edges::{closure#0} as core[df12db4294e9bfd3]::ops::function::FnOnce<()>>::call_once
[INFO] [stdout]   14:     0x5970f7049ffb - test[9d35eded1c95d3be]::__rust_begin_short_backtrace::<core[df12db4294e9bfd3]::result::Result<(), alloc[2182bb758b4b3781]::string::String>, fn() -> core[df12db4294e9bfd3]::result::Result<(), alloc[2182bb758b4b3781]::string::String>>
[INFO] [stdout]   15:     0x5970f7057665 - test[9d35eded1c95d3be]::run_test::{closure#0}
[INFO] [stdout]   16:     0x5970f7050f24 - std[70759c8f55707aa4]::sys::backtrace::__rust_begin_short_backtrace::<test[9d35eded1c95d3be]::run_test::{closure#1}, ()>
[INFO] [stdout]   17:     0x5970f705a7c2 - <std[70759c8f55707aa4]::thread::lifecycle::spawn_unchecked<test[9d35eded1c95d3be]::run_test::{closure#1}, ()>::{closure#1} as core[df12db4294e9bfd3]::ops::function::FnOnce<()>>::call_once::{shim:vtable#0}
[INFO] [stdout]   18:     0x5970f71bad99 - <std[70759c8f55707aa4]::sys::thread::unix::Thread>::new::thread_start
[INFO] [stdout]   19:     0x7ea80ecf5dfa - <unknown>
[INFO] [stdout]   20:     0x7ea80ed893d4 - clone
[INFO] [stdout]   21:                0x0 - <unknown>
[INFO] [stdout] 
[INFO] [stdout] ---- tests::cases::ui::enter_folder stdout ----
[INFO] [stdout] ━━━━━━━━━━━━━━━━━━━━━━━━━━━━━━━ Snapshot Summary ━━━━━━━━━━━━━━━━━━━━━━━━━━━━━━━
[INFO] [stdout] Snapshot file: src/tests/cases/snapshots/jett__tests__cases__ui__enter_folder.snap
[INFO] [stdout] Snapshot: enter_folder
[INFO] [stdout] Source: src/tests/cases/ui.rs:546
[INFO] [stdout] ────────────────────────────────────────────────────────────────────────────────
[INFO] [stdout] Expression: &terminal_draw_events_mirror[0]
[INFO] [stdout] ────────────────────────────────────────────────────────────────────────────────
[INFO] [stdout] -old snapshot
[INFO] [stdout] +new results
[INFO] [stdout] ────────────┬───────────────────────────────────────────────────────────────────
[INFO] [stdout]     1       │- Total: 16.0K (4 files), freed: 0 | /tmp/jett_tests/enter_folder                                                                                                                              
[INFO] [stdout]           1 │+ Total: 16.0K (4 files), freed: 0 (CAUTION: running as root) | /tmp/jett_tests/enter_folder                                                                                                   
[INFO] [stdout]     2     2 │ ┌─────────────────────────────────────────────────────────────────────────────────────────────────────────────────────────────────────────────┬──────────────────────────────────────────────┐
[INFO] [stdout]     3     3 │ │                                                                                                                                             │                                              │
[INFO] [stdout]     4     4 │ │                                                                                                                                             │                                              │
[INFO] [stdout]     5     5 │ │                                                                                                                                             │                                              │
[INFO] [stdout] ────────────┴───────────────────────────────────────────────────────────────────
[INFO] [stdout] 
[INFO] [stdout] thread 'tests::cases::ui::enter_folder' (2048) panicked at src/tests/cases/ui.rs:546:5:
[INFO] [stdout] called `Result::unwrap()` on an `Err` value: FileIo(Os { code: 30, kind: ReadOnlyFilesystem, message: "Read-only file system" }, "/opt/rustwide/workdir/src/tests/cases/snapshots/jett__tests__cases__ui__enter_folder.snap.new")
[INFO] [stdout] stack backtrace:
[INFO] [stdout]    0:     0x5970f71bbd81 - <<std[70759c8f55707aa4]::sys::backtrace::BacktraceLock>::print::DisplayBacktrace as core[df12db4294e9bfd3]::fmt::Display>::fmt
[INFO] [stdout]    1:     0x5970f71d40fa - core[df12db4294e9bfd3]::fmt::write
[INFO] [stdout]    2:     0x5970f71c0cdc - <alloc[2182bb758b4b3781]::vec::Vec<u8> as core[df12db4294e9bfd3]::io::write::Write>::write_fmt
[INFO] [stdout]    3:     0x5970f7193cd6 - std[70759c8f55707aa4]::panicking::default_hook::{closure#0}
[INFO] [stdout]    4:     0x5970f71b26f9 - std[70759c8f55707aa4]::panicking::default_hook
[INFO] [stdout]    5:     0x5970f7056d10 - test[9d35eded1c95d3be]::test_main_inner::<test[9d35eded1c95d3be]::test_main_static::{closure#0}>::{closure#0}
[INFO] [stdout]    6:     0x5970f71b2a22 - std[70759c8f55707aa4]::panicking::panic_with_hook
[INFO] [stdout]    7:     0x5970f7193d82 - std[70759c8f55707aa4]::panicking::panic_handler::{closure#0}
[INFO] [stdout]    8:     0x5970f718c039 - std[70759c8f55707aa4]::sys::backtrace::__rust_end_short_backtrace::<std[70759c8f55707aa4]::panicking::panic_handler::{closure#0}, !>
[INFO] [stdout]    9:     0x5970f7194cdd - __rustc[8fa7c3cbc660c2b3]::rust_begin_unwind
[INFO] [stdout]   10:     0x5970f71d489c - core[df12db4294e9bfd3]::panicking::panic_fmt
[INFO] [stdout]   11:     0x5970f71d4672 - core[df12db4294e9bfd3]::result::unwrap_failed
[INFO] [stdout]   12:     0x5970f6f48c13 - jett[b5a7a08171fafb73]::tests::cases::ui::enter_folder
[INFO] [stdout]   13:     0x5970f6fa2b59 - <jett[b5a7a08171fafb73]::tests::cases::ui::enter_folder::{closure#0} as core[df12db4294e9bfd3]::ops::function::FnOnce<()>>::call_once
[INFO] [stdout]   14:     0x5970f7049ffb - test[9d35eded1c95d3be]::__rust_begin_short_backtrace::<core[df12db4294e9bfd3]::result::Result<(), alloc[2182bb758b4b3781]::string::String>, fn() -> core[df12db4294e9bfd3]::result::Result<(), alloc[2182bb758b4b3781]::string::String>>
[INFO] [stdout]   15:     0x5970f7057665 - test[9d35eded1c95d3be]::run_test::{closure#0}
[INFO] [stdout]   16:     0x5970f7050f24 - std[70759c8f55707aa4]::sys::backtrace::__rust_begin_short_backtrace::<test[9d35eded1c95d3be]::run_test::{closure#1}, ()>
[INFO] [stdout]   17:     0x5970f705a7c2 - <std[70759c8f55707aa4]::thread::lifecycle::spawn_unchecked<test[9d35eded1c95d3be]::run_test::{closure#1}, ()>::{closure#1} as core[df12db4294e9bfd3]::ops::function::FnOnce<()>>::call_once::{shim:vtable#0}
[INFO] [stdout]   18:     0x5970f71bad99 - <std[70759c8f55707aa4]::sys::thread::unix::Thread>::new::thread_start
[INFO] [stdout]   19:     0x7ea80ecf5dfa - <unknown>
[INFO] [stdout]   20:     0x7ea80ed893d4 - clone
[INFO] [stdout]   21:                0x0 - <unknown>
[INFO] [stdout] 
[INFO] [stdout] ---- tests::cases::ui::delete_file_no_confirmation stdout ----
[INFO] [stdout] ━━━━━━━━━━━━━━━━━━━━━━━━━━━━━━━ Snapshot Summary ━━━━━━━━━━━━━━━━━━━━━━━━━━━━━━━
[INFO] [stdout] Snapshot file: src/tests/cases/snapshots/jett__tests__cases__ui__delete_file_no_confirmation.snap
[INFO] [stdout] Snapshot: delete_file_no_confirmation
[INFO] [stdout] Source: src/tests/cases/ui.rs:1778
[INFO] [stdout] ────────────────────────────────────────────────────────────────────────────────
[INFO] [stdout] Expression: &terminal_draw_events_mirror[0]
[INFO] [stdout] ────────────────────────────────────────────────────────────────────────────────
[INFO] [stdout] -old snapshot
[INFO] [stdout] +new results
[INFO] [stdout] ────────────┬───────────────────────────────────────────────────────────────────
[INFO] [stdout]     1       │- Total: 12.0K (4 files), freed: 0 | /tmp/jett_tests/delete_file_no_confirmation                                                                                                               
[INFO] [stdout]           1 │+ Total: 12.0K (4 files), freed: 0 (CAUTION: running as root) | /tmp/jett_tests/delete_file_no_confirmation                                                                                    
[INFO] [stdout]     2     2 │ ┌─────────────────────────────────────────────────────────────────────────────────────────────────────────────────────────────┬──────────────────────────────────────────────────────────────┐
[INFO] [stdout]     3     3 │ │                                                                                                                             │                                                              │
[INFO] [stdout]     4     4 │ │                                                                                                                             │                                                              │
[INFO] [stdout]     5     5 │ │                                                                                                                             │                                                              │
[INFO] [stdout] ────────────┴───────────────────────────────────────────────────────────────────
[INFO] [stdout] 
[INFO] [stdout] thread 'tests::cases::ui::delete_file_no_confirmation' (1992) panicked at src/tests/cases/ui.rs:1778:5:
[INFO] [stdout] called `Result::unwrap()` on an `Err` value: FileIo(Os { code: 30, kind: ReadOnlyFilesystem, message: "Read-only file system" }, "/opt/rustwide/workdir/src/tests/cases/snapshots/jett__tests__cases__ui__delete_file_no_confirmation.snap.new")
[INFO] [stdout] stack backtrace:
[INFO] [stdout]    0:     0x5970f71bbd81 - <<std[70759c8f55707aa4]::sys::backtrace::BacktraceLock>::print::DisplayBacktrace as core[df12db4294e9bfd3]::fmt::Display>::fmt
[INFO] [stdout]    1:     0x5970f71d40fa - core[df12db4294e9bfd3]::fmt::write
[INFO] [stdout]    2:     0x5970f71c0cdc - <alloc[2182bb758b4b3781]::vec::Vec<u8> as core[df12db4294e9bfd3]::io::write::Write>::write_fmt
[INFO] [stdout]    3:     0x5970f7193cd6 - std[70759c8f55707aa4]::panicking::default_hook::{closure#0}
[INFO] [stdout]    4:     0x5970f71b26f9 - std[70759c8f55707aa4]::panicking::default_hook
[INFO] [stdout]    5:     0x5970f7056d10 - test[9d35eded1c95d3be]::test_main_inner::<test[9d35eded1c95d3be]::test_main_static::{closure#0}>::{closure#0}
[INFO] [stdout]    6:     0x5970f71b2a22 - std[70759c8f55707aa4]::panicking::panic_with_hook
[INFO] [stdout]    7:     0x5970f7193d82 - std[70759c8f55707aa4]::panicking::panic_handler::{closure#0}
[INFO] [stdout]    8:     0x5970f718c039 - std[70759c8f55707aa4]::sys::backtrace::__rust_end_short_backtrace::<std[70759c8f55707aa4]::panicking::panic_handler::{closure#0}, !>
[INFO] [stdout]    9:     0x5970f7194cdd - __rustc[8fa7c3cbc660c2b3]::rust_begin_unwind
[INFO] [stdout]   10:     0x5970f71d489c - core[df12db4294e9bfd3]::panicking::panic_fmt
[INFO] [stdout]   11:     0x5970f71d4672 - core[df12db4294e9bfd3]::result::unwrap_failed
[INFO] [stdout]   12:     0x5970f6f658a0 - jett[b5a7a08171fafb73]::tests::cases::ui::delete_file_no_confirmation
[INFO] [stdout]   13:     0x5970f6fa2e39 - <jett[b5a7a08171fafb73]::tests::cases::ui::delete_file_no_confirmation::{closure#0} as core[df12db4294e9bfd3]::ops::function::FnOnce<()>>::call_once
[INFO] [stdout]   14:     0x5970f7049ffb - test[9d35eded1c95d3be]::__rust_begin_short_backtrace::<core[df12db4294e9bfd3]::result::Result<(), alloc[2182bb758b4b3781]::string::String>, fn() -> core[df12db4294e9bfd3]::result::Result<(), alloc[2182bb758b4b3781]::string::String>>
[INFO] [stdout]   15:     0x5970f7057665 - test[9d35eded1c95d3be]::run_test::{closure#0}
[INFO] [stdout]   16:     0x5970f7050f24 - std[70759c8f55707aa4]::sys::backtrace::__rust_begin_short_backtrace::<test[9d35eded1c95d3be]::run_test::{closure#1}, ()>
[INFO] [stdout]   17:     0x5970f705a7c2 - <std[70759c8f55707aa4]::thread::lifecycle::spawn_unchecked<test[9d35eded1c95d3be]::run_test::{closure#1}, ()>::{closure#1} as core[df12db4294e9bfd3]::ops::function::FnOnce<()>>::call_once::{shim:vtable#0}
[INFO] [stdout]   18:     0x5970f71bad99 - <std[70759c8f55707aa4]::sys::thread::unix::Thread>::new::thread_start
[INFO] [stdout]   19:     0x7ea80ecf5dfa - <unknown>
[INFO] [stdout]   20:     0x7ea80ed893d4 - clone
[INFO] [stdout]   21:                0x0 - <unknown>
[INFO] [stdout] 
[INFO] [stdout] ---- tests::cases::ui::delete_folder_no_confirmation stdout ----
[INFO] [stdout] ━━━━━━━━━━━━━━━━━━━━━━━━━━━━━━━ Snapshot Summary ━━━━━━━━━━━━━━━━━━━━━━━━━━━━━━━
[INFO] [stdout] Snapshot file: src/tests/cases/snapshots/jett__tests__cases__ui__delete_folder_no_confirmation.snap
[INFO] [stdout] Snapshot: delete_folder_no_confirmation
[INFO] [stdout] Source: src/tests/cases/ui.rs:2041
[INFO] [stdout] ────────────────────────────────────────────────────────────────────────────────
[INFO] [stdout] Expression: &terminal_draw_events_mirror[0]
[INFO] [stdout] ────────────────────────────────────────────────────────────────────────────────
[INFO] [stdout] -old snapshot
[INFO] [stdout] +new results
[INFO] [stdout] ────────────┬───────────────────────────────────────────────────────────────────
[INFO] [stdout]     1       │- Total: 12.0K (4 files), freed: 0 | /tmp/jett_tests/delete_folder_no_confirmation                                                                                                             
[INFO] [stdout]           1 │+ Total: 12.0K (4 files), freed: 0 (CAUTION: running as root) | /tmp/jett_tests/delete_folder_no_confirmation                                                                                  
[INFO] [stdout]     2     2 │ ┌─────────────────────────────────────────────────────────────────────────────────────────────────────────────────────────────┬──────────────────────────────────────────────────────────────┐
[INFO] [stdout]     3     3 │ │                                                                                                                             │                                                              │
[INFO] [stdout]     4     4 │ │                                                                                                                             │                                                              │
[INFO] [stdout]     5     5 │ │                                                                                                                             │                                                              │
[INFO] [stdout] ────────────┴───────────────────────────────────────────────────────────────────
[INFO] [stdout] 
[INFO] [stdout] thread 'tests::cases::ui::delete_folder_no_confirmation' (1995) panicked at src/tests/cases/ui.rs:2041:5:
[INFO] [stdout] called `Result::unwrap()` on an `Err` value: FileIo(Os { code: 30, kind: ReadOnlyFilesystem, message: "Read-only file system" }, "/opt/rustwide/workdir/src/tests/cases/snapshots/jett__tests__cases__ui__delete_folder_no_confirmation.snap.new")
[INFO] [stdout] stack backtrace:
[INFO] [stdout]    0:     0x5970f71bbd81 - <<std[70759c8f55707aa4]::sys::backtrace::BacktraceLock>::print::DisplayBacktrace as core[df12db4294e9bfd3]::fmt::Display>::fmt
[INFO] [stdout]    1:     0x5970f71d40fa - core[df12db4294e9bfd3]::fmt::write
[INFO] [stdout]    2:     0x5970f71c0cdc - <alloc[2182bb758b4b3781]::vec::Vec<u8> as core[df12db4294e9bfd3]::io::write::Write>::write_fmt
[INFO] [stdout]    3:     0x5970f7193cd6 - std[70759c8f55707aa4]::panicking::default_hook::{closure#0}
[INFO] [stdout]    4:     0x5970f71b26f9 - std[70759c8f55707aa4]::panicking::default_hook
[INFO] [stdout]    5:     0x5970f7056d10 - test[9d35eded1c95d3be]::test_main_inner::<test[9d35eded1c95d3be]::test_main_static::{closure#0}>::{closure#0}
[INFO] [stdout]    6:     0x5970f71b2a22 - std[70759c8f55707aa4]::panicking::panic_with_hook
[INFO] [stdout]    7:     0x5970f7193d82 - std[70759c8f55707aa4]::panicking::panic_handler::{closure#0}
[INFO] [stdout]    8:     0x5970f718c039 - std[70759c8f55707aa4]::sys::backtrace::__rust_end_short_backtrace::<std[70759c8f55707aa4]::panicking::panic_handler::{closure#0}, !>
[INFO] [stdout]    9:     0x5970f7194cdd - __rustc[8fa7c3cbc660c2b3]::rust_begin_unwind
[INFO] [stdout]   10:     0x5970f71d489c - core[df12db4294e9bfd3]::panicking::panic_fmt
[INFO] [stdout]   11:     0x5970f71d4672 - core[df12db4294e9bfd3]::result::unwrap_failed
[INFO] [stdout]   12:     0x5970f6f6bf0b - jett[b5a7a08171fafb73]::tests::cases::ui::delete_folder_no_confirmation
[INFO] [stdout]   13:     0x5970f6fa2eb9 - <jett[b5a7a08171fafb73]::tests::cases::ui::delete_folder_no_confirmation::{closure#0} as core[df12db4294e9bfd3]::ops::function::FnOnce<()>>::call_once
[INFO] [stdout]   14:     0x5970f7049ffb - test[9d35eded1c95d3be]::__rust_begin_short_backtrace::<core[df12db4294e9bfd3]::result::Result<(), alloc[2182bb758b4b3781]::string::String>, fn() -> core[df12db4294e9bfd3]::result::Result<(), alloc[2182bb758b4b3781]::string::String>>
[INFO] [stdout]   15:     0x5970f7057665 - test[9d35eded1c95d3be]::run_test::{closure#0}
[INFO] [stdout]   16:     0x5970f7050f24 - std[70759c8f55707aa4]::sys::backtrace::__rust_begin_short_backtrace::<test[9d35eded1c95d3be]::run_test::{closure#1}, ()>
[INFO] [stdout]   17:     0x5970f705a7c2 - <std[70759c8f55707aa4]::thread::lifecycle::spawn_unchecked<test[9d35eded1c95d3be]::run_test::{closure#1}, ()>::{closure#1} as core[df12db4294e9bfd3]::ops::function::FnOnce<()>>::call_once::{shim:vtable#0}
[INFO] [stdout]   18:     0x5970f71bad99 - <std[70759c8f55707aa4]::sys::thread::unix::Thread>::new::thread_start
[INFO] [stdout]   19:     0x7ea80ecf5dfa - <unknown>
[INFO] [stdout]   20:     0x7ea80ed893d4 - clone
[INFO] [stdout]   21:                0x0 - <unknown>
[INFO] [stdout] 
[INFO] [stdout] ---- tests::cases::ui::delete_file stdout ----
[INFO] [stdout] ━━━━━━━━━━━━━━━━━━━━━━━━━━━━━━━ Snapshot Summary ━━━━━━━━━━━━━━━━━━━━━━━━━━━━━━━
[INFO] [stdout] Snapshot file: src/tests/cases/snapshots/jett__tests__cases__ui__delete_file.snap
[INFO] [stdout] Snapshot: delete_file
[INFO] [stdout] Source: src/tests/cases/ui.rs:1691
[INFO] [stdout] ────────────────────────────────────────────────────────────────────────────────
[INFO] [stdout] Expression: &terminal_draw_events_mirror[0]
[INFO] [stdout] ────────────────────────────────────────────────────────────────────────────────
[INFO] [stdout] -old snapshot
[INFO] [stdout] +new results
[INFO] [stdout] ────────────┬───────────────────────────────────────────────────────────────────
[INFO] [stdout]     1       │- Total: 12.0K (4 files), freed: 0 | /tmp/jett_tests/delete_file                                                                                                                               
[INFO] [stdout]           1 │+ Total: 12.0K (4 files), freed: 0 (CAUTION: running as root) | /tmp/jett_tests/delete_file                                                                                                    
[INFO] [stdout]     2     2 │ ┌─────────────────────────────────────────────────────────────────────────────────────────────────────────────────────────────┬──────────────────────────────────────────────────────────────┐
[INFO] [stdout]     3     3 │ │                                                                                                                             │                                                              │
[INFO] [stdout]     4     4 │ │                                                                                                                             │                                                              │
[INFO] [stdout]     5     5 │ │                                                                                                                             │                                                              │
[INFO] [stdout] ────────────┴───────────────────────────────────────────────────────────────────
[INFO] [stdout] 
[INFO] [stdout] thread 'tests::cases::ui::delete_file' (1991) panicked at src/tests/cases/ui.rs:1691:5:
[INFO] [stdout] called `Result::unwrap()` on an `Err` value: FileIo(Os { code: 30, kind: ReadOnlyFilesystem, message: "Read-only file system" }, "/opt/rustwide/workdir/src/tests/cases/snapshots/jett__tests__cases__ui__delete_file.snap.new")
[INFO] [stdout] stack backtrace:
[INFO] [stdout]    0:     0x5970f71bbd81 - <<std[70759c8f55707aa4]::sys::backtrace::BacktraceLock>::print::DisplayBacktrace as core[df12db4294e9bfd3]::fmt::Display>::fmt
[INFO] [stdout]    1:     0x5970f71d40fa - core[df12db4294e9bfd3]::fmt::write
[INFO] [stdout]    2:     0x5970f71c0cdc - <alloc[2182bb758b4b3781]::vec::Vec<u8> as core[df12db4294e9bfd3]::io::write::Write>::write_fmt
[INFO] [stdout]    3:     0x5970f7193cd6 - std[70759c8f55707aa4]::panicking::default_hook::{closure#0}
[INFO] [stdout]    4:     0x5970f71b26f9 - std[70759c8f55707aa4]::panicking::default_hook
[INFO] [stdout]    5:     0x5970f7056d10 - test[9d35eded1c95d3be]::test_main_inner::<test[9d35eded1c95d3be]::test_main_static::{closure#0}>::{closure#0}
[INFO] [stdout]    6:     0x5970f71b2a22 - std[70759c8f55707aa4]::panicking::panic_with_hook
[INFO] [stdout]    7:     0x5970f7193d82 - std[70759c8f55707aa4]::panicking::panic_handler::{closure#0}
[INFO] [stdout]    8:     0x5970f718c039 - std[70759c8f55707aa4]::sys::backtrace::__rust_end_short_backtrace::<std[70759c8f55707aa4]::panicking::panic_handler::{closure#0}, !>
[INFO] [stdout]    9:     0x5970f7194cdd - __rustc[8fa7c3cbc660c2b3]::rust_begin_unwind
[INFO] [stdout]   10:     0x5970f71d489c - core[df12db4294e9bfd3]::panicking::panic_fmt
[INFO] [stdout]   11:     0x5970f71d4672 - core[df12db4294e9bfd3]::result::unwrap_failed
[INFO] [stdout]   12:     0x5970f6f433fa - jett[b5a7a08171fafb73]::tests::cases::ui::delete_file
[INFO] [stdout]   13:     0x5970f6fa2ab9 - <jett[b5a7a08171fafb73]::tests::cases::ui::delete_file::{closure#0} as core[df12db4294e9bfd3]::ops::function::FnOnce<()>>::call_once
[INFO] [stdout]   14:     0x5970f7049ffb - test[9d35eded1c95d3be]::__rust_begin_short_backtrace::<core[df12db4294e9bfd3]::result::Result<(), alloc[2182bb758b4b3781]::string::String>, fn() -> core[df12db4294e9bfd3]::result::Result<(), alloc[2182bb758b4b3781]::string::String>>
[INFO] [stdout]   15:     0x5970f7057665 - test[9d35eded1c95d3be]::run_test::{closure#0}
[INFO] [stdout]   16:     0x5970f7050f24 - std[70759c8f55707aa4]::sys::backtrace::__rust_begin_short_backtrace::<test[9d35eded1c95d3be]::run_test::{closure#1}, ()>
[INFO] [stdout]   17:     0x5970f705a7c2 - <std[70759c8f55707aa4]::thread::lifecycle::spawn_unchecked<test[9d35eded1c95d3be]::run_test::{closure#1}, ()>::{closure#1} as core[df12db4294e9bfd3]::ops::function::FnOnce<()>>::call_once::{shim:vtable#0}
[INFO] [stdout]   18:     0x5970f71bad99 - <std[70759c8f55707aa4]::sys::thread::unix::Thread>::new::thread_start
[INFO] [stdout]   19:     0x7ea80ecf5dfa - <unknown>
[INFO] [stdout]   20:     0x7ea80ed893d4 - clone
[INFO] [stdout]   21:                0x0 - <unknown>
[INFO] [stdout] 
[INFO] [stdout] ---- tests::cases::ui::delete_folder_with_multiple_children_no_confirmation stdout ----
[INFO] [stdout] ━━━━━━━━━━━━━━━━━━━━━━━━━━━━━━━ Snapshot Summary ━━━━━━━━━━━━━━━━━━━━━━━━━━━━━━━
[INFO] [stdout] Snapshot file: src/tests/cases/snapshots/jett__tests__cases__ui__delete_folder_with_multiple_children_no_confirmation.snap
[INFO] [stdout] Snapshot: delete_folder_with_multiple_children_no_confirmation
[INFO] [stdout] Source: src/tests/cases/ui.rs:2484
[INFO] [stdout] ────────────────────────────────────────────────────────────────────────────────
[INFO] [stdout] Expression: &terminal_draw_events_mirror[0]
[INFO] [stdout] ────────────────────────────────────────────────────────────────────────────────
[INFO] [stdout] -old snapshot
[INFO] [stdout] +new results
[INFO] [stdout] ────────────┬───────────────────────────────────────────────────────────────────
[INFO] [stdout]     1       │- Total: 44.0K (7 files), freed: 0 | /tmp/jett_tests/delete_folder_with_multiple_children_no_confirmation                                                                                      
[INFO] [stdout]           1 │+ Total: 44.0K (7 files), freed: 0 (CAUTION: running as root) | /tmp/jett_tests/delete_folder_with_multiple_children_no_confirmation                                                           
[INFO] [stdout]     2     2 │ ┌────────────────────────────────────────────────────────────────────────────────────────────────────────────────────────────────────────┬───────────────────────────────────────────────────┐
[INFO] [stdout]     3     3 │ │                                                                                                                                        │                                                   │
[INFO] [stdout]     4     4 │ │                                                                                                                                        │                                                   │
[INFO] [stdout]     5     5 │ │                                                                                                                                        │                                                   │
[INFO] [stdout] ────────────┴───────────────────────────────────────────────────────────────────
[INFO] [stdout] 
[INFO] [stdout] thread 'tests::cases::ui::delete_folder_with_multiple_children_no_confirmation' (2003) panicked at src/tests/cases/ui.rs:2484:5:
[INFO] [stdout] called `Result::unwrap()` on an `Err` value: FileIo(Os { code: 30, kind: ReadOnlyFilesystem, message: "Read-only file system" }, "/opt/rustwide/workdir/src/tests/cases/snapshots/jett__tests__cases__ui__delete_folder_with_multiple_children_no_confirmation.snap.new")
[INFO] [stdout] stack backtrace:
[INFO] [stdout]    0:     0x5970f71bbd81 - <<std[70759c8f55707aa4]::sys::backtrace::BacktraceLock>::print::DisplayBacktrace as core[df12db4294e9bfd3]::fmt::Display>::fmt
[INFO] [stdout]    1:     0x5970f71d40fa - core[df12db4294e9bfd3]::fmt::write
[INFO] [stdout]    2:     0x5970f71c0cdc - <alloc[2182bb758b4b3781]::vec::Vec<u8> as core[df12db4294e9bfd3]::io::write::Write>::write_fmt
[INFO] [stdout]    3:     0x5970f7193cd6 - std[70759c8f55707aa4]::panicking::default_hook::{closure#0}
[INFO] [stdout]    4:     0x5970f71b26f9 - std[70759c8f55707aa4]::panicking::default_hook
[INFO] [stdout]    5:     0x5970f7056d10 - test[9d35eded1c95d3be]::test_main_inner::<test[9d35eded1c95d3be]::test_main_static::{closure#0}>::{closure#0}
[INFO] [stdout]    6:     0x5970f71b2a22 - std[70759c8f55707aa4]::panicking::panic_with_hook
[INFO] [stdout]    7:     0x5970f7193d82 - std[70759c8f55707aa4]::panicking::panic_handler::{closure#0}
[INFO] [stdout]    8:     0x5970f718c039 - std[70759c8f55707aa4]::sys::backtrace::__rust_end_short_backtrace::<std[70759c8f55707aa4]::panicking::panic_handler::{closure#0}, !>
[INFO] [stdout]    9:     0x5970f7194cdd - __rustc[8fa7c3cbc660c2b3]::rust_begin_unwind
[INFO] [stdout]   10:     0x5970f71d489c - core[df12db4294e9bfd3]::panicking::panic_fmt
[INFO] [stdout]   11:     0x5970f71d4672 - core[df12db4294e9bfd3]::result::unwrap_failed
[INFO] [stdout]   12:     0x5970f6f8043f - jett[b5a7a08171fafb73]::tests::cases::ui::delete_folder_with_multiple_children_no_confirmation
[INFO] [stdout]   13:     0x5970f6fa3039 - <jett[b5a7a08171fafb73]::tests::cases::ui::delete_folder_with_multiple_children_no_confirmation::{closure#0} as core[df12db4294e9bfd3]::ops::function::FnOnce<()>>::call_once
[INFO] [stdout]   14:     0x5970f7049ffb - test[9d35eded1c95d3be]::__rust_begin_short_backtrace::<core[df12db4294e9bfd3]::result::Result<(), alloc[2182bb758b4b3781]::string::String>, fn() -> core[df12db4294e9bfd3]::result::Result<(), alloc[2182bb758b4b3781]::string::String>>
[INFO] [stdout]   15:     0x5970f7057665 - test[9d35eded1c95d3be]::run_test::{closure#0}
[INFO] [stdout]   16:     0x5970f7050f24 - std[70759c8f55707aa4]::sys::backtrace::__rust_begin_short_backtrace::<test[9d35eded1c95d3be]::run_test::{closure#1}, ()>
[INFO] [stdout]   17:     0x5970f705a7c2 - <std[70759c8f55707aa4]::thread::lifecycle::spawn_unchecked<test[9d35eded1c95d3be]::run_test::{closure#1}, ()>::{closure#1} as core[df12db4294e9bfd3]::ops::function::FnOnce<()>>::call_once::{shim:vtable#0}
[INFO] [stdout]   18:     0x5970f71bad99 - <std[70759c8f55707aa4]::sys::thread::unix::Thread>::new::thread_start
[INFO] [stdout]   19:     0x7ea80ecf5dfa - <unknown>
[INFO] [stdout]   20:     0x7ea80ed893d4 - clone
[INFO] [stdout]   21:                0x0 - <unknown>
[INFO] [stdout] 
[INFO] [stdout] ---- tests::cases::ui::delete_folder stdout ----
[INFO] [stdout] ━━━━━━━━━━━━━━━━━━━━━━━━━━━━━━━ Snapshot Summary ━━━━━━━━━━━━━━━━━━━━━━━━━━━━━━━
[INFO] [stdout] Snapshot file: src/tests/cases/snapshots/jett__tests__cases__ui__delete_folder.snap
[INFO] [stdout] Snapshot: delete_folder
[INFO] [stdout] Source: src/tests/cases/ui.rs:1948
[INFO] [stdout] ────────────────────────────────────────────────────────────────────────────────
[INFO] [stdout] Expression: &terminal_draw_events_mirror[0]
[INFO] [stdout] ────────────────────────────────────────────────────────────────────────────────
[INFO] [stdout] -old snapshot
[INFO] [stdout] +new results
[INFO] [stdout] ────────────┬───────────────────────────────────────────────────────────────────
[INFO] [stdout]     1       │- Total: 12.0K (4 files), freed: 0 | /tmp/jett_tests/delete_folder                                                                                                                             
[INFO] [stdout]           1 │+ Total: 12.0K (4 files), freed: 0 (CAUTION: running as root) | /tmp/jett_tests/delete_folder                                                                                                  
[INFO] [stdout]     2     2 │ ┌─────────────────────────────────────────────────────────────────────────────────────────────────────────────────────────────┬──────────────────────────────────────────────────────────────┐
[INFO] [stdout]     3     3 │ │                                                                                                                             │                                                              │
[INFO] [stdout]     4     4 │ │                                                                                                                             │                                                              │
[INFO] [stdout]     5     5 │ │                                                                                                                             │                                                              │
[INFO] [stdout] ────────────┴───────────────────────────────────────────────────────────────────
[INFO] [stdout] 
[INFO] [stdout] thread 'tests::cases::ui::delete_folder' (1994) panicked at src/tests/cases/ui.rs:1948:5:
[INFO] [stdout] called `Result::unwrap()` on an `Err` value: FileIo(Os { code: 30, kind: ReadOnlyFilesystem, message: "Read-only file system" }, "/opt/rustwide/workdir/src/tests/cases/snapshots/jett__tests__cases__ui__delete_folder.snap.new")
[INFO] [stdout] stack backtrace:
[INFO] [stdout]    0:     0x5970f71bbd81 - <<std[70759c8f55707aa4]::sys::backtrace::BacktraceLock>::print::DisplayBacktrace as core[df12db4294e9bfd3]::fmt::Display>::fmt
[INFO] [stdout]    1:     0x5970f71d40fa - core[df12db4294e9bfd3]::fmt::write
[INFO] [stdout]    2:     0x5970f71c0cdc - <alloc[2182bb758b4b3781]::vec::Vec<u8> as core[df12db4294e9bfd3]::io::write::Write>::write_fmt
[INFO] [stdout]    3:     0x5970f7193cd6 - std[70759c8f55707aa4]::panicking::default_hook::{closure#0}
[INFO] [stdout]    4:     0x5970f71b26f9 - std[70759c8f55707aa4]::panicking::default_hook
[INFO] [stdout]    5:     0x5970f7056d10 - test[9d35eded1c95d3be]::test_main_inner::<test[9d35eded1c95d3be]::test_main_static::{closure#0}>::{closure#0}
[INFO] [stdout]    6:     0x5970f71b2a22 - std[70759c8f55707aa4]::panicking::panic_with_hook
[INFO] [stdout]    7:     0x5970f7193d82 - std[70759c8f55707aa4]::panicking::panic_handler::{closure#0}
[INFO] [stdout]    8:     0x5970f718c039 - std[70759c8f55707aa4]::sys::backtrace::__rust_end_short_backtrace::<std[70759c8f55707aa4]::panicking::panic_handler::{closure#0}, !>
[INFO] [stdout]    9:     0x5970f7194cdd - __rustc[8fa7c3cbc660c2b3]::rust_begin_unwind
[INFO] [stdout]   10:     0x5970f71d489c - core[df12db4294e9bfd3]::panicking::panic_fmt
[INFO] [stdout]   11:     0x5970f71d4672 - core[df12db4294e9bfd3]::result::unwrap_failed
[INFO] [stdout]   12:     0x5970f6f4d349 - jett[b5a7a08171fafb73]::tests::cases::ui::delete_folder
[INFO] [stdout]   13:     0x5970f6fa2bb9 - <jett[b5a7a08171fafb73]::tests::cases::ui::delete_folder::{closure#0} as core[df12db4294e9bfd3]::ops::function::FnOnce<()>>::call_once
[INFO] [stdout]   14:     0x5970f7049ffb - test[9d35eded1c95d3be]::__rust_begin_short_backtrace::<core[df12db4294e9bfd3]::result::Result<(), alloc[2182bb758b4b3781]::string::String>, fn() -> core[df12db4294e9bfd3]::result::Result<(), alloc[2182bb758b4b3781]::string::String>>
[INFO] [stdout]   15:     0x5970f7057665 - test[9d35eded1c95d3be]::run_test::{closure#0}
[INFO] [stdout]   16:     0x5970f7050f24 - std[70759c8f55707aa4]::sys::backtrace::__rust_begin_short_backtrace::<test[9d35eded1c95d3be]::run_test::{closure#1}, ()>
[INFO] [stdout]   17:     0x5970f705a7c2 - <std[70759c8f55707aa4]::thread::lifecycle::spawn_unchecked<test[9d35eded1c95d3be]::run_test::{closure#1}, ()>::{closure#1} as core[df12db4294e9bfd3]::ops::function::FnOnce<()>>::call_once::{shim:vtable#0}
[INFO] [stdout]   18:     0x5970f71bad99 - <std[70759c8f55707aa4]::sys::thread::unix::Thread>::new::thread_start
[INFO] [stdout]   19:     0x7ea80ecf5dfa - <unknown>
[INFO] [stdout]   20:     0x7ea80ed893d4 - clone
[INFO] [stdout]   21:                0x0 - <unknown>
[INFO] [stdout] 
[INFO] [stdout] ---- tests::cases::ui::files_with_size_zero stdout ----
[INFO] [stdout] ━━━━━━━━━━━━━━━━━━━━━━━━━━━━━━━ Snapshot Summary ━━━━━━━━━━━━━━━━━━━━━━━━━━━━━━━
[INFO] [stdout] Snapshot file: src/tests/cases/snapshots/jett__tests__cases__ui__files_with_size_zero.snap
[INFO] [stdout] Snapshot: files_with_size_zero
[INFO] [stdout] Source: src/tests/cases/ui.rs:2683
[INFO] [stdout] ────────────────────────────────────────────────────────────────────────────────
[INFO] [stdout] Expression: &terminal_draw_events_mirror[0]
[INFO] [stdout] ────────────────────────────────────────────────────────────────────────────────
[INFO] [stdout] -old snapshot
[INFO] [stdout] +new results
[INFO] [stdout] ────────────┬───────────────────────────────────────────────────────────────────
[INFO] [stdout]     1       │- Total: 0 (3 files), freed: 0 | /tmp/jett_tests/files_with_size_zero                                                                                                                          
[INFO] [stdout]           1 │+ Total: 0 (3 files), freed: 0 (CAUTION: running as root) | /tmp/jett_tests/files_with_size_zero                                                                                               
[INFO] [stdout]     2     2 │ ┌─────────────────────────────────────────────────────────────────────────────────────────────────────────────────────────────┬──────────────────────────────────────────────────────────────┐
[INFO] [stdout]     3     3 │ │                                                                                                                             │                                                              │
[INFO] [stdout]     4     4 │ │                                                                                                                             │                                                              │
[INFO] [stdout]     5     5 │ │                                                                                                                             │                                                              │
[INFO] [stdout] ────────────┴───────────────────────────────────────────────────────────────────
[INFO] [stdout] 
[INFO] [stdout] thread 'tests::cases::ui::files_with_size_zero' (2750) panicked at src/tests/cases/ui.rs:2683:5:
[INFO] [stdout] called `Result::unwrap()` on an `Err` value: FileIo(Os { code: 30, kind: ReadOnlyFilesystem, message: "Read-only file system" }, "/opt/rustwide/workdir/src/tests/cases/snapshots/jett__tests__cases__ui__files_with_size_zero.snap.new")
[INFO] [stdout] stack backtrace:
[INFO] [stdout]    0:     0x5970f71bbd81 - <<std[70759c8f55707aa4]::sys::backtrace::BacktraceLock>::print::DisplayBacktrace as core[df12db4294e9bfd3]::fmt::Display>::fmt
[INFO] [stdout]    1:     0x5970f71d40fa - core[df12db4294e9bfd3]::fmt::write
[INFO] [stdout]    2:     0x5970f71c0cdc - <alloc[2182bb758b4b3781]::vec::Vec<u8> as core[df12db4294e9bfd3]::io::write::Write>::write_fmt
[INFO] [stdout]    3:     0x5970f7193cd6 - std[70759c8f55707aa4]::panicking::default_hook::{closure#0}
[INFO] [stdout]    4:     0x5970f71b26f9 - std[70759c8f55707aa4]::panicking::default_hook
[INFO] [stdout]    5:     0x5970f7056d10 - test[9d35eded1c95d3be]::test_main_inner::<test[9d35eded1c95d3be]::test_main_static::{closure#0}>::{closure#0}
[INFO] [stdout]    6:     0x5970f71b2a22 - std[70759c8f55707aa4]::panicking::panic_with_hook
[INFO] [stdout]    7:     0x5970f7193d82 - std[70759c8f55707aa4]::panicking::panic_handler::{closure#0}
[INFO] [stdout]    8:     0x5970f718c039 - std[70759c8f55707aa4]::sys::backtrace::__rust_end_short_backtrace::<std[70759c8f55707aa4]::panicking::panic_handler::{closure#0}, !>
[INFO] [stdout]    9:     0x5970f7194cdd - __rustc[8fa7c3cbc660c2b3]::rust_begin_unwind
[INFO] [stdout]   10:     0x5970f71d489c - core[df12db4294e9bfd3]::panicking::panic_fmt
[INFO] [stdout]   11:     0x5970f71d4672 - core[df12db4294e9bfd3]::result::unwrap_failed
[INFO] [stdout]   12:     0x5970f6f536ac - jett[b5a7a08171fafb73]::tests::cases::ui::files_with_size_zero
[INFO] [stdout]   13:     0x5970f6fa2c79 - <jett[b5a7a08171fafb73]::tests::cases::ui::files_with_size_zero::{closure#0} as core[df12db4294e9bfd3]::ops::function::FnOnce<()>>::call_once
[INFO] [stdout]   14:     0x5970f7049ffb - test[9d35eded1c95d3be]::__rust_begin_short_backtrace::<core[df12db4294e9bfd3]::result::Result<(), alloc[2182bb758b4b3781]::string::String>, fn() -> core[df12db4294e9bfd3]::result::Result<(), alloc[2182bb758b4b3781]::string::String>>
[INFO] [stdout]   15:     0x5970f7057665 - test[9d35eded1c95d3be]::run_test::{closure#0}
[INFO] [stdout]   16:     0x5970f7050f24 - std[70759c8f55707aa4]::sys::backtrace::__rust_begin_short_backtrace::<test[9d35eded1c95d3be]::run_test::{closure#1}, ()>
[INFO] [stdout]   17:     0x5970f705a7c2 - <std[70759c8f55707aa4]::thread::lifecycle::spawn_unchecked<test[9d35eded1c95d3be]::run_test::{closure#1}, ()>::{closure#1} as core[df12db4294e9bfd3]::ops::function::FnOnce<()>>::call_once::{shim:vtable#0}
[INFO] [stdout]   18:     0x5970f71bad99 - <std[70759c8f55707aa4]::sys::thread::unix::Thread>::new::thread_start
[INFO] [stdout]   19:     0x7ea80ecf5dfa - <unknown>
[INFO] [stdout]   20:     0x7ea80ed893d4 - clone
[INFO] [stdout]   21:                0x0 - <unknown>
[INFO] [stdout] 
[INFO] [stdout] ---- tests::cases::ui::delete_folder_small_window_no_confirmation stdout ----
[INFO] [stdout] ━━━━━━━━━━━━━━━━━━━━━━━━━━━━━━━ Snapshot Summary ━━━━━━━━━━━━━━━━━━━━━━━━━━━━━━━
[INFO] [stdout] Snapshot file: src/tests/cases/snapshots/jett__tests__cases__ui__delete_folder_small_window_no_confirmation.snap
[INFO] [stdout] Snapshot: delete_folder_small_window_no_confirmation
[INFO] [stdout] Source: src/tests/cases/ui.rs:2236
[INFO] [stdout] ────────────────────────────────────────────────────────────────────────────────
[INFO] [stdout] Expression: &terminal_draw_events_mirror[0]
[INFO] [stdout] ────────────────────────────────────────────────────────────────────────────────
[INFO] [stdout] -old snapshot
[INFO] [stdout] +new results
[INFO] [stdout] ────────────┬───────────────────────────────────────────────────────────────────
[INFO] [stdout]     1       │- 12.0K | /tmp/jett_tests/delete_[...]_window_no_confirmation
[INFO] [stdout]           1 │+ 12.0K (root) | /tmp/jett_tests/del[..]dow_no_confirmation  
[INFO] [stdout]     2     2 │ ┌──────────────────────────────────────────────────────────┐
[INFO] [stdout]     3     3 │ │                                                          │
[INFO] [stdout]     4     4 │ │                                                          │
[INFO] [stdout]     5     5 │ │                                                          │
[INFO] [stdout] ────────────┴───────────────────────────────────────────────────────────────────
[INFO] [stdout] 
[INFO] [stdout] thread 'tests::cases::ui::delete_folder_small_window_no_confirmation' (2001) panicked at src/tests/cases/ui.rs:2236:5:
[INFO] [stdout] called `Result::unwrap()` on an `Err` value: FileIo(Os { code: 30, kind: ReadOnlyFilesystem, message: "Read-only file system" }, "/opt/rustwide/workdir/src/tests/cases/snapshots/jett__tests__cases__ui__delete_folder_small_window_no_confirmation.snap.new")
[INFO] [stdout] stack backtrace:
[INFO] [stdout]    0:     0x5970f71bbd81 - <<std[70759c8f55707aa4]::sys::backtrace::BacktraceLock>::print::DisplayBacktrace as core[df12db4294e9bfd3]::fmt::Display>::fmt
[INFO] [stdout]    1:     0x5970f71d40fa - core[df12db4294e9bfd3]::fmt::write
[INFO] [stdout]    2:     0x5970f71c0cdc - <alloc[2182bb758b4b3781]::vec::Vec<u8> as core[df12db4294e9bfd3]::io::write::Write>::write_fmt
[INFO] [stdout]    3:     0x5970f7193cd6 - std[70759c8f55707aa4]::panicking::default_hook::{closure#0}
[INFO] [stdout]    4:     0x5970f71b26f9 - std[70759c8f55707aa4]::panicking::default_hook
[INFO] [stdout]    5:     0x5970f7056d10 - test[9d35eded1c95d3be]::test_main_inner::<test[9d35eded1c95d3be]::test_main_static::{closure#0}>::{closure#0}
[INFO] [stdout]    6:     0x5970f71b2a22 - std[70759c8f55707aa4]::panicking::panic_with_hook
[INFO] [stdout]    7:     0x5970f7193d82 - std[70759c8f55707aa4]::panicking::panic_handler::{closure#0}
[INFO] [stdout]    8:     0x5970f718c039 - std[70759c8f55707aa4]::sys::backtrace::__rust_end_short_backtrace::<std[70759c8f55707aa4]::panicking::panic_handler::{closure#0}, !>
[INFO] [stdout]    9:     0x5970f7194cdd - __rustc[8fa7c3cbc660c2b3]::rust_begin_unwind
[INFO] [stdout]   10:     0x5970f71d489c - core[df12db4294e9bfd3]::panicking::panic_fmt
[INFO] [stdout]   11:     0x5970f71d4672 - core[df12db4294e9bfd3]::result::unwrap_failed
[INFO] [stdout]   12:     0x5970f6f783ac - jett[b5a7a08171fafb73]::tests::cases::ui::delete_folder_small_window_no_confirmation
[INFO] [stdout]   13:     0x5970f6fa2f99 - <jett[b5a7a08171fafb73]::tests::cases::ui::delete_folder_small_window_no_confirmation::{closure#0} as core[df12db4294e9bfd3]::ops::function::FnOnce<()>>::call_once
[INFO] [stdout]   14:     0x5970f7049ffb - test[9d35eded1c95d3be]::__rust_begin_short_backtrace::<core[df12db4294e9bfd3]::result::Result<(), alloc[2182bb758b4b3781]::string::String>, fn() -> core[df12db4294e9bfd3]::result::Result<(), alloc[2182bb758b4b3781]::string::String>>
[INFO] [stdout]   15:     0x5970f7057665 - test[9d35eded1c95d3be]::run_test::{closure#0}
[INFO] [stdout]   16:     0x5970f7050f24 - std[70759c8f55707aa4]::sys::backtrace::__rust_begin_short_backtrace::<test[9d35eded1c95d3be]::run_test::{closure#1}, ()>
[INFO] [stdout]   17:     0x5970f705a7c2 - <std[70759c8f55707aa4]::thread::lifecycle::spawn_unchecked<test[9d35eded1c95d3be]::run_test::{closure#1}, ()>::{closure#1} as core[df12db4294e9bfd3]::ops::function::FnOnce<()>>::call_once::{shim:vtable#0}
[INFO] [stdout]   18:     0x5970f71bad99 - <std[70759c8f55707aa4]::sys::thread::unix::Thread>::new::thread_start
[INFO] [stdout]   19:     0x7ea80ecf5dfa - <unknown>
[INFO] [stdout]   20:     0x7ea80ed893d4 - clone
[INFO] [stdout]   21:                0x0 - <unknown>
[INFO] [stdout] 
[INFO] [stdout] ---- tests::cases::ui::enter_folder_medium_width stdout ----
[INFO] [stdout] ━━━━━━━━━━━━━━━━━━━━━━━━━━━━━━━ Snapshot Summary ━━━━━━━━━━━━━━━━━━━━━━━━━━━━━━━
[INFO] [stdout] Snapshot file: src/tests/cases/snapshots/jett__tests__cases__ui__enter_folder_medium_width.snap
[INFO] [stdout] Snapshot: enter_folder_medium_width
[INFO] [stdout] Source: src/tests/cases/ui.rs:616
[INFO] [stdout] ────────────────────────────────────────────────────────────────────────────────
[INFO] [stdout] Expression: &terminal_draw_events_mirror[0]
[INFO] [stdout] ────────────────────────────────────────────────────────────────────────────────
[INFO] [stdout] -old snapshot
[INFO] [stdout] +new results
[INFO] [stdout] ────────────┬───────────────────────────────────────────────────────────────────
[INFO] [stdout]     1       │- Total: 16.0K (4 files), freed: 0 | /tmp/jett_tests/enter_folder_medium_width             
[INFO] [stdout]           1 │+ Total: 16.0K, freed: 0 (running as root) | /tmp/jett_tests/enter_folder_medium_width     
[INFO] [stdout]     2     2 │ ┌────────────────────────────────────────────────────────────────────────────────────────┐
[INFO] [stdout]     3     3 │ │                                                                                        │
[INFO] [stdout]     4     4 │ │                                                                                        │
[INFO] [stdout]     5     5 │ │                                                                                        │
[INFO] [stdout] ────────────┴───────────────────────────────────────────────────────────────────
[INFO] [stdout] 
[INFO] [stdout] thread 'tests::cases::ui::enter_folder_medium_width' (2298) panicked at src/tests/cases/ui.rs:616:5:
[INFO] [stdout] called `Result::unwrap()` on an `Err` value: FileIo(Os { code: 30, kind: ReadOnlyFilesystem, message: "Read-only file system" }, "/opt/rustwide/workdir/src/tests/cases/snapshots/jett__tests__cases__ui__enter_folder_medium_width.snap.new")
[INFO] [stdout] stack backtrace:
[INFO] [stdout]    0:     0x5970f71bbd81 - <<std[70759c8f55707aa4]::sys::backtrace::BacktraceLock>::print::DisplayBacktrace as core[df12db4294e9bfd3]::fmt::Display>::fmt
[INFO] [stdout]    1:     0x5970f71d40fa - core[df12db4294e9bfd3]::fmt::write
[INFO] [stdout]    2:     0x5970f71c0cdc - <alloc[2182bb758b4b3781]::vec::Vec<u8> as core[df12db4294e9bfd3]::io::write::Write>::write_fmt
[INFO] [stdout]    3:     0x5970f7193cd6 - std[70759c8f55707aa4]::panicking::default_hook::{closure#0}
[INFO] [stdout]    4:     0x5970f71b26f9 - std[70759c8f55707aa4]::panicking::default_hook
[INFO] [stdout]    5:     0x5970f7056d10 - test[9d35eded1c95d3be]::test_main_inner::<test[9d35eded1c95d3be]::test_main_static::{closure#0}>::{closure#0}
[INFO] [stdout]    6:     0x5970f71b2a22 - std[70759c8f55707aa4]::panicking::panic_with_hook
[INFO] [stdout]    7:     0x5970f7193d82 - std[70759c8f55707aa4]::panicking::panic_handler::{closure#0}
[INFO] [stdout]    8:     0x5970f718c039 - std[70759c8f55707aa4]::sys::backtrace::__rust_end_short_backtrace::<std[70759c8f55707aa4]::panicking::panic_handler::{closure#0}, !>
[INFO] [stdout]    9:     0x5970f7194cdd - __rustc[8fa7c3cbc660c2b3]::rust_begin_unwind
[INFO] [stdout]   10:     0x5970f71d489c - core[df12db4294e9bfd3]::panicking::panic_fmt
[INFO] [stdout]   11:     0x5970f71d4672 - core[df12db4294e9bfd3]::result::unwrap_failed
[INFO] [stdout]   12:     0x5970f6f5c873 - jett[b5a7a08171fafb73]::tests::cases::ui::enter_folder_medium_width
[INFO] [stdout]   13:     0x5970f6fa2d79 - <jett[b5a7a08171fafb73]::tests::cases::ui::enter_folder_medium_width::{closure#0} as core[df12db4294e9bfd3]::ops::function::FnOnce<()>>::call_once
[INFO] [stdout]   14:     0x5970f7049ffb - test[9d35eded1c95d3be]::__rust_begin_short_backtrace::<core[df12db4294e9bfd3]::result::Result<(), alloc[2182bb758b4b3781]::string::String>, fn() -> core[df12db4294e9bfd3]::result::Result<(), alloc[2182bb758b4b3781]::string::String>>
[INFO] [stdout]   15:     0x5970f7057665 - test[9d35eded1c95d3be]::run_test::{closure#0}
[INFO] [stdout]   16:     0x5970f7050f24 - std[70759c8f55707aa4]::sys::backtrace::__rust_begin_short_backtrace::<test[9d35eded1c95d3be]::run_test::{closure#1}, ()>
[INFO] [stdout]   17:     0x5970f705a7c2 - <std[70759c8f55707aa4]::thread::lifecycle::spawn_unchecked<test[9d35eded1c95d3be]::run_test::{closure#1}, ()>::{closure#1} as core[df12db4294e9bfd3]::ops::function::FnOnce<()>>::call_once::{shim:vtable#0}
[INFO] [stdout]   18:     0x5970f71bad99 - <std[70759c8f55707aa4]::sys::thread::unix::Thread>::new::thread_start
[INFO] [stdout]   19:     0x7ea80ecf5dfa - <unknown>
[INFO] [stdout]   20:     0x7ea80ed893d4 - clone
[INFO] [stdout]   21:                0x0 - <unknown>
[INFO] [stdout] 
[INFO] [stdout] ---- tests::cases::ui::enter_folder_small_width stdout ----
[INFO] [stdout] ━━━━━━━━━━━━━━━━━━━━━━━━━━━━━━━ Snapshot Summary ━━━━━━━━━━━━━━━━━━━━━━━━━━━━━━━
[INFO] [stdout] Snapshot file: src/tests/cases/snapshots/jett__tests__cases__ui__enter_folder_small_width.snap
[INFO] [stdout] Snapshot: enter_folder_small_width
[INFO] [stdout] Source: src/tests/cases/ui.rs:685
[INFO] [stdout] ────────────────────────────────────────────────────────────────────────────────
[INFO] [stdout] Expression: &terminal_draw_events_mirror[0]
[INFO] [stdout] ────────────────────────────────────────────────────────────────────────────────
[INFO] [stdout] -old snapshot
[INFO] [stdout] +new results
[INFO] [stdout] ────────────┬───────────────────────────────────────────────────────────────────
[INFO] [stdout]     1       │- Total: 16.0K | /tmp/jett_tests/enter_folder_small_width    
[INFO] [stdout]           1 │+ 16.0K (root) | /tmp/jett_tests/enter_folder_small_width    
[INFO] [stdout]     2     2 │ ┌──────────────────────────────────────────────────────────┐
[INFO] [stdout]     3     3 │ │                                                          │
[INFO] [stdout]     4     4 │ │                                                          │
[INFO] [stdout]     5     5 │ │                                                          │
[INFO] [stdout] ────────────┴───────────────────────────────────────────────────────────────────
[INFO] [stdout] 
[INFO] [stdout] thread 'tests::cases::ui::enter_folder_small_width' (2390) panicked at src/tests/cases/ui.rs:685:5:
[INFO] [stdout] called `Result::unwrap()` on an `Err` value: FileIo(Os { code: 30, kind: ReadOnlyFilesystem, message: "Read-only file system" }, "/opt/rustwide/workdir/src/tests/cases/snapshots/jett__tests__cases__ui__enter_folder_small_width.snap.new")
[INFO] [stdout] stack backtrace:
[INFO] [stdout]    0:     0x5970f71bbd81 - <<std[70759c8f55707aa4]::sys::backtrace::BacktraceLock>::print::DisplayBacktrace as core[df12db4294e9bfd3]::fmt::Display>::fmt
[INFO] [stdout]    1:     0x5970f71d40fa - core[df12db4294e9bfd3]::fmt::write
[INFO] [stdout]    2:     0x5970f71c0cdc - <alloc[2182bb758b4b3781]::vec::Vec<u8> as core[df12db4294e9bfd3]::io::write::Write>::write_fmt
[INFO] [stdout]    3:     0x5970f7193cd6 - std[70759c8f55707aa4]::panicking::default_hook::{closure#0}
[INFO] [stdout]    4:     0x5970f71b26f9 - std[70759c8f55707aa4]::panicking::default_hook
[INFO] [stdout]    5:     0x5970f7056d10 - test[9d35eded1c95d3be]::test_main_inner::<test[9d35eded1c95d3be]::test_main_static::{closure#0}>::{closure#0}
[INFO] [stdout]    6:     0x5970f71b2a22 - std[70759c8f55707aa4]::panicking::panic_with_hook
[INFO] [stdout]    7:     0x5970f7193d82 - std[70759c8f55707aa4]::panicking::panic_handler::{closure#0}
[INFO] [stdout]    8:     0x5970f718c039 - std[70759c8f55707aa4]::sys::backtrace::__rust_end_short_backtrace::<std[70759c8f55707aa4]::panicking::panic_handler::{closure#0}, !>
[INFO] [stdout]    9:     0x5970f7194cdd - __rustc[8fa7c3cbc660c2b3]::rust_begin_unwind
[INFO] [stdout]   10:     0x5970f71d489c - core[df12db4294e9bfd3]::panicking::panic_fmt
[INFO] [stdout]   11:     0x5970f71d4672 - core[df12db4294e9bfd3]::result::unwrap_failed
[INFO] [stdout]   12:     0x5970f6f597b3 - jett[b5a7a08171fafb73]::tests::cases::ui::enter_folder_small_width
[INFO] [stdout]   13:     0x5970f6fa2d39 - <jett[b5a7a08171fafb73]::tests::cases::ui::enter_folder_small_width::{closure#0} as core[df12db4294e9bfd3]::ops::function::FnOnce<()>>::call_once
[INFO] [stdout]   14:     0x5970f7049ffb - test[9d35eded1c95d3be]::__rust_begin_short_backtrace::<core[df12db4294e9bfd3]::result::Result<(), alloc[2182bb758b4b3781]::string::String>, fn() -> core[df12db4294e9bfd3]::result::Result<(), alloc[2182bb758b4b3781]::string::String>>
[INFO] [stdout]   15:     0x5970f7057665 - test[9d35eded1c95d3be]::run_test::{closure#0}
[INFO] [stdout]   16:     0x5970f7050f24 - std[70759c8f55707aa4]::sys::backtrace::__rust_begin_short_backtrace::<test[9d35eded1c95d3be]::run_test::{closure#1}, ()>
[INFO] [stdout]   17:     0x5970f705a7c2 - <std[70759c8f55707aa4]::thread::lifecycle::spawn_unchecked<test[9d35eded1c95d3be]::run_test::{closure#1}, ()>::{closure#1} as core[df12db4294e9bfd3]::ops::function::FnOnce<()>>::call_once::{shim:vtable#0}
[INFO] [stdout]   18:     0x5970f71bad99 - <std[70759c8f55707aa4]::sys::thread::unix::Thread>::new::thread_start
[INFO] [stdout]   19:     0x7ea80ecf5dfa - <unknown>
[INFO] [stdout]   20:     0x7ea80ed893d4 - clone
[INFO] [stdout]   21:                0x0 - <unknown>
[INFO] [stdout] 
[INFO] [stdout] ---- tests::cases::ui::delete_folder_with_multiple_children stdout ----
[INFO] [stdout] ━━━━━━━━━━━━━━━━━━━━━━━━━━━━━━━ Snapshot Summary ━━━━━━━━━━━━━━━━━━━━━━━━━━━━━━━
[INFO] [stdout] Snapshot file: src/tests/cases/snapshots/jett__tests__cases__ui__delete_folder_with_multiple_children.snap
[INFO] [stdout] Snapshot: delete_folder_with_multiple_children
[INFO] [stdout] Source: src/tests/cases/ui.rs:2361
[INFO] [stdout] ────────────────────────────────────────────────────────────────────────────────
[INFO] [stdout] Expression: &terminal_draw_events_mirror[0]
[INFO] [stdout] ────────────────────────────────────────────────────────────────────────────────
[INFO] [stdout] -old snapshot
[INFO] [stdout] +new results
[INFO] [stdout] ────────────┬───────────────────────────────────────────────────────────────────
[INFO] [stdout]     1       │- Total: 44.0K (7 files), freed: 0 | /tmp/jett_tests/delete_folder_with_multiple_children                                                                                                      
[INFO] [stdout]           1 │+ Total: 44.0K (7 files), freed: 0 (CAUTION: running as root) | /tmp/jett_tests/delete_folder_with_multiple_children                                                                           
[INFO] [stdout]     2     2 │ ┌────────────────────────────────────────────────────────────────────────────────────────────────────────────────────────────────────────┬───────────────────────────────────────────────────┐
[INFO] [stdout]     3     3 │ │                                                                                                                                        │                                                   │
[INFO] [stdout]     4     4 │ │                                                                                                                                        │                                                   │
[INFO] [stdout]     5     5 │ │                                                                                                                                        │                                                   │
[INFO] [stdout] ────────────┴───────────────────────────────────────────────────────────────────
[INFO] [stdout] 
[INFO] [stdout] thread 'tests::cases::ui::delete_folder_with_multiple_children' (2002) panicked at src/tests/cases/ui.rs:2361:5:
[INFO] [stdout] called `Result::unwrap()` on an `Err` value: FileIo(Os { code: 30, kind: ReadOnlyFilesystem, message: "Read-only file system" }, "/opt/rustwide/workdir/src/tests/cases/snapshots/jett__tests__cases__ui__delete_folder_with_multiple_children.snap.new")
[INFO] [stdout] stack backtrace:
[INFO] [stdout]    0:     0x5970f71bbd81 - <<std[70759c8f55707aa4]::sys::backtrace::BacktraceLock>::print::DisplayBacktrace as core[df12db4294e9bfd3]::fmt::Display>::fmt
[INFO] [stdout]    1:     0x5970f71d40fa - core[df12db4294e9bfd3]::fmt::write
[INFO] [stdout]    2:     0x5970f71c0cdc - <alloc[2182bb758b4b3781]::vec::Vec<u8> as core[df12db4294e9bfd3]::io::write::Write>::write_fmt
[INFO] [stdout]    3:     0x5970f7193cd6 - std[70759c8f55707aa4]::panicking::default_hook::{closure#0}
[INFO] [stdout]    4:     0x5970f71b26f9 - std[70759c8f55707aa4]::panicking::default_hook
[INFO] [stdout]    5:     0x5970f7056d10 - test[9d35eded1c95d3be]::test_main_inner::<test[9d35eded1c95d3be]::test_main_static::{closure#0}>::{closure#0}
[INFO] [stdout]    6:     0x5970f71b2a22 - std[70759c8f55707aa4]::panicking::panic_with_hook
[INFO] [stdout]    7:     0x5970f7193d82 - std[70759c8f55707aa4]::panicking::panic_handler::{closure#0}
[INFO] [stdout]    8:     0x5970f718c039 - std[70759c8f55707aa4]::sys::backtrace::__rust_end_short_backtrace::<std[70759c8f55707aa4]::panicking::panic_handler::{closure#0}, !>
[INFO] [stdout]    9:     0x5970f7194cdd - __rustc[8fa7c3cbc660c2b3]::rust_begin_unwind
[INFO] [stdout]   10:     0x5970f71d489c - core[df12db4294e9bfd3]::panicking::panic_fmt
[INFO] [stdout]   11:     0x5970f71d4672 - core[df12db4294e9bfd3]::result::unwrap_failed
[INFO] [stdout]   12:     0x5970f6f728ad - jett[b5a7a08171fafb73]::tests::cases::ui::delete_folder_with_multiple_children
[INFO] [stdout]   13:     0x5970f6fa2f39 - <jett[b5a7a08171fafb73]::tests::cases::ui::delete_folder_with_multiple_children::{closure#0} as core[df12db4294e9bfd3]::ops::function::FnOnce<()>>::call_once
[INFO] [stdout]   14:     0x5970f7049ffb - test[9d35eded1c95d3be]::__rust_begin_short_backtrace::<core[df12db4294e9bfd3]::result::Result<(), alloc[2182bb758b4b3781]::string::String>, fn() -> core[df12db4294e9bfd3]::result::Result<(), alloc[2182bb758b4b3781]::string::String>>
[INFO] [stdout]   15:     0x5970f7057665 - test[9d35eded1c95d3be]::run_test::{closure#0}
[INFO] [stdout]   16:     0x5970f7050f24 - std[70759c8f55707aa4]::sys::backtrace::__rust_begin_short_backtrace::<test[9d35eded1c95d3be]::run_test::{closure#1}, ()>
[INFO] [stdout]   17:     0x5970f705a7c2 - <std[70759c8f55707aa4]::thread::lifecycle::spawn_unchecked<test[9d35eded1c95d3be]::run_test::{closure#1}, ()>::{closure#1} as core[df12db4294e9bfd3]::ops::function::FnOnce<()>>::call_once::{shim:vtable#0}
[INFO] [stdout]   18:     0x5970f71bad99 - <std[70759c8f55707aa4]::sys::thread::unix::Thread>::new::thread_start
[INFO] [stdout]   19:     0x7ea80ecf5dfa - <unknown>
[INFO] [stdout]   20:     0x7ea80ed893d4 - clone
[INFO] [stdout]   21:                0x0 - <unknown>
[INFO] [stdout] 
[INFO] [stdout] ---- tests::cases::ui::delete_folder_small_window stdout ----
[INFO] [stdout] ━━━━━━━━━━━━━━━━━━━━━━━━━━━━━━━ Snapshot Summary ━━━━━━━━━━━━━━━━━━━━━━━━━━━━━━━
[INFO] [stdout] Snapshot file: src/tests/cases/snapshots/jett__tests__cases__ui__delete_folder_small_window.snap
[INFO] [stdout] Snapshot: delete_folder_small_window
[INFO] [stdout] Source: src/tests/cases/ui.rs:2139
[INFO] [stdout] ────────────────────────────────────────────────────────────────────────────────
[INFO] [stdout] Expression: &terminal_draw_events_mirror[0]
[INFO] [stdout] ────────────────────────────────────────────────────────────────────────────────
[INFO] [stdout] -old snapshot
[INFO] [stdout] +new results
[INFO] [stdout] ────────────┬───────────────────────────────────────────────────────────────────
[INFO] [stdout]     1       │- Total: 12.0K | /tmp/jett_tests/delete_folder_small_window  
[INFO] [stdout]           1 │+ 12.0K (root) | /tmp/jett_tests/delete_folder_small_window  
[INFO] [stdout]     2     2 │ ┌──────────────────────────────────────────────────────────┐
[INFO] [stdout]     3     3 │ │                                                          │
[INFO] [stdout]     4     4 │ │                                                          │
[INFO] [stdout]     5     5 │ │                                                          │
[INFO] [stdout] ────────────┴───────────────────────────────────────────────────────────────────
[INFO] [stdout] 
[INFO] [stdout] thread 'tests::cases::ui::delete_folder_small_window' (1996) panicked at src/tests/cases/ui.rs:2139:5:
[INFO] [stdout] called `Result::unwrap()` on an `Err` value: FileIo(Os { code: 30, kind: ReadOnlyFilesystem, message: "Read-only file system" }, "/opt/rustwide/workdir/src/tests/cases/snapshots/jett__tests__cases__ui__delete_folder_small_window.snap.new")
[INFO] [stdout] stack backtrace:
[INFO] [stdout]    0:     0x5970f71bbd81 - <<std[70759c8f55707aa4]::sys::backtrace::BacktraceLock>::print::DisplayBacktrace as core[df12db4294e9bfd3]::fmt::Display>::fmt
[INFO] [stdout]    1:     0x5970f71d40fa - core[df12db4294e9bfd3]::fmt::write
[INFO] [stdout]    2:     0x5970f71c0cdc - <alloc[2182bb758b4b3781]::vec::Vec<u8> as core[df12db4294e9bfd3]::io::write::Write>::write_fmt
[INFO] [stdout]    3:     0x5970f7193cd6 - std[70759c8f55707aa4]::panicking::default_hook::{closure#0}
[INFO] [stdout]    4:     0x5970f71b26f9 - std[70759c8f55707aa4]::panicking::default_hook
[INFO] [stdout]    5:     0x5970f7056d10 - test[9d35eded1c95d3be]::test_main_inner::<test[9d35eded1c95d3be]::test_main_static::{closure#0}>::{closure#0}
[INFO] [stdout]    6:     0x5970f71b2a22 - std[70759c8f55707aa4]::panicking::panic_with_hook
[INFO] [stdout]    7:     0x5970f7193d82 - std[70759c8f55707aa4]::panicking::panic_handler::{closure#0}
[INFO] [stdout]    8:     0x5970f718c039 - std[70759c8f55707aa4]::sys::backtrace::__rust_end_short_backtrace::<std[70759c8f55707aa4]::panicking::panic_handler::{closure#0}, !>
[INFO] [stdout]    9:     0x5970f7194cdd - __rustc[8fa7c3cbc660c2b3]::rust_begin_unwind
[INFO] [stdout]   10:     0x5970f71d489c - core[df12db4294e9bfd3]::panicking::panic_fmt
[INFO] [stdout]   11:     0x5970f71d4672 - core[df12db4294e9bfd3]::result::unwrap_failed
[INFO] [stdout]   12:     0x5970f6f5e8cd - jett[b5a7a08171fafb73]::tests::cases::ui::delete_folder_small_window
[INFO] [stdout]   13:     0x5970f6fa2d99 - <jett[b5a7a08171fafb73]::tests::cases::ui::delete_folder_small_window::{closure#0} as core[df12db4294e9bfd3]::ops::function::FnOnce<()>>::call_once
[INFO] [stdout]   14:     0x5970f7049ffb - test[9d35eded1c95d3be]::__rust_begin_short_backtrace::<core[df12db4294e9bfd3]::result::Result<(), alloc[2182bb758b4b3781]::string::String>, fn() -> core[df12db4294e9bfd3]::result::Result<(), alloc[2182bb758b4b3781]::string::String>>
[INFO] [stdout]   15:     0x5970f7057665 - test[9d35eded1c95d3be]::run_test::{closure#0}
[INFO] [stdout]   16:     0x5970f7050f24 - std[70759c8f55707aa4]::sys::backtrace::__rust_begin_short_backtrace::<test[9d35eded1c95d3be]::run_test::{closure#1}, ()>
[INFO] [stdout]   17:     0x5970f705a7c2 - <std[70759c8f55707aa4]::thread::lifecycle::spawn_unchecked<test[9d35eded1c95d3be]::run_test::{closure#1}, ()>::{closure#1} as core[df12db4294e9bfd3]::ops::function::FnOnce<()>>::call_once::{shim:vtable#0}
[INFO] [stdout]   18:     0x5970f71bad99 - <std[70759c8f55707aa4]::sys::thread::unix::Thread>::new::thread_start
[INFO] [stdout]   19:     0x7ea80ecf5dfa - <unknown>
[INFO] [stdout]   20:     0x7ea80ed893d4 - clone
[INFO] [stdout]   21:                0x0 - <unknown>
[INFO] [stdout] 
[INFO] [stdout] ---- tests::cases::ui::enter_largest_folder_with_no_selected_tile stdout ----
[INFO] [stdout] ━━━━━━━━━━━━━━━━━━━━━━━━━━━━━━━ Snapshot Summary ━━━━━━━━━━━━━━━━━━━━━━━━━━━━━━━
[INFO] [stdout] Snapshot file: src/tests/cases/snapshots/jett__tests__cases__ui__enter_largest_folder_with_no_selected_tile.snap
[INFO] [stdout] Snapshot: enter_largest_folder_with_no_selected_tile
[INFO] [stdout] Source: src/tests/cases/ui.rs:1385
[INFO] [stdout] ────────────────────────────────────────────────────────────────────────────────
[INFO] [stdout] Expression: &terminal_draw_events_mirror[0]
[INFO] [stdout] ────────────────────────────────────────────────────────────────────────────────
[INFO] [stdout] -old snapshot
[INFO] [stdout] +new results
[INFO] [stdout] ────────────┬───────────────────────────────────────────────────────────────────
[INFO] [stdout]     1       │- Total: 16.0K (4 files), freed: 0 | /tmp/jett_tests/enter_largest_folder_with_no_selected_tile                                                                                                
[INFO] [stdout]           1 │+ Total: 16.0K (4 files), freed: 0 (CAUTION: running as root) | /tmp/jett_tests/enter_largest_folder_with_no_selected_tile                                                                     
[INFO] [stdout]     2     2 │ ┌─────────────────────────────────────────────────────────────────────────────────────────────────────────────────────────────────────────────┬──────────────────────────────────────────────┐
[INFO] [stdout]     3     3 │ │                                                                                                                                             │                                              │
[INFO] [stdout]     4     4 │ │                                                                                                                                             │                                              │
[INFO] [stdout]     5     5 │ │                                                                                                                                             │                                              │
[INFO] [stdout] ────────────┴───────────────────────────────────────────────────────────────────
[INFO] [stdout] 
[INFO] [stdout] thread 'tests::cases::ui::enter_largest_folder_with_no_selected_tile' (2716) panicked at src/tests/cases/ui.rs:1385:5:
[INFO] [stdout] called `Result::unwrap()` on an `Err` value: FileIo(Os { code: 30, kind: ReadOnlyFilesystem, message: "Read-only file system" }, "/opt/rustwide/workdir/src/tests/cases/snapshots/jett__tests__cases__ui__enter_largest_folder_with_no_selected_tile.snap.new")
[INFO] [stdout] stack backtrace:
[INFO] [stdout]    0:     0x5970f71bbd81 - <<std[70759c8f55707aa4]::sys::backtrace::BacktraceLock>::print::DisplayBacktrace as core[df12db4294e9bfd3]::fmt::Display>::fmt
[INFO] [stdout]    1:     0x5970f71d40fa - core[df12db4294e9bfd3]::fmt::write
[INFO] [stdout]    2:     0x5970f71c0cdc - <alloc[2182bb758b4b3781]::vec::Vec<u8> as core[df12db4294e9bfd3]::io::write::Write>::write_fmt
[INFO] [stdout]    3:     0x5970f7193cd6 - std[70759c8f55707aa4]::panicking::default_hook::{closure#0}
[INFO] [stdout]    4:     0x5970f71b26f9 - std[70759c8f55707aa4]::panicking::default_hook
[INFO] [stdout]    5:     0x5970f7056d10 - test[9d35eded1c95d3be]::test_main_inner::<test[9d35eded1c95d3be]::test_main_static::{closure#0}>::{closure#0}
[INFO] [stdout]    6:     0x5970f71b2a22 - std[70759c8f55707aa4]::panicking::panic_with_hook
[INFO] [stdout]    7:     0x5970f7193d82 - std[70759c8f55707aa4]::panicking::panic_handler::{closure#0}
[INFO] [stdout]    8:     0x5970f718c039 - std[70759c8f55707aa4]::sys::backtrace::__rust_end_short_backtrace::<std[70759c8f55707aa4]::panicking::panic_handler::{closure#0}, !>
[INFO] [stdout]    9:     0x5970f7194cdd - __rustc[8fa7c3cbc660c2b3]::rust_begin_unwind
[INFO] [stdout]   10:     0x5970f71d489c - core[df12db4294e9bfd3]::panicking::panic_fmt
[INFO] [stdout]   11:     0x5970f71d4672 - core[df12db4294e9bfd3]::result::unwrap_failed
[INFO] [stdout]   12:     0x5970f6f79cc6 - jett[b5a7a08171fafb73]::tests::cases::ui::enter_largest_folder_with_no_selected_tile
[INFO] [stdout]   13:     0x5970f6fa2fb9 - <jett[b5a7a08171fafb73]::tests::cases::ui::enter_largest_folder_with_no_selected_tile::{closure#0} as core[df12db4294e9bfd3]::ops::function::FnOnce<()>>::call_once
[INFO] [stdout]   14:     0x5970f7049ffb - test[9d35eded1c95d3be]::__rust_begin_short_backtrace::<core[df12db4294e9bfd3]::result::Result<(), alloc[2182bb758b4b3781]::string::String>, fn() -> core[df12db4294e9bfd3]::result::Result<(), alloc[2182bb758b4b3781]::string::String>>
[INFO] [stdout]   15:     0x5970f7057665 - test[9d35eded1c95d3be]::run_test::{closure#0}
[INFO] [stdout]   16:     0x5970f7050f24 - std[70759c8f55707aa4]::sys::backtrace::__rust_begin_short_backtrace::<test[9d35eded1c95d3be]::run_test::{closure#1}, ()>
[INFO] [stdout]   17:     0x5970f705a7c2 - <std[70759c8f55707aa4]::thread::lifecycle::spawn_unchecked<test[9d35eded1c95d3be]::run_test::{closure#1}, ()>::{closure#1} as core[df12db4294e9bfd3]::ops::function::FnOnce<()>>::call_once::{shim:vtable#0}
[INFO] [stdout]   18:     0x5970f71bad99 - <std[70759c8f55707aa4]::sys::thread::unix::Thread>::new::thread_start
[INFO] [stdout]   19:     0x7ea80ecf5dfa - <unknown>
[INFO] [stdout]   20:     0x7ea80ed893d4 - clone
[INFO] [stdout]   21:                0x0 - <unknown>
[INFO] [stdout] 
[INFO] [stdout] ---- tests::cases::ui::medium_width stdout ----
[INFO] [stdout] ━━━━━━━━━━━━━━━━━━━━━━━━━━━━━━━ Snapshot Summary ━━━━━━━━━━━━━━━━━━━━━━━━━━━━━━━
[INFO] [stdout] Snapshot file: src/tests/cases/snapshots/jett__tests__cases__ui__medium_width.snap
[INFO] [stdout] Snapshot: medium_width
[INFO] [stdout] Source: src/tests/cases/ui.rs:134
[INFO] [stdout] ────────────────────────────────────────────────────────────────────────────────
[INFO] [stdout] Expression: &terminal_draw_events_mirror[0]
[INFO] [stdout] ────────────────────────────────────────────────────────────────────────────────
[INFO] [stdout] -old snapshot
[INFO] [stdout] +new results
[INFO] [stdout] ────────────┬───────────────────────────────────────────────────────────────────
[INFO] [stdout]     1       │- Total: 20.0K, freed: 0 | /tmp/jett_tests/medium_width      
[INFO] [stdout]           1 │+ Total: 20.0K (root) | /tmp/jett_tests/medium_width         
[INFO] [stdout]     2     2 │ ┌──────────────────────────────────────────────────────────┐
[INFO] [stdout]     3     3 │ │                                                          │
[INFO] [stdout]     4     4 │ │                                                          │
[INFO] [stdout]     5     5 │ │                                                          │
[INFO] [stdout] ────────────┴───────────────────────────────────────────────────────────────────
[INFO] [stdout] 
[INFO] [stdout] thread 'tests::cases::ui::medium_width' (3787) panicked at src/tests/cases/ui.rs:134:5:
[INFO] [stdout] called `Result::unwrap()` on an `Err` value: FileIo(Os { code: 30, kind: ReadOnlyFilesystem, message: "Read-only file system" }, "/opt/rustwide/workdir/src/tests/cases/snapshots/jett__tests__cases__ui__medium_width.snap.new")
[INFO] [stdout] stack backtrace:
[INFO] [stdout]    0:     0x5970f71bbd81 - <<std[70759c8f55707aa4]::sys::backtrace::BacktraceLock>::print::DisplayBacktrace as core[df12db4294e9bfd3]::fmt::Display>::fmt
[INFO] [stdout]    1:     0x5970f71d40fa - core[df12db4294e9bfd3]::fmt::write
[INFO] [stdout]    2:     0x5970f71c0cdc - <alloc[2182bb758b4b3781]::vec::Vec<u8> as core[df12db4294e9bfd3]::io::write::Write>::write_fmt
[INFO] [stdout]    3:     0x5970f7193cd6 - std[70759c8f55707aa4]::panicking::default_hook::{closure#0}
[INFO] [stdout]    4:     0x5970f71b26f9 - std[70759c8f55707aa4]::panicking::default_hook
[INFO] [stdout]    5:     0x5970f7056d10 - test[9d35eded1c95d3be]::test_main_inner::<test[9d35eded1c95d3be]::test_main_static::{closure#0}>::{closure#0}
[INFO] [stdout]    6:     0x5970f71b2a22 - std[70759c8f55707aa4]::panicking::panic_with_hook
[INFO] [stdout]    7:     0x5970f7193d82 - std[70759c8f55707aa4]::panicking::panic_handler::{closure#0}
[INFO] [stdout]    8:     0x5970f718c039 - std[70759c8f55707aa4]::sys::backtrace::__rust_end_short_backtrace::<std[70759c8f55707aa4]::panicking::panic_handler::{closure#0}, !>
[INFO] [stdout]    9:     0x5970f7194cdd - __rustc[8fa7c3cbc660c2b3]::rust_begin_unwind
[INFO] [stdout]   10:     0x5970f71d489c - core[df12db4294e9bfd3]::panicking::panic_fmt
[INFO] [stdout]   11:     0x5970f71d4672 - core[df12db4294e9bfd3]::result::unwrap_failed
[INFO] [stdout]   12:     0x5970f6f4b684 - jett[b5a7a08171fafb73]::tests::cases::ui::medium_width
[INFO] [stdout]   13:     0x5970f6fa2b99 - <jett[b5a7a08171fafb73]::tests::cases::ui::medium_width::{closure#0} as core[df12db4294e9bfd3]::ops::function::FnOnce<()>>::call_once
[INFO] [stdout]   14:     0x5970f7049ffb - test[9d35eded1c95d3be]::__rust_begin_short_backtrace::<core[df12db4294e9bfd3]::result::Result<(), alloc[2182bb758b4b3781]::string::String>, fn() -> core[df12db4294e9bfd3]::result::Result<(), alloc[2182bb758b4b3781]::string::String>>
[INFO] [stdout]   15:     0x5970f7057665 - test[9d35eded1c95d3be]::run_test::{closure#0}
[INFO] [stdout]   16:     0x5970f7050f24 - std[70759c8f55707aa4]::sys::backtrace::__rust_begin_short_backtrace::<test[9d35eded1c95d3be]::run_test::{closure#1}, ()>
[INFO] [stdout]   17:     0x5970f705a7c2 - <std[70759c8f55707aa4]::thread::lifecycle::spawn_unchecked<test[9d35eded1c95d3be]::run_test::{closure#1}, ()>::{closure#1} as core[df12db4294e9bfd3]::ops::function::FnOnce<()>>::call_once::{shim:vtable#0}
[INFO] [stdout]   18:     0x5970f71bad99 - <std[70759c8f55707aa4]::sys::thread::unix::Thread>::new::thread_start
[INFO] [stdout]   19:     0x7ea80ecf5dfa - <unknown>
[INFO] [stdout]   20:     0x7ea80ed893d4 - clone
[INFO] [stdout]   21:                0x0 - <unknown>
[INFO] [stdout] 
[INFO] [stdout] ---- tests::cases::ui::esc_to_go_up stdout ----
[INFO] [stdout] ━━━━━━━━━━━━━━━━━━━━━━━━━━━━━━━ Snapshot Summary ━━━━━━━━━━━━━━━━━━━━━━━━━━━━━━━
[INFO] [stdout] Snapshot file: src/tests/cases/snapshots/jett__tests__cases__ui__esc_to_go_up.snap
[INFO] [stdout] Snapshot: esc_to_go_up
[INFO] [stdout] Source: src/tests/cases/ui.rs:1520
[INFO] [stdout] ────────────────────────────────────────────────────────────────────────────────
[INFO] [stdout] Expression: &terminal_draw_events_mirror[0]
[INFO] [stdout] ────────────────────────────────────────────────────────────────────────────────
[INFO] [stdout] -old snapshot
[INFO] [stdout] +new results
[INFO] [stdout] ────────────┬───────────────────────────────────────────────────────────────────
[INFO] [stdout]     1       │- Total: 12.0K (4 files), freed: 0 | /tmp/jett_tests/esc_to_go_up                                                                                                                              
[INFO] [stdout]           1 │+ Total: 12.0K (4 files), freed: 0 (CAUTION: running as root) | /tmp/jett_tests/esc_to_go_up                                                                                                   
[INFO] [stdout]     2     2 │ ┌─────────────────────────────────────────────────────────────────────────────────────────────────────────────────────────────┬──────────────────────────────────────────────────────────────┐
[INFO] [stdout]     3     3 │ │                                                                                                                             │                                                              │
[INFO] [stdout]     4     4 │ │                                                                                                                             │                                                              │
[INFO] [stdout]     5     5 │ │                                                                                                                             │                                                              │
[INFO] [stdout] ────────────┴───────────────────────────────────────────────────────────────────
[INFO] [stdout] 
[INFO] [stdout] thread 'tests::cases::ui::esc_to_go_up' (2717) panicked at src/tests/cases/ui.rs:1520:5:
[INFO] [stdout] called `Result::unwrap()` on an `Err` value: FileIo(Os { code: 30, kind: ReadOnlyFilesystem, message: "Read-only file system" }, "/opt/rustwide/workdir/src/tests/cases/snapshots/jett__tests__cases__ui__esc_to_go_up.snap.new")
[INFO] [stdout] stack backtrace:
[INFO] [stdout]    0:     0x5970f71bbd81 - <<std[70759c8f55707aa4]::sys::backtrace::BacktraceLock>::print::DisplayBacktrace as core[df12db4294e9bfd3]::fmt::Display>::fmt
[INFO] [stdout]    1:     0x5970f71d40fa - core[df12db4294e9bfd3]::fmt::write
[INFO] [stdout]    2:     0x5970f71c0cdc - <alloc[2182bb758b4b3781]::vec::Vec<u8> as core[df12db4294e9bfd3]::io::write::Write>::write_fmt
[INFO] [stdout]    3:     0x5970f7193cd6 - std[70759c8f55707aa4]::panicking::default_hook::{closure#0}
[INFO] [stdout]    4:     0x5970f71b26f9 - std[70759c8f55707aa4]::panicking::default_hook
[INFO] [stdout]    5:     0x5970f7056d10 - test[9d35eded1c95d3be]::test_main_inner::<test[9d35eded1c95d3be]::test_main_static::{closure#0}>::{closure#0}
[INFO] [stdout]    6:     0x5970f71b2a22 - std[70759c8f55707aa4]::panicking::panic_with_hook
[INFO] [stdout]    7:     0x5970f7193d82 - std[70759c8f55707aa4]::panicking::panic_handler::{closure#0}
[INFO] [stdout]    8:     0x5970f718c039 - std[70759c8f55707aa4]::sys::backtrace::__rust_end_short_backtrace::<std[70759c8f55707aa4]::panicking::panic_handler::{closure#0}, !>
[INFO] [stdout]    9:     0x5970f7194cdd - __rustc[8fa7c3cbc660c2b3]::rust_begin_unwind
[INFO] [stdout]   10:     0x5970f71d489c - core[df12db4294e9bfd3]::panicking::panic_fmt
[INFO] [stdout]   11:     0x5970f71d4672 - core[df12db4294e9bfd3]::result::unwrap_failed
[INFO] [stdout]   12:     0x5970f6f4a5a5 - jett[b5a7a08171fafb73]::tests::cases::ui::esc_to_go_up
[INFO] [stdout]   13:     0x5970f6fa2b79 - <jett[b5a7a08171fafb73]::tests::cases::ui::esc_to_go_up::{closure#0} as core[df12db4294e9bfd3]::ops::function::FnOnce<()>>::call_once
[INFO] [stdout]   14:     0x5970f7049ffb - test[9d35eded1c95d3be]::__rust_begin_short_backtrace::<core[df12db4294e9bfd3]::result::Result<(), alloc[2182bb758b4b3781]::string::String>, fn() -> core[df12db4294e9bfd3]::result::Result<(), alloc[2182bb758b4b3781]::string::String>>
[INFO] [stdout]   15:     0x5970f7057665 - test[9d35eded1c95d3be]::run_test::{closure#0}
[INFO] [stdout]   16:     0x5970f7050f24 - std[70759c8f55707aa4]::sys::backtrace::__rust_begin_short_backtrace::<test[9d35eded1c95d3be]::run_test::{closure#1}, ()>
[INFO] [stdout]   17:     0x5970f705a7c2 - <std[70759c8f55707aa4]::thread::lifecycle::spawn_unchecked<test[9d35eded1c95d3be]::run_test::{closure#1}, ()>::{closure#1} as core[df12db4294e9bfd3]::ops::function::FnOnce<()>>::call_once::{shim:vtable#0}
[INFO] [stdout]   18:     0x5970f71bad99 - <std[70759c8f55707aa4]::sys::thread::unix::Thread>::new::thread_start
[INFO] [stdout]   19:     0x7ea80ecf5dfa - <unknown>
[INFO] [stdout]   20:     0x7ea80ed893d4 - clone
[INFO] [stdout]   21:                0x0 - <unknown>
[INFO] [stdout] 
[INFO] [stdout] ---- tests::cases::ui::one_file_system_still_scans_same_device_content stdout ----
[INFO] [stdout] ━━━━━━━━━━━━━━━━━━━━━━━━━━━━━━━ Snapshot Summary ━━━━━━━━━━━━━━━━━━━━━━━━━━━━━━━
[INFO] [stdout] Snapshot file: src/tests/cases/snapshots/jett__tests__cases__ui__one_file_system_still_scans_same_device_content.snap
[INFO] [stdout] Snapshot: one_file_system_still_scans_same_device_content
[INFO] [stdout] Source: src/tests/cases/ui.rs:2754
[INFO] [stdout] ────────────────────────────────────────────────────────────────────────────────
[INFO] [stdout] Expression: &terminal_draw_events_mirror[0]
[INFO] [stdout] ────────────────────────────────────────────────────────────────────────────────
[INFO] [stdout] -old snapshot
[INFO] [stdout] +new results
[INFO] [stdout] ────────────┬───────────────────────────────────────────────────────────────────
[INFO] [stdout]     1       │- Total: 8.0K (2 files), freed: 0 | /tmp/jett_tests/one_file_system                                                                                                                            
[INFO] [stdout]           1 │+ Total: 8.0K (2 files), freed: 0 (CAUTION: running as root) | /tmp/jett_tests/one_file_system                                                                                                 
[INFO] [stdout]     2     2 │ ┌────────────────────────────────────────────────────────────────────────────────────────────────────────────────────────────────────────────────────────────────────────────────────────────┐
[INFO] [stdout]     3     3 │ │                                                                                                                                                                                            │
[INFO] [stdout]     4     4 │ │                                                                                                                                                                                            │
[INFO] [stdout]     5     5 │ │                                                                                                                                                                                            │
[INFO] [stdout] ────────────┴───────────────────────────────────────────────────────────────────
[INFO] [stdout] 
[INFO] [stdout] thread 'tests::cases::ui::one_file_system_still_scans_same_device_content' (4679) panicked at src/tests/cases/ui.rs:2754:5:
[INFO] [stdout] called `Result::unwrap()` on an `Err` value: FileIo(Os { code: 30, kind: ReadOnlyFilesystem, message: "Read-only file system" }, "/opt/rustwide/workdir/src/tests/cases/snapshots/jett__tests__cases__ui__one_file_system_still_scans_same_device_content.snap.new")
[INFO] [stdout] stack backtrace:
[INFO] [stdout]    0:     0x5970f71bbd81 - <<std[70759c8f55707aa4]::sys::backtrace::BacktraceLock>::print::DisplayBacktrace as core[df12db4294e9bfd3]::fmt::Display>::fmt
[INFO] [stdout]    1:     0x5970f71d40fa - core[df12db4294e9bfd3]::fmt::write
[INFO] [stdout]    2:     0x5970f71c0cdc - <alloc[2182bb758b4b3781]::vec::Vec<u8> as core[df12db4294e9bfd3]::io::write::Write>::write_fmt
[INFO] [stdout]    3:     0x5970f7193cd6 - std[70759c8f55707aa4]::panicking::default_hook::{closure#0}
[INFO] [stdout]    4:     0x5970f71b26f9 - std[70759c8f55707aa4]::panicking::default_hook
[INFO] [stdout]    5:     0x5970f7056d10 - test[9d35eded1c95d3be]::test_main_inner::<test[9d35eded1c95d3be]::test_main_static::{closure#0}>::{closure#0}
[INFO] [stdout]    6:     0x5970f71b2a22 - std[70759c8f55707aa4]::panicking::panic_with_hook
[INFO] [stdout]    7:     0x5970f7193d82 - std[70759c8f55707aa4]::panicking::panic_handler::{closure#0}
[INFO] [stdout]    8:     0x5970f718c039 - std[70759c8f55707aa4]::sys::backtrace::__rust_end_short_backtrace::<std[70759c8f55707aa4]::panicking::panic_handler::{closure#0}, !>
[INFO] [stdout]    9:     0x5970f7194cdd - __rustc[8fa7c3cbc660c2b3]::rust_begin_unwind
[INFO] [stdout]   10:     0x5970f71d489c - core[df12db4294e9bfd3]::panicking::panic_fmt
[INFO] [stdout]   11:     0x5970f71d4672 - core[df12db4294e9bfd3]::result::unwrap_failed
[INFO] [stdout]   12:     0x5970f6f7c60d - jett[b5a7a08171fafb73]::tests::cases::ui::one_file_system_still_scans_same_device_content
[INFO] [stdout]   13:     0x5970f6fa2ff9 - <jett[b5a7a08171fafb73]::tests::cases::ui::one_file_system_still_scans_same_device_content::{closure#0} as core[df12db4294e9bfd3]::ops::function::FnOnce<()>>::call_once
[INFO] [stdout]   14:     0x5970f7049ffb - test[9d35eded1c95d3be]::__rust_begin_short_backtrace::<core[df12db4294e9bfd3]::result::Result<(), alloc[2182bb758b4b3781]::string::String>, fn() -> core[df12db4294e9bfd3]::result::Result<(), alloc[2182bb758b4b3781]::string::String>>
[INFO] [stdout]   15:     0x5970f7057665 - test[9d35eded1c95d3be]::run_test::{closure#0}
[INFO] [stdout]   16:     0x5970f7050f24 - std[70759c8f55707aa4]::sys::backtrace::__rust_begin_short_backtrace::<test[9d35eded1c95d3be]::run_test::{closure#1}, ()>
[INFO] [stdout]   17:     0x5970f705a7c2 - <std[70759c8f55707aa4]::thread::lifecycle::spawn_unchecked<test[9d35eded1c95d3be]::run_test::{closure#1}, ()>::{closure#1} as core[df12db4294e9bfd3]::ops::function::FnOnce<()>>::call_once::{shim:vtable#0}
[INFO] [stdout]   18:     0x5970f71bad99 - <std[70759c8f55707aa4]::sys::thread::unix::Thread>::new::thread_start
[INFO] [stdout]   19:     0x7ea80ecf5dfa - <unknown>
[INFO] [stdout]   20:     0x7ea80ed893d4 - clone
[INFO] [stdout]   21:                0x0 - <unknown>
[INFO] [stdout] 
[INFO] [stdout] ---- tests::cases::ui::permission_denied_when_deleting_no_confirmation stdout ----
[INFO] [stdout] 
[INFO] [stdout] thread 'tests::cases::ui::permission_denied_when_deleting_no_confirmation' (4837) panicked at src/tests/cases/ui.rs:2893:5:
[INFO] [stdout] file was not deleted
[INFO] [stdout] stack backtrace:
[INFO] [stdout]    0:     0x5970f71bbd81 - <<std[70759c8f55707aa4]::sys::backtrace::BacktraceLock>::print::DisplayBacktrace as core[df12db4294e9bfd3]::fmt::Display>::fmt
[INFO] [stdout]    1:     0x5970f71d40fa - core[df12db4294e9bfd3]::fmt::write
[INFO] [stdout]    2:     0x5970f71c0cdc - <alloc[2182bb758b4b3781]::vec::Vec<u8> as core[df12db4294e9bfd3]::io::write::Write>::write_fmt
[INFO] [stdout]    3:     0x5970f7193cd6 - std[70759c8f55707aa4]::panicking::default_hook::{closure#0}
[INFO] [stdout]    4:     0x5970f71b26f9 - std[70759c8f55707aa4]::panicking::default_hook
[INFO] [stdout]    5:     0x5970f7056d10 - test[9d35eded1c95d3be]::test_main_inner::<test[9d35eded1c95d3be]::test_main_static::{closure#0}>::{closure#0}
[INFO] [stdout]    6:     0x5970f71b2a22 - std[70759c8f55707aa4]::panicking::panic_with_hook
[INFO] [stdout]    7:     0x5970f7193db4 - std[70759c8f55707aa4]::panicking::panic_handler::{closure#0}
[INFO] [stdout]    8:     0x5970f718c039 - std[70759c8f55707aa4]::sys::backtrace::__rust_end_short_backtrace::<std[70759c8f55707aa4]::panicking::panic_handler::{closure#0}, !>
[INFO] [stdout]    9:     0x5970f7194cdd - __rustc[8fa7c3cbc660c2b3]::rust_begin_unwind
[INFO] [stdout]   10:     0x5970f71d489c - core[df12db4294e9bfd3]::panicking::panic_fmt
[INFO] [stdout]   11:     0x5970f6f7e1e8 - jett[b5a7a08171fafb73]::tests::cases::ui::permission_denied_when_deleting_no_confirmation
[INFO] [stdout]   12:     0x5970f6fa3019 - <jett[b5a7a08171fafb73]::tests::cases::ui::permission_denied_when_deleting_no_confirmation::{closure#0} as core[df12db4294e9bfd3]::ops::function::FnOnce<()>>::call_once
[INFO] [stdout]   13:     0x5970f7049ffb - test[9d35eded1c95d3be]::__rust_begin_short_backtrace::<core[df12db4294e9bfd3]::result::Result<(), alloc[2182bb758b4b3781]::string::String>, fn() -> core[df12db4294e9bfd3]::result::Result<(), alloc[2182bb758b4b3781]::string::String>>
[INFO] [stdout]   14:     0x5970f7057665 - test[9d35eded1c95d3be]::run_test::{closure#0}
[INFO] [stdout]   15:     0x5970f7050f24 - std[70759c8f55707aa4]::sys::backtrace::__rust_begin_short_backtrace::<test[9d35eded1c95d3be]::run_test::{closure#1}, ()>
[INFO] [stdout]   16:     0x5970f705a7c2 - <std[70759c8f55707aa4]::thread::lifecycle::spawn_unchecked<test[9d35eded1c95d3be]::run_test::{closure#1}, ()>::{closure#1} as core[df12db4294e9bfd3]::ops::function::FnOnce<()>>::call_once::{shim:vtable#0}
[INFO] [stdout]   17:     0x5970f71bad99 - <std[70759c8f55707aa4]::sys::thread::unix::Thread>::new::thread_start
[INFO] [stdout]   18:     0x7ea80ecf5dfa - <unknown>
[INFO] [stdout]   19:     0x7ea80ed893d4 - clone
[INFO] [stdout]   20:                0x0 - <unknown>
[INFO] [stdout] 
[INFO] [stdout] ---- tests::cases::ui::pressing_delete_with_no_selected_tile stdout ----
[INFO] [stdout] ━━━━━━━━━━━━━━━━━━━━━━━━━━━━━━━ Snapshot Summary ━━━━━━━━━━━━━━━━━━━━━━━━━━━━━━━
[INFO] [stdout] Snapshot file: src/tests/cases/snapshots/jett__tests__cases__ui__pressing_delete_with_no_selected_tile.snap
[INFO] [stdout] Snapshot: pressing_delete_with_no_selected_tile
[INFO] [stdout] Source: src/tests/cases/ui.rs:2562
[INFO] [stdout] ────────────────────────────────────────────────────────────────────────────────
[INFO] [stdout] Expression: &terminal_draw_events_mirror[0]
[INFO] [stdout] ────────────────────────────────────────────────────────────────────────────────
[INFO] [stdout] -old snapshot
[INFO] [stdout] +new results
[INFO] [stdout] ────────────┬───────────────────────────────────────────────────────────────────
[INFO] [stdout]     1       │- Total: 12.0K (4 files), freed: 0 | /tmp/jett_tests/pressing_delete_with_no_selected_tile                                                                                                     
[INFO] [stdout]           1 │+ Total: 12.0K (4 files), freed: 0 (CAUTION: running as root) | /tmp/jett_tests/pressing_delete_with_no_selected_tile                                                                          
[INFO] [stdout]     2     2 │ ┌─────────────────────────────────────────────────────────────────────────────────────────────────────────────────────────────┬──────────────────────────────────────────────────────────────┐
[INFO] [stdout]     3     3 │ │                                                                                                                             │                                                              │
[INFO] [stdout]     4     4 │ │                                                                                                                             │                                                              │
[INFO] [stdout]     5     5 │ │                                                                                                                             │                                                              │
[INFO] [stdout] ────────────┴───────────────────────────────────────────────────────────────────
[INFO] [stdout] 
[INFO] [stdout] thread 'tests::cases::ui::pressing_delete_with_no_selected_tile' (4879) panicked at src/tests/cases/ui.rs:2562:5:
[INFO] [stdout] called `Result::unwrap()` on an `Err` value: FileIo(Os { code: 30, kind: ReadOnlyFilesystem, message: "Read-only file system" }, "/opt/rustwide/workdir/src/tests/cases/snapshots/jett__tests__cases__ui__pressing_delete_with_no_selected_tile.snap.new")
[INFO] [stdout] stack backtrace:
[INFO] [stdout]    0:     0x5970f71bbd81 - <<std[70759c8f55707aa4]::sys::backtrace::BacktraceLock>::print::DisplayBacktrace as core[df12db4294e9bfd3]::fmt::Display>::fmt
[INFO] [stdout]    1:     0x5970f71d40fa - core[df12db4294e9bfd3]::fmt::write
[INFO] [stdout]    2:     0x5970f71c0cdc - <alloc[2182bb758b4b3781]::vec::Vec<u8> as core[df12db4294e9bfd3]::io::write::Write>::write_fmt
[INFO] [stdout]    3:     0x5970f7193cd6 - std[70759c8f55707aa4]::panicking::default_hook::{closure#0}
[INFO] [stdout]    4:     0x5970f71b26f9 - std[70759c8f55707aa4]::panicking::default_hook
[INFO] [stdout]    5:     0x5970f7056d10 - test[9d35eded1c95d3be]::test_main_inner::<test[9d35eded1c95d3be]::test_main_static::{closure#0}>::{closure#0}
[INFO] [stdout]    6:     0x5970f71b2a22 - std[70759c8f55707aa4]::panicking::panic_with_hook
[INFO] [stdout]    7:     0x5970f7193d82 - std[70759c8f55707aa4]::panicking::panic_handler::{closure#0}
[INFO] [stdout]    8:     0x5970f718c039 - std[70759c8f55707aa4]::sys::backtrace::__rust_end_short_backtrace::<std[70759c8f55707aa4]::panicking::panic_handler::{closure#0}, !>
[INFO] [stdout]    9:     0x5970f7194cdd - __rustc[8fa7c3cbc660c2b3]::rust_begin_unwind
[INFO] [stdout]   10:     0x5970f71d489c - core[df12db4294e9bfd3]::panicking::panic_fmt
[INFO] [stdout]   11:     0x5970f71d4672 - core[df12db4294e9bfd3]::result::unwrap_failed
[INFO] [stdout]   12:     0x5970f6f764b5 - jett[b5a7a08171fafb73]::tests::cases::ui::pressing_delete_with_no_selected_tile
[INFO] [stdout]   13:     0x5970f6fa2f79 - <jett[b5a7a08171fafb73]::tests::cases::ui::pressing_delete_with_no_selected_tile::{closure#0} as core[df12db4294e9bfd3]::ops::function::FnOnce<()>>::call_once
[INFO] [stdout]   14:     0x5970f7049ffb - test[9d35eded1c95d3be]::__rust_begin_short_backtrace::<core[df12db4294e9bfd3]::result::Result<(), alloc[2182bb758b4b3781]::string::String>, fn() -> core[df12db4294e9bfd3]::result::Result<(), alloc[2182bb758b4b3781]::string::String>>
[INFO] [stdout]   15:     0x5970f7057665 - test[9d35eded1c95d3be]::run_test::{closure#0}
[INFO] [stdout]   16:     0x5970f7050f24 - std[70759c8f55707aa4]::sys::backtrace::__rust_begin_short_backtrace::<test[9d35eded1c95d3be]::run_test::{closure#1}, ()>
[INFO] [stdout]   17:     0x5970f705a7c2 - <std[70759c8f55707aa4]::thread::lifecycle::spawn_unchecked<test[9d35eded1c95d3be]::run_test::{closure#1}, ()>::{closure#1} as core[df12db4294e9bfd3]::ops::function::FnOnce<()>>::call_once::{shim:vtable#0}
[INFO] [stdout]   18:     0x5970f71bad99 - <std[70759c8f55707aa4]::sys::thread::unix::Thread>::new::thread_start
[INFO] [stdout]   19:     0x7ea80ecf5dfa - <unknown>
[INFO] [stdout]   20:     0x7ea80ed893d4 - clone
[INFO] [stdout]   21:                0x0 - <unknown>
[INFO] [stdout] 
[INFO] [stdout] ---- tests::cases::ui::permission_denied_when_deleting stdout ----
[INFO] [stdout] 
[INFO] [stdout] thread 'tests::cases::ui::permission_denied_when_deleting' (4820) panicked at src/tests/cases/ui.rs:2807:5:
[INFO] [stdout] file was not deleted
[INFO] [stdout] stack backtrace:
[INFO] [stdout]    0:     0x5970f71bbd81 - <<std[70759c8f55707aa4]::sys::backtrace::BacktraceLock>::print::DisplayBacktrace as core[df12db4294e9bfd3]::fmt::Display>::fmt
[INFO] [stdout]    1:     0x5970f71d40fa - core[df12db4294e9bfd3]::fmt::write
[INFO] [stdout]    2:     0x5970f71c0cdc - <alloc[2182bb758b4b3781]::vec::Vec<u8> as core[df12db4294e9bfd3]::io::write::Write>::write_fmt
[INFO] [stdout]    3:     0x5970f7193cd6 - std[70759c8f55707aa4]::panicking::default_hook::{closure#0}
[INFO] [stdout]    4:     0x5970f71b26f9 - std[70759c8f55707aa4]::panicking::default_hook
[INFO] [stdout]    5:     0x5970f7056d10 - test[9d35eded1c95d3be]::test_main_inner::<test[9d35eded1c95d3be]::test_main_static::{closure#0}>::{closure#0}
[INFO] [stdout]    6:     0x5970f71b2a22 - std[70759c8f55707aa4]::panicking::panic_with_hook
[INFO] [stdout]    7:     0x5970f7193db4 - std[70759c8f55707aa4]::panicking::panic_handler::{closure#0}
[INFO] [stdout]    8:     0x5970f718c039 - std[70759c8f55707aa4]::sys::backtrace::__rust_end_short_backtrace::<std[70759c8f55707aa4]::panicking::panic_handler::{closure#0}, !>
[INFO] [stdout]    9:     0x5970f7194cdd - __rustc[8fa7c3cbc660c2b3]::rust_begin_unwind
[INFO] [stdout]   10:     0x5970f71d489c - core[df12db4294e9bfd3]::panicking::panic_fmt
[INFO] [stdout]   11:     0x5970f6f6f00c - jett[b5a7a08171fafb73]::tests::cases::ui::permission_denied_when_deleting
[INFO] [stdout]   12:     0x5970f6fa2ef9 - <jett[b5a7a08171fafb73]::tests::cases::ui::permission_denied_when_deleting::{closure#0} as core[df12db4294e9bfd3]::ops::function::FnOnce<()>>::call_once
[INFO] [stdout]   13:     0x5970f7049ffb - test[9d35eded1c95d3be]::__rust_begin_short_backtrace::<core[df12db4294e9bfd3]::result::Result<(), alloc[2182bb758b4b3781]::string::String>, fn() -> core[df12db4294e9bfd3]::result::Result<(), alloc[2182bb758b4b3781]::string::String>>
[INFO] [stdout]   14:     0x5970f7057665 - test[9d35eded1c95d3be]::run_test::{closure#0}
[INFO] [stdout]   15:     0x5970f7050f24 - std[70759c8f55707aa4]::sys::backtrace::__rust_begin_short_backtrace::<test[9d35eded1c95d3be]::run_test::{closure#1}, ()>
[INFO] [stdout]   16:     0x5970f705a7c2 - <std[70759c8f55707aa4]::thread::lifecycle::spawn_unchecked<test[9d35eded1c95d3be]::run_test::{closure#1}, ()>::{closure#1} as core[df12db4294e9bfd3]::ops::function::FnOnce<()>>::call_once::{shim:vtable#0}
[INFO] [stdout]   17:     0x5970f71bad99 - <std[70759c8f55707aa4]::sys::thread::unix::Thread>::new::thread_start
[INFO] [stdout]   18:     0x7ea80ecf5dfa - <unknown>
[INFO] [stdout]   19:     0x7ea80ed893d4 - clone
[INFO] [stdout]   20:                0x0 - <unknown>
[INFO] [stdout] 
[INFO] [stdout] ---- tests::cases::ui::move_right_and_enter_folder stdout ----
[INFO] [stdout] ━━━━━━━━━━━━━━━━━━━━━━━━━━━━━━━ Snapshot Summary ━━━━━━━━━━━━━━━━━━━━━━━━━━━━━━━
[INFO] [stdout] Snapshot file: src/tests/cases/snapshots/jett__tests__cases__ui__move_right_and_enter_folder.snap
[INFO] [stdout] Snapshot: move_right_and_enter_folder
[INFO] [stdout] Source: src/tests/cases/ui.rs:1242
[INFO] [stdout] ────────────────────────────────────────────────────────────────────────────────
[INFO] [stdout] Expression: &terminal_draw_events_mirror[0]
[INFO] [stdout] ────────────────────────────────────────────────────────────────────────────────
[INFO] [stdout] -old snapshot
[INFO] [stdout] +new results
[INFO] [stdout] ────────────┬───────────────────────────────────────────────────────────────────
[INFO] [stdout]     1       │- Total: 12.0K (4 files), freed: 0 | /tmp/jett_tests/move_right_and_enter_folder                                                                                                               
[INFO] [stdout]           1 │+ Total: 12.0K (4 files), freed: 0 (CAUTION: running as root) | /tmp/jett_tests/move_right_and_enter_folder                                                                                    
[INFO] [stdout]     2     2 │ ┌─────────────────────────────────────────────────────────────────────────────────────────────────────────────────────────────┬──────────────────────────────────────────────────────────────┐
[INFO] [stdout]     3     3 │ │                                                                                                                             │                                                              │
[INFO] [stdout]     4     4 │ │                                                                                                                             │                                                              │
[INFO] [stdout]     5     5 │ │                                                                                                                             │                                                              │
[INFO] [stdout] ────────────┴───────────────────────────────────────────────────────────────────
[INFO] [stdout] 
[INFO] [stdout] thread 'tests::cases::ui::move_right_and_enter_folder' (4203) panicked at src/tests/cases/ui.rs:1242:5:
[INFO] [stdout] called `Result::unwrap()` on an `Err` value: FileIo(Os { code: 30, kind: ReadOnlyFilesystem, message: "Read-only file system" }, "/opt/rustwide/workdir/src/tests/cases/snapshots/jett__tests__cases__ui__move_right_and_enter_folder.snap.new")
[INFO] [stdout] stack backtrace:
[INFO] [stdout]    0:     0x5970f71bbd81 - <<std[70759c8f55707aa4]::sys::backtrace::BacktraceLock>::print::DisplayBacktrace as core[df12db4294e9bfd3]::fmt::Display>::fmt
[INFO] [stdout]    1:     0x5970f71d40fa - core[df12db4294e9bfd3]::fmt::write
[INFO] [stdout]    2:     0x5970f71c0cdc - <alloc[2182bb758b4b3781]::vec::Vec<u8> as core[df12db4294e9bfd3]::io::write::Write>::write_fmt
[INFO] [stdout]    3:     0x5970f7193cd6 - std[70759c8f55707aa4]::panicking::default_hook::{closure#0}
[INFO] [stdout]    4:     0x5970f71b26f9 - std[70759c8f55707aa4]::panicking::default_hook
[INFO] [stdout]    5:     0x5970f7056d10 - test[9d35eded1c95d3be]::test_main_inner::<test[9d35eded1c95d3be]::test_main_static::{closure#0}>::{closure#0}
[INFO] [stdout]    6:     0x5970f71b2a22 - std[70759c8f55707aa4]::panicking::panic_with_hook
[INFO] [stdout]    7:     0x5970f7193d82 - std[70759c8f55707aa4]::panicking::panic_handler::{closure#0}
[INFO] [stdout]    8:     0x5970f718c039 - std[70759c8f55707aa4]::sys::backtrace::__rust_end_short_backtrace::<std[70759c8f55707aa4]::panicking::panic_handler::{closure#0}, !>
[INFO] [stdout]    9:     0x5970f7194cdd - __rustc[8fa7c3cbc660c2b3]::rust_begin_unwind
[INFO] [stdout]   10:     0x5970f71d489c - core[df12db4294e9bfd3]::panicking::panic_fmt
[INFO] [stdout]   11:     0x5970f71d4672 - core[df12db4294e9bfd3]::result::unwrap_failed
[INFO] [stdout]   12:     0x5970f6f67392 - jett[b5a7a08171fafb73]::tests::cases::ui::move_right_and_enter_folder
[INFO] [stdout]   13:     0x5970f6fa2e59 - <jett[b5a7a08171fafb73]::tests::cases::ui::move_right_and_enter_folder::{closure#0} as core[df12db4294e9bfd3]::ops::function::FnOnce<()>>::call_once
[INFO] [stdout]   14:     0x5970f7049ffb - test[9d35eded1c95d3be]::__rust_begin_short_backtrace::<core[df12db4294e9bfd3]::result::Result<(), alloc[2182bb758b4b3781]::string::String>, fn() -> core[df12db4294e9bfd3]::result::Result<(), alloc[2182bb758b4b3781]::string::String>>
[INFO] [stdout]   15:     0x5970f7057665 - test[9d35eded1c95d3be]::run_test::{closure#0}
[INFO] [stdout]   16:     0x5970f7050f24 - std[70759c8f55707aa4]::sys::backtrace::__rust_begin_short_backtrace::<test[9d35eded1c95d3be]::run_test::{closure#1}, ()>
[INFO] [stdout]   17:     0x5970f705a7c2 - <std[70759c8f55707aa4]::thread::lifecycle::spawn_unchecked<test[9d35eded1c95d3be]::run_test::{closure#1}, ()>::{closure#1} as core[df12db4294e9bfd3]::ops::function::FnOnce<()>>::call_once::{shim:vtable#0}
[INFO] [stdout]   18:     0x5970f71bad99 - <std[70759c8f55707aa4]::sys::thread::unix::Thread>::new::thread_start
[INFO] [stdout]   19:     0x7ea80ecf5dfa - <unknown>
[INFO] [stdout]   20:     0x7ea80ed893d4 - clone
[INFO] [stdout]   21:                0x0 - <unknown>
[INFO] [stdout] 
[INFO] [stdout] ---- tests::cases::ui::move_left_and_enter_folder stdout ----
[INFO] [stdout] ━━━━━━━━━━━━━━━━━━━━━━━━━━━━━━━ Snapshot Summary ━━━━━━━━━━━━━━━━━━━━━━━━━━━━━━━
[INFO] [stdout] Snapshot file: src/tests/cases/snapshots/jett__tests__cases__ui__move_left_and_enter_folder.snap
[INFO] [stdout] Snapshot: move_left_and_enter_folder
[INFO] [stdout] Source: src/tests/cases/ui.rs:1316
[INFO] [stdout] ────────────────────────────────────────────────────────────────────────────────
[INFO] [stdout] Expression: &terminal_draw_events_mirror[0]
[INFO] [stdout] ────────────────────────────────────────────────────────────────────────────────
[INFO] [stdout] -old snapshot
[INFO] [stdout] +new results
[INFO] [stdout] ────────────┬───────────────────────────────────────────────────────────────────
[INFO] [stdout]     1       │- Total: 16.0K (4 files), freed: 0 | /tmp/jett_tests/move_left_and_enter_folder                                                                                                                
[INFO] [stdout]           1 │+ Total: 16.0K (4 files), freed: 0 (CAUTION: running as root) | /tmp/jett_tests/move_left_and_enter_folder                                                                                     
[INFO] [stdout]     2     2 │ ┌─────────────────────────────────────────────────────────────────────────────────────────────────────────────────────────────────────────────┬──────────────────────────────────────────────┐
[INFO] [stdout]     3     3 │ │                                                                                                                                             │                                              │
[INFO] [stdout]     4     4 │ │                                                                                                                                             │                                              │
[INFO] [stdout]     5     5 │ │                                                                                                                                             │                                              │
[INFO] [stdout] ────────────┴───────────────────────────────────────────────────────────────────
[INFO] [stdout] 
[INFO] [stdout] thread 'tests::cases::ui::move_left_and_enter_folder' (4186) panicked at src/tests/cases/ui.rs:1316:5:
[INFO] [stdout] called `Result::unwrap()` on an `Err` value: FileIo(Os { code: 30, kind: ReadOnlyFilesystem, message: "Read-only file system" }, "/opt/rustwide/workdir/src/tests/cases/snapshots/jett__tests__cases__ui__move_left_and_enter_folder.snap.new")
[INFO] [stdout] stack backtrace:
[INFO] [stdout]    0:     0x5970f71bbd81 - <<std[70759c8f55707aa4]::sys::backtrace::BacktraceLock>::print::DisplayBacktrace as core[df12db4294e9bfd3]::fmt::Display>::fmt
[INFO] [stdout]    1:     0x5970f71d40fa - core[df12db4294e9bfd3]::fmt::write
[INFO] [stdout]    2:     0x5970f71c0cdc - <alloc[2182bb758b4b3781]::vec::Vec<u8> as core[df12db4294e9bfd3]::io::write::Write>::write_fmt
[INFO] [stdout]    3:     0x5970f7193cd6 - std[70759c8f55707aa4]::panicking::default_hook::{closure#0}
[INFO] [stdout]    4:     0x5970f71b26f9 - std[70759c8f55707aa4]::panicking::default_hook
[INFO] [stdout]    5:     0x5970f7056d10 - test[9d35eded1c95d3be]::test_main_inner::<test[9d35eded1c95d3be]::test_main_static::{closure#0}>::{closure#0}
[INFO] [stdout]    6:     0x5970f71b2a22 - std[70759c8f55707aa4]::panicking::panic_with_hook
[INFO] [stdout]    7:     0x5970f7193d82 - std[70759c8f55707aa4]::panicking::panic_handler::{closure#0}
[INFO] [stdout]    8:     0x5970f718c039 - std[70759c8f55707aa4]::sys::backtrace::__rust_end_short_backtrace::<std[70759c8f55707aa4]::panicking::panic_handler::{closure#0}, !>
[INFO] [stdout]    9:     0x5970f7194cdd - __rustc[8fa7c3cbc660c2b3]::rust_begin_unwind
[INFO] [stdout]   10:     0x5970f71d489c - core[df12db4294e9bfd3]::panicking::panic_fmt
[INFO] [stdout]   11:     0x5970f71d4672 - core[df12db4294e9bfd3]::result::unwrap_failed
[INFO] [stdout]   12:     0x5970f6f61ff5 - jett[b5a7a08171fafb73]::tests::cases::ui::move_left_and_enter_folder
[INFO] [stdout]   13:     0x5970f6fa2dd9 - <jett[b5a7a08171fafb73]::tests::cases::ui::move_left_and_enter_folder::{closure#0} as core[df12db4294e9bfd3]::ops::function::FnOnce<()>>::call_once
[INFO] [stdout]   14:     0x5970f7049ffb - test[9d35eded1c95d3be]::__rust_begin_short_backtrace::<core[df12db4294e9bfd3]::result::Result<(), alloc[2182bb758b4b3781]::string::String>, fn() -> core[df12db4294e9bfd3]::result::Result<(), alloc[2182bb758b4b3781]::string::String>>
[INFO] [stdout]   15:     0x5970f7057665 - test[9d35eded1c95d3be]::run_test::{closure#0}
[INFO] [stdout]   16:     0x5970f7050f24 - std[70759c8f55707aa4]::sys::backtrace::__rust_begin_short_backtrace::<test[9d35eded1c95d3be]::run_test::{closure#1}, ()>
[INFO] [stdout]   17:     0x5970f705a7c2 - <std[70759c8f55707aa4]::thread::lifecycle::spawn_unchecked<test[9d35eded1c95d3be]::run_test::{closure#1}, ()>::{closure#1} as core[df12db4294e9bfd3]::ops::function::FnOnce<()>>::call_once::{shim:vtable#0}
[INFO] [stdout]   18:     0x5970f71bad99 - <std[70759c8f55707aa4]::sys::thread::unix::Thread>::new::thread_start
[INFO] [stdout]   19:     0x7ea80ecf5dfa - <unknown>
[INFO] [stdout]   20:     0x7ea80ed893d4 - clone
[INFO] [stdout]   21:                0x0 - <unknown>
[INFO] [stdout] 
[INFO] [stdout] ---- tests::cases::ui::move_down_and_enter_folder stdout ----
[INFO] [stdout] ━━━━━━━━━━━━━━━━━━━━━━━━━━━━━━━ Snapshot Summary ━━━━━━━━━━━━━━━━━━━━━━━━━━━━━━━
[INFO] [stdout] Snapshot file: src/tests/cases/snapshots/jett__tests__cases__ui__move_down_and_enter_folder.snap
[INFO] [stdout] Snapshot: move_down_and_enter_folder
[INFO] [stdout] Source: src/tests/cases/ui.rs:1030
[INFO] [stdout] ────────────────────────────────────────────────────────────────────────────────
[INFO] [stdout] Expression: &terminal_draw_events_mirror[0]
[INFO] [stdout] ────────────────────────────────────────────────────────────────────────────────
[INFO] [stdout] -old snapshot
[INFO] [stdout] +new results
[INFO] [stdout] ────────────┬───────────────────────────────────────────────────────────────────
[INFO] [stdout]     1       │- Total: 20.0K (4 files), freed: 0 | /tmp/jett_tests/move_down_and_enter_folder                                                                                                                
[INFO] [stdout]           1 │+ Total: 20.0K (4 files), freed: 0 (CAUTION: running as root) | /tmp/jett_tests/move_down_and_enter_folder                                                                                     
[INFO] [stdout]     2     2 │ ┌──────────────────────────────────────────────────────────────────────────────────────────────────────────────────────────────────────────────────────┬─────────────────────────────────────┐
[INFO] [stdout]     3     3 │ │                                                                                                                                                      │                                     │
[INFO] [stdout]     4     4 │ │                                                                                                                                                      │                                     │
[INFO] [stdout]     5     5 │ │                                                                                                                                                      │                                     │
[INFO] [stdout] ────────────┴───────────────────────────────────────────────────────────────────
[INFO] [stdout] 
[INFO] [stdout] thread 'tests::cases::ui::move_down_and_enter_folder' (3973) panicked at src/tests/cases/ui.rs:1030:5:
[INFO] [stdout] called `Result::unwrap()` on an `Err` value: FileIo(Os { code: 30, kind: ReadOnlyFilesystem, message: "Read-only file system" }, "/opt/rustwide/workdir/src/tests/cases/snapshots/jett__tests__cases__ui__move_down_and_enter_folder.snap.new")
[INFO] [stdout] stack backtrace:
[INFO] [stdout]    0:     0x5970f71bbd81 - <<std[70759c8f55707aa4]::sys::backtrace::BacktraceLock>::print::DisplayBacktrace as core[df12db4294e9bfd3]::fmt::Display>::fmt
[INFO] [stdout]    1:     0x5970f71d40fa - core[df12db4294e9bfd3]::fmt::write
[INFO] [stdout]    2:     0x5970f71c0cdc - <alloc[2182bb758b4b3781]::vec::Vec<u8> as core[df12db4294e9bfd3]::io::write::Write>::write_fmt
[INFO] [stdout]    3:     0x5970f7193cd6 - std[70759c8f55707aa4]::panicking::default_hook::{closure#0}
[INFO] [stdout]    4:     0x5970f71b26f9 - std[70759c8f55707aa4]::panicking::default_hook
[INFO] [stdout]    5:     0x5970f7056d10 - test[9d35eded1c95d3be]::test_main_inner::<test[9d35eded1c95d3be]::test_main_static::{closure#0}>::{closure#0}
[INFO] [stdout]    6:     0x5970f71b2a22 - std[70759c8f55707aa4]::panicking::panic_with_hook
[INFO] [stdout]    7:     0x5970f7193d82 - std[70759c8f55707aa4]::panicking::panic_handler::{closure#0}
[INFO] [stdout]    8:     0x5970f718c039 - std[70759c8f55707aa4]::sys::backtrace::__rust_end_short_backtrace::<std[70759c8f55707aa4]::panicking::panic_handler::{closure#0}, !>
[INFO] [stdout]    9:     0x5970f7194cdd - __rustc[8fa7c3cbc660c2b3]::rust_begin_unwind
[INFO] [stdout]   10:     0x5970f71d489c - core[df12db4294e9bfd3]::panicking::panic_fmt
[INFO] [stdout]   11:     0x5970f71d4672 - core[df12db4294e9bfd3]::result::unwrap_failed
[INFO] [stdout]   12:     0x5970f6f605ed - jett[b5a7a08171fafb73]::tests::cases::ui::move_down_and_enter_folder
[INFO] [stdout]   13:     0x5970f6fa2db9 - <jett[b5a7a08171fafb73]::tests::cases::ui::move_down_and_enter_folder::{closure#0} as core[df12db4294e9bfd3]::ops::function::FnOnce<()>>::call_once
[INFO] [stdout]   14:     0x5970f7049ffb - test[9d35eded1c95d3be]::__rust_begin_short_backtrace::<core[df12db4294e9bfd3]::result::Result<(), alloc[2182bb758b4b3781]::string::String>, fn() -> core[df12db4294e9bfd3]::result::Result<(), alloc[2182bb758b4b3781]::string::String>>
[INFO] [stdout]   15:     0x5970f7057665 - test[9d35eded1c95d3be]::run_test::{closure#0}
[INFO] [stdout]   16:     0x5970f7050f24 - std[70759c8f55707aa4]::sys::backtrace::__rust_begin_short_backtrace::<test[9d35eded1c95d3be]::run_test::{closure#1}, ()>
[INFO] [stdout]   17:     0x5970f705a7c2 - <std[70759c8f55707aa4]::thread::lifecycle::spawn_unchecked<test[9d35eded1c95d3be]::run_test::{closure#1}, ()>::{closure#1} as core[df12db4294e9bfd3]::ops::function::FnOnce<()>>::call_once::{shim:vtable#0}
[INFO] [stdout]   18:     0x5970f71bad99 - <std[70759c8f55707aa4]::sys::thread::unix::Thread>::new::thread_start
[INFO] [stdout]   19:     0x7ea80ecf5dfa - <unknown>
[INFO] [stdout]   20:     0x7ea80ed893d4 - clone
[INFO] [stdout]   21:                0x0 - <unknown>
[INFO] [stdout] 
[INFO] [stdout] ---- tests::cases::ui::eleven_files stdout ----
[INFO] [stdout] ━━━━━━━━━━━━━━━━━━━━━━━━━━━━━━━ Snapshot Summary ━━━━━━━━━━━━━━━━━━━━━━━━━━━━━━━
[INFO] [stdout] Snapshot file: src/tests/cases/snapshots/jett__tests__cases__ui__eleven_files.snap
[INFO] [stdout] Snapshot: eleven_files
[INFO] [stdout] Source: src/tests/cases/ui.rs:480
[INFO] [stdout] ────────────────────────────────────────────────────────────────────────────────
[INFO] [stdout] Expression: &terminal_draw_events_mirror[0]
[INFO] [stdout] ────────────────────────────────────────────────────────────────────────────────
[INFO] [stdout] -old snapshot
[INFO] [stdout] +new results
[INFO] [stdout] ────────────┬───────────────────────────────────────────────────────────────────
[INFO] [stdout]     1       │- Total: 448.0K (11 files), freed: 0 | /tmp/jett_tests/eleven_files                                                                                                                            
[INFO] [stdout]           1 │+ Total: 448.0K (11 files), freed: 0 (CAUTION: running as root) | /tmp/jett_tests/eleven_files                                                                                                 
[INFO] [stdout]     2     2 │ ┌─────────────────────────────────────────────────────────────────────────────────────────────────────────┬──────────────────────────────────────────────────────────────────────────────────┐
[INFO] [stdout]     3     3 │ │                                                                                                         │                                                                                  │
[INFO] [stdout]     4     4 │ │                                                                                                         │                                                                                  │
[INFO] [stdout]     5     5 │ │                                                                                                         │                                                                                  │
[INFO] [stdout] ────────────┴───────────────────────────────────────────────────────────────────
[INFO] [stdout] 
[INFO] [stdout] thread 'tests::cases::ui::eleven_files' (2004) panicked at src/tests/cases/ui.rs:480:5:
[INFO] [stdout] called `Result::unwrap()` on an `Err` value: FileIo(Os { code: 30, kind: ReadOnlyFilesystem, message: "Read-only file system" }, "/opt/rustwide/workdir/src/tests/cases/snapshots/jett__tests__cases__ui__eleven_files.snap.new")
[INFO] [stdout] stack backtrace:
[INFO] [stdout]    0:     0x5970f71bbd81 - <<std[70759c8f55707aa4]::sys::backtrace::BacktraceLock>::print::DisplayBacktrace as core[df12db4294e9bfd3]::fmt::Display>::fmt
[INFO] [stdout]    1:     0x5970f71d40fa - core[df12db4294e9bfd3]::fmt::write
[INFO] [stdout]    2:     0x5970f71c0cdc - <alloc[2182bb758b4b3781]::vec::Vec<u8> as core[df12db4294e9bfd3]::io::write::Write>::write_fmt
[INFO] [stdout]    3:     0x5970f7193cd6 - std[70759c8f55707aa4]::panicking::default_hook::{closure#0}
[INFO] [stdout]    4:     0x5970f71b26f9 - std[70759c8f55707aa4]::panicking::default_hook
[INFO] [stdout]    5:     0x5970f7056d10 - test[9d35eded1c95d3be]::test_main_inner::<test[9d35eded1c95d3be]::test_main_static::{closure#0}>::{closure#0}
[INFO] [stdout]    6:     0x5970f71b2a22 - std[70759c8f55707aa4]::panicking::panic_with_hook
[INFO] [stdout]    7:     0x5970f7193d82 - std[70759c8f55707aa4]::panicking::panic_handler::{closure#0}
[INFO] [stdout]    8:     0x5970f718c039 - std[70759c8f55707aa4]::sys::backtrace::__rust_end_short_backtrace::<std[70759c8f55707aa4]::panicking::panic_handler::{closure#0}, !>
[INFO] [stdout]    9:     0x5970f7194cdd - __rustc[8fa7c3cbc660c2b3]::rust_begin_unwind
[INFO] [stdout]   10:     0x5970f71d489c - core[df12db4294e9bfd3]::panicking::panic_fmt
[INFO] [stdout]   11:     0x5970f71d4672 - core[df12db4294e9bfd3]::result::unwrap_failed
[INFO] [stdout]   12:     0x5970f6f46b04 - jett[b5a7a08171fafb73]::tests::cases::ui::eleven_files
[INFO] [stdout]   13:     0x5970f6fa2b19 - <jett[b5a7a08171fafb73]::tests::cases::ui::eleven_files::{closure#0} as core[df12db4294e9bfd3]::ops::function::FnOnce<()>>::call_once
[INFO] [stdout]   14:     0x5970f7049ffb - test[9d35eded1c95d3be]::__rust_begin_short_backtrace::<core[df12db4294e9bfd3]::result::Result<(), alloc[2182bb758b4b3781]::string::String>, fn() -> core[df12db4294e9bfd3]::result::Result<(), alloc[2182bb758b4b3781]::string::String>>
[INFO] [stdout]   15:     0x5970f7057665 - test[9d35eded1c95d3be]::run_test::{closure#0}
[INFO] [stdout]   16:     0x5970f7050f24 - std[70759c8f55707aa4]::sys::backtrace::__rust_begin_short_backtrace::<test[9d35eded1c95d3be]::run_test::{closure#1}, ()>
[INFO] [stdout]   17:     0x5970f705a7c2 - <std[70759c8f55707aa4]::thread::lifecycle::spawn_unchecked<test[9d35eded1c95d3be]::run_test::{closure#1}, ()>::{closure#1} as core[df12db4294e9bfd3]::ops::function::FnOnce<()>>::call_once::{shim:vtable#0}
[INFO] [stdout]   18:     0x5970f71bad99 - <std[70759c8f55707aa4]::sys::thread::unix::Thread>::new::thread_start
[INFO] [stdout]   19:     0x7ea80ecf5dfa - <unknown>
[INFO] [stdout]   20:     0x7ea80ed893d4 - clone
[INFO] [stdout]   21:                0x0 - <unknown>
[INFO] [stdout] 
[INFO] [stdout] ---- tests::cases::ui::move_up_and_enter_folder stdout ----
[INFO] [stdout] ━━━━━━━━━━━━━━━━━━━━━━━━━━━━━━━ Snapshot Summary ━━━━━━━━━━━━━━━━━━━━━━━━━━━━━━━
[INFO] [stdout] Snapshot file: src/tests/cases/snapshots/jett__tests__cases__ui__move_up_and_enter_folder.snap
[INFO] [stdout] Snapshot: move_up_and_enter_folder
[INFO] [stdout] Source: src/tests/cases/ui.rs:1170
[INFO] [stdout] ────────────────────────────────────────────────────────────────────────────────
[INFO] [stdout] Expression: &terminal_draw_events_mirror[0]
[INFO] [stdout] ────────────────────────────────────────────────────────────────────────────────
[INFO] [stdout] -old snapshot
[INFO] [stdout] +new results
[INFO] [stdout] ────────────┬───────────────────────────────────────────────────────────────────
[INFO] [stdout]     1       │- Total: 24.0K (4 files), freed: 0 | /tmp/jett_tests/move_up_and_enter_folder                                                                                                                  
[INFO] [stdout]           1 │+ Total: 24.0K (4 files), freed: 0 (CAUTION: running as root) | /tmp/jett_tests/move_up_and_enter_folder                                                                                       
[INFO] [stdout]     2     2 │ ┌─────────────────────────────────────────────────────────────────────────────────────────────────────────────────────────────────────────────────────────────┬──────────────────────────────┐
[INFO] [stdout]     3     3 │ │                                                                                                                                                             │                              │
[INFO] [stdout]     4     4 │ │                                                                                                                                                             │                              │
[INFO] [stdout]     5     5 │ │                                                                                                                                                             │                              │
[INFO] [stdout] ────────────┴───────────────────────────────────────────────────────────────────
[INFO] [stdout] 
[INFO] [stdout] thread 'tests::cases::ui::move_up_and_enter_folder' (4277) panicked at src/tests/cases/ui.rs:1170:5:
[INFO] [stdout] called `Result::unwrap()` on an `Err` value: FileIo(Os { code: 30, kind: ReadOnlyFilesystem, message: "Read-only file system" }, "/opt/rustwide/workdir/src/tests/cases/snapshots/jett__tests__cases__ui__move_up_and_enter_folder.snap.new")
[INFO] [stdout] stack backtrace:
[INFO] [stdout]    0:     0x5970f71bbd81 - <<std[70759c8f55707aa4]::sys::backtrace::BacktraceLock>::print::DisplayBacktrace as core[df12db4294e9bfd3]::fmt::Display>::fmt
[INFO] [stdout]    1:     0x5970f71d40fa - core[df12db4294e9bfd3]::fmt::write
[INFO] [stdout]    2:     0x5970f71c0cdc - <alloc[2182bb758b4b3781]::vec::Vec<u8> as core[df12db4294e9bfd3]::io::write::Write>::write_fmt
[INFO] [stdout]    3:     0x5970f7193cd6 - std[70759c8f55707aa4]::panicking::default_hook::{closure#0}
[INFO] [stdout]    4:     0x5970f71b26f9 - std[70759c8f55707aa4]::panicking::default_hook
[INFO] [stdout]    5:     0x5970f7056d10 - test[9d35eded1c95d3be]::test_main_inner::<test[9d35eded1c95d3be]::test_main_static::{closure#0}>::{closure#0}
[INFO] [stdout]    6:     0x5970f71b2a22 - std[70759c8f55707aa4]::panicking::panic_with_hook
[INFO] [stdout]    7:     0x5970f7193d82 - std[70759c8f55707aa4]::panicking::panic_handler::{closure#0}
[INFO] [stdout]    8:     0x5970f718c039 - std[70759c8f55707aa4]::sys::backtrace::__rust_end_short_backtrace::<std[70759c8f55707aa4]::panicking::panic_handler::{closure#0}, !>
[INFO] [stdout]    9:     0x5970f7194cdd - __rustc[8fa7c3cbc660c2b3]::rust_begin_unwind
[INFO] [stdout]   10:     0x5970f71d489c - core[df12db4294e9bfd3]::panicking::panic_fmt
[INFO] [stdout]   11:     0x5970f71d4672 - core[df12db4294e9bfd3]::result::unwrap_failed
[INFO] [stdout]   12:     0x5970f6f5b0f5 - jett[b5a7a08171fafb73]::tests::cases::ui::move_up_and_enter_folder
[INFO] [stdout]   13:     0x5970f6fa2d59 - <jett[b5a7a08171fafb73]::tests::cases::ui::move_up_and_enter_folder::{closure#0} as core[df12db4294e9bfd3]::ops::function::FnOnce<()>>::call_once
[INFO] [stdout]   14:     0x5970f7049ffb - test[9d35eded1c95d3be]::__rust_begin_short_backtrace::<core[df12db4294e9bfd3]::result::Result<(), alloc[2182bb758b4b3781]::string::String>, fn() -> core[df12db4294e9bfd3]::result::Result<(), alloc[2182bb758b4b3781]::string::String>>
[INFO] [stdout]   15:     0x5970f7057665 - test[9d35eded1c95d3be]::run_test::{closure#0}
[INFO] [stdout]   16:     0x5970f7050f24 - std[70759c8f55707aa4]::sys::backtrace::__rust_begin_short_backtrace::<test[9d35eded1c95d3be]::run_test::{closure#1}, ()>
[INFO] [stdout]   17:     0x5970f705a7c2 - <std[70759c8f55707aa4]::thread::lifecycle::spawn_unchecked<test[9d35eded1c95d3be]::run_test::{closure#1}, ()>::{closure#1} as core[df12db4294e9bfd3]::ops::function::FnOnce<()>>::call_once::{shim:vtable#0}
[INFO] [stdout]   18:     0x5970f71bad99 - <std[70759c8f55707aa4]::sys::thread::unix::Thread>::new::thread_start
[INFO] [stdout]   19:     0x7ea80ecf5dfa - <unknown>
[INFO] [stdout]   20:     0x7ea80ed893d4 - clone
[INFO] [stdout]   21:                0x0 - <unknown>
[INFO] [stdout] 
[INFO] [stdout] ---- tests::cases::ui::noop_when_entering_file stdout ----
[INFO] [stdout] ━━━━━━━━━━━━━━━━━━━━━━━━━━━━━━━ Snapshot Summary ━━━━━━━━━━━━━━━━━━━━━━━━━━━━━━━
[INFO] [stdout] Snapshot file: src/tests/cases/snapshots/jett__tests__cases__ui__noop_when_entering_file.snap
[INFO] [stdout] Snapshot: noop_when_entering_file
[INFO] [stdout] Source: src/tests/cases/ui.rs:1097
[INFO] [stdout] ────────────────────────────────────────────────────────────────────────────────
[INFO] [stdout] Expression: &terminal_draw_events_mirror[0]
[INFO] [stdout] ────────────────────────────────────────────────────────────────────────────────
[INFO] [stdout] -old snapshot
[INFO] [stdout] +new results
[INFO] [stdout] ────────────┬───────────────────────────────────────────────────────────────────
[INFO] [stdout]     1       │- Total: 20.0K (3 files), freed: 0 | /tmp/jett_tests/noop_when_entering_file                                                                                                                   
[INFO] [stdout]           1 │+ Total: 20.0K (3 files), freed: 0 (CAUTION: running as root) | /tmp/jett_tests/noop_when_entering_file                                                                                        
[INFO] [stdout]     2     2 │ ┌──────────────────────────────────────────────────────────────────────────────────────────────────────────────────────────────────────────────────────┬─────────────────────────────────────┐
[INFO] [stdout]     3     3 │ │                                                                                                                                                      │                                     │
[INFO] [stdout]     4     4 │ │                                                                                                                                                      │                                     │
[INFO] [stdout]     5     5 │ │                                                                                                                                                      │                                     │
[INFO] [stdout] ────────────┴───────────────────────────────────────────────────────────────────
[INFO] [stdout] 
[INFO] [stdout] thread 'tests::cases::ui::noop_when_entering_file' (4495) panicked at src/tests/cases/ui.rs:1097:5:
[INFO] [stdout] called `Result::unwrap()` on an `Err` value: FileIo(Os { code: 30, kind: ReadOnlyFilesystem, message: "Read-only file system" }, "/opt/rustwide/workdir/src/tests/cases/snapshots/jett__tests__cases__ui__noop_when_entering_file.snap.new")
[INFO] [stdout] stack backtrace:
[INFO] [stdout]    0:     0x5970f71bbd81 - <<std[70759c8f55707aa4]::sys::backtrace::BacktraceLock>::print::DisplayBacktrace as core[df12db4294e9bfd3]::fmt::Display>::fmt
[INFO] [stdout]    1:     0x5970f71d40fa - core[df12db4294e9bfd3]::fmt::write
[INFO] [stdout]    2:     0x5970f71c0cdc - <alloc[2182bb758b4b3781]::vec::Vec<u8> as core[df12db4294e9bfd3]::io::write::Write>::write_fmt
[INFO] [stdout]    3:     0x5970f7193cd6 - std[70759c8f55707aa4]::panicking::default_hook::{closure#0}
[INFO] [stdout]    4:     0x5970f71b26f9 - std[70759c8f55707aa4]::panicking::default_hook
[INFO] [stdout]    5:     0x5970f7056d10 - test[9d35eded1c95d3be]::test_main_inner::<test[9d35eded1c95d3be]::test_main_static::{closure#0}>::{closure#0}
[INFO] [stdout]    6:     0x5970f71b2a22 - std[70759c8f55707aa4]::panicking::panic_with_hook
[INFO] [stdout]    7:     0x5970f7193d82 - std[70759c8f55707aa4]::panicking::panic_handler::{closure#0}
[INFO] [stdout]    8:     0x5970f718c039 - std[70759c8f55707aa4]::sys::backtrace::__rust_end_short_backtrace::<std[70759c8f55707aa4]::panicking::panic_handler::{closure#0}, !>
[INFO] [stdout]    9:     0x5970f7194cdd - __rustc[8fa7c3cbc660c2b3]::rust_begin_unwind
[INFO] [stdout]   10:     0x5970f71d489c - core[df12db4294e9bfd3]::panicking::panic_fmt
[INFO] [stdout]   11:     0x5970f71d4672 - core[df12db4294e9bfd3]::result::unwrap_failed
[INFO] [stdout]   12:     0x5970f6f581d1 - jett[b5a7a08171fafb73]::tests::cases::ui::noop_when_entering_file
[INFO] [stdout]   13:     0x5970f6fa2d19 - <jett[b5a7a08171fafb73]::tests::cases::ui::noop_when_entering_file::{closure#0} as core[df12db4294e9bfd3]::ops::function::FnOnce<()>>::call_once
[INFO] [stdout]   14:     0x5970f7049ffb - test[9d35eded1c95d3be]::__rust_begin_short_backtrace::<core[df12db4294e9bfd3]::result::Result<(), alloc[2182bb758b4b3781]::string::String>, fn() -> core[df12db4294e9bfd3]::result::Result<(), alloc[2182bb758b4b3781]::string::String>>
[INFO] [stdout]   15:     0x5970f7057665 - test[9d35eded1c95d3be]::run_test::{closure#0}
[INFO] [stdout]   16:     0x5970f7050f24 - std[70759c8f55707aa4]::sys::backtrace::__rust_begin_short_backtrace::<test[9d35eded1c95d3be]::run_test::{closure#1}, ()>
[INFO] [stdout]   17:     0x5970f705a7c2 - <std[70759c8f55707aa4]::thread::lifecycle::spawn_unchecked<test[9d35eded1c95d3be]::run_test::{closure#1}, ()>::{closure#1} as core[df12db4294e9bfd3]::ops::function::FnOnce<()>>::call_once::{shim:vtable#0}
[INFO] [stdout]   18:     0x5970f71bad99 - <std[70759c8f55707aa4]::sys::thread::unix::Thread>::new::thread_start
[INFO] [stdout]   19:     0x7ea80ecf5dfa - <unknown>
[INFO] [stdout]   20:     0x7ea80ed893d4 - clone
[INFO] [stdout]   21:                0x0 - <unknown>
[INFO] [stdout] 
[INFO] [stdout] ---- tests::cases::ui::noop_when_pressing_esc_at_base_folder stdout ----
[INFO] [stdout] ━━━━━━━━━━━━━━━━━━━━━━━━━━━━━━━ Snapshot Summary ━━━━━━━━━━━━━━━━━━━━━━━━━━━━━━━
[INFO] [stdout] Snapshot file: src/tests/cases/snapshots/jett__tests__cases__ui__noop_when_pressing_esc_at_base_folder.snap
[INFO] [stdout] Snapshot: noop_when_pressing_esc_at_base_folder
[INFO] [stdout] Source: src/tests/cases/ui.rs:1601
[INFO] [stdout] ────────────────────────────────────────────────────────────────────────────────
[INFO] [stdout] Expression: &terminal_draw_events_mirror[0]
[INFO] [stdout] ────────────────────────────────────────────────────────────────────────────────
[INFO] [stdout] -old snapshot
[INFO] [stdout] +new results
[INFO] [stdout] ────────────┬───────────────────────────────────────────────────────────────────
[INFO] [stdout]     1       │- Total: 12.0K (4 files), freed: 0 | /tmp/jett_tests/noop_when_pressing_esc_at_base_folder                                                                                                     
[INFO] [stdout]           1 │+ Total: 12.0K (4 files), freed: 0 (CAUTION: running as root) | /tmp/jett_tests/noop_when_pressing_esc_at_base_folder                                                                          
[INFO] [stdout]     2     2 │ ┌─────────────────────────────────────────────────────────────────────────────────────────────────────────────────────────────┬──────────────────────────────────────────────────────────────┐
[INFO] [stdout]     3     3 │ │                                                                                                                             │                                                              │
[INFO] [stdout]     4     4 │ │                                                                                                                             │                                                              │
[INFO] [stdout]     5     5 │ │                                                                                                                             │                                                              │
[INFO] [stdout] ────────────┴───────────────────────────────────────────────────────────────────
[INFO] [stdout] 
[INFO] [stdout] thread 'tests::cases::ui::noop_when_pressing_esc_at_base_folder' (4527) panicked at src/tests/cases/ui.rs:1601:5:
[INFO] [stdout] called `Result::unwrap()` on an `Err` value: FileIo(Os { code: 30, kind: ReadOnlyFilesystem, message: "Read-only file system" }, "/opt/rustwide/workdir/src/tests/cases/snapshots/jett__tests__cases__ui__noop_when_pressing_esc_at_base_folder.snap.new")
[INFO] [stdout] stack backtrace:
[INFO] [stdout]    0:     0x5970f71bbd81 - <<std[70759c8f55707aa4]::sys::backtrace::BacktraceLock>::print::DisplayBacktrace as core[df12db4294e9bfd3]::fmt::Display>::fmt
[INFO] [stdout]    1:     0x5970f71d40fa - core[df12db4294e9bfd3]::fmt::write
[INFO] [stdout]    2:     0x5970f71c0cdc - <alloc[2182bb758b4b3781]::vec::Vec<u8> as core[df12db4294e9bfd3]::io::write::Write>::write_fmt
[INFO] [stdout]    3:     0x5970f7193cd6 - std[70759c8f55707aa4]::panicking::default_hook::{closure#0}
[INFO] [stdout]    4:     0x5970f71b26f9 - std[70759c8f55707aa4]::panicking::default_hook
[INFO] [stdout]    5:     0x5970f7056d10 - test[9d35eded1c95d3be]::test_main_inner::<test[9d35eded1c95d3be]::test_main_static::{closure#0}>::{closure#0}
[INFO] [stdout]    6:     0x5970f71b2a22 - std[70759c8f55707aa4]::panicking::panic_with_hook
[INFO] [stdout]    7:     0x5970f7193d82 - std[70759c8f55707aa4]::panicking::panic_handler::{closure#0}
[INFO] [stdout]    8:     0x5970f718c039 - std[70759c8f55707aa4]::sys::backtrace::__rust_end_short_backtrace::<std[70759c8f55707aa4]::panicking::panic_handler::{closure#0}, !>
[INFO] [stdout]    9:     0x5970f7194cdd - __rustc[8fa7c3cbc660c2b3]::rust_begin_unwind
[INFO] [stdout]   10:     0x5970f71d489c - core[df12db4294e9bfd3]::panicking::panic_fmt
[INFO] [stdout]   11:     0x5970f71d4672 - core[df12db4294e9bfd3]::result::unwrap_failed
[INFO] [stdout]   12:     0x5970f6f74cfc - jett[b5a7a08171fafb73]::tests::cases::ui::noop_when_pressing_esc_at_base_folder
[INFO] [stdout]   13:     0x5970f6fa2f59 - <jett[b5a7a08171fafb73]::tests::cases::ui::noop_when_pressing_esc_at_base_folder::{closure#0} as core[df12db4294e9bfd3]::ops::function::FnOnce<()>>::call_once
[INFO] [stdout]   14:     0x5970f7049ffb - test[9d35eded1c95d3be]::__rust_begin_short_backtrace::<core[df12db4294e9bfd3]::result::Result<(), alloc[2182bb758b4b3781]::string::String>, fn() -> core[df12db4294e9bfd3]::result::Result<(), alloc[2182bb758b4b3781]::string::String>>
[INFO] [stdout]   15:     0x5970f7057665 - test[9d35eded1c95d3be]::run_test::{closure#0}
[INFO] [stdout]   16:     0x5970f7050f24 - std[70759c8f55707aa4]::sys::backtrace::__rust_begin_short_backtrace::<test[9d35eded1c95d3be]::run_test::{closure#1}, ()>
[INFO] [stdout]   17:     0x5970f705a7c2 - <std[70759c8f55707aa4]::thread::lifecycle::spawn_unchecked<test[9d35eded1c95d3be]::run_test::{closure#1}, ()>::{closure#1} as core[df12db4294e9bfd3]::ops::function::FnOnce<()>>::call_once::{shim:vtable#0}
[INFO] [stdout]   18:     0x5970f71bad99 - <std[70759c8f55707aa4]::sys::thread::unix::Thread>::new::thread_start
[INFO] [stdout]   19:     0x7ea80ecf5dfa - <unknown>
[INFO] [stdout]   20:     0x7ea80ed893d4 - clone
[INFO] [stdout]   21:                0x0 - <unknown>
[INFO] [stdout] 
[INFO] [stdout] ---- tests::cases::ui::small_width stdout ----
[INFO] [stdout] ━━━━━━━━━━━━━━━━━━━━━━━━━━━━━━━ Snapshot Summary ━━━━━━━━━━━━━━━━━━━━━━━━━━━━━━━
[INFO] [stdout] Snapshot file: src/tests/cases/snapshots/jett__tests__cases__ui__small_width.snap
[INFO] [stdout] Snapshot: small_width
[INFO] [stdout] Source: src/tests/cases/ui.rs:174
[INFO] [stdout] ────────────────────────────────────────────────────────────────────────────────
[INFO] [stdout] Expression: &terminal_draw_events_mirror[0]
[INFO] [stdout] ────────────────────────────────────────────────────────────────────────────────
[INFO] [stdout] -old snapshot
[INFO] [stdout] +new results
[INFO] [stdout] ────────────┬───────────────────────────────────────────────────────────────────
[INFO] [stdout]     1       │- Total: 20.0K | /tmp/jett_tests/small_width       
[INFO] [stdout]           1 │+ Total: 20.0K (root) | /tmp/jett_tests/small_width
[INFO] [stdout]     2     2 │ ┌────────────────────────────────────────────────┐
[INFO] [stdout]     3     3 │ │                                                │
[INFO] [stdout]     4     4 │ │                                                │
[INFO] [stdout]     5     5 │ │                                                │
[INFO] [stdout] ────────────┴───────────────────────────────────────────────────────────────────
[INFO] [stdout] 
[INFO] [stdout] thread 'tests::cases::ui::small_width' (5672) panicked at src/tests/cases/ui.rs:174:5:
[INFO] [stdout] called `Result::unwrap()` on an `Err` value: FileIo(Os { code: 30, kind: ReadOnlyFilesystem, message: "Read-only file system" }, "/opt/rustwide/workdir/src/tests/cases/snapshots/jett__tests__cases__ui__small_width.snap.new")
[INFO] [stdout] stack backtrace:
[INFO] [stdout]    0:     0x5970f71bbd81 - <<std[70759c8f55707aa4]::sys::backtrace::BacktraceLock>::print::DisplayBacktrace as core[df12db4294e9bfd3]::fmt::Display>::fmt
[INFO] [stdout]    1:     0x5970f71d40fa - core[df12db4294e9bfd3]::fmt::write
[INFO] [stdout]    2:     0x5970f71c0cdc - <alloc[2182bb758b4b3781]::vec::Vec<u8> as core[df12db4294e9bfd3]::io::write::Write>::write_fmt
[INFO] [stdout]    3:     0x5970f7193cd6 - std[70759c8f55707aa4]::panicking::default_hook::{closure#0}
[INFO] [stdout]    4:     0x5970f71b26f9 - std[70759c8f55707aa4]::panicking::default_hook
[INFO] [stdout]    5:     0x5970f7056d10 - test[9d35eded1c95d3be]::test_main_inner::<test[9d35eded1c95d3be]::test_main_static::{closure#0}>::{closure#0}
[INFO] [stdout]    6:     0x5970f71b2a22 - std[70759c8f55707aa4]::panicking::panic_with_hook
[INFO] [stdout]    7:     0x5970f7193d82 - std[70759c8f55707aa4]::panicking::panic_handler::{closure#0}
[INFO] [stdout]    8:     0x5970f718c039 - std[70759c8f55707aa4]::sys::backtrace::__rust_end_short_backtrace::<std[70759c8f55707aa4]::panicking::panic_handler::{closure#0}, !>
[INFO] [stdout]    9:     0x5970f7194cdd - __rustc[8fa7c3cbc660c2b3]::rust_begin_unwind
[INFO] [stdout]   10:     0x5970f71d489c - core[df12db4294e9bfd3]::panicking::panic_fmt
[INFO] [stdout]   11:     0x5970f71d4672 - core[df12db4294e9bfd3]::result::unwrap_failed
[INFO] [stdout]   12:     0x5970f6f456d4 - jett[b5a7a08171fafb73]::tests::cases::ui::small_width
[INFO] [stdout]   13:     0x5970f6fa2af9 - <jett[b5a7a08171fafb73]::tests::cases::ui::small_width::{closure#0} as core[df12db4294e9bfd3]::ops::function::FnOnce<()>>::call_once
[INFO] [stdout]   14:     0x5970f7049ffb - test[9d35eded1c95d3be]::__rust_begin_short_backtrace::<core[df12db4294e9bfd3]::result::Result<(), alloc[2182bb758b4b3781]::string::String>, fn() -> core[df12db4294e9bfd3]::result::Result<(), alloc[2182bb758b4b3781]::string::String>>
[INFO] [stdout]   15:     0x5970f7057665 - test[9d35eded1c95d3be]::run_test::{closure#0}
[INFO] [stdout]   16:     0x5970f7050f24 - std[70759c8f55707aa4]::sys::backtrace::__rust_begin_short_backtrace::<test[9d35eded1c95d3be]::run_test::{closure#1}, ()>
[INFO] [stdout]   17:     0x5970f705a7c2 - <std[70759c8f55707aa4]::thread::lifecycle::spawn_unchecked<test[9d35eded1c95d3be]::run_test::{closure#1}, ()>::{closure#1} as core[df12db4294e9bfd3]::ops::function::FnOnce<()>>::call_once::{shim:vtable#0}
[INFO] [stdout]   18:     0x5970f71bad99 - <std[70759c8f55707aa4]::sys::thread::unix::Thread>::new::thread_start
[INFO] [stdout]   19:     0x7ea80ecf5dfa - <unknown>
[INFO] [stdout]   20:     0x7ea80ed893d4 - clone
[INFO] [stdout]   21:                0x0 - <unknown>
[INFO] [stdout] 
[INFO] [stdout] ---- tests::cases::ui::small_width_long_folder_name stdout ----
[INFO] [stdout] ━━━━━━━━━━━━━━━━━━━━━━━━━━━━━━━ Snapshot Summary ━━━━━━━━━━━━━━━━━━━━━━━━━━━━━━━
[INFO] [stdout] Snapshot file: src/tests/cases/snapshots/jett__tests__cases__ui__small_width_long_folder_name.snap
[INFO] [stdout] Snapshot: small_width_long_folder_name
[INFO] [stdout] Source: src/tests/cases/ui.rs:215
[INFO] [stdout] ────────────────────────────────────────────────────────────────────────────────
[INFO] [stdout] Expression: &terminal_draw_events_mirror[0]
[INFO] [stdout] ────────────────────────────────────────────────────────────────────────────────
[INFO] [stdout] -old snapshot
[INFO] [stdout] +new results
[INFO] [stdout] ────────────┬───────────────────────────────────────────────────────────────────
[INFO] [stdout]     1       │- 20.0K | /tmp/jett_tests/sm[...]h_long_folder_name
[INFO] [stdout]           1 │+ 20.0K (root) | /tmp/jett_test[..]ng_folder_name  
[INFO] [stdout]     2     2 │ ┌────────────────────────────────────────────────┐
[INFO] [stdout]     3     3 │ │                                                │
[INFO] [stdout]     4     4 │ │                                                │
[INFO] [stdout]     5     5 │ │                                                │
[INFO] [stdout] ────────────┴───────────────────────────────────────────────────────────────────
[INFO] [stdout] 
[INFO] [stdout] thread 'tests::cases::ui::small_width_long_folder_name' (5995) panicked at src/tests/cases/ui.rs:215:5:
[INFO] [stdout] called `Result::unwrap()` on an `Err` value: FileIo(Os { code: 30, kind: ReadOnlyFilesystem, message: "Read-only file system" }, "/opt/rustwide/workdir/src/tests/cases/snapshots/jett__tests__cases__ui__small_width_long_folder_name.snap.new")
[INFO] [stdout] stack backtrace:
[INFO] [stdout]    0:     0x5970f71bbd81 - <<std[70759c8f55707aa4]::sys::backtrace::BacktraceLock>::print::DisplayBacktrace as core[df12db4294e9bfd3]::fmt::Display>::fmt
[INFO] [stdout]    1:     0x5970f71d40fa - core[df12db4294e9bfd3]::fmt::write
[INFO] [stdout]    2:     0x5970f71c0cdc - <alloc[2182bb758b4b3781]::vec::Vec<u8> as core[df12db4294e9bfd3]::io::write::Write>::write_fmt
[INFO] [stdout]    3:     0x5970f7193cd6 - std[70759c8f55707aa4]::panicking::default_hook::{closure#0}
[INFO] [stdout]    4:     0x5970f71b26f9 - std[70759c8f55707aa4]::panicking::default_hook
[INFO] [stdout]    5:     0x5970f7056d10 - test[9d35eded1c95d3be]::test_main_inner::<test[9d35eded1c95d3be]::test_main_static::{closure#0}>::{closure#0}
[INFO] [stdout]    6:     0x5970f71b2a22 - std[70759c8f55707aa4]::panicking::panic_with_hook
[INFO] [stdout]    7:     0x5970f7193d82 - std[70759c8f55707aa4]::panicking::panic_handler::{closure#0}
[INFO] [stdout]    8:     0x5970f718c039 - std[70759c8f55707aa4]::sys::backtrace::__rust_end_short_backtrace::<std[70759c8f55707aa4]::panicking::panic_handler::{closure#0}, !>
[INFO] [stdout]    9:     0x5970f7194cdd - __rustc[8fa7c3cbc660c2b3]::rust_begin_unwind
[INFO] [stdout]   10:     0x5970f71d489c - core[df12db4294e9bfd3]::panicking::panic_fmt
[INFO] [stdout]   11:     0x5970f71d4672 - core[df12db4294e9bfd3]::result::unwrap_failed
[INFO] [stdout]   12:     0x5970f6f6a424 - jett[b5a7a08171fafb73]::tests::cases::ui::small_width_long_folder_name
[INFO] [stdout]   13:     0x5970f6fa2e99 - <jett[b5a7a08171fafb73]::tests::cases::ui::small_width_long_folder_name::{closure#0} as core[df12db4294e9bfd3]::ops::function::FnOnce<()>>::call_once
[INFO] [stdout]   14:     0x5970f7049ffb - test[9d35eded1c95d3be]::__rust_begin_short_backtrace::<core[df12db4294e9bfd3]::result::Result<(), alloc[2182bb758b4b3781]::string::String>, fn() -> core[df12db4294e9bfd3]::result::Result<(), alloc[2182bb758b4b3781]::string::String>>
[INFO] [stdout]   15:     0x5970f7057665 - test[9d35eded1c95d3be]::run_test::{closure#0}
[INFO] [stdout]   16:     0x5970f7050f24 - std[70759c8f55707aa4]::sys::backtrace::__rust_begin_short_backtrace::<test[9d35eded1c95d3be]::run_test::{closure#1}, ()>
[INFO] [stdout]   17:     0x5970f705a7c2 - <std[70759c8f55707aa4]::thread::lifecycle::spawn_unchecked<test[9d35eded1c95d3be]::run_test::{closure#1}, ()>::{closure#1} as core[df12db4294e9bfd3]::ops::function::FnOnce<()>>::call_once::{shim:vtable#0}
[INFO] [stdout]   18:     0x5970f71bad99 - <std[70759c8f55707aa4]::sys::thread::unix::Thread>::new::thread_start
[INFO] [stdout]   19:     0x7ea80ecf5dfa - <unknown>
[INFO] [stdout]   20:     0x7ea80ed893d4 - clone
[INFO] [stdout]   21:                0x0 - <unknown>
[INFO] [stdout] 
[INFO] [stdout] ---- tests::cases::ui::two_large_files_one_small_file stdout ----
[INFO] [stdout] ━━━━━━━━━━━━━━━━━━━━━━━━━━━━━━━ Snapshot Summary ━━━━━━━━━━━━━━━━━━━━━━━━━━━━━━━
[INFO] [stdout] Snapshot file: src/tests/cases/snapshots/jett__tests__cases__ui__two_large_files_one_small_file.snap
[INFO] [stdout] Snapshot: two_large_files_one_small_file
[INFO] [stdout] Source: src/tests/cases/ui.rs:94
[INFO] [stdout] ────────────────────────────────────────────────────────────────────────────────
[INFO] [stdout] Expression: &terminal_draw_events_mirror[0]
[INFO] [stdout] ────────────────────────────────────────────────────────────────────────────────
[INFO] [stdout] -old snapshot
[INFO] [stdout] +new results
[INFO] [stdout] ────────────┬───────────────────────────────────────────────────────────────────
[INFO] [stdout]     1       │- Total: 20.0K (3 files), freed: 0 | /tmp/jett_tests/two_large_files_one_small_file                                                                                                            
[INFO] [stdout]           1 │+ Total: 20.0K (3 files), freed: 0 (CAUTION: running as root) | /tmp/jett_tests/two_large_files_one_small_file                                                                                 
[INFO] [stdout]     2     2 │ ┌──────────────────────────────────────────────────────────────────────────────────────────────────────────────────────────────────────────────────────┬─────────────────────────────────────┐
[INFO] [stdout]     3     3 │ │                                                                                                                                                      │                                     │
[INFO] [stdout]     4     4 │ │                                                                                                                                                      │                                     │
[INFO] [stdout]     5     5 │ │                                                                                                                                                      │                                     │
[INFO] [stdout] ────────────┴───────────────────────────────────────────────────────────────────
[INFO] [stdout] 
[INFO] [stdout] thread 'tests::cases::ui::two_large_files_one_small_file' (6460) panicked at src/tests/cases/ui.rs:94:5:
[INFO] [stdout] called `Result::unwrap()` on an `Err` value: FileIo(Os { code: 30, kind: ReadOnlyFilesystem, message: "Read-only file system" }, "/opt/rustwide/workdir/src/tests/cases/snapshots/jett__tests__cases__ui__two_large_files_one_small_file.snap.new")
[INFO] [stdout] stack backtrace:
[INFO] [stdout]    0:     0x5970f71bbd81 - <<std[70759c8f55707aa4]::sys::backtrace::BacktraceLock>::print::DisplayBacktrace as core[df12db4294e9bfd3]::fmt::Display>::fmt
[INFO] [stdout]    1:     0x5970f71d40fa - core[df12db4294e9bfd3]::fmt::write
[INFO] [stdout]    2:     0x5970f71c0cdc - <alloc[2182bb758b4b3781]::vec::Vec<u8> as core[df12db4294e9bfd3]::io::write::Write>::write_fmt
[INFO] [stdout]    3:     0x5970f7193cd6 - std[70759c8f55707aa4]::panicking::default_hook::{closure#0}
[INFO] [stdout]    4:     0x5970f71b26f9 - std[70759c8f55707aa4]::panicking::default_hook
[INFO] [stdout]    5:     0x5970f7056d10 - test[9d35eded1c95d3be]::test_main_inner::<test[9d35eded1c95d3be]::test_main_static::{closure#0}>::{closure#0}
[INFO] [stdout]    6:     0x5970f71b2a22 - std[70759c8f55707aa4]::panicking::panic_with_hook
[INFO] [stdout]    7:     0x5970f7193d82 - std[70759c8f55707aa4]::panicking::panic_handler::{closure#0}
[INFO] [stdout]    8:     0x5970f718c039 - std[70759c8f55707aa4]::sys::backtrace::__rust_end_short_backtrace::<std[70759c8f55707aa4]::panicking::panic_handler::{closure#0}, !>
[INFO] [stdout]    9:     0x5970f7194cdd - __rustc[8fa7c3cbc660c2b3]::rust_begin_unwind
[INFO] [stdout]   10:     0x5970f71d489c - core[df12db4294e9bfd3]::panicking::panic_fmt
[INFO] [stdout]   11:     0x5970f71d4672 - core[df12db4294e9bfd3]::result::unwrap_failed
[INFO] [stdout]   12:     0x5970f6f6d2ae - jett[b5a7a08171fafb73]::tests::cases::ui::two_large_files_one_small_file
[INFO] [stdout]   13:     0x5970f6fa2ed9 - <jett[b5a7a08171fafb73]::tests::cases::ui::two_large_files_one_small_file::{closure#0} as core[df12db4294e9bfd3]::ops::function::FnOnce<()>>::call_once
[INFO] [stdout]   14:     0x5970f7049ffb - test[9d35eded1c95d3be]::__rust_begin_short_backtrace::<core[df12db4294e9bfd3]::result::Result<(), alloc[2182bb758b4b3781]::string::String>, fn() -> core[df12db4294e9bfd3]::result::Result<(), alloc[2182bb758b4b3781]::string::String>>
[INFO] [stdout]   15:     0x5970f7057665 - test[9d35eded1c95d3be]::run_test::{closure#0}
[INFO] [stdout]   16:     0x5970f7050f24 - std[70759c8f55707aa4]::sys::backtrace::__rust_begin_short_backtrace::<test[9d35eded1c95d3be]::run_test::{closure#1}, ()>
[INFO] [stdout]   17:     0x5970f705a7c2 - <std[70759c8f55707aa4]::thread::lifecycle::spawn_unchecked<test[9d35eded1c95d3be]::run_test::{closure#1}, ()>::{closure#1} as core[df12db4294e9bfd3]::ops::function::FnOnce<()>>::call_once::{shim:vtable#0}
[INFO] [stdout]   18:     0x5970f71bad99 - <std[70759c8f55707aa4]::sys::thread::unix::Thread>::new::thread_start
[INFO] [stdout]   19:     0x7ea80ecf5dfa - <unknown>
[INFO] [stdout]   20:     0x7ea80ed893d4 - clone
[INFO] [stdout]   21:                0x0 - <unknown>
[INFO] [stdout] 
[INFO] [stdout] ---- tests::cases::ui::minimum_tile_sides stdout ----
[INFO] [stdout] ━━━━━━━━━━━━━━━━━━━━━━━━━━━━━━━ Snapshot Summary ━━━━━━━━━━━━━━━━━━━━━━━━━━━━━━━
[INFO] [stdout] Snapshot file: src/tests/cases/snapshots/jett__tests__cases__ui__minimum_tile_sides.snap
[INFO] [stdout] Snapshot: minimum_tile_sides
[INFO] [stdout] Source: src/tests/cases/ui.rs:962
[INFO] [stdout] ────────────────────────────────────────────────────────────────────────────────
[INFO] [stdout] Expression: &terminal_draw_events_mirror[0]
[INFO] [stdout] ────────────────────────────────────────────────────────────────────────────────
[INFO] [stdout] -old snapshot
[INFO] [stdout] +new results
[INFO] [stdout] ────────────┬───────────────────────────────────────────────────────────────────
[INFO] [stdout]     1       │- Total: 1.1M (59 files), freed: 0 | /tmp/jett_tests/minimum_tile_sides                                                                                                                        
[INFO] [stdout]           1 │+ Total: 1.1M (59 files), freed: 0 (CAUTION: running as root) | /tmp/jett_tests/minimum_tile_sides                                                                                             
[INFO] [stdout]     2     2 │ ┌───────────────────────────────────────────────────────────────────────────────────────┬────────────────────────────────────────────────────────────────────────────────────────────────────┐
[INFO] [stdout]     3     3 │ │                                                                                       │                                                                                                    │
[INFO] [stdout]     4     4 │ │                                                                                       │                                                                                                    │
[INFO] [stdout]     5     5 │ │                                                                                       │                                                                                                    │
[INFO] [stdout] ────────────┴───────────────────────────────────────────────────────────────────
[INFO] [stdout] 
[INFO] [stdout] thread 'tests::cases::ui::minimum_tile_sides' (3860) panicked at src/tests/cases/ui.rs:962:5:
[INFO] [stdout] called `Result::unwrap()` on an `Err` value: FileIo(Os { code: 30, kind: ReadOnlyFilesystem, message: "Read-only file system" }, "/opt/rustwide/workdir/src/tests/cases/snapshots/jett__tests__cases__ui__minimum_tile_sides.snap.new")
[INFO] [stdout] stack backtrace:
[INFO] [stdout]    0:     0x5970f71bbd81 - <<std[70759c8f55707aa4]::sys::backtrace::BacktraceLock>::print::DisplayBacktrace as core[df12db4294e9bfd3]::fmt::Display>::fmt
[INFO] [stdout]    1:     0x5970f71d40fa - core[df12db4294e9bfd3]::fmt::write
[INFO] [stdout]    2:     0x5970f71c0cdc - <alloc[2182bb758b4b3781]::vec::Vec<u8> as core[df12db4294e9bfd3]::io::write::Write>::write_fmt
[INFO] [stdout]    3:     0x5970f7193cd6 - std[70759c8f55707aa4]::panicking::default_hook::{closure#0}
[INFO] [stdout]    4:     0x5970f71b26f9 - std[70759c8f55707aa4]::panicking::default_hook
[INFO] [stdout]    5:     0x5970f7056d10 - test[9d35eded1c95d3be]::test_main_inner::<test[9d35eded1c95d3be]::test_main_static::{closure#0}>::{closure#0}
[INFO] [stdout]    6:     0x5970f71b2a22 - std[70759c8f55707aa4]::panicking::panic_with_hook
[INFO] [stdout]    7:     0x5970f7193d82 - std[70759c8f55707aa4]::panicking::panic_handler::{closure#0}
[INFO] [stdout]    8:     0x5970f718c039 - std[70759c8f55707aa4]::sys::backtrace::__rust_end_short_backtrace::<std[70759c8f55707aa4]::panicking::panic_handler::{closure#0}, !>
[INFO] [stdout]    9:     0x5970f7194cdd - __rustc[8fa7c3cbc660c2b3]::rust_begin_unwind
[INFO] [stdout]   10:     0x5970f71d489c - core[df12db4294e9bfd3]::panicking::panic_fmt
[INFO] [stdout]   11:     0x5970f71d4672 - core[df12db4294e9bfd3]::result::unwrap_failed
[INFO] [stdout]   12:     0x5970f6f4f715 - jett[b5a7a08171fafb73]::tests::cases::ui::minimum_tile_sides
[INFO] [stdout]   13:     0x5970f6fa2bf9 - <jett[b5a7a08171fafb73]::tests::cases::ui::minimum_tile_sides::{closure#0} as core[df12db4294e9bfd3]::ops::function::FnOnce<()>>::call_once
[INFO] [stdout]   14:     0x5970f7049ffb - test[9d35eded1c95d3be]::__rust_begin_short_backtrace::<core[df12db4294e9bfd3]::result::Result<(), alloc[2182bb758b4b3781]::string::String>, fn() -> core[df12db4294e9bfd3]::result::Result<(), alloc[2182bb758b4b3781]::string::String>>
[INFO] [stdout]   15:     0x5970f7057665 - test[9d35eded1c95d3be]::run_test::{closure#0}
[INFO] [stdout]   16:     0x5970f7050f24 - std[70759c8f55707aa4]::sys::backtrace::__rust_begin_short_backtrace::<test[9d35eded1c95d3be]::run_test::{closure#1}, ()>
[INFO] [stdout]   17:     0x5970f705a7c2 - <std[70759c8f55707aa4]::thread::lifecycle::spawn_unchecked<test[9d35eded1c95d3be]::run_test::{closure#1}, ()>::{closure#1} as core[df12db4294e9bfd3]::ops::function::FnOnce<()>>::call_once::{shim:vtable#0}
[INFO] [stdout]   18:     0x5970f71bad99 - <std[70759c8f55707aa4]::sys::thread::unix::Thread>::new::thread_start
[INFO] [stdout]   19:     0x7ea80ecf5dfa - <unknown>
[INFO] [stdout]   20:     0x7ea80ed893d4 - clone
[INFO] [stdout]   21:                0x0 - <unknown>
[INFO] [stdout] 
[INFO] [stdout] ---- tests::cases::ui::small_files_with_y_as_zero stdout ----
[INFO] [stdout] ━━━━━━━━━━━━━━━━━━━━━━━━━━━━━━━ Snapshot Summary ━━━━━━━━━━━━━━━━━━━━━━━━━━━━━━━
[INFO] [stdout] Snapshot file: src/tests/cases/snapshots/jett__tests__cases__ui__small_files_with_y_as_zero.snap
[INFO] [stdout] Snapshot: small_files_with_y_as_zero
[INFO] [stdout] Source: src/tests/cases/ui.rs:2966
[INFO] [stdout] ────────────────────────────────────────────────────────────────────────────────
[INFO] [stdout] Expression: &terminal_draw_events_mirror[0]
[INFO] [stdout] ────────────────────────────────────────────────────────────────────────────────
[INFO] [stdout] -old snapshot
[INFO] [stdout] +new results
[INFO] [stdout] ────────────┬───────────────────────────────────────────────────────────────────
[INFO] [stdout]     1       │- Total: 1.4M (100 files), freed: 0 | /tmp/jett_tests/small_files_with_y_as_zero                                                                                                               
[INFO] [stdout]           1 │+ Total: 1.4M (100 files), freed: 0 (CAUTION: running as root) | /tmp/jett_tests/small_files_with_y_as_zero                                                                                    
[INFO] [stdout]     2     2 │ ┌───────────────────────────────────────────────────────────────────────────────────────────────────────────────────────────────────────┬────────────────────────────────────────────────────┐
[INFO] [stdout]     3     3 │ │                                                                                                                                       │xxxxxxxxxxxxxxxxxxxxxxxxxxxxxxxxxxxxxxxxxxxxxxxxxxxx│
[INFO] [stdout]     4     4 │ │                                                                                                                                       │xxxxxxxxxxxxxxxxxxxxxxxxxxxxxxxxxxxxxxxxxxxxxxxxxxxx│
[INFO] [stdout]     5     5 │ │                                                                                                                                       │xxxxxxxxxxxxxxxxxxxxxxxxxxxxxxxxxxxxxxxxxxxxxxxxxxxx│
[INFO] [stdout] ────────────┴───────────────────────────────────────────────────────────────────
[INFO] [stdout] 
[INFO] [stdout] thread 'tests::cases::ui::small_files_with_y_as_zero' (5428) panicked at src/tests/cases/ui.rs:2966:5:
[INFO] [stdout] called `Result::unwrap()` on an `Err` value: FileIo(Os { code: 30, kind: ReadOnlyFilesystem, message: "Read-only file system" }, "/opt/rustwide/workdir/src/tests/cases/snapshots/jett__tests__cases__ui__small_files_with_y_as_zero.snap.new")
[INFO] [stdout] stack backtrace:
[INFO] [stdout]    0:     0x5970f71bbd81 - <<std[70759c8f55707aa4]::sys::backtrace::BacktraceLock>::print::DisplayBacktrace as core[df12db4294e9bfd3]::fmt::Display>::fmt
[INFO] [stdout]    1:     0x5970f71d40fa - core[df12db4294e9bfd3]::fmt::write
[INFO] [stdout]    2:     0x5970f71c0cdc - <alloc[2182bb758b4b3781]::vec::Vec<u8> as core[df12db4294e9bfd3]::io::write::Write>::write_fmt
[INFO] [stdout]    3:     0x5970f7193cd6 - std[70759c8f55707aa4]::panicking::default_hook::{closure#0}
[INFO] [stdout]    4:     0x5970f71b26f9 - std[70759c8f55707aa4]::panicking::default_hook
[INFO] [stdout]    5:     0x5970f7056d10 - test[9d35eded1c95d3be]::test_main_inner::<test[9d35eded1c95d3be]::test_main_static::{closure#0}>::{closure#0}
[INFO] [stdout]    6:     0x5970f71b2a22 - std[70759c8f55707aa4]::panicking::panic_with_hook
[INFO] [stdout]    7:     0x5970f7193d82 - std[70759c8f55707aa4]::panicking::panic_handler::{closure#0}
[INFO] [stdout]    8:     0x5970f718c039 - std[70759c8f55707aa4]::sys::backtrace::__rust_end_short_backtrace::<std[70759c8f55707aa4]::panicking::panic_handler::{closure#0}, !>
[INFO] [stdout]    9:     0x5970f7194cdd - __rustc[8fa7c3cbc660c2b3]::rust_begin_unwind
[INFO] [stdout]   10:     0x5970f71d489c - core[df12db4294e9bfd3]::panicking::panic_fmt
[INFO] [stdout]   11:     0x5970f71d4672 - core[df12db4294e9bfd3]::result::unwrap_failed
[INFO] [stdout]   12:     0x5970f6f63f3b - jett[b5a7a08171fafb73]::tests::cases::ui::small_files_with_y_as_zero
[INFO] [stdout]   13:     0x5970f6fa2e19 - <jett[b5a7a08171fafb73]::tests::cases::ui::small_files_with_y_as_zero::{closure#0} as core[df12db4294e9bfd3]::ops::function::FnOnce<()>>::call_once
[INFO] [stdout]   14:     0x5970f7049ffb - test[9d35eded1c95d3be]::__rust_begin_short_backtrace::<core[df12db4294e9bfd3]::result::Result<(), alloc[2182bb758b4b3781]::string::String>, fn() -> core[df12db4294e9bfd3]::result::Result<(), alloc[2182bb758b4b3781]::string::String>>
[INFO] [stdout]   15:     0x5970f7057665 - test[9d35eded1c95d3be]::run_test::{closure#0}
[INFO] [stdout]   16:     0x5970f7050f24 - std[70759c8f55707aa4]::sys::backtrace::__rust_begin_short_backtrace::<test[9d35eded1c95d3be]::run_test::{closure#1}, ()>
[INFO] [stdout]   17:     0x5970f705a7c2 - <std[70759c8f55707aa4]::thread::lifecycle::spawn_unchecked<test[9d35eded1c95d3be]::run_test::{closure#1}, ()>::{closure#1} as core[df12db4294e9bfd3]::ops::function::FnOnce<()>>::call_once::{shim:vtable#0}
[INFO] [stdout]   18:     0x5970f71bad99 - <std[70759c8f55707aa4]::sys::thread::unix::Thread>::new::thread_start
[INFO] [stdout]   19:     0x7ea80ecf5dfa - <unknown>
[INFO] [stdout]   20:     0x7ea80ed893d4 - clone
[INFO] [stdout]   21:                0x0 - <unknown>
[INFO] [stdout] 
[INFO] [stdout] ---- tests::cases::ui::cannot_move_into_small_files stdout ----
[INFO] [stdout] ━━━━━━━━━━━━━━━━━━━━━━━━━━━━━━━ Snapshot Summary ━━━━━━━━━━━━━━━━━━━━━━━━━━━━━━━
[INFO] [stdout] Snapshot file: src/tests/cases/snapshots/jett__tests__cases__ui__cannot_move_into_small_files.snap
[INFO] [stdout] Snapshot: cannot_move_into_small_files
[INFO] [stdout] Source: src/tests/cases/ui.rs:903
[INFO] [stdout] ────────────────────────────────────────────────────────────────────────────────
[INFO] [stdout] Expression: &terminal_draw_events_mirror[0]
[INFO] [stdout] ────────────────────────────────────────────────────────────────────────────────
[INFO] [stdout] -old snapshot
[INFO] [stdout] +new results
[INFO] [stdout] ────────────┬───────────────────────────────────────────────────────────────────
[INFO] [stdout]     1       │- Total: 2.3M (12 files), freed: 0 | /tmp/jett_tests/cannot_move_into_small_files                                                                                                              
[INFO] [stdout]           1 │+ Total: 2.3M (12 files), freed: 0 (CAUTION: running as root) | /tmp/jett_tests/cannot_move_into_small_files                                                                                   
[INFO] [stdout]     2     2 │ ┌──────────────────────────────────────────────────────────────────────────────────────────────────────────────────────────────────────────────────────────┬─────────────────────────────────┐
[INFO] [stdout]     3     3 │ │                                                                                                                                                          │                                 │
[INFO] [stdout]     4     4 │ │                                                                                                                                                          │                                 │
[INFO] [stdout]     5     5 │ │                                                                                                                                                          │                                 │
[INFO] [stdout] ────────────┴───────────────────────────────────────────────────────────────────
[INFO] [stdout] 
[INFO] [stdout] thread 'tests::cases::ui::cannot_move_into_small_files' (1987) panicked at src/tests/cases/ui.rs:903:5:
[INFO] [stdout] called `Result::unwrap()` on an `Err` value: FileIo(Os { code: 30, kind: ReadOnlyFilesystem, message: "Read-only file system" }, "/opt/rustwide/workdir/src/tests/cases/snapshots/jett__tests__cases__ui__cannot_move_into_small_files.snap.new")
[INFO] [stdout] stack backtrace:
[INFO] [stdout]    0:     0x5970f71bbd81 - <<std[70759c8f55707aa4]::sys::backtrace::BacktraceLock>::print::DisplayBacktrace as core[df12db4294e9bfd3]::fmt::Display>::fmt
[INFO] [stdout]    1:     0x5970f71d40fa - core[df12db4294e9bfd3]::fmt::write
[INFO] [stdout]    2:     0x5970f71c0cdc - <alloc[2182bb758b4b3781]::vec::Vec<u8> as core[df12db4294e9bfd3]::io::write::Write>::write_fmt
[INFO] [stdout]    3:     0x5970f7193cd6 - std[70759c8f55707aa4]::panicking::default_hook::{closure#0}
[INFO] [stdout]    4:     0x5970f71b26f9 - std[70759c8f55707aa4]::panicking::default_hook
[INFO] [stdout]    5:     0x5970f7056d10 - test[9d35eded1c95d3be]::test_main_inner::<test[9d35eded1c95d3be]::test_main_static::{closure#0}>::{closure#0}
[INFO] [stdout]    6:     0x5970f71b2a22 - std[70759c8f55707aa4]::panicking::panic_with_hook
[INFO] [stdout]    7:     0x5970f7193d82 - std[70759c8f55707aa4]::panicking::panic_handler::{closure#0}
[INFO] [stdout]    8:     0x5970f718c039 - std[70759c8f55707aa4]::sys::backtrace::__rust_end_short_backtrace::<std[70759c8f55707aa4]::panicking::panic_handler::{closure#0}, !>
[INFO] [stdout]    9:     0x5970f7194cdd - __rustc[8fa7c3cbc660c2b3]::rust_begin_unwind
[INFO] [stdout]   10:     0x5970f71d489c - core[df12db4294e9bfd3]::panicking::panic_fmt
[INFO] [stdout]   11:     0x5970f71d4672 - core[df12db4294e9bfd3]::result::unwrap_failed
[INFO] [stdout]   12:     0x5970f6f69196 - jett[b5a7a08171fafb73]::tests::cases::ui::cannot_move_into_small_files
[INFO] [stdout]   13:     0x5970f6fa2e79 - <jett[b5a7a08171fafb73]::tests::cases::ui::cannot_move_into_small_files::{closure#0} as core[df12db4294e9bfd3]::ops::function::FnOnce<()>>::call_once
[INFO] [stdout]   14:     0x5970f7049ffb - test[9d35eded1c95d3be]::__rust_begin_short_backtrace::<core[df12db4294e9bfd3]::result::Result<(), alloc[2182bb758b4b3781]::string::String>, fn() -> core[df12db4294e9bfd3]::result::Result<(), alloc[2182bb758b4b3781]::string::String>>
[INFO] [stdout]   15:     0x5970f7057665 - test[9d35eded1c95d3be]::run_test::{closure#0}
[INFO] [stdout]   16:     0x5970f7050f24 - std[70759c8f55707aa4]::sys::backtrace::__rust_begin_short_backtrace::<test[9d35eded1c95d3be]::run_test::{closure#1}, ()>
[INFO] [stdout]   17:     0x5970f705a7c2 - <std[70759c8f55707aa4]::thread::lifecycle::spawn_unchecked<test[9d35eded1c95d3be]::run_test::{closure#1}, ()>::{closure#1} as core[df12db4294e9bfd3]::ops::function::FnOnce<()>>::call_once::{shim:vtable#0}
[INFO] [stdout]   18:     0x5970f71bad99 - <std[70759c8f55707aa4]::sys::thread::unix::Thread>::new::thread_start
[INFO] [stdout]   19:     0x7ea80ecf5dfa - <unknown>
[INFO] [stdout]   20:     0x7ea80ed893d4 - clone
[INFO] [stdout]   21:                0x0 - <unknown>
[INFO] [stdout] 
[INFO] [stdout] ---- tests::cases::ui::small_files stdout ----
[INFO] [stdout] ━━━━━━━━━━━━━━━━━━━━━━━━━━━━━━━ Snapshot Summary ━━━━━━━━━━━━━━━━━━━━━━━━━━━━━━━
[INFO] [stdout] Snapshot file: src/tests/cases/snapshots/jett__tests__cases__ui__small_files.snap
[INFO] [stdout] Snapshot: small_files
[INFO] [stdout] Source: src/tests/cases/ui.rs:736
[INFO] [stdout] ────────────────────────────────────────────────────────────────────────────────
[INFO] [stdout] Expression: &terminal_draw_events_mirror[0]
[INFO] [stdout] ────────────────────────────────────────────────────────────────────────────────
[INFO] [stdout] -old snapshot
[INFO] [stdout] +new results
[INFO] [stdout] ────────────┬───────────────────────────────────────────────────────────────────
[INFO] [stdout]     1       │- Total: 2.3M (5 files), freed: 0 | /tmp/jett_tests/small_files                                                                                                                                
[INFO] [stdout]           1 │+ Total: 2.3M (5 files), freed: 0 (CAUTION: running as root) | /tmp/jett_tests/small_files                                                                                                     
[INFO] [stdout]     2     2 │ ┌───────────────────────────────────────────────────────────────────────────────────────────────────────────────────────────────────────────────────────────┬────────────────────────────────┐
[INFO] [stdout]     3     3 │ │                                                                                                                                                           │                                │
[INFO] [stdout]     4     4 │ │                                                                                                                                                           │                                │
[INFO] [stdout]     5     5 │ │                                                                                                                                                           │                                │
[INFO] [stdout] ────────────┴───────────────────────────────────────────────────────────────────
[INFO] [stdout] 
[INFO] [stdout] thread 'tests::cases::ui::small_files' (4979) panicked at src/tests/cases/ui.rs:736:5:
[INFO] [stdout] called `Result::unwrap()` on an `Err` value: FileIo(Os { code: 30, kind: ReadOnlyFilesystem, message: "Read-only file system" }, "/opt/rustwide/workdir/src/tests/cases/snapshots/jett__tests__cases__ui__small_files.snap.new")
[INFO] [stdout] stack backtrace:
[INFO] [stdout]    0:     0x5970f71bbd81 - <<std[70759c8f55707aa4]::sys::backtrace::BacktraceLock>::print::DisplayBacktrace as core[df12db4294e9bfd3]::fmt::Display>::fmt
[INFO] [stdout]    1:     0x5970f71d40fa - core[df12db4294e9bfd3]::fmt::write
[INFO] [stdout]    2:     0x5970f71c0cdc - <alloc[2182bb758b4b3781]::vec::Vec<u8> as core[df12db4294e9bfd3]::io::write::Write>::write_fmt
[INFO] [stdout]    3:     0x5970f7193cd6 - std[70759c8f55707aa4]::panicking::default_hook::{closure#0}
[INFO] [stdout]    4:     0x5970f71b26f9 - std[70759c8f55707aa4]::panicking::default_hook
[INFO] [stdout]    5:     0x5970f7056d10 - test[9d35eded1c95d3be]::test_main_inner::<test[9d35eded1c95d3be]::test_main_static::{closure#0}>::{closure#0}
[INFO] [stdout]    6:     0x5970f71b2a22 - std[70759c8f55707aa4]::panicking::panic_with_hook
[INFO] [stdout]    7:     0x5970f7193d82 - std[70759c8f55707aa4]::panicking::panic_handler::{closure#0}
[INFO] [stdout]    8:     0x5970f718c039 - std[70759c8f55707aa4]::sys::backtrace::__rust_end_short_backtrace::<std[70759c8f55707aa4]::panicking::panic_handler::{closure#0}, !>
[INFO] [stdout]    9:     0x5970f7194cdd - __rustc[8fa7c3cbc660c2b3]::rust_begin_unwind
[INFO] [stdout]   10:     0x5970f71d489c - core[df12db4294e9bfd3]::panicking::panic_fmt
[INFO] [stdout]   11:     0x5970f71d4672 - core[df12db4294e9bfd3]::result::unwrap_failed
[INFO] [stdout]   12:     0x5970f6f44892 - jett[b5a7a08171fafb73]::tests::cases::ui::small_files
[INFO] [stdout]   13:     0x5970f6fa2ad9 - <jett[b5a7a08171fafb73]::tests::cases::ui::small_files::{closure#0} as core[df12db4294e9bfd3]::ops::function::FnOnce<()>>::call_once
[INFO] [stdout]   14:     0x5970f7049ffb - test[9d35eded1c95d3be]::__rust_begin_short_backtrace::<core[df12db4294e9bfd3]::result::Result<(), alloc[2182bb758b4b3781]::string::String>, fn() -> core[df12db4294e9bfd3]::result::Result<(), alloc[2182bb758b4b3781]::string::String>>
[INFO] [stdout]   15:     0x5970f7057665 - test[9d35eded1c95d3be]::run_test::{closure#0}
[INFO] [stdout]   16:     0x5970f7050f24 - std[70759c8f55707aa4]::sys::backtrace::__rust_begin_short_backtrace::<test[9d35eded1c95d3be]::run_test::{closure#1}, ()>
[INFO] [stdout]   17:     0x5970f705a7c2 - <std[70759c8f55707aa4]::thread::lifecycle::spawn_unchecked<test[9d35eded1c95d3be]::run_test::{closure#1}, ()>::{closure#1} as core[df12db4294e9bfd3]::ops::function::FnOnce<()>>::call_once::{shim:vtable#0}
[INFO] [stdout]   18:     0x5970f71bad99 - <std[70759c8f55707aa4]::sys::thread::unix::Thread>::new::thread_start
[INFO] [stdout]   19:     0x7ea80ecf5dfa - <unknown>
[INFO] [stdout]   20:     0x7ea80ed893d4 - clone
[INFO] [stdout]   21:                0x0 - <unknown>
[INFO] [stdout] 
[INFO] [stdout] ---- tests::cases::ui::small_files_with_x_as_zero stdout ----
[INFO] [stdout] ━━━━━━━━━━━━━━━━━━━━━━━━━━━━━━━ Snapshot Summary ━━━━━━━━━━━━━━━━━━━━━━━━━━━━━━━
[INFO] [stdout] Snapshot file: src/tests/cases/snapshots/jett__tests__cases__ui__small_files_with_x_as_zero.snap
[INFO] [stdout] Snapshot: small_files_with_x_as_zero
[INFO] [stdout] Source: src/tests/cases/ui.rs:3009
[INFO] [stdout] ────────────────────────────────────────────────────────────────────────────────
[INFO] [stdout] Expression: &terminal_draw_events_mirror[0]
[INFO] [stdout] ────────────────────────────────────────────────────────────────────────────────
[INFO] [stdout] -old snapshot
[INFO] [stdout] +new results
[INFO] [stdout] ────────────┬───────────────────────────────────────────────────────────────────
[INFO] [stdout]     1       │- 2.4M | /tmp/jett_tests/small_files_with_x_as_zero
[INFO] [stdout]           1 │+ 2.4M (root) | /tmp/jett_tests[...]_with_x_as_zero
[INFO] [stdout]     2     2 │ ┌────────────────────────────────────────────────┐
[INFO] [stdout]     3     3 │ │                                                │
[INFO] [stdout]     4     4 │ │                                                │
[INFO] [stdout]     5     5 │ │                                                │
[INFO] [stdout] ────────────┴───────────────────────────────────────────────────────────────────
[INFO] [stdout] 
[INFO] [stdout] thread 'tests::cases::ui::small_files_with_x_as_zero' (5134) panicked at src/tests/cases/ui.rs:3009:5:
[INFO] [stdout] called `Result::unwrap()` on an `Err` value: FileIo(Os { code: 30, kind: ReadOnlyFilesystem, message: "Read-only file system" }, "/opt/rustwide/workdir/src/tests/cases/snapshots/jett__tests__cases__ui__small_files_with_x_as_zero.snap.new")
[INFO] [stdout] stack backtrace:
[INFO] [stdout]    0:     0x5970f71bbd81 - <<std[70759c8f55707aa4]::sys::backtrace::BacktraceLock>::print::DisplayBacktrace as core[df12db4294e9bfd3]::fmt::Display>::fmt
[INFO] [stdout]    1:     0x5970f71d40fa - core[df12db4294e9bfd3]::fmt::write
[INFO] [stdout]    2:     0x5970f71c0cdc - <alloc[2182bb758b4b3781]::vec::Vec<u8> as core[df12db4294e9bfd3]::io::write::Write>::write_fmt
[INFO] [stdout]    3:     0x5970f7193cd6 - std[70759c8f55707aa4]::panicking::default_hook::{closure#0}
[INFO] [stdout]    4:     0x5970f71b26f9 - std[70759c8f55707aa4]::panicking::default_hook
[INFO] [stdout]    5:     0x5970f7056d10 - test[9d35eded1c95d3be]::test_main_inner::<test[9d35eded1c95d3be]::test_main_static::{closure#0}>::{closure#0}
[INFO] [stdout]    6:     0x5970f71b2a22 - std[70759c8f55707aa4]::panicking::panic_with_hook
[INFO] [stdout]    7:     0x5970f7193d82 - std[70759c8f55707aa4]::panicking::panic_handler::{closure#0}
[INFO] [stdout]    8:     0x5970f718c039 - std[70759c8f55707aa4]::sys::backtrace::__rust_end_short_backtrace::<std[70759c8f55707aa4]::panicking::panic_handler::{closure#0}, !>
[INFO] [stdout]    9:     0x5970f7194cdd - __rustc[8fa7c3cbc660c2b3]::rust_begin_unwind
[INFO] [stdout]   10:     0x5970f71d489c - core[df12db4294e9bfd3]::panicking::panic_fmt
[INFO] [stdout]   11:     0x5970f71d4672 - core[df12db4294e9bfd3]::result::unwrap_failed
[INFO] [stdout]   12:     0x5970f6f6316a - jett[b5a7a08171fafb73]::tests::cases::ui::small_files_with_x_as_zero
[INFO] [stdout]   13:     0x5970f6fa2df9 - <jett[b5a7a08171fafb73]::tests::cases::ui::small_files_with_x_as_zero::{closure#0} as core[df12db4294e9bfd3]::ops::function::FnOnce<()>>::call_once
[INFO] [stdout]   14:     0x5970f7049ffb - test[9d35eded1c95d3be]::__rust_begin_short_backtrace::<core[df12db4294e9bfd3]::result::Result<(), alloc[2182bb758b4b3781]::string::String>, fn() -> core[df12db4294e9bfd3]::result::Result<(), alloc[2182bb758b4b3781]::string::String>>
[INFO] [stdout]   15:     0x5970f7057665 - test[9d35eded1c95d3be]::run_test::{closure#0}
[INFO] [stdout]   16:     0x5970f7050f24 - std[70759c8f55707aa4]::sys::backtrace::__rust_begin_short_backtrace::<test[9d35eded1c95d3be]::run_test::{closure#1}, ()>
[INFO] [stdout]   17:     0x5970f705a7c2 - <std[70759c8f55707aa4]::thread::lifecycle::spawn_unchecked<test[9d35eded1c95d3be]::run_test::{closure#1}, ()>::{closure#1} as core[df12db4294e9bfd3]::ops::function::FnOnce<()>>::call_once::{shim:vtable#0}
[INFO] [stdout]   18:     0x5970f71bad99 - <std[70759c8f55707aa4]::sys::thread::unix::Thread>::new::thread_start
[INFO] [stdout]   19:     0x7ea80ecf5dfa - <unknown>
[INFO] [stdout]   20:     0x7ea80ed893d4 - clone
[INFO] [stdout]   21:                0x0 - <unknown>
[INFO] [stdout] 
[INFO] [stdout] ---- tests::cases::ui::zoom_into_small_files stdout ----
[INFO] [stdout] ━━━━━━━━━━━━━━━━━━━━━━━━━━━━━━━ Snapshot Summary ━━━━━━━━━━━━━━━━━━━━━━━━━━━━━━━
[INFO] [stdout] Snapshot file: src/tests/cases/snapshots/jett__tests__cases__ui__zoom_into_small_files.snap
[INFO] [stdout] Snapshot: zoom_into_small_files
[INFO] [stdout] Source: src/tests/cases/ui.rs:806
[INFO] [stdout] ────────────────────────────────────────────────────────────────────────────────
[INFO] [stdout] Expression: &terminal_draw_events_mirror[0]
[INFO] [stdout] ────────────────────────────────────────────────────────────────────────────────
[INFO] [stdout] -old snapshot
[INFO] [stdout] +new results
[INFO] [stdout] ────────────┬───────────────────────────────────────────────────────────────────
[INFO] [stdout]     1       │- Total: 2.3M (5 files), freed: 0 | /tmp/jett_tests/zoom_into_small_files                                                                                                                      
[INFO] [stdout]           1 │+ Total: 2.3M (5 files), freed: 0 (CAUTION: running as root) | /tmp/jett_tests/zoom_into_small_files                                                                                           
[INFO] [stdout]     2     2 │ ┌───────────────────────────────────────────────────────────────────────────────────────────────────────────────────────────────────────────────────────────┬────────────────────────────────┐
[INFO] [stdout]     3     3 │ │                                                                                                                                                           │                                │
[INFO] [stdout]     4     4 │ │                                                                                                                                                           │                                │
[INFO] [stdout]     5     5 │ │                                                                                                                                                           │                                │
[INFO] [stdout] ────────────┴───────────────────────────────────────────────────────────────────
[INFO] [stdout] 
[INFO] [stdout] thread 'tests::cases::ui::zoom_into_small_files' (6469) panicked at src/tests/cases/ui.rs:806:5:
[INFO] [stdout] called `Result::unwrap()` on an `Err` value: FileIo(Os { code: 30, kind: ReadOnlyFilesystem, message: "Read-only file system" }, "/opt/rustwide/workdir/src/tests/cases/snapshots/jett__tests__cases__ui__zoom_into_small_files.snap.new")
[INFO] [stdout] stack backtrace:
[INFO] [stdout]    0:     0x5970f71bbd81 - <<std[70759c8f55707aa4]::sys::backtrace::BacktraceLock>::print::DisplayBacktrace as core[df12db4294e9bfd3]::fmt::Display>::fmt
[INFO] [stdout]    1:     0x5970f71d40fa - core[df12db4294e9bfd3]::fmt::write
[INFO] [stdout]    2:     0x5970f71c0cdc - <alloc[2182bb758b4b3781]::vec::Vec<u8> as core[df12db4294e9bfd3]::io::write::Write>::write_fmt
[INFO] [stdout]    3:     0x5970f7193cd6 - std[70759c8f55707aa4]::panicking::default_hook::{closure#0}
[INFO] [stdout]    4:     0x5970f71b26f9 - std[70759c8f55707aa4]::panicking::default_hook
[INFO] [stdout]    5:     0x5970f7056d10 - test[9d35eded1c95d3be]::test_main_inner::<test[9d35eded1c95d3be]::test_main_static::{closure#0}>::{closure#0}
[INFO] [stdout]    6:     0x5970f71b2a22 - std[70759c8f55707aa4]::panicking::panic_with_hook
[INFO] [stdout]    7:     0x5970f7193d82 - std[70759c8f55707aa4]::panicking::panic_handler::{closure#0}
[INFO] [stdout]    8:     0x5970f718c039 - std[70759c8f55707aa4]::sys::backtrace::__rust_end_short_backtrace::<std[70759c8f55707aa4]::panicking::panic_handler::{closure#0}, !>
[INFO] [stdout]    9:     0x5970f7194cdd - __rustc[8fa7c3cbc660c2b3]::rust_begin_unwind
[INFO] [stdout]   10:     0x5970f71d489c - core[df12db4294e9bfd3]::panicking::panic_fmt
[INFO] [stdout]   11:     0x5970f71d4672 - core[df12db4294e9bfd3]::result::unwrap_failed
[INFO] [stdout]   12:     0x5970f6f569b7 - jett[b5a7a08171fafb73]::tests::cases::ui::zoom_into_small_files
[INFO] [stdout]   13:     0x5970f6fa2cf9 - <jett[b5a7a08171fafb73]::tests::cases::ui::zoom_into_small_files::{closure#0} as core[df12db4294e9bfd3]::ops::function::FnOnce<()>>::call_once
[INFO] [stdout]   14:     0x5970f7049ffb - test[9d35eded1c95d3be]::__rust_begin_short_backtrace::<core[df12db4294e9bfd3]::result::Result<(), alloc[2182bb758b4b3781]::string::String>, fn() -> core[df12db4294e9bfd3]::result::Result<(), alloc[2182bb758b4b3781]::string::String>>
[INFO] [stdout]   15:     0x5970f7057665 - test[9d35eded1c95d3be]::run_test::{closure#0}
[INFO] [stdout]   16:     0x5970f7050f24 - std[70759c8f55707aa4]::sys::backtrace::__rust_begin_short_backtrace::<test[9d35eded1c95d3be]::run_test::{closure#1}, ()>
[INFO] [stdout]   17:     0x5970f705a7c2 - <std[70759c8f55707aa4]::thread::lifecycle::spawn_unchecked<test[9d35eded1c95d3be]::run_test::{closure#1}, ()>::{closure#1} as core[df12db4294e9bfd3]::ops::function::FnOnce<()>>::call_once::{shim:vtable#0}
[INFO] [stdout]   18:     0x5970f71bad99 - <std[70759c8f55707aa4]::sys::thread::unix::Thread>::new::thread_start
[INFO] [stdout]   19:     0x7ea80ecf5dfa - <unknown>
[INFO] [stdout]   20:     0x7ea80ed893d4 - clone
[INFO] [stdout]   21:                0x0 - <unknown>
[INFO] [stdout] 
[INFO] [stdout] 
[INFO] [stdout] failures:
[INFO] [stdout]     app::theme_selector_tests::read_only_directory_save_fails_without_changing_config
[INFO] [stdout]     app::theme_selector_tests::selector_screens
[INFO] [stdout]     tests::cases::ui::cannot_move_into_small_files
[INFO] [stdout]     tests::cases::ui::clear_selection_when_moving_off_screen_edges
[INFO] [stdout]     tests::cases::ui::delete_file
[INFO] [stdout]     tests::cases::ui::delete_file_no_confirmation
[INFO] [stdout]     tests::cases::ui::delete_file_press_n
[INFO] [stdout]     tests::cases::ui::delete_folder
[INFO] [stdout]     tests::cases::ui::delete_folder_no_confirmation
[INFO] [stdout]     tests::cases::ui::delete_folder_small_window
[INFO] [stdout]     tests::cases::ui::delete_folder_small_window_no_confirmation
[INFO] [stdout]     tests::cases::ui::delete_folder_with_multiple_children
[INFO] [stdout]     tests::cases::ui::delete_folder_with_multiple_children_no_confirmation
[INFO] [stdout]     tests::cases::ui::eleven_files
[INFO] [stdout]     tests::cases::ui::empty_folder
[INFO] [stdout]     tests::cases::ui::enter_folder
[INFO] [stdout]     tests::cases::ui::enter_folder_medium_width
[INFO] [stdout]     tests::cases::ui::enter_folder_small_width
[INFO] [stdout]     tests::cases::ui::enter_largest_folder_with_no_selected_tile
[INFO] [stdout]     tests::cases::ui::esc_to_go_up
[INFO] [stdout]     tests::cases::ui::files_with_size_zero
[INFO] [stdout]     tests::cases::ui::medium_width
[INFO] [stdout]     tests::cases::ui::minimum_tile_sides
[INFO] [stdout]     tests::cases::ui::move_down_and_enter_folder
[INFO] [stdout]     tests::cases::ui::move_left_and_enter_folder
[INFO] [stdout]     tests::cases::ui::move_right_and_enter_folder
[INFO] [stdout]     tests::cases::ui::move_up_and_enter_folder
[INFO] [stdout]     tests::cases::ui::noop_when_entering_file
[INFO] [stdout]     tests::cases::ui::noop_when_pressing_esc_at_base_folder
[INFO] [stdout]     tests::cases::ui::one_file_system_still_scans_same_device_content
[INFO] [stdout]     tests::cases::ui::permission_denied_when_deleting
[INFO] [stdout]     tests::cases::ui::permission_denied_when_deleting_no_confirmation
[INFO] [stdout]     tests::cases::ui::pressing_delete_with_no_selected_tile
[INFO] [stdout]     tests::cases::ui::small_files
[INFO] [stdout]     tests::cases::ui::small_files_with_x_as_zero
[INFO] [stdout]     tests::cases::ui::small_files_with_y_as_zero
[INFO] [stdout]     tests::cases::ui::small_width
[INFO] [stdout]     tests::cases::ui::small_width_long_folder_name
[INFO] [stdout]     tests::cases::ui::two_large_files_one_small_file
[INFO] [stdout]     tests::cases::ui::zoom_into_small_files
[INFO] [stdout] 
[INFO] [stdout] test result: FAILED. 56 passed; 40 failed; 0 ignored; 0 measured; 0 filtered out; finished in 25.12s
[INFO] [stdout] 
[INFO] [stderr] error: test failed, to rerun pass `--bin jett`
[INFO] running `Command { std: "docker" "inspect" "056c52d3e05fb1125186b5e7dae624424e79f4e31a0ebcf31dfd2b76a4fedc26", kill_on_drop: false }`
[INFO] running `Command { std: "docker" "rm" "-f" "056c52d3e05fb1125186b5e7dae624424e79f4e31a0ebcf31dfd2b76a4fedc26", kill_on_drop: false }`
[INFO] [stdout] 056c52d3e05fb1125186b5e7dae624424e79f4e31a0ebcf31dfd2b76a4fedc26
