[INFO] fetching crate jetpwmon 0.1.2...
[INFO] testing jetpwmon-0.1.2 against 1.99.0-beta.8+cargoflags=--release for beta-release-1.100-2
[INFO] extracting crate jetpwmon 0.1.2 into /workspace/builds/worker-7-tc1/source
[INFO] started tweaking crates.io crate jetpwmon 0.1.2
[INFO] removed 0 missing examples
[INFO] removed 0 missing tests
[INFO] finished tweaking crates.io crate jetpwmon 0.1.2
[INFO] tweaked toml for crates.io crate jetpwmon 0.1.2 written to /workspace/builds/worker-7-tc1/source/Cargo.toml
[INFO] validating manifest of crates.io crate jetpwmon 0.1.2 on toolchain 1.99.0-beta.8
[INFO] running `Command { std: CARGO_HOME="/workspace/cargo-home" RUSTUP_HOME="/workspace/rustup-home" "/workspace/cargo-home/bin/cargo" "+1.99.0-beta.8" "metadata" "--manifest-path" "Cargo.toml" "--no-deps", kill_on_drop: false }`
[INFO] crate crates.io crate jetpwmon 0.1.2 already has a lockfile, it will not be regenerated
[INFO] running `Command { std: CARGO_HOME="/workspace/cargo-home" RUSTUP_HOME="/workspace/rustup-home" "/workspace/cargo-home/bin/cargo" "+1.99.0-beta.8" "fetch" "--manifest-path" "Cargo.toml", kill_on_drop: false }`
[INFO] [stderr]  Downloading crates ...
[INFO] [stderr]   Downloaded cc v1.2.17
[INFO] [stderr]   Downloaded zerocopy-derive v0.8.24
[INFO] [stderr]   Downloaded zerocopy v0.8.24
[INFO] running `Command { std: "docker" "create" "-v" "/var/lib/crater-agent-workspace/builds/worker-7-tc1/source:/opt/rustwide/workdir:ro,Z" "-v" "/var/lib/crater-agent-workspace/builds/worker-7-tc1/target:/opt/rustwide/target:rw,Z" "-v" "/var/lib/crater-agent-workspace/cargo-home:/opt/rustwide/cargo-home:ro,Z" "-v" "/var/lib/crater-agent-workspace/rustup-home:/opt/rustwide/rustup-home:ro,Z" "-m" "1610612736" "--network" "none" "ghcr.io/rust-lang/crates-build-env/linux@sha256:77db811e55d90add9212f6832c23229e3de5f1c1f9905e8cb07319ea15df73ac" "sleep" "infinity", kill_on_drop: false }`
[INFO] [stdout] 31c79b9d5587dd447ebd6f3296c3b9d1dc566ebdb42781f2c3778f72da26144e
[INFO] running `Command { std: "docker" "start" "31c79b9d5587dd447ebd6f3296c3b9d1dc566ebdb42781f2c3778f72da26144e", kill_on_drop: false }`
[INFO] running `Command { std: "docker" "inspect" "31c79b9d5587dd447ebd6f3296c3b9d1dc566ebdb42781f2c3778f72da26144e", kill_on_drop: false }`
[INFO] running `Command { std: "docker" "exec" "-e" "SOURCE_DIR=/opt/rustwide/workdir" "-e" "CARGO_HOME=/opt/rustwide/cargo-home" "-e" "RUSTUP_HOME=/opt/rustwide/rustup-home" "-e" "CARGO_TARGET_DIR=/opt/rustwide/target" "-w" "/opt/rustwide/workdir" "--user" "0:0" "31c79b9d5587dd447ebd6f3296c3b9d1dc566ebdb42781f2c3778f72da26144e" "/opt/rustwide/cargo-home/bin/cargo" "+1.99.0-beta.8" "metadata" "--no-deps" "--format-version=1", kill_on_drop: false }`
[INFO] running `Command { std: "docker" "inspect" "31c79b9d5587dd447ebd6f3296c3b9d1dc566ebdb42781f2c3778f72da26144e", kill_on_drop: false }`
[INFO] running `Command { std: "docker" "exec" "-e" "SOURCE_DIR=/opt/rustwide/workdir" "-e" "CARGO_HOME=/opt/rustwide/cargo-home" "-e" "RUSTUP_HOME=/opt/rustwide/rustup-home" "-e" "CARGO_TARGET_DIR=/opt/rustwide/target" "-e" "CARGO_INCREMENTAL=0" "-e" "RUST_BACKTRACE=full" "-e" "RUSTFLAGS=--cap-lints=warn" "-e" "RUSTDOCFLAGS=--cap-lints=warn" "-w" "/opt/rustwide/workdir" "--user" "0:0" "31c79b9d5587dd447ebd6f3296c3b9d1dc566ebdb42781f2c3778f72da26144e" "/opt/rustwide/cargo-home/bin/cargo" "+1.99.0-beta.8" "build" "--frozen" "--message-format=json" "--release", kill_on_drop: false }`
[INFO] [stderr]    Compiling libc v0.2.171
[INFO] [stderr]    Compiling zerocopy v0.8.24
[INFO] [stderr]    Compiling getrandom v0.3.2
[INFO] [stderr]    Compiling cc v1.2.17
[INFO] [stderr]    Compiling rand_core v0.9.3
[INFO] [stderr]    Compiling jetpwmon v0.1.2 (/opt/rustwide/workdir)
[INFO] [stderr]    Compiling ppv-lite86 v0.2.21
[INFO] [stderr] warning: jetpwmon@0.1.2: vendor/src/jetpwmon.c: In function 'find_all_system_monitor':
[INFO] [stderr] warning: jetpwmon@0.1.2: vendor/src/jetpwmon.c:831:65: warning: '/voltage_now' directive output may be truncated writing 12 bytes into a region of size between 1 and 1024 [-Wformat-truncation=]
[INFO] [stderr] warning: jetpwmon@0.1.2:   831 |                 snprintf(voltage_path, sizeof(voltage_path), "%s/voltage_now", local_path);
[INFO] [stderr] warning: jetpwmon@0.1.2:       |                                                                 ^~~~~~~~~~~~
[INFO] [stderr] warning: jetpwmon@0.1.2: In file included from /usr/include/stdio.h:974,
[INFO] [stderr] warning: jetpwmon@0.1.2:                  from vendor/src/jetpwmon.c:13:
[INFO] [stderr] warning: jetpwmon@0.1.2: In function 'snprintf',
[INFO] [stderr] warning: jetpwmon@0.1.2:     inlined from 'find_all_system_monitor' at vendor/src/jetpwmon.c:831:17:
[INFO] [stderr] warning: jetpwmon@0.1.2: /usr/include/x86_64-linux-gnu/bits/stdio2.h:68:10: note: '__builtin___snprintf_chk' output between 13 and 1036 bytes into a destination of size 1024
[INFO] [stderr] warning: jetpwmon@0.1.2:    68 |   return __builtin___snprintf_chk (__s, __n, __USE_FORTIFY_LEVEL - 1,
[INFO] [stderr] warning: jetpwmon@0.1.2:       |          ^~~~~~~~~~~~~~~~~~~~~~~~~~~~~~~~~~~~~~~~~~~~~~~~~~~~~~~~~~~~
[INFO] [stderr] warning: jetpwmon@0.1.2:    69 |                                    __glibc_objsize (__s), __fmt,
[INFO] [stderr] warning: jetpwmon@0.1.2:       |                                    ~~~~~~~~~~~~~~~~~~~~~~~~~~~~~
[INFO] [stderr] warning: jetpwmon@0.1.2:    70 |                                    __va_arg_pack ());
[INFO] [stderr] warning: jetpwmon@0.1.2:       |                                    ~~~~~~~~~~~~~~~~~
[INFO] [stderr] warning: jetpwmon@0.1.2: vendor/src/jetpwmon.c: In function 'find_all_system_monitor':
[INFO] [stderr] warning: jetpwmon@0.1.2: vendor/src/jetpwmon.c:832:65: warning: '/current_now' directive output may be truncated writing 12 bytes into a region of size between 1 and 1024 [-Wformat-truncation=]
[INFO] [stderr] warning: jetpwmon@0.1.2:   832 |                 snprintf(current_path, sizeof(current_path), "%s/current_now", local_path);
[INFO] [stderr] warning: jetpwmon@0.1.2:       |                                                                 ^~~~~~~~~~~~
[INFO] [stderr] warning: jetpwmon@0.1.2: In function 'snprintf',
[INFO] [stderr] warning: jetpwmon@0.1.2:     inlined from 'find_all_system_monitor' at vendor/src/jetpwmon.c:832:17:
[INFO] [stderr] warning: jetpwmon@0.1.2: /usr/include/x86_64-linux-gnu/bits/stdio2.h:68:10: note: '__builtin___snprintf_chk' output between 13 and 1036 bytes into a destination of size 1024
[INFO] [stderr] warning: jetpwmon@0.1.2:    68 |   return __builtin___snprintf_chk (__s, __n, __USE_FORTIFY_LEVEL - 1,
[INFO] [stderr] warning: jetpwmon@0.1.2:       |          ^~~~~~~~~~~~~~~~~~~~~~~~~~~~~~~~~~~~~~~~~~~~~~~~~~~~~~~~~~~~
[INFO] [stderr] warning: jetpwmon@0.1.2:    69 |                                    __glibc_objsize (__s), __fmt,
[INFO] [stderr] warning: jetpwmon@0.1.2:       |                                    ~~~~~~~~~~~~~~~~~~~~~~~~~~~~~
[INFO] [stderr] warning: jetpwmon@0.1.2:    70 |                                    __va_arg_pack ());
[INFO] [stderr] warning: jetpwmon@0.1.2:       |                                    ~~~~~~~~~~~~~~~~~
[INFO] [stderr] warning: jetpwmon@0.1.2: vendor/src/jetpwmon.c: In function 'find_all_i2c_power_monitor.constprop.isra':
[INFO] [stderr] warning: jetpwmon@0.1.2: vendor/src/jetpwmon.c:703:64: warning: '%s' directive output may be truncated writing up to 255 bytes into a region of size between 1 and 1023 [-Wformat-truncation=]
[INFO] [stderr] warning: jetpwmon@0.1.2:   703 |                 snprintf(driver_path, sizeof(driver_path), "%s/%s", path, entry->d_name);
[INFO] [stderr] warning: jetpwmon@0.1.2:       |                                                                ^~
[INFO] [stderr] warning: jetpwmon@0.1.2: In function 'snprintf',
[INFO] [stderr] warning: jetpwmon@0.1.2:     inlined from 'find_driver_power_folders' at vendor/src/jetpwmon.c:703:17,
[INFO] [stderr] warning: jetpwmon@0.1.2:     inlined from 'find_all_i2c_power_monitor.constprop.isra' at vendor/src/jetpwmon.c:662:57:
[INFO] [stderr] warning: jetpwmon@0.1.2: /usr/include/x86_64-linux-gnu/bits/stdio2.h:68:10: note: '__builtin___snprintf_chk' output between 2 and 1279 bytes into a destination of size 1024
[INFO] [stderr] warning: jetpwmon@0.1.2:    68 |   return __builtin___snprintf_chk (__s, __n, __USE_FORTIFY_LEVEL - 1,
[INFO] [stderr] warning: jetpwmon@0.1.2:       |          ^~~~~~~~~~~~~~~~~~~~~~~~~~~~~~~~~~~~~~~~~~~~~~~~~~~~~~~~~~~~
[INFO] [stderr] warning: jetpwmon@0.1.2:    69 |                                    __glibc_objsize (__s), __fmt,
[INFO] [stderr] warning: jetpwmon@0.1.2:       |                                    ~~~~~~~~~~~~~~~~~~~~~~~~~~~~~
[INFO] [stderr] warning: jetpwmon@0.1.2:    70 |                                    __va_arg_pack ());
[INFO] [stderr] warning: jetpwmon@0.1.2:       |                                    ~~~~~~~~~~~~~~~~~
[INFO] [stderr]    Compiling rand_chacha v0.9.0
[INFO] [stderr]    Compiling rand v0.9.0
[INFO] [stderr]     Finished `release` profile [optimized] target(s) in 4.73s
[INFO] running `Command { std: "docker" "inspect" "31c79b9d5587dd447ebd6f3296c3b9d1dc566ebdb42781f2c3778f72da26144e", kill_on_drop: false }`
[INFO] running `Command { std: "docker" "exec" "-e" "SOURCE_DIR=/opt/rustwide/workdir" "-e" "CARGO_HOME=/opt/rustwide/cargo-home" "-e" "RUSTUP_HOME=/opt/rustwide/rustup-home" "-e" "CARGO_TARGET_DIR=/opt/rustwide/target" "-e" "CARGO_INCREMENTAL=0" "-e" "RUST_BACKTRACE=full" "-e" "RUSTFLAGS=--cap-lints=warn" "-e" "RUSTDOCFLAGS=--cap-lints=warn" "-w" "/opt/rustwide/workdir" "--user" "0:0" "31c79b9d5587dd447ebd6f3296c3b9d1dc566ebdb42781f2c3778f72da26144e" "/opt/rustwide/cargo-home/bin/cargo" "+1.99.0-beta.8" "test" "--frozen" "--no-run" "--message-format=json" "--release", kill_on_drop: false }`
[INFO] [stderr]    Compiling num-traits v0.2.19
[INFO] [stderr]    Compiling matrixmultiply v0.3.9
[INFO] [stderr]    Compiling jetpwmon v0.1.2 (/opt/rustwide/workdir)
[INFO] [stderr] warning: jetpwmon@0.1.2: vendor/src/jetpwmon.c: In function 'find_all_system_monitor':
[INFO] [stderr] warning: jetpwmon@0.1.2: vendor/src/jetpwmon.c:831:65: warning: '/voltage_now' directive output may be truncated writing 12 bytes into a region of size between 1 and 1024 [-Wformat-truncation=]
[INFO] [stderr] warning: jetpwmon@0.1.2:   831 |                 snprintf(voltage_path, sizeof(voltage_path), "%s/voltage_now", local_path);
[INFO] [stderr] warning: jetpwmon@0.1.2:       |                                                                 ^~~~~~~~~~~~
[INFO] [stderr] warning: jetpwmon@0.1.2: In file included from /usr/include/stdio.h:974,
[INFO] [stderr] warning: jetpwmon@0.1.2:                  from vendor/src/jetpwmon.c:13:
[INFO] [stderr] warning: jetpwmon@0.1.2: In function 'snprintf',
[INFO] [stderr] warning: jetpwmon@0.1.2:     inlined from 'find_all_system_monitor' at vendor/src/jetpwmon.c:831:17:
[INFO] [stderr] warning: jetpwmon@0.1.2: /usr/include/x86_64-linux-gnu/bits/stdio2.h:68:10: note: '__builtin___snprintf_chk' output between 13 and 1036 bytes into a destination of size 1024
[INFO] [stderr] warning: jetpwmon@0.1.2:    68 |   return __builtin___snprintf_chk (__s, __n, __USE_FORTIFY_LEVEL - 1,
[INFO] [stderr] warning: jetpwmon@0.1.2:       |          ^~~~~~~~~~~~~~~~~~~~~~~~~~~~~~~~~~~~~~~~~~~~~~~~~~~~~~~~~~~~
[INFO] [stderr] warning: jetpwmon@0.1.2:    69 |                                    __glibc_objsize (__s), __fmt,
[INFO] [stderr] warning: jetpwmon@0.1.2:       |                                    ~~~~~~~~~~~~~~~~~~~~~~~~~~~~~
[INFO] [stderr] warning: jetpwmon@0.1.2:    70 |                                    __va_arg_pack ());
[INFO] [stderr] warning: jetpwmon@0.1.2:       |                                    ~~~~~~~~~~~~~~~~~
[INFO] [stderr] warning: jetpwmon@0.1.2: vendor/src/jetpwmon.c: In function 'find_all_system_monitor':
[INFO] [stderr] warning: jetpwmon@0.1.2: vendor/src/jetpwmon.c:832:65: warning: '/current_now' directive output may be truncated writing 12 bytes into a region of size between 1 and 1024 [-Wformat-truncation=]
[INFO] [stderr] warning: jetpwmon@0.1.2:   832 |                 snprintf(current_path, sizeof(current_path), "%s/current_now", local_path);
[INFO] [stderr] warning: jetpwmon@0.1.2:       |                                                                 ^~~~~~~~~~~~
[INFO] [stderr] warning: jetpwmon@0.1.2: In function 'snprintf',
[INFO] [stderr] warning: jetpwmon@0.1.2:     inlined from 'find_all_system_monitor' at vendor/src/jetpwmon.c:832:17:
[INFO] [stderr] warning: jetpwmon@0.1.2: /usr/include/x86_64-linux-gnu/bits/stdio2.h:68:10: note: '__builtin___snprintf_chk' output between 13 and 1036 bytes into a destination of size 1024
[INFO] [stderr] warning: jetpwmon@0.1.2:    68 |   return __builtin___snprintf_chk (__s, __n, __USE_FORTIFY_LEVEL - 1,
[INFO] [stderr] warning: jetpwmon@0.1.2:       |          ^~~~~~~~~~~~~~~~~~~~~~~~~~~~~~~~~~~~~~~~~~~~~~~~~~~~~~~~~~~~
[INFO] [stderr] warning: jetpwmon@0.1.2:    69 |                                    __glibc_objsize (__s), __fmt,
[INFO] [stderr] warning: jetpwmon@0.1.2:       |                                    ~~~~~~~~~~~~~~~~~~~~~~~~~~~~~
[INFO] [stderr] warning: jetpwmon@0.1.2:    70 |                                    __va_arg_pack ());
[INFO] [stderr] warning: jetpwmon@0.1.2:       |                                    ~~~~~~~~~~~~~~~~~
[INFO] [stderr] warning: jetpwmon@0.1.2: vendor/src/jetpwmon.c: In function 'find_all_i2c_power_monitor.constprop.isra':
[INFO] [stderr] warning: jetpwmon@0.1.2: vendor/src/jetpwmon.c:703:64: warning: '%s' directive output may be truncated writing up to 255 bytes into a region of size between 1 and 1023 [-Wformat-truncation=]
[INFO] [stderr] warning: jetpwmon@0.1.2:   703 |                 snprintf(driver_path, sizeof(driver_path), "%s/%s", path, entry->d_name);
[INFO] [stderr] warning: jetpwmon@0.1.2:       |                                                                ^~
[INFO] [stderr] warning: jetpwmon@0.1.2: In function 'snprintf',
[INFO] [stderr] warning: jetpwmon@0.1.2:     inlined from 'find_driver_power_folders' at vendor/src/jetpwmon.c:703:17,
[INFO] [stderr] warning: jetpwmon@0.1.2:     inlined from 'find_all_i2c_power_monitor.constprop.isra' at vendor/src/jetpwmon.c:662:57:
[INFO] [stderr] warning: jetpwmon@0.1.2: /usr/include/x86_64-linux-gnu/bits/stdio2.h:68:10: note: '__builtin___snprintf_chk' output between 2 and 1279 bytes into a destination of size 1024
[INFO] [stderr] warning: jetpwmon@0.1.2:    68 |   return __builtin___snprintf_chk (__s, __n, __USE_FORTIFY_LEVEL - 1,
[INFO] [stderr] warning: jetpwmon@0.1.2:       |          ^~~~~~~~~~~~~~~~~~~~~~~~~~~~~~~~~~~~~~~~~~~~~~~~~~~~~~~~~~~~
[INFO] [stderr] warning: jetpwmon@0.1.2:    69 |                                    __glibc_objsize (__s), __fmt,
[INFO] [stderr] warning: jetpwmon@0.1.2:       |                                    ~~~~~~~~~~~~~~~~~~~~~~~~~~~~~
[INFO] [stderr] warning: jetpwmon@0.1.2:    70 |                                    __va_arg_pack ());
[INFO] [stderr] warning: jetpwmon@0.1.2:       |                                    ~~~~~~~~~~~~~~~~~
[INFO] [stderr]    Compiling num-integer v0.1.46
[INFO] [stderr]    Compiling num-complex v0.4.6
[INFO] [stderr]    Compiling ndarray v0.16.1
[INFO] [stdout] warning: unused import: `s`
[INFO] [stdout]  --> examples/matrix_multiply.rs:4:23
[INFO] [stdout]   |
[INFO] [stdout] 4 | use ndarray::{Array2, s};
[INFO] [stdout]   |                       ^
[INFO] [stdout]   |
[INFO] [stdout]   = note: `#[warn(unused_imports)]` (part of `#[warn(unused)]`) on by default
[INFO] [stdout] 
[INFO] [stdout] 
[INFO] [stdout] warning: use of deprecated function `rand::thread_rng`: renamed to `rng`
[INFO] [stdout]   --> examples/matrix_multiply.rs:20:25
[INFO] [stdout]    |
[INFO] [stdout] 20 |     let mut rng = rand::thread_rng();
[INFO] [stdout]    |                         ^^^^^^^^^^
[INFO] [stdout]    |
[INFO] [stdout]    = note: `#[warn(deprecated)]` on by default
[INFO] [stdout] 
[INFO] [stdout] 
[INFO] [stdout] warning: use of deprecated method `rand::Rng::gen_range`: Renamed to `random_range`
[INFO] [stdout]   --> examples/matrix_multiply.rs:27:29
[INFO] [stdout]    |
[INFO] [stdout] 27 |             a[[i, j]] = rng.gen_range(-1.0..1.0);
[INFO] [stdout]    |                             ^^^^^^^^^
[INFO] [stdout] 
[INFO] [stdout] 
[INFO] [stdout] warning: use of deprecated method `rand::Rng::gen_range`: Renamed to `random_range`
[INFO] [stdout]   --> examples/matrix_multiply.rs:28:29
[INFO] [stdout]    |
[INFO] [stdout] 28 |             b[[i, j]] = rng.gen_range(-1.0..1.0);
[INFO] [stdout]    |                             ^^^^^^^^^
[INFO] [stdout] 
[INFO] [stdout] 
[INFO] [stdout] warning: unused import: `ndarray::linalg::Dot`
[INFO] [stdout]  --> examples/matrix_multiply.rs:5:5
[INFO] [stdout]   |
[INFO] [stdout] 5 | use ndarray::linalg::Dot;
[INFO] [stdout]   |     ^^^^^^^^^^^^^^^^^^^^
[INFO] [stdout] 
[INFO] [stdout] 
[INFO] [stdout] warning: value assigned to `c` is never read
[INFO] [stdout]   --> examples/matrix_multiply.rs:33:17
[INFO] [stdout]    |
[INFO] [stdout] 33 |     let mut c = Array2::zeros((MATRIX_SIZE, MATRIX_SIZE));
[INFO] [stdout]    |                 ^^^^^^^^^^^^^^^^^^^^^^^^^^^^^^^^^^^^^^^^^ this value is reassigned later and never used
[INFO] [stdout] 34 |     for _ in 0..NUM_ITERATIONS {
[INFO] [stdout] 35 |         c = a.dot(&b);
[INFO] [stdout]    |         - `c` is overwritten here before the previous value is read
[INFO] [stdout]    |
[INFO] [stdout]    = note: `#[warn(unused_assignments)]` (part of `#[warn(unused)]`) on by default
[INFO] [stdout] 
[INFO] [stdout] 
[INFO] [stdout] warning: use of deprecated method `jetpwmon::PowerMonitor::get_sensor_names`: This function is unsafe and will be removed in a future version. Please use get_latest_data() or get_statistics() instead.
[INFO] [stdout]    --> tests/test.rs:177:25
[INFO] [stdout]     |
[INFO] [stdout] 177 |     let names = monitor.get_sensor_names().unwrap();
[INFO] [stdout]     |                         ^^^^^^^^^^^^^^^^
[INFO] [stdout]     |
[INFO] [stdout]     = note: `#[warn(deprecated)]` on by default
[INFO] [stdout] 
[INFO] [stdout] 
[INFO] [stderr]     Finished `release` profile [optimized] target(s) in 8.14s
[INFO] running `Command { std: "docker" "inspect" "31c79b9d5587dd447ebd6f3296c3b9d1dc566ebdb42781f2c3778f72da26144e", kill_on_drop: false }`
[INFO] running `Command { std: "docker" "exec" "-e" "SOURCE_DIR=/opt/rustwide/workdir" "-e" "CARGO_HOME=/opt/rustwide/cargo-home" "-e" "RUSTUP_HOME=/opt/rustwide/rustup-home" "-e" "CARGO_TARGET_DIR=/opt/rustwide/target" "-e" "CARGO_INCREMENTAL=0" "-e" "RUST_BACKTRACE=full" "-e" "RUSTFLAGS=--cap-lints=warn" "-e" "RUSTDOCFLAGS=--cap-lints=warn" "-w" "/opt/rustwide/workdir" "--user" "0:0" "31c79b9d5587dd447ebd6f3296c3b9d1dc566ebdb42781f2c3778f72da26144e" "/opt/rustwide/cargo-home/bin/cargo" "+1.99.0-beta.8" "test" "--frozen" "--release", kill_on_drop: false }`
[INFO] [stderr]    Compiling jetpwmon v0.1.2 (/opt/rustwide/workdir)
[INFO] [stderr] warning: jetpwmon@0.1.2: vendor/src/jetpwmon.c: In function 'find_all_system_monitor':
[INFO] [stderr] warning: jetpwmon@0.1.2: vendor/src/jetpwmon.c:831:65: warning: '/voltage_now' directive output may be truncated writing 12 bytes into a region of size between 1 and 1024 [-Wformat-truncation=]
[INFO] [stderr] warning: jetpwmon@0.1.2:   831 |                 snprintf(voltage_path, sizeof(voltage_path), "%s/voltage_now", local_path);
[INFO] [stderr] warning: jetpwmon@0.1.2:       |                                                                 ^~~~~~~~~~~~
[INFO] [stderr] warning: jetpwmon@0.1.2: In file included from /usr/include/stdio.h:974,
[INFO] [stderr] warning: jetpwmon@0.1.2:                  from vendor/src/jetpwmon.c:13:
[INFO] [stderr] warning: jetpwmon@0.1.2: In function 'snprintf',
[INFO] [stderr] warning: jetpwmon@0.1.2:     inlined from 'find_all_system_monitor' at vendor/src/jetpwmon.c:831:17:
[INFO] [stderr] warning: jetpwmon@0.1.2: /usr/include/x86_64-linux-gnu/bits/stdio2.h:68:10: note: '__builtin___snprintf_chk' output between 13 and 1036 bytes into a destination of size 1024
[INFO] [stderr] warning: jetpwmon@0.1.2:    68 |   return __builtin___snprintf_chk (__s, __n, __USE_FORTIFY_LEVEL - 1,
[INFO] [stderr] warning: jetpwmon@0.1.2:       |          ^~~~~~~~~~~~~~~~~~~~~~~~~~~~~~~~~~~~~~~~~~~~~~~~~~~~~~~~~~~~
[INFO] [stderr] warning: jetpwmon@0.1.2:    69 |                                    __glibc_objsize (__s), __fmt,
[INFO] [stderr] warning: jetpwmon@0.1.2:       |                                    ~~~~~~~~~~~~~~~~~~~~~~~~~~~~~
[INFO] [stderr] warning: jetpwmon@0.1.2:    70 |                                    __va_arg_pack ());
[INFO] [stderr] warning: jetpwmon@0.1.2:       |                                    ~~~~~~~~~~~~~~~~~
[INFO] [stderr] warning: jetpwmon@0.1.2: vendor/src/jetpwmon.c: In function 'find_all_system_monitor':
[INFO] [stderr] warning: jetpwmon@0.1.2: vendor/src/jetpwmon.c:832:65: warning: '/current_now' directive output may be truncated writing 12 bytes into a region of size between 1 and 1024 [-Wformat-truncation=]
[INFO] [stderr] warning: jetpwmon@0.1.2:   832 |                 snprintf(current_path, sizeof(current_path), "%s/current_now", local_path);
[INFO] [stderr] warning: jetpwmon@0.1.2:       |                                                                 ^~~~~~~~~~~~
[INFO] [stderr] warning: jetpwmon@0.1.2: In function 'snprintf',
[INFO] [stderr] warning: jetpwmon@0.1.2:     inlined from 'find_all_system_monitor' at vendor/src/jetpwmon.c:832:17:
[INFO] [stderr] warning: jetpwmon@0.1.2: /usr/include/x86_64-linux-gnu/bits/stdio2.h:68:10: note: '__builtin___snprintf_chk' output between 13 and 1036 bytes into a destination of size 1024
[INFO] [stderr] warning: jetpwmon@0.1.2:    68 |   return __builtin___snprintf_chk (__s, __n, __USE_FORTIFY_LEVEL - 1,
[INFO] [stderr] warning: jetpwmon@0.1.2:       |          ^~~~~~~~~~~~~~~~~~~~~~~~~~~~~~~~~~~~~~~~~~~~~~~~~~~~~~~~~~~~
[INFO] [stderr] warning: jetpwmon@0.1.2:    69 |                                    __glibc_objsize (__s), __fmt,
[INFO] [stderr] warning: jetpwmon@0.1.2:       |                                    ~~~~~~~~~~~~~~~~~~~~~~~~~~~~~
[INFO] [stderr] warning: jetpwmon@0.1.2:    70 |                                    __va_arg_pack ());
[INFO] [stderr] warning: jetpwmon@0.1.2:       |                                    ~~~~~~~~~~~~~~~~~
[INFO] [stderr] warning: jetpwmon@0.1.2: vendor/src/jetpwmon.c: In function 'find_all_i2c_power_monitor.constprop.isra':
[INFO] [stderr] warning: jetpwmon@0.1.2: vendor/src/jetpwmon.c:703:64: warning: '%s' directive output may be truncated writing up to 255 bytes into a region of size between 1 and 1023 [-Wformat-truncation=]
[INFO] [stderr] warning: jetpwmon@0.1.2:   703 |                 snprintf(driver_path, sizeof(driver_path), "%s/%s", path, entry->d_name);
[INFO] [stderr] warning: jetpwmon@0.1.2:       |                                                                ^~
[INFO] [stderr] warning: jetpwmon@0.1.2: In function 'snprintf',
[INFO] [stderr] warning: jetpwmon@0.1.2:     inlined from 'find_driver_power_folders' at vendor/src/jetpwmon.c:703:17,
[INFO] [stderr] warning: jetpwmon@0.1.2:     inlined from 'find_all_i2c_power_monitor.constprop.isra' at vendor/src/jetpwmon.c:662:57:
[INFO] [stderr] warning: jetpwmon@0.1.2: /usr/include/x86_64-linux-gnu/bits/stdio2.h:68:10: note: '__builtin___snprintf_chk' output between 2 and 1279 bytes into a destination of size 1024
[INFO] [stderr] warning: jetpwmon@0.1.2:    68 |   return __builtin___snprintf_chk (__s, __n, __USE_FORTIFY_LEVEL - 1,
[INFO] [stderr] warning: jetpwmon@0.1.2:       |          ^~~~~~~~~~~~~~~~~~~~~~~~~~~~~~~~~~~~~~~~~~~~~~~~~~~~~~~~~~~~
[INFO] [stderr] warning: jetpwmon@0.1.2:    69 |                                    __glibc_objsize (__s), __fmt,
[INFO] [stderr] warning: jetpwmon@0.1.2:       |                                    ~~~~~~~~~~~~~~~~~~~~~~~~~~~~~
[INFO] [stderr] warning: jetpwmon@0.1.2:    70 |                                    __va_arg_pack ());
[INFO] [stderr] warning: jetpwmon@0.1.2:       |                                    ~~~~~~~~~~~~~~~~~
[INFO] [stderr] warning: unused import: `s`
[INFO] [stderr]  --> examples/matrix_multiply.rs:4:23
[INFO] [stderr]   |
[INFO] [stderr] 4 | use ndarray::{Array2, s};
[INFO] [stderr]   |                       ^
[INFO] [stderr]   |
[INFO] [stderr]   = note: `#[warn(unused_imports)]` (part of `#[warn(unused)]`) on by default
[INFO] [stderr] 
[INFO] [stderr] warning: use of deprecated function `rand::thread_rng`: renamed to `rng`
[INFO] [stderr]   --> examples/matrix_multiply.rs:20:25
[INFO] [stderr]    |
[INFO] [stderr] 20 |     let mut rng = rand::thread_rng();
[INFO] [stderr]    |                         ^^^^^^^^^^
[INFO] [stderr]    |
[INFO] [stderr]    = note: `#[warn(deprecated)]` on by default
[INFO] [stderr] 
[INFO] [stderr] warning: use of deprecated method `rand::Rng::gen_range`: Renamed to `random_range`
[INFO] [stderr]   --> examples/matrix_multiply.rs:27:29
[INFO] [stderr]    |
[INFO] [stderr] 27 |             a[[i, j]] = rng.gen_range(-1.0..1.0);
[INFO] [stderr]    |                             ^^^^^^^^^
[INFO] [stderr] 
[INFO] [stderr] warning: use of deprecated method `rand::Rng::gen_range`: Renamed to `random_range`
[INFO] [stderr]   --> examples/matrix_multiply.rs:28:29
[INFO] [stderr]    |
[INFO] [stderr] 28 |             b[[i, j]] = rng.gen_range(-1.0..1.0);
[INFO] [stderr]    |                             ^^^^^^^^^
[INFO] [stderr] 
[INFO] [stderr] warning: use of deprecated method `jetpwmon::PowerMonitor::get_sensor_names`: This function is unsafe and will be removed in a future version. Please use get_latest_data() or get_statistics() instead.
[INFO] [stderr]    --> tests/test.rs:177:25
[INFO] [stderr]     |
[INFO] [stderr] 177 |     let names = monitor.get_sensor_names().unwrap();
[INFO] [stderr]     |                         ^^^^^^^^^^^^^^^^
[INFO] [stderr]     |
[INFO] [stderr]     = note: `#[warn(deprecated)]` on by default
[INFO] [stderr] 
[INFO] [stderr] warning: unused import: `ndarray::linalg::Dot`
[INFO] [stderr]  --> examples/matrix_multiply.rs:5:5
[INFO] [stderr]   |
[INFO] [stderr] 5 | use ndarray::linalg::Dot;
[INFO] [stderr]   |     ^^^^^^^^^^^^^^^^^^^^
[INFO] [stderr] 
[INFO] [stderr] warning: value assigned to `c` is never read
[INFO] [stderr]   --> examples/matrix_multiply.rs:33:17
[INFO] [stderr]    |
[INFO] [stderr] 33 |     let mut c = Array2::zeros((MATRIX_SIZE, MATRIX_SIZE));
[INFO] [stderr]    |                 ^^^^^^^^^^^^^^^^^^^^^^^^^^^^^^^^^^^^^^^^^ this value is reassigned later and never used
[INFO] [stderr] 34 |     for _ in 0..NUM_ITERATIONS {
[INFO] [stderr] 35 |         c = a.dot(&b);
[INFO] [stderr]    |         - `c` is overwritten here before the previous value is read
[INFO] [stderr]    |
[INFO] [stderr]    = note: `#[warn(unused_assignments)]` (part of `#[warn(unused)]`) on by default
[INFO] [stderr] 
[INFO] [stderr] warning: `jetpwmon` (test "test") generated 1 warning
[INFO] [stderr] warning: `jetpwmon` (example "matrix_multiply") generated 6 warnings (run `cargo fix --example "matrix_multiply" -p jetpwmon` to apply 1 suggestion)
[INFO] [stderr]     Finished `release` profile [optimized] target(s) in 1.75s
[INFO] [stderr]      Running unittests src/lib.rs (/opt/rustwide/target/release/deps/jetpwmon-96917293e8001ac4)
[INFO] [stdout] 
[INFO] [stdout] running 0 tests
[INFO] [stdout] 
[INFO] [stdout] test result: ok. 0 passed; 0 failed; 0 ignored; 0 measured; 0 filtered out; finished in 0.00s
[INFO] [stdout] 
[INFO] [stderr]      Running tests/test.rs (/opt/rustwide/target/release/deps/test-d75ae0d1ddef9646)
[INFO] [stdout] 
[INFO] [stdout] running 8 tests
[INFO] [stdout] test test_sensor_info ... FAILED
[INFO] [stdout] test test_sampling_control ... FAILED
[INFO] [stdout] test test_data_collection ... FAILED
[INFO] [stdout] test test_statistics ... FAILED
[INFO] [stdout] test test_sensor_types ... ok
[INFO] [stdout] test test_init ... FAILED
[INFO] [stdout] test test_sampling_frequency ... FAILED
[INFO] [stdout] test test_error_codes ... ok
[INFO] [stdout] 
[INFO] [stdout] failures:
[INFO] [stdout] 
[INFO] [stdout] ---- test_sensor_info stdout ----
[INFO] [stdout] 
[INFO] [stdout] === Running test_sensor_info ===
[INFO] [stdout] 
[INFO] [stdout] thread 'test_sensor_info' (788) panicked at tests/test.rs:167:39:
[INFO] [stdout] called `Result::unwrap()` on an `Err` value: NoSensors
[INFO] [stdout] stack backtrace:
[INFO] [stdout]    0:     0x57afd3da2011 - <<std[70759c8f55707aa4]::sys::backtrace::BacktraceLock>::print::DisplayBacktrace as core[df12db4294e9bfd3]::fmt::Display>::fmt
[INFO] [stdout]    1:     0x57afd3db62ea - core[df12db4294e9bfd3]::fmt::write
[INFO] [stdout]    2:     0x57afd3da64ac - <alloc[2182bb758b4b3781]::vec::Vec<u8> as core[df12db4294e9bfd3]::io::write::Write>::write_fmt
[INFO] [stdout]    3:     0x57afd3d7e556 - std[70759c8f55707aa4]::panicking::default_hook::{closure#0}
[INFO] [stdout]    4:     0x57afd3d9a6c9 - std[70759c8f55707aa4]::panicking::default_hook
[INFO] [stdout]    5:     0x57afd3d33bc0 - test[9d35eded1c95d3be]::test_main_inner::<test[9d35eded1c95d3be]::test_main_static::{closure#0}>::{closure#0}
[INFO] [stdout]    6:     0x57afd3d9a882 - std[70759c8f55707aa4]::panicking::panic_with_hook
[INFO] [stdout]    7:     0x57afd3d7e602 - std[70759c8f55707aa4]::panicking::panic_handler::{closure#0}
[INFO] [stdout]    8:     0x57afd3d77389 - std[70759c8f55707aa4]::sys::backtrace::__rust_end_short_backtrace::<std[70759c8f55707aa4]::panicking::panic_handler::{closure#0}, !>
[INFO] [stdout]    9:     0x57afd3d7f1fd - __rustc[8fa7c3cbc660c2b3]::rust_begin_unwind
[INFO] [stdout]   10:     0x57afd3db6a1c - core[df12db4294e9bfd3]::panicking::panic_fmt
[INFO] [stdout]   11:     0x57afd3db67f2 - core[df12db4294e9bfd3]::result::unwrap_failed
[INFO] [stdout]   12:     0x57afd3d262a0 - <test[9da3950b12c71e34]::test_sensor_info::{closure#0} as core[df12db4294e9bfd3]::ops::function::FnOnce<()>>::call_once
[INFO] [stdout]   13:     0x57afd3d26eab - test[9d35eded1c95d3be]::__rust_begin_short_backtrace::<core[df12db4294e9bfd3]::result::Result<(), alloc[2182bb758b4b3781]::string::String>, fn() -> core[df12db4294e9bfd3]::result::Result<(), alloc[2182bb758b4b3781]::string::String>>
[INFO] [stdout]   14:     0x57afd3d34515 - test[9d35eded1c95d3be]::run_test::{closure#0}
[INFO] [stdout]   15:     0x57afd3d2ddd4 - std[70759c8f55707aa4]::sys::backtrace::__rust_begin_short_backtrace::<test[9d35eded1c95d3be]::run_test::{closure#1}, ()>
[INFO] [stdout]   16:     0x57afd3d37672 - <std[70759c8f55707aa4]::thread::lifecycle::spawn_unchecked<test[9d35eded1c95d3be]::run_test::{closure#1}, ()>::{closure#1} as core[df12db4294e9bfd3]::ops::function::FnOnce<()>>::call_once::{shim:vtable#0}
[INFO] [stdout]   17:     0x57afd3da18e9 - <std[70759c8f55707aa4]::sys::thread::unix::Thread>::new::thread_start
[INFO] [stdout]   18:     0x72436875bdfa - <unknown>
[INFO] [stdout]   19:     0x7243687ef3d4 - clone
[INFO] [stdout]   20:                0x0 - <unknown>
[INFO] [stdout] 
[INFO] [stdout] ---- test_sampling_control stdout ----
[INFO] [stdout] 
[INFO] [stdout] === Running test_sampling_control ===
[INFO] [stdout] 
[INFO] [stdout] thread 'test_sampling_control' (786) panicked at tests/test.rs:38:39:
[INFO] [stdout] called `Result::unwrap()` on an `Err` value: NoSensors
[INFO] [stdout] stack backtrace:
[INFO] [stdout]    0:     0x57afd3da2011 - <<std[70759c8f55707aa4]::sys::backtrace::BacktraceLock>::print::DisplayBacktrace as core[df12db4294e9bfd3]::fmt::Display>::fmt
[INFO] [stdout]    1:     0x57afd3db62ea - core[df12db4294e9bfd3]::fmt::write
[INFO] [stdout]    2:     0x57afd3da64ac - <alloc[2182bb758b4b3781]::vec::Vec<u8> as core[df12db4294e9bfd3]::io::write::Write>::write_fmt
[INFO] [stdout]    3:     0x57afd3d7e556 - std[70759c8f55707aa4]::panicking::default_hook::{closure#0}
[INFO] [stdout]    4:     0x57afd3d9a6c9 - std[70759c8f55707aa4]::panicking::default_hook
[INFO] [stdout]    5:     0x57afd3d33bc0 - test[9d35eded1c95d3be]::test_main_inner::<test[9d35eded1c95d3be]::test_main_static::{closure#0}>::{closure#0}
[INFO] [stdout]    6:     0x57afd3d9a882 - std[70759c8f55707aa4]::panicking::panic_with_hook
[INFO] [stdout]    7:     0x57afd3d7e602 - std[70759c8f55707aa4]::panicking::panic_handler::{closure#0}
[INFO] [stdout]    8:     0x57afd3d77389 - std[70759c8f55707aa4]::sys::backtrace::__rust_end_short_backtrace::<std[70759c8f55707aa4]::panicking::panic_handler::{closure#0}, !>
[INFO] [stdout]    9:     0x57afd3d7f1fd - __rustc[8fa7c3cbc660c2b3]::rust_begin_unwind
[INFO] [stdout]   10:     0x57afd3db6a1c - core[df12db4294e9bfd3]::panicking::panic_fmt
[INFO] [stdout]   11:     0x57afd3db67f2 - core[df12db4294e9bfd3]::result::unwrap_failed
[INFO] [stdout]   12:     0x57afd3d26ac4 - <test[9da3950b12c71e34]::test_sampling_control::{closure#0} as core[df12db4294e9bfd3]::ops::function::FnOnce<()>>::call_once
[INFO] [stdout]   13:     0x57afd3d26eab - test[9d35eded1c95d3be]::__rust_begin_short_backtrace::<core[df12db4294e9bfd3]::result::Result<(), alloc[2182bb758b4b3781]::string::String>, fn() -> core[df12db4294e9bfd3]::result::Result<(), alloc[2182bb758b4b3781]::string::String>>
[INFO] [stdout]   14:     0x57afd3d34515 - test[9d35eded1c95d3be]::run_test::{closure#0}
[INFO] [stdout]   15:     0x57afd3d2ddd4 - std[70759c8f55707aa4]::sys::backtrace::__rust_begin_short_backtrace::<test[9d35eded1c95d3be]::run_test::{closure#1}, ()>
[INFO] [stdout]   16:     0x57afd3d37672 - <std[70759c8f55707aa4]::thread::lifecycle::spawn_unchecked<test[9d35eded1c95d3be]::run_test::{closure#1}, ()>::{closure#1} as core[df12db4294e9bfd3]::ops::function::FnOnce<()>>::call_once::{shim:vtable#0}
[INFO] [stdout]   17:     0x57afd3da18e9 - <std[70759c8f55707aa4]::sys::thread::unix::Thread>::new::thread_start
[INFO] [stdout]   18:     0x72436875bdfa - <unknown>
[INFO] [stdout]   19:     0x7243687ef3d4 - clone
[INFO] [stdout]   20:                0x0 - <unknown>
[INFO] [stdout] 
[INFO] [stdout] ---- test_data_collection stdout ----
[INFO] [stdout] 
[INFO] [stdout] === Running test_data_collection ===
[INFO] [stdout] 
[INFO] [stdout] thread 'test_data_collection' (783) panicked at tests/test.rs:65:39:
[INFO] [stdout] called `Result::unwrap()` on an `Err` value: NoSensors
[INFO] [stdout] stack backtrace:
[INFO] [stdout]    0:     0x57afd3da2011 - <<std[70759c8f55707aa4]::sys::backtrace::BacktraceLock>::print::DisplayBacktrace as core[df12db4294e9bfd3]::fmt::Display>::fmt
[INFO] [stdout]    1:     0x57afd3db62ea - core[df12db4294e9bfd3]::fmt::write
[INFO] [stdout]    2:     0x57afd3da64ac - <alloc[2182bb758b4b3781]::vec::Vec<u8> as core[df12db4294e9bfd3]::io::write::Write>::write_fmt
[INFO] [stdout]    3:     0x57afd3d7e556 - std[70759c8f55707aa4]::panicking::default_hook::{closure#0}
[INFO] [stdout]    4:     0x57afd3d9a6c9 - std[70759c8f55707aa4]::panicking::default_hook
[INFO] [stdout]    5:     0x57afd3d33bc0 - test[9d35eded1c95d3be]::test_main_inner::<test[9d35eded1c95d3be]::test_main_static::{closure#0}>::{closure#0}
[INFO] [stdout]    6:     0x57afd3d9a882 - std[70759c8f55707aa4]::panicking::panic_with_hook
[INFO] [stdout]    7:     0x57afd3d7e602 - std[70759c8f55707aa4]::panicking::panic_handler::{closure#0}
[INFO] [stdout]    8:     0x57afd3d77389 - std[70759c8f55707aa4]::sys::backtrace::__rust_end_short_backtrace::<std[70759c8f55707aa4]::panicking::panic_handler::{closure#0}, !>
[INFO] [stdout]    9:     0x57afd3d7f1fd - __rustc[8fa7c3cbc660c2b3]::rust_begin_unwind
[INFO] [stdout]   10:     0x57afd3db6a1c - core[df12db4294e9bfd3]::panicking::panic_fmt
[INFO] [stdout]   11:     0x57afd3db67f2 - core[df12db4294e9bfd3]::result::unwrap_failed
[INFO] [stdout]   12:     0x57afd3d26810 - <test[9da3950b12c71e34]::test_data_collection::{closure#0} as core[df12db4294e9bfd3]::ops::function::FnOnce<()>>::call_once
[INFO] [stdout]   13:     0x57afd3d26eab - test[9d35eded1c95d3be]::__rust_begin_short_backtrace::<core[df12db4294e9bfd3]::result::Result<(), alloc[2182bb758b4b3781]::string::String>, fn() -> core[df12db4294e9bfd3]::result::Result<(), alloc[2182bb758b4b3781]::string::String>>
[INFO] [stdout]   14:     0x57afd3d34515 - test[9d35eded1c95d3be]::run_test::{closure#0}
[INFO] [stdout]   15:     0x57afd3d2ddd4 - std[70759c8f55707aa4]::sys::backtrace::__rust_begin_short_backtrace::<test[9d35eded1c95d3be]::run_test::{closure#1}, ()>
[INFO] [stdout]   16:     0x57afd3d37672 - <std[70759c8f55707aa4]::thread::lifecycle::spawn_unchecked<test[9d35eded1c95d3be]::run_test::{closure#1}, ()>::{closure#1} as core[df12db4294e9bfd3]::ops::function::FnOnce<()>>::call_once::{shim:vtable#0}
[INFO] [stdout]   17:     0x57afd3da18e9 - <std[70759c8f55707aa4]::sys::thread::unix::Thread>::new::thread_start
[INFO] [stdout]   18:     0x72436875bdfa - <unknown>
[INFO] [stdout]   19:     0x7243687ef3d4 - clone
[INFO] [stdout]   20:                0x0 - <unknown>
[INFO] [stdout] 
[INFO] [stdout] ---- test_statistics stdout ----
[INFO] [stdout] 
[INFO] [stdout] === Running test_statistics ===
[INFO] [stdout] 
[INFO] [stdout] thread 'test_statistics' (790) panicked at tests/test.rs:121:39:
[INFO] [stdout] called `Result::unwrap()` on an `Err` value: NoSensors
[INFO] [stdout] stack backtrace:
[INFO] [stdout]    0:     0x57afd3da2011 - <<std[70759c8f55707aa4]::sys::backtrace::BacktraceLock>::print::DisplayBacktrace as core[df12db4294e9bfd3]::fmt::Display>::fmt
[INFO] [stdout]    1:     0x57afd3db62ea - core[df12db4294e9bfd3]::fmt::write
[INFO] [stdout]    2:     0x57afd3da64ac - <alloc[2182bb758b4b3781]::vec::Vec<u8> as core[df12db4294e9bfd3]::io::write::Write>::write_fmt
[INFO] [stdout]    3:     0x57afd3d7e556 - std[70759c8f55707aa4]::panicking::default_hook::{closure#0}
[INFO] [stdout]    4:     0x57afd3d9a6c9 - std[70759c8f55707aa4]::panicking::default_hook
[INFO] [stdout]    5:     0x57afd3d33bc0 - test[9d35eded1c95d3be]::test_main_inner::<test[9d35eded1c95d3be]::test_main_static::{closure#0}>::{closure#0}
[INFO] [stdout]    6:     0x57afd3d9a882 - std[70759c8f55707aa4]::panicking::panic_with_hook
[INFO] [stdout]    7:     0x57afd3d7e602 - std[70759c8f55707aa4]::panicking::panic_handler::{closure#0}
[INFO] [stdout]    8:     0x57afd3d77389 - std[70759c8f55707aa4]::sys::backtrace::__rust_end_short_backtrace::<std[70759c8f55707aa4]::panicking::panic_handler::{closure#0}, !>
[INFO] [stdout]    9:     0x57afd3d7f1fd - __rustc[8fa7c3cbc660c2b3]::rust_begin_unwind
[INFO] [stdout]   10:     0x57afd3db6a1c - core[df12db4294e9bfd3]::panicking::panic_fmt
[INFO] [stdout]   11:     0x57afd3db67f2 - core[df12db4294e9bfd3]::result::unwrap_failed
[INFO] [stdout]   12:     0x57afd3d25e32 - <test[9da3950b12c71e34]::test_statistics::{closure#0} as core[df12db4294e9bfd3]::ops::function::FnOnce<()>>::call_once
[INFO] [stdout]   13:     0x57afd3d26eab - test[9d35eded1c95d3be]::__rust_begin_short_backtrace::<core[df12db4294e9bfd3]::result::Result<(), alloc[2182bb758b4b3781]::string::String>, fn() -> core[df12db4294e9bfd3]::result::Result<(), alloc[2182bb758b4b3781]::string::String>>
[INFO] [stdout]   14:     0x57afd3d34515 - test[9d35eded1c95d3be]::run_test::{closure#0}
[INFO] [stdout]   15:     0x57afd3d2ddd4 - std[70759c8f55707aa4]::sys::backtrace::__rust_begin_short_backtrace::<test[9d35eded1c95d3be]::run_test::{closure#1}, ()>
[INFO] [stdout]   16:     0x57afd3d37672 - <std[70759c8f55707aa4]::thread::lifecycle::spawn_unchecked<test[9d35eded1c95d3be]::run_test::{closure#1}, ()>::{closure#1} as core[df12db4294e9bfd3]::ops::function::FnOnce<()>>::call_once::{shim:vtable#0}
[INFO] [stdout]   17:     0x57afd3da18e9 - <std[70759c8f55707aa4]::sys::thread::unix::Thread>::new::thread_start
[INFO] [stdout]   18:     0x72436875bdfa - <unknown>
[INFO] [stdout]   19:     0x7243687ef3d4 - clone
[INFO] [stdout]   20:                0x0 - <unknown>
[INFO] [stdout] 
[INFO] [stdout] ---- test_init stdout ----
[INFO] [stdout] 
[INFO] [stdout] === Running test_init ===
[INFO] [stdout] 
[INFO] [stdout] thread 'test_init' (785) panicked at tests/test.rs:9:39:
[INFO] [stdout] called `Result::unwrap()` on an `Err` value: NoSensors
[INFO] [stdout] stack backtrace:
[INFO] [stdout]    0:     0x57afd3da2011 - <<std[70759c8f55707aa4]::sys::backtrace::BacktraceLock>::print::DisplayBacktrace as core[df12db4294e9bfd3]::fmt::Display>::fmt
[INFO] [stdout]    1:     0x57afd3db62ea - core[df12db4294e9bfd3]::fmt::write
[INFO] [stdout]    2:     0x57afd3da64ac - <alloc[2182bb758b4b3781]::vec::Vec<u8> as core[df12db4294e9bfd3]::io::write::Write>::write_fmt
[INFO] [stdout]    3:     0x57afd3d7e556 - std[70759c8f55707aa4]::panicking::default_hook::{closure#0}
[INFO] [stdout]    4:     0x57afd3d9a6c9 - std[70759c8f55707aa4]::panicking::default_hook
[INFO] [stdout]    5:     0x57afd3d33bc0 - test[9d35eded1c95d3be]::test_main_inner::<test[9d35eded1c95d3be]::test_main_static::{closure#0}>::{closure#0}
[INFO] [stdout]    6:     0x57afd3d9a882 - std[70759c8f55707aa4]::panicking::panic_with_hook
[INFO] [stdout]    7:     0x57afd3d7e602 - std[70759c8f55707aa4]::panicking::panic_handler::{closure#0}
[INFO] [stdout]    8:     0x57afd3d77389 - std[70759c8f55707aa4]::sys::backtrace::__rust_end_short_backtrace::<std[70759c8f55707aa4]::panicking::panic_handler::{closure#0}, !>
[INFO] [stdout]    9:     0x57afd3d7f1fd - __rustc[8fa7c3cbc660c2b3]::rust_begin_unwind
[INFO] [stdout]   10:     0x57afd3db6a1c - core[df12db4294e9bfd3]::panicking::panic_fmt
[INFO] [stdout]   11:     0x57afd3db67f2 - core[df12db4294e9bfd3]::result::unwrap_failed
[INFO] [stdout]   12:     0x57afd3d26de4 - <test[9da3950b12c71e34]::test_init::{closure#0} as core[df12db4294e9bfd3]::ops::function::FnOnce<()>>::call_once
[INFO] [stdout]   13:     0x57afd3d26eab - test[9d35eded1c95d3be]::__rust_begin_short_backtrace::<core[df12db4294e9bfd3]::result::Result<(), alloc[2182bb758b4b3781]::string::String>, fn() -> core[df12db4294e9bfd3]::result::Result<(), alloc[2182bb758b4b3781]::string::String>>
[INFO] [stdout]   14:     0x57afd3d34515 - test[9d35eded1c95d3be]::run_test::{closure#0}
[INFO] [stdout]   15:     0x57afd3d2ddd4 - std[70759c8f55707aa4]::sys::backtrace::__rust_begin_short_backtrace::<test[9d35eded1c95d3be]::run_test::{closure#1}, ()>
[INFO] [stdout]   16:     0x57afd3d37672 - <std[70759c8f55707aa4]::thread::lifecycle::spawn_unchecked<test[9d35eded1c95d3be]::run_test::{closure#1}, ()>::{closure#1} as core[df12db4294e9bfd3]::ops::function::FnOnce<()>>::call_once::{shim:vtable#0}
[INFO] [stdout]   17:     0x57afd3da18e9 - <std[70759c8f55707aa4]::sys::thread::unix::Thread>::new::thread_start
[INFO] [stdout]   18:     0x72436875bdfa - <unknown>
[INFO] [stdout]   19:     0x7243687ef3d4 - clone
[INFO] [stdout]   20:                0x0 - <unknown>
[INFO] [stdout] 
[INFO] [stdout] ---- test_sampling_frequency stdout ----
[INFO] [stdout] 
[INFO] [stdout] === Running test_sampling_frequency ===
[INFO] [stdout] 
[INFO] [stdout] thread 'test_sampling_frequency' (787) panicked at tests/test.rs:17:39:
[INFO] [stdout] called `Result::unwrap()` on an `Err` value: NoSensors
[INFO] [stdout] stack backtrace:
[INFO] [stdout]    0:     0x57afd3da2011 - <<std[70759c8f55707aa4]::sys::backtrace::BacktraceLock>::print::DisplayBacktrace as core[df12db4294e9bfd3]::fmt::Display>::fmt
[INFO] [stdout]    1:     0x57afd3db62ea - core[df12db4294e9bfd3]::fmt::write
[INFO] [stdout]    2:     0x57afd3da64ac - <alloc[2182bb758b4b3781]::vec::Vec<u8> as core[df12db4294e9bfd3]::io::write::Write>::write_fmt
[INFO] [stdout]    3:     0x57afd3d7e556 - std[70759c8f55707aa4]::panicking::default_hook::{closure#0}
[INFO] [stdout]    4:     0x57afd3d9a6c9 - std[70759c8f55707aa4]::panicking::default_hook
[INFO] [stdout]    5:     0x57afd3d33bc0 - test[9d35eded1c95d3be]::test_main_inner::<test[9d35eded1c95d3be]::test_main_static::{closure#0}>::{closure#0}
[INFO] [stdout]    6:     0x57afd3d9a882 - std[70759c8f55707aa4]::panicking::panic_with_hook
[INFO] [stdout]    7:     0x57afd3d7e602 - std[70759c8f55707aa4]::panicking::panic_handler::{closure#0}
[INFO] [stdout]    8:     0x57afd3d77389 - std[70759c8f55707aa4]::sys::backtrace::__rust_end_short_backtrace::<std[70759c8f55707aa4]::panicking::panic_handler::{closure#0}, !>
[INFO] [stdout]    9:     0x57afd3d7f1fd - __rustc[8fa7c3cbc660c2b3]::rust_begin_unwind
[INFO] [stdout]   10:     0x57afd3db6a1c - core[df12db4294e9bfd3]::panicking::panic_fmt
[INFO] [stdout]   11:     0x57afd3db67f2 - core[df12db4294e9bfd3]::result::unwrap_failed
[INFO] [stdout]   12:     0x57afd3d26cbb - <test[9da3950b12c71e34]::test_sampling_frequency::{closure#0} as core[df12db4294e9bfd3]::ops::function::FnOnce<()>>::call_once
[INFO] [stdout]   13:     0x57afd3d26eab - test[9d35eded1c95d3be]::__rust_begin_short_backtrace::<core[df12db4294e9bfd3]::result::Result<(), alloc[2182bb758b4b3781]::string::String>, fn() -> core[df12db4294e9bfd3]::result::Result<(), alloc[2182bb758b4b3781]::string::String>>
[INFO] [stdout]   14:     0x57afd3d34515 - test[9d35eded1c95d3be]::run_test::{closure#0}
[INFO] [stdout]   15:     0x57afd3d2ddd4 - std[70759c8f55707aa4]::sys::backtrace::__rust_begin_short_backtrace::<test[9d35eded1c95d3be]::run_test::{closure#1}, ()>
[INFO] [stdout]   16:     0x57afd3d37672 - <std[70759c8f55707aa4]::thread::lifecycle::spawn_unchecked<test[9d35eded1c95d3be]::run_test::{closure#1}, ()>::{closure#1} as core[df12db4294e9bfd3]::ops::function::FnOnce<()>>::call_once::{shim:vtable#0}
[INFO] [stdout]   17:     0x57afd3da18e9 - <std[70759c8f55707aa4]::sys::thread::unix::Thread>::new::thread_start
[INFO] [stdout]   18:     0x72436875bdfa - <unknown>
[INFO] [stdout]   19:     0x7243687ef3d4 - clone
[INFO] [stdout]   20:                0x0 - <unknown>
[INFO] [stdout] 
[INFO] [stdout] 
[INFO] [stdout] failures:
[INFO] [stdout]     test_data_collection
[INFO] [stdout]     test_init
[INFO] [stdout]     test_sampling_control
[INFO] [stdout]     test_sampling_frequency
[INFO] [stdout]     test_sensor_info
[INFO] [stdout]     test_statistics
[INFO] [stdout] 
[INFO] [stdout] test result: FAILED. 2 passed; 6 failed; 0 ignored; 0 measured; 0 filtered out; finished in 0.01s
[INFO] [stdout] 
[INFO] [stderr] error: test failed, to rerun pass `--test test`
[INFO] running `Command { std: "docker" "inspect" "31c79b9d5587dd447ebd6f3296c3b9d1dc566ebdb42781f2c3778f72da26144e", kill_on_drop: false }`
[INFO] running `Command { std: "docker" "rm" "-f" "31c79b9d5587dd447ebd6f3296c3b9d1dc566ebdb42781f2c3778f72da26144e", kill_on_drop: false }`
[INFO] [stdout] 31c79b9d5587dd447ebd6f3296c3b9d1dc566ebdb42781f2c3778f72da26144e
