[INFO] fetching crate jesterky-contract 0.1.1...
[INFO] testing jesterky-contract-0.1.1 against 1.100.0-beta.1+cargoflags=--release for beta-release-1.100-2
[INFO] extracting crate jesterky-contract 0.1.1 into /workspace/builds/worker-3-tc2/source
[INFO] started tweaking crates.io crate jesterky-contract 0.1.1
[INFO] removed 0 missing examples
[INFO] removed 0 missing tests
[INFO] finished tweaking crates.io crate jesterky-contract 0.1.1
[INFO] tweaked toml for crates.io crate jesterky-contract 0.1.1 written to /workspace/builds/worker-3-tc2/source/Cargo.toml
[INFO] validating manifest of crates.io crate jesterky-contract 0.1.1 on toolchain 1.100.0-beta.1
[INFO] running `Command { std: CARGO_HOME="/workspace/cargo-home" RUSTUP_HOME="/workspace/rustup-home" "/workspace/cargo-home/bin/cargo" "+1.100.0-beta.1" "metadata" "--manifest-path" "Cargo.toml" "--no-deps", kill_on_drop: false }`
[INFO] crate crates.io crate jesterky-contract 0.1.1 already has a lockfile, it will not be regenerated
[INFO] running `Command { std: CARGO_HOME="/workspace/cargo-home" RUSTUP_HOME="/workspace/rustup-home" "/workspace/cargo-home/bin/cargo" "+1.100.0-beta.1" "fetch" "--manifest-path" "Cargo.toml", kill_on_drop: false }`
[INFO] [stderr] warning: `package.homepage` is redundant with `package.repository`
[INFO] [stderr]   --> Cargo.toml:39:12
[INFO] [stderr]    |
[INFO] [stderr] 39 | homepage = "https://github.com/synth-laboratories/jesterky"
[INFO] [stderr]    |            ^^^^^^^^^^^^^^^^^^^^^^^^^^^^^^^^^^^^^^^^^^^^^^^^
[INFO] [stderr] ...
[INFO] [stderr] 44 | repository = "https://github.com/synth-laboratories/jesterky"
[INFO] [stderr]    |              ------------------------------------------------
[INFO] [stderr]    |
[INFO] [stderr]    = note: `cargo::redundant_homepage` is set to `warn` by default
[INFO] [stderr] help: consider removing `package.homepage`
[INFO] [stderr] warning: `jesterky-contract` (manifest) generated 1 warning
[INFO] running `Command { std: "docker" "create" "-v" "/var/lib/crater-agent-workspace/builds/worker-3-tc2/source:/opt/rustwide/workdir:ro,Z" "-v" "/var/lib/crater-agent-workspace/builds/worker-3-tc2/target:/opt/rustwide/target:rw,Z" "-v" "/var/lib/crater-agent-workspace/cargo-home:/opt/rustwide/cargo-home:ro,Z" "-v" "/var/lib/crater-agent-workspace/rustup-home:/opt/rustwide/rustup-home:ro,Z" "-m" "1610612736" "--network" "none" "ghcr.io/rust-lang/crates-build-env/linux@sha256:77db811e55d90add9212f6832c23229e3de5f1c1f9905e8cb07319ea15df73ac" "sleep" "infinity", kill_on_drop: false }`
[INFO] [stdout] 5ecf10ca4ced23f86612bbbb0af81ad92f26e2188e6850fa57309ed88b7c4418
[INFO] running `Command { std: "docker" "start" "5ecf10ca4ced23f86612bbbb0af81ad92f26e2188e6850fa57309ed88b7c4418", kill_on_drop: false }`
[INFO] running `Command { std: "docker" "inspect" "5ecf10ca4ced23f86612bbbb0af81ad92f26e2188e6850fa57309ed88b7c4418", kill_on_drop: false }`
[INFO] running `Command { std: "docker" "exec" "-e" "SOURCE_DIR=/opt/rustwide/workdir" "-e" "CARGO_HOME=/opt/rustwide/cargo-home" "-e" "RUSTUP_HOME=/opt/rustwide/rustup-home" "-e" "CARGO_TARGET_DIR=/opt/rustwide/target" "-w" "/opt/rustwide/workdir" "--user" "0:0" "5ecf10ca4ced23f86612bbbb0af81ad92f26e2188e6850fa57309ed88b7c4418" "/opt/rustwide/cargo-home/bin/cargo" "+1.100.0-beta.1" "metadata" "--no-deps" "--format-version=1", kill_on_drop: false }`
[INFO] running `Command { std: "docker" "inspect" "5ecf10ca4ced23f86612bbbb0af81ad92f26e2188e6850fa57309ed88b7c4418", kill_on_drop: false }`
[INFO] running `Command { std: "docker" "exec" "-e" "SOURCE_DIR=/opt/rustwide/workdir" "-e" "CARGO_HOME=/opt/rustwide/cargo-home" "-e" "RUSTUP_HOME=/opt/rustwide/rustup-home" "-e" "CARGO_TARGET_DIR=/opt/rustwide/target" "-e" "CARGO_INCREMENTAL=0" "-e" "RUST_BACKTRACE=full" "-e" "RUSTFLAGS=--cap-lints=warn" "-e" "RUSTDOCFLAGS=--cap-lints=warn" "-w" "/opt/rustwide/workdir" "--user" "0:0" "5ecf10ca4ced23f86612bbbb0af81ad92f26e2188e6850fa57309ed88b7c4418" "/opt/rustwide/cargo-home/bin/cargo" "+1.100.0-beta.1" "build" "--frozen" "--message-format=json" "--release", kill_on_drop: false }`
[INFO] [stderr] warning: `package.homepage` is redundant with `package.repository`
[INFO] [stderr]   --> Cargo.toml:39:12
[INFO] [stderr]    |
[INFO] [stderr] 39 | homepage = "https://github.com/synth-laboratories/jesterky"
[INFO] [stderr]    |            ^^^^^^^^^^^^^^^^^^^^^^^^^^^^^^^^^^^^^^^^^^^^^^^^
[INFO] [stderr] ...
[INFO] [stderr] 44 | repository = "https://github.com/synth-laboratories/jesterky"
[INFO] [stderr]    |              ------------------------------------------------
[INFO] [stderr]    |
[INFO] [stderr]    = note: `cargo::redundant_homepage` is set to `warn` by default
[INFO] [stderr] help: consider removing `package.homepage`
[INFO] [stderr] warning: `jesterky-contract` (manifest) generated 1 warning
[INFO] [stderr]    Compiling proc-macro2 v1.0.106
[INFO] [stderr]    Compiling unicode-ident v1.0.24
[INFO] [stderr]    Compiling quote v1.0.46
[INFO] [stderr]    Compiling version_check v0.9.5
[INFO] [stderr]    Compiling typenum v1.20.1
[INFO] [stderr]    Compiling serde_core v1.0.228
[INFO] [stderr]    Compiling zmij v1.0.21
[INFO] [stderr]    Compiling serde v1.0.228
[INFO] [stderr]    Compiling serde_json v1.0.150
[INFO] [stderr]    Compiling thiserror v1.0.69
[INFO] [stderr]    Compiling memchr v2.8.2
[INFO] [stderr]    Compiling schemars v0.8.22
[INFO] [stderr]    Compiling generic-array v0.14.7
[INFO] [stderr]    Compiling itoa v1.0.18
[INFO] [stderr]    Compiling cpufeatures v0.2.17
[INFO] [stderr]    Compiling cfg-if v1.0.4
[INFO] [stderr]    Compiling dyn-clone v1.0.20
[INFO] [stderr]    Compiling syn v2.0.118
[INFO] [stderr]    Compiling block-buffer v0.10.4
[INFO] [stderr]    Compiling crypto-common v0.1.7
[INFO] [stderr]    Compiling digest v0.10.7
[INFO] [stderr]    Compiling sha2 v0.10.9
[INFO] [stderr]    Compiling serde_derive_internals v0.29.1
[INFO] [stderr]    Compiling serde_derive v1.0.228
[INFO] [stderr]    Compiling thiserror-impl v1.0.69
[INFO] [stderr]    Compiling schemars_derive v0.8.22
[INFO] [stderr]    Compiling jesterky-contract v0.1.1 (/opt/rustwide/workdir)
[INFO] [stderr]     Finished `release` profile [optimized] target(s) in 41.26s
[INFO] running `Command { std: "docker" "inspect" "5ecf10ca4ced23f86612bbbb0af81ad92f26e2188e6850fa57309ed88b7c4418", kill_on_drop: false }`
[INFO] running `Command { std: "docker" "exec" "-e" "SOURCE_DIR=/opt/rustwide/workdir" "-e" "CARGO_HOME=/opt/rustwide/cargo-home" "-e" "RUSTUP_HOME=/opt/rustwide/rustup-home" "-e" "CARGO_TARGET_DIR=/opt/rustwide/target" "-e" "CARGO_INCREMENTAL=0" "-e" "RUST_BACKTRACE=full" "-e" "RUSTFLAGS=--cap-lints=warn" "-e" "RUSTDOCFLAGS=--cap-lints=warn" "-w" "/opt/rustwide/workdir" "--user" "0:0" "5ecf10ca4ced23f86612bbbb0af81ad92f26e2188e6850fa57309ed88b7c4418" "/opt/rustwide/cargo-home/bin/cargo" "+1.100.0-beta.1" "test" "--frozen" "--no-run" "--message-format=json" "--release", kill_on_drop: false }`
[INFO] [stderr] warning: `package.homepage` is redundant with `package.repository`
[INFO] [stderr]   --> Cargo.toml:39:12
[INFO] [stderr]    |
[INFO] [stderr] 39 | homepage = "https://github.com/synth-laboratories/jesterky"
[INFO] [stderr]    |            ^^^^^^^^^^^^^^^^^^^^^^^^^^^^^^^^^^^^^^^^^^^^^^^^
[INFO] [stderr] ...
[INFO] [stderr] 44 | repository = "https://github.com/synth-laboratories/jesterky"
[INFO] [stderr]    |              ------------------------------------------------
[INFO] [stderr]    |
[INFO] [stderr]    = note: `cargo::redundant_homepage` is set to `warn` by default
[INFO] [stderr] help: consider removing `package.homepage`
[INFO] [stderr] warning: `jesterky-contract` (manifest) generated 1 warning
[INFO] [stderr]    Compiling libc v0.2.186
[INFO] [stderr]    Compiling stable_deref_trait v1.2.1
[INFO] [stderr]    Compiling memchr v2.8.2
[INFO] [stderr]    Compiling autocfg v1.5.1
[INFO] [stderr]    Compiling pin-project-lite v0.2.17
[INFO] [stderr]    Compiling litemap v0.8.2
[INFO] [stderr]    Compiling writeable v0.6.3
[INFO] [stderr]    Compiling syn v2.0.118
[INFO] [stderr]    Compiling utf8_iter v1.0.4
[INFO] [stderr]    Compiling smallvec v1.15.2
[INFO] [stderr]    Compiling bytes v1.12.0
[INFO] [stderr]    Compiling icu_properties_data v2.2.0
[INFO] [stderr]    Compiling icu_normalizer_data v2.2.0
[INFO] [stderr]    Compiling once_cell v1.21.4
[INFO] [stderr]    Compiling futures-core v0.3.32
[INFO] [stderr]    Compiling num-traits v0.2.19
[INFO] [stderr]    Compiling fnv v1.0.7
[INFO] [stderr]    Compiling tracing-core v0.1.36
[INFO] [stderr]    Compiling futures-sink v0.3.32
[INFO] [stderr]    Compiling equivalent v1.0.2
[INFO] [stderr]    Compiling futures-task v0.3.32
[INFO] [stderr]    Compiling futures-io v0.3.32
[INFO] [stderr]    Compiling slab v0.4.12
[INFO] [stderr]    Compiling hashbrown v0.17.1
[INFO] [stderr]    Compiling utf8parse v0.2.2
[INFO] [stderr]    Compiling http v0.2.12
[INFO] [stderr]    Compiling httparse v1.10.1
[INFO] [stderr]    Compiling percent-encoding v2.3.2
[INFO] [stderr]    Compiling mio v1.2.1
[INFO] [stderr]    Compiling num-integer v0.1.46
[INFO] [stderr]    Compiling socket2 v0.6.4
[INFO] [stderr]    Compiling form_urlencoded v1.2.2
[INFO] [stderr]    Compiling indexmap v2.14.0
[INFO] [stderr]    Compiling tracing v0.1.44
[INFO] [stderr]    Compiling num-bigint v0.4.8
[INFO] [stderr]    Compiling tokio v1.52.3
[INFO] [stderr]    Compiling anstyle-parse v1.0.0
[INFO] [stderr]    Compiling futures-util v0.3.32
[INFO] [stderr]    Compiling serde_json v1.0.150
[INFO] [stderr]    Compiling aho-corasick v1.1.4
[INFO] [stderr]    Compiling anstyle v1.0.14
[INFO] [stderr]    Compiling try-lock v0.2.5
[INFO] [stderr]    Compiling zerocopy v0.8.53
[INFO] [stderr]    Compiling anstyle-query v1.1.5
[INFO] [stderr]    Compiling getrandom v0.3.4
[INFO] [stderr]    Compiling parking_lot_core v0.9.12
[INFO] [stderr]    Compiling colorchoice v1.0.5
[INFO] [stderr]    Compiling is_terminal_polyfill v1.70.2
[INFO] [stderr]    Compiling regex-syntax v0.8.11
[INFO] [stderr]    Compiling anstream v1.0.0
[INFO] [stderr]    Compiling synstructure v0.13.2
[INFO] [stderr]    Compiling serde_derive_internals v0.29.1
[INFO] [stderr]    Compiling num-rational v0.4.2
[INFO] [stderr]    Compiling want v0.3.1
[INFO] [stderr]    Compiling num-iter v0.1.46
[INFO] [stderr]    Compiling http-body v0.4.6
[INFO] [stderr]    Compiling zerofrom-derive v0.1.7
[INFO] [stderr]    Compiling yoke-derive v0.8.2
[INFO] [stderr]    Compiling zerovec-derive v0.11.3
[INFO] [stderr]    Compiling displaydoc v0.2.6
[INFO] [stderr]    Compiling serde_derive v1.0.228
[INFO] [stderr]    Compiling zerofrom v0.1.8
[INFO] [stderr]    Compiling yoke v0.8.3
[INFO] [stderr]    Compiling regex-automata v0.4.14
[INFO] [stderr]    Compiling zerovec v0.11.6
[INFO] [stderr]    Compiling zerotrie v0.2.4
[INFO] [stderr]    Compiling tinystr v0.8.3
[INFO] [stderr]    Compiling potential_utf v0.1.5
[INFO] [stderr]    Compiling tokio-util v0.7.18
[INFO] [stderr]    Compiling icu_collections v2.2.0
[INFO] [stderr]    Compiling icu_locale_core v2.2.0
[INFO] [stderr]    Compiling h2 v0.3.27
[INFO] [stderr]    Compiling num-complex v0.4.6
[INFO] [stderr]    Compiling icu_provider v2.2.0
[INFO] [stderr]    Compiling socket2 v0.5.10
[INFO] [stderr]    Compiling icu_properties v2.2.0
[INFO] [stderr]    Compiling serde v1.0.228
[INFO] [stderr]    Compiling icu_normalizer v2.2.0
[INFO] [stderr]    Compiling futures-channel v0.3.32
[INFO] [stderr]    Compiling ahash v0.8.12
[INFO] [stderr]    Compiling heck v0.5.0
[INFO] [stderr]    Compiling idna_adapter v1.2.2
[INFO] [stderr]    Compiling idna v1.1.0
[INFO] [stderr]    Compiling strsim v0.11.1
[INFO] [stderr]    Compiling anyhow v1.0.103
[INFO] [stderr]    Compiling ryu v1.0.23
[INFO] [stderr]    Compiling bit-vec v0.6.3
[INFO] [stderr]    Compiling time-core v0.1.9
[INFO] [stderr]    Compiling num-conv v0.2.2
[INFO] [stderr]    Compiling scopeguard v1.2.0
[INFO] [stderr]    Compiling tower-service v0.3.3
[INFO] [stderr]    Compiling clap_lex v1.1.0
[INFO] [stderr]    Compiling httpdate v1.0.3
[INFO] [stderr]    Compiling clap_builder v4.6.0
[INFO] [stderr]    Compiling hyper v0.14.32
[INFO] [stderr]    Compiling time-macros v0.2.31
[INFO] [stderr]    Compiling lock_api v0.4.14
[INFO] [stderr]    Compiling bit-set v0.5.3
[INFO] [stderr]    Compiling serde_urlencoded v0.7.1
[INFO] [stderr]    Compiling url v2.5.8
[INFO] [stderr]    Compiling clap_derive v4.6.1
[INFO] [stderr]    Compiling regex v1.12.4
[INFO] [stderr]    Compiling num v0.4.3
[INFO] [stderr]    Compiling thiserror-impl v1.0.69
[INFO] [stderr]    Compiling schemars_derive v0.8.22
[INFO] [stderr]    Compiling nom v8.0.0
[INFO] [stderr]    Compiling encoding_rs v0.8.35
[INFO] [stderr]    Compiling ipnet v2.12.0
[INFO] [stderr]    Compiling sync_wrapper v0.1.2
[INFO] [stderr]    Compiling base64 v0.21.7
[INFO] [stderr]    Compiling lazy_static v1.5.0
[INFO] [stderr]    Compiling log v0.4.33
[INFO] [stderr]    Compiling mime v0.3.17
[INFO] [stderr]    Compiling powerfmt v0.2.0
[INFO] [stderr]    Compiling deranged v0.5.8
[INFO] [stderr]    Compiling reqwest v0.11.27
[INFO] [stderr]    Compiling time v0.3.53
[INFO] [stderr]    Compiling fraction v0.13.1
[INFO] [stderr]    Compiling iso8601 v0.6.3
[INFO] [stderr]    Compiling schemars v0.8.22
[INFO] [stderr]    Compiling clap v4.6.1
[INFO] [stderr]    Compiling parking_lot v0.12.5
[INFO] [stderr]    Compiling thiserror v1.0.69
[INFO] [stderr]    Compiling fancy-regex v0.11.0
[INFO] [stderr]    Compiling bytecount v0.6.9
[INFO] [stderr]    Compiling num-cmp v0.1.0
[INFO] [stderr]    Compiling uuid v1.23.4
[INFO] [stderr]    Compiling jesterky-contract v0.1.1 (/opt/rustwide/workdir)
[INFO] [stderr]    Compiling jsonschema v0.17.1
[INFO] [stderr]     Finished `release` profile [optimized] target(s) in 4m 11s
[INFO] running `Command { std: "docker" "inspect" "5ecf10ca4ced23f86612bbbb0af81ad92f26e2188e6850fa57309ed88b7c4418", kill_on_drop: false }`
[INFO] running `Command { std: "docker" "exec" "-e" "SOURCE_DIR=/opt/rustwide/workdir" "-e" "CARGO_HOME=/opt/rustwide/cargo-home" "-e" "RUSTUP_HOME=/opt/rustwide/rustup-home" "-e" "CARGO_TARGET_DIR=/opt/rustwide/target" "-e" "CARGO_INCREMENTAL=0" "-e" "RUST_BACKTRACE=full" "-e" "RUSTFLAGS=--cap-lints=warn" "-e" "RUSTDOCFLAGS=--cap-lints=warn" "-w" "/opt/rustwide/workdir" "--user" "0:0" "5ecf10ca4ced23f86612bbbb0af81ad92f26e2188e6850fa57309ed88b7c4418" "/opt/rustwide/cargo-home/bin/cargo" "+1.100.0-beta.1" "test" "--frozen" "--release", kill_on_drop: false }`
[INFO] [stderr] warning: `package.homepage` is redundant with `package.repository`
[INFO] [stderr]   --> Cargo.toml:39:12
[INFO] [stderr]    |
[INFO] [stderr] 39 | homepage = "https://github.com/synth-laboratories/jesterky"
[INFO] [stderr]    |            ^^^^^^^^^^^^^^^^^^^^^^^^^^^^^^^^^^^^^^^^^^^^^^^^
[INFO] [stderr] ...
[INFO] [stderr] 44 | repository = "https://github.com/synth-laboratories/jesterky"
[INFO] [stderr]    |              ------------------------------------------------
[INFO] [stderr]    |
[INFO] [stderr]    = note: `cargo::redundant_homepage` is set to `warn` by default
[INFO] [stderr] help: consider removing `package.homepage`
[INFO] [stderr] warning: `jesterky-contract` (manifest) generated 1 warning
[INFO] [stderr]     Finished `release` profile [optimized] target(s) in 0.34s
[INFO] [stderr]      Running unittests src/lib.rs (/opt/rustwide/target/release/build/jesterky-contract/acead66ac309d716/out/jesterky_contract-acead66ac309d716)
[INFO] [stdout] 
[INFO] [stdout] running 16 tests
[INFO] [stdout] test budget::tests::progress_and_eta_from_linear_burn ... ok
[INFO] [stdout] test goal::tests::array_index_path_resolves ... ok
[INFO] [stdout] test budget::tests::exhausted_state_when_over_cap ... ok
[INFO] [stdout] test budget::tests::overlay_json_caps_array_replaces ... ok
[INFO] [stdout] test goal::tests::empty_plan_is_vacuously_met ... ok
[INFO] [stdout] test budget::tests::overlay_json_partial_merge_preserves_caps ... ok
[INFO] [stdout] test budget::tests::eta_off_disables_forecasts ... ok
[INFO] [stdout] test budget::tests::plan_roundtrips_json ... ok
[INFO] [stdout] test goal::tests::ledger_pred_met_and_unmet ... ok
[INFO] [stdout] test goal::tests::overlay_json_replaces_goals_and_merges_knobs ... ok
[INFO] [stdout] test goal::tests::metric_threshold_progress_and_state ... ok
[INFO] [stdout] test goal::tests::missing_path_is_unknown_and_blocks_required ... ok
[INFO] [stdout] test goal::tests::non_required_goal_never_blocks_run_state ... ok
[INFO] [stderr]      Running tests/conformance.rs (/opt/rustwide/target/release/build/jesterky-contract/c8f7f7f8c54650b9/out/conformance-c8f7f7f8c54650b9)
[INFO] [stdout] test goal::tests::plan_roundtrips_json_flat_kind ... ok
[INFO] [stdout] test live::tests::fold_applies_latest_totals_and_keeps_last_action ... ok
[INFO] [stdout] test live::tests::publish_after_stream_dropped_is_a_silent_noop ... ok
[INFO] [stdout] 
[INFO] [stdout] test result: ok. 16 passed; 0 failed; 0 ignored; 0 measured; 0 filtered out; finished in 0.01s
[INFO] [stdout] 
[INFO] [stdout] 
[INFO] [stdout] running 2 tests
[INFO] [stdout] test sample_run_manifest_conforms_to_schema_and_deserializes ... FAILED
[INFO] [stdout] test checked_in_workflow_examples_conform_to_schema ... FAILED
[INFO] [stdout] 
[INFO] [stdout] failures:
[INFO] [stdout] 
[INFO] [stdout] ---- sample_run_manifest_conforms_to_schema_and_deserializes stdout ----
[INFO] [stdout] 
[INFO] [stdout] thread 'sample_run_manifest_conforms_to_schema_and_deserializes' (2982) panicked at tests/conformance.rs:142:46:
[INFO] [stdout] fixture reads: Os { code: 2, kind: NotFound, message: "No such file or directory" }
[INFO] [stdout] stack backtrace:
[INFO] [stdout]    0:     0x55bcb5533321 - <<std[617be2ca0a6fd877]::sys::backtrace::BacktraceLock>::print::DisplayBacktrace as core[a373ad73a504971]::fmt::Display>::fmt
[INFO] [stdout]    1:     0x55bcb5549fda - core[a373ad73a504971]::fmt::write
[INFO] [stdout]    2:     0x55bcb553804c - <alloc[2e1b2a31b91974c5]::vec::Vec<u8> as core[a373ad73a504971]::io::write::Write>::write_fmt
[INFO] [stdout]    3:     0x55bcb550d9f6 - std[617be2ca0a6fd877]::panicking::default_hook::{closure#0}
[INFO] [stdout]    4:     0x55bcb552ae99 - std[617be2ca0a6fd877]::panicking::default_hook
[INFO] [stdout]    5:     0x55bcb51e7670 - test[aada8e7e76ba119b]::test_main_inner::{closure#0}
[INFO] [stdout]    6:     0x55bcb552b1c2 - std[617be2ca0a6fd877]::panicking::panic_with_hook
[INFO] [stdout]    7:     0x55bcb550daa2 - std[617be2ca0a6fd877]::panicking::panic_handler::{closure#0}
[INFO] [stdout]    8:     0x55bcb5505fb9 - std[617be2ca0a6fd877]::sys::backtrace::__rust_end_short_backtrace::<std[617be2ca0a6fd877]::panicking::panic_handler::{closure#0}, !>
[INFO] [stdout]    9:     0x55bcb550e9ad - __rustc[ea4f61d10b84890b]::rust_begin_unwind
[INFO] [stdout]   10:     0x55bcb554a7bc - core[a373ad73a504971]::panicking::panic_fmt
[INFO] [stdout]   11:     0x55bcb554a592 - core[a373ad73a504971]::result::unwrap_failed
[INFO] [stdout]   12:     0x55bcb51b9d39 - conformance[8321a246fba08b2d]::read_json::<std[617be2ca0a6fd877]::path::PathBuf>
[INFO] [stdout]   13:     0x55bcb51c0f8c - <conformance[8321a246fba08b2d]::sample_run_manifest_conforms_to_schema_and_deserializes::{closure#0} as core[a373ad73a504971]::ops::function::FnOnce<()>>::call_once
[INFO] [stdout]   14:     0x55bcb51daabb - test[aada8e7e76ba119b]::__rust_begin_short_backtrace::<core[a373ad73a504971]::result::Result<(), alloc[2e1b2a31b91974c5]::string::String>, fn() -> core[a373ad73a504971]::result::Result<(), alloc[2e1b2a31b91974c5]::string::String>>
[INFO] [stdout]   15:     0x55bcb51e7c95 - test[aada8e7e76ba119b]::run_test::{closure#0}
[INFO] [stdout]   16:     0x55bcb51e1584 - std[617be2ca0a6fd877]::sys::backtrace::__rust_begin_short_backtrace::<test[aada8e7e76ba119b]::run_test::{closure#1}, ()>
[INFO] [stdout]   17:     0x55bcb51ead22 - <std[617be2ca0a6fd877]::thread::lifecycle::spawn_unchecked<test[aada8e7e76ba119b]::run_test::{closure#1}, ()>::{closure#1} as core[a373ad73a504971]::ops::function::FnOnce<()>>::call_once::{shim:vtable#0}
[INFO] [stdout]   18:     0x55bcb55324bf - <std[617be2ca0a6fd877]::sys::thread::unix::Thread>::new::thread_start
[INFO] [stdout]   19:     0x79e09a11bdfa - <unknown>
[INFO] [stdout]   20:     0x79e09a1af3d4 - clone
[INFO] [stdout]   21:                0x0 - <unknown>
[INFO] [stdout] 
[INFO] [stdout] ---- checked_in_workflow_examples_conform_to_schema stdout ----
[INFO] [stdout] 
[INFO] [stdout] thread 'checked_in_workflow_examples_conform_to_schema' (2981) panicked at tests/conformance.rs:142:46:
[INFO] [stdout] fixture reads: Os { code: 2, kind: NotFound, message: "No such file or directory" }
[INFO] [stdout] stack backtrace:
[INFO] [stdout]    0:     0x55bcb5533321 - <<std[617be2ca0a6fd877]::sys::backtrace::BacktraceLock>::print::DisplayBacktrace as core[a373ad73a504971]::fmt::Display>::fmt
[INFO] [stdout]    1:     0x55bcb5549fda - core[a373ad73a504971]::fmt::write
[INFO] [stdout]    2:     0x55bcb553804c - <alloc[2e1b2a31b91974c5]::vec::Vec<u8> as core[a373ad73a504971]::io::write::Write>::write_fmt
[INFO] [stdout]    3:     0x55bcb550d9f6 - std[617be2ca0a6fd877]::panicking::default_hook::{closure#0}
[INFO] [stdout]    4:     0x55bcb552ae99 - std[617be2ca0a6fd877]::panicking::default_hook
[INFO] [stdout]    5:     0x55bcb51e7670 - test[aada8e7e76ba119b]::test_main_inner::{closure#0}
[INFO] [stdout]    6:     0x55bcb552b1c2 - std[617be2ca0a6fd877]::panicking::panic_with_hook
[INFO] [stdout]    7:     0x55bcb550daa2 - std[617be2ca0a6fd877]::panicking::panic_handler::{closure#0}
[INFO] [stdout]    8:     0x55bcb5505fb9 - std[617be2ca0a6fd877]::sys::backtrace::__rust_end_short_backtrace::<std[617be2ca0a6fd877]::panicking::panic_handler::{closure#0}, !>
[INFO] [stdout]    9:     0x55bcb550e9ad - __rustc[ea4f61d10b84890b]::rust_begin_unwind
[INFO] [stdout]   10:     0x55bcb554a7bc - core[a373ad73a504971]::panicking::panic_fmt
[INFO] [stdout]   11:     0x55bcb554a592 - core[a373ad73a504971]::result::unwrap_failed
[INFO] [stdout]   12:     0x55bcb51b9d39 - conformance[8321a246fba08b2d]::read_json::<std[617be2ca0a6fd877]::path::PathBuf>
[INFO] [stdout]   13:     0x55bcb51c0b11 - <conformance[8321a246fba08b2d]::checked_in_workflow_examples_conform_to_schema::{closure#0} as core[a373ad73a504971]::ops::function::FnOnce<()>>::call_once
[INFO] [stdout]   14:     0x55bcb51daabb - test[aada8e7e76ba119b]::__rust_begin_short_backtrace::<core[a373ad73a504971]::result::Result<(), alloc[2e1b2a31b91974c5]::string::String>, fn() -> core[a373ad73a504971]::result::Result<(), alloc[2e1b2a31b91974c5]::string::String>>
[INFO] [stdout]   15:     0x55bcb51e7c95 - test[aada8e7e76ba119b]::run_test::{closure#0}
[INFO] [stdout]   16:     0x55bcb51e1584 - std[617be2ca0a6fd877]::sys::backtrace::__rust_begin_short_backtrace::<test[aada8e7e76ba119b]::run_test::{closure#1}, ()>
[INFO] [stdout]   17:     0x55bcb51ead22 - <std[617be2ca0a6fd877]::thread::lifecycle::spawn_unchecked<test[aada8e7e76ba119b]::run_test::{closure#1}, ()>::{closure#1} as core[a373ad73a504971]::ops::function::FnOnce<()>>::call_once::{shim:vtable#0}
[INFO] [stdout]   18:     0x55bcb55324bf - <std[617be2ca0a6fd877]::sys::thread::unix::Thread>::new::thread_start
[INFO] [stdout]   19:     0x79e09a11bdfa - <unknown>
[INFO] [stdout]   20:     0x79e09a1af3d4 - clone
[INFO] [stdout]   21:                0x0 - <unknown>
[INFO] [stdout] 
[INFO] [stdout] 
[INFO] [stdout] failures:
[INFO] [stdout]     checked_in_workflow_examples_conform_to_schema
[INFO] [stdout]     sample_run_manifest_conforms_to_schema_and_deserializes
[INFO] [stdout] 
[INFO] [stdout] test result: FAILED. 0 passed; 2 failed; 0 ignored; 0 measured; 0 filtered out; finished in 0.01s
[INFO] [stdout] 
[INFO] [stderr] error: test failed, to rerun pass `--test conformance`
[INFO] running `Command { std: "docker" "inspect" "5ecf10ca4ced23f86612bbbb0af81ad92f26e2188e6850fa57309ed88b7c4418", kill_on_drop: false }`
[INFO] running `Command { std: "docker" "rm" "-f" "5ecf10ca4ced23f86612bbbb0af81ad92f26e2188e6850fa57309ed88b7c4418", kill_on_drop: false }`
[INFO] [stdout] 5ecf10ca4ced23f86612bbbb0af81ad92f26e2188e6850fa57309ed88b7c4418
