[INFO] fetching crate jellybean-tree-sitter-highlight 0.20.14...
[INFO] testing jellybean-tree-sitter-highlight-0.20.14 against 1.100.0-beta.1+cargoflags=--release for beta-release-1.100-2
[INFO] extracting crate jellybean-tree-sitter-highlight 0.20.14 into /workspace/builds/worker-7-tc2/source
[INFO] started tweaking crates.io crate jellybean-tree-sitter-highlight 0.20.14
[INFO] finished tweaking crates.io crate jellybean-tree-sitter-highlight 0.20.14
[INFO] tweaked toml for crates.io crate jellybean-tree-sitter-highlight 0.20.14 written to /workspace/builds/worker-7-tc2/source/Cargo.toml
[INFO] validating manifest of crates.io crate jellybean-tree-sitter-highlight 0.20.14 on toolchain 1.100.0-beta.1
[INFO] running `Command { std: CARGO_HOME="/workspace/cargo-home" RUSTUP_HOME="/workspace/rustup-home" "/workspace/cargo-home/bin/cargo" "+1.100.0-beta.1" "metadata" "--manifest-path" "Cargo.toml" "--no-deps", kill_on_drop: false }`
[INFO] running `Command { std: CARGO_HOME="/workspace/cargo-home" RUSTUP_HOME="/workspace/rustup-home" "/workspace/cargo-home/bin/cargo" "+1.100.0-beta.1" "generate-lockfile" "--manifest-path" "Cargo.toml", kill_on_drop: false }`
[INFO] [stderr]     Updating crates.io index
[INFO] [stderr]      Locking 21 packages to highest compatible versions
[INFO] [stderr]       Adding thiserror v1.0.69 (available: v2.0.21)
[INFO] running `Command { std: CARGO_HOME="/workspace/cargo-home" RUSTUP_HOME="/workspace/rustup-home" "/workspace/cargo-home/bin/cargo" "+1.100.0-beta.1" "fetch" "--manifest-path" "Cargo.toml", kill_on_drop: false }`
[INFO] running `Command { std: "docker" "create" "-v" "/var/lib/crater-agent-workspace/builds/worker-7-tc2/source:/opt/rustwide/workdir:ro,Z" "-v" "/var/lib/crater-agent-workspace/builds/worker-7-tc2/target:/opt/rustwide/target:rw,Z" "-v" "/var/lib/crater-agent-workspace/cargo-home:/opt/rustwide/cargo-home:ro,Z" "-v" "/var/lib/crater-agent-workspace/rustup-home:/opt/rustwide/rustup-home:ro,Z" "-m" "1610612736" "--network" "none" "ghcr.io/rust-lang/crates-build-env/linux@sha256:77db811e55d90add9212f6832c23229e3de5f1c1f9905e8cb07319ea15df73ac" "sleep" "infinity", kill_on_drop: false }`
[INFO] [stdout] cd214bf27516cc24993482ea291cc131a60cc054b4a947bade02984865e16973
[INFO] running `Command { std: "docker" "start" "cd214bf27516cc24993482ea291cc131a60cc054b4a947bade02984865e16973", kill_on_drop: false }`
[INFO] running `Command { std: "docker" "inspect" "cd214bf27516cc24993482ea291cc131a60cc054b4a947bade02984865e16973", kill_on_drop: false }`
[INFO] running `Command { std: "docker" "exec" "-e" "SOURCE_DIR=/opt/rustwide/workdir" "-e" "CARGO_HOME=/opt/rustwide/cargo-home" "-e" "RUSTUP_HOME=/opt/rustwide/rustup-home" "-e" "CARGO_TARGET_DIR=/opt/rustwide/target" "-w" "/opt/rustwide/workdir" "--user" "0:0" "cd214bf27516cc24993482ea291cc131a60cc054b4a947bade02984865e16973" "/opt/rustwide/cargo-home/bin/cargo" "+1.100.0-beta.1" "metadata" "--no-deps" "--format-version=1", kill_on_drop: false }`
[INFO] running `Command { std: "docker" "inspect" "cd214bf27516cc24993482ea291cc131a60cc054b4a947bade02984865e16973", kill_on_drop: false }`
[INFO] running `Command { std: "docker" "exec" "-e" "SOURCE_DIR=/opt/rustwide/workdir" "-e" "CARGO_HOME=/opt/rustwide/cargo-home" "-e" "RUSTUP_HOME=/opt/rustwide/rustup-home" "-e" "CARGO_TARGET_DIR=/opt/rustwide/target" "-e" "CARGO_INCREMENTAL=0" "-e" "RUST_BACKTRACE=full" "-e" "RUSTFLAGS=--cap-lints=warn" "-e" "RUSTDOCFLAGS=--cap-lints=warn" "-w" "/opt/rustwide/workdir" "--user" "0:0" "cd214bf27516cc24993482ea291cc131a60cc054b4a947bade02984865e16973" "/opt/rustwide/cargo-home/bin/cargo" "+1.100.0-beta.1" "build" "--frozen" "--message-format=json" "--release", kill_on_drop: false }`
[INFO] [stderr]    Compiling jellybean-tree-sitter v0.20.14
[INFO] [stderr]    Compiling jellybean-tree-sitter-highlight v0.20.14 (/opt/rustwide/workdir)
[INFO] [stdout] warning: use of deprecated module `std::usize`: all constants in this module replaced by associated constants on the type
[INFO] [stdout]   --> src/lib.rs:10:32
[INFO] [stdout]    |
[INFO] [stdout] 10 | use std::{iter, mem, ops, str, usize};
[INFO] [stdout]    |                                ^^^^^
[INFO] [stdout]    |
[INFO] [stdout]    = note: `#[warn(deprecated)]` on by default
[INFO] [stdout] 
[INFO] [stdout] 
[INFO] [stdout] warning: use of deprecated constant `std::usize::MAX`: replaced by the `MAX` associated constant on this type
[INFO] [stdout]    --> src/lib.rs:234:34
[INFO] [stdout]     |
[INFO] [stdout] 234 |                 end_byte: usize::MAX,
[INFO] [stdout]     |                                  ^^^
[INFO] [stdout] 
[INFO] [stdout] 
[INFO] [stdout] warning: use of deprecated constant `std::usize::MAX`: replaced by the `MAX` associated constant on this type
[INFO] [stdout]    --> src/lib.rs:236:46
[INFO] [stdout]     |
[INFO] [stdout] 236 |                 end_point: Point::new(usize::MAX, usize::MAX),
[INFO] [stdout]     |                                              ^^^
[INFO] [stdout] 
[INFO] [stdout] 
[INFO] [stdout] warning: use of deprecated constant `std::usize::MAX`: replaced by the `MAX` associated constant on this type
[INFO] [stdout]    --> src/lib.rs:236:58
[INFO] [stdout]     |
[INFO] [stdout] 236 |                 end_point: Point::new(usize::MAX, usize::MAX),
[INFO] [stdout]     |                                                          ^^^
[INFO] [stdout] 
[INFO] [stdout] 
[INFO] [stdout] warning: use of deprecated constant `std::usize::MAX`: replaced by the `MAX` associated constant on this type
[INFO] [stdout]    --> src/lib.rs:563:42
[INFO] [stdout]     |
[INFO] [stdout] 563 |                         range: 0..usize::MAX,
[INFO] [stdout]     |                                          ^^^
[INFO] [stdout] 
[INFO] [stdout] 
[INFO] [stdout] warning: use of deprecated constant `std::usize::MAX`: replaced by the `MAX` associated constant on this type
[INFO] [stdout]    --> src/lib.rs:618:34
[INFO] [stdout]     |
[INFO] [stdout] 618 |                 end_byte: usize::MAX,
[INFO] [stdout]     |                                  ^^^
[INFO] [stdout] 
[INFO] [stdout] 
[INFO] [stdout] warning: use of deprecated constant `std::usize::MAX`: replaced by the `MAX` associated constant on this type
[INFO] [stdout]    --> src/lib.rs:619:46
[INFO] [stdout]     |
[INFO] [stdout] 619 |                 end_point: Point::new(usize::MAX, usize::MAX),
[INFO] [stdout]     |                                              ^^^
[INFO] [stdout] 
[INFO] [stdout] 
[INFO] [stdout] warning: use of deprecated constant `std::usize::MAX`: replaced by the `MAX` associated constant on this type
[INFO] [stdout]    --> src/lib.rs:619:58
[INFO] [stdout]     |
[INFO] [stdout] 619 |                 end_point: Point::new(usize::MAX, usize::MAX),
[INFO] [stdout]     |                                                          ^^^
[INFO] [stdout] 
[INFO] [stdout] 
[INFO] [stderr]     Finished `release` profile [optimized] target(s) in 13.22s
[INFO] running `Command { std: "docker" "inspect" "cd214bf27516cc24993482ea291cc131a60cc054b4a947bade02984865e16973", kill_on_drop: false }`
[INFO] running `Command { std: "docker" "exec" "-e" "SOURCE_DIR=/opt/rustwide/workdir" "-e" "CARGO_HOME=/opt/rustwide/cargo-home" "-e" "RUSTUP_HOME=/opt/rustwide/rustup-home" "-e" "CARGO_TARGET_DIR=/opt/rustwide/target" "-e" "CARGO_INCREMENTAL=0" "-e" "RUST_BACKTRACE=full" "-e" "RUSTFLAGS=--cap-lints=warn" "-e" "RUSTDOCFLAGS=--cap-lints=warn" "-w" "/opt/rustwide/workdir" "--user" "0:0" "cd214bf27516cc24993482ea291cc131a60cc054b4a947bade02984865e16973" "/opt/rustwide/cargo-home/bin/cargo" "+1.100.0-beta.1" "test" "--frozen" "--no-run" "--message-format=json" "--release", kill_on_drop: false }`
[INFO] [stdout] warning: use of deprecated module `std::usize`: all constants in this module replaced by associated constants on the type
[INFO] [stdout]   --> src/lib.rs:10:32
[INFO] [stdout]    |
[INFO] [stdout] 10 | use std::{iter, mem, ops, str, usize};
[INFO] [stdout]    |                                ^^^^^
[INFO] [stdout]    |
[INFO] [stdout]    = note: `#[warn(deprecated)]` on by default
[INFO] [stdout] 
[INFO] [stdout] 
[INFO] [stdout] warning: use of deprecated constant `std::usize::MAX`: replaced by the `MAX` associated constant on this type
[INFO] [stdout]    --> src/lib.rs:234:34
[INFO] [stdout]     |
[INFO] [stdout] 234 |                 end_byte: usize::MAX,
[INFO] [stdout]     |                                  ^^^
[INFO] [stdout] 
[INFO] [stdout] 
[INFO] [stdout] warning: use of deprecated constant `std::usize::MAX`: replaced by the `MAX` associated constant on this type
[INFO] [stdout]    --> src/lib.rs:236:46
[INFO] [stdout]     |
[INFO] [stdout] 236 |                 end_point: Point::new(usize::MAX, usize::MAX),
[INFO] [stdout]     |                                              ^^^
[INFO] [stdout] 
[INFO] [stdout] 
[INFO] [stdout] warning: use of deprecated constant `std::usize::MAX`: replaced by the `MAX` associated constant on this type
[INFO] [stdout]    --> src/lib.rs:236:58
[INFO] [stdout]     |
[INFO] [stdout] 236 |                 end_point: Point::new(usize::MAX, usize::MAX),
[INFO] [stdout]     |                                                          ^^^
[INFO] [stdout] 
[INFO] [stdout] 
[INFO] [stdout] warning: use of deprecated constant `std::usize::MAX`: replaced by the `MAX` associated constant on this type
[INFO] [stdout]    --> src/lib.rs:563:42
[INFO] [stdout]     |
[INFO] [stdout] 563 |                         range: 0..usize::MAX,
[INFO] [stdout]     |                                          ^^^
[INFO] [stdout] 
[INFO] [stdout] 
[INFO] [stdout] warning: use of deprecated constant `std::usize::MAX`: replaced by the `MAX` associated constant on this type
[INFO] [stdout]    --> src/lib.rs:618:34
[INFO] [stdout]     |
[INFO] [stdout] 618 |                 end_byte: usize::MAX,
[INFO] [stdout]     |                                  ^^^
[INFO] [stdout] 
[INFO] [stdout] 
[INFO] [stdout] warning: use of deprecated constant `std::usize::MAX`: replaced by the `MAX` associated constant on this type
[INFO] [stdout]    --> src/lib.rs:619:46
[INFO] [stdout]     |
[INFO] [stdout] 619 |                 end_point: Point::new(usize::MAX, usize::MAX),
[INFO] [stdout]     |                                              ^^^
[INFO] [stdout] 
[INFO] [stdout] 
[INFO] [stdout] warning: use of deprecated constant `std::usize::MAX`: replaced by the `MAX` associated constant on this type
[INFO] [stdout]    --> src/lib.rs:619:58
[INFO] [stdout]     |
[INFO] [stdout] 619 |                 end_point: Point::new(usize::MAX, usize::MAX),
[INFO] [stdout]     |                                                          ^^^
[INFO] [stdout] 
[INFO] [stdout] 
[INFO] [stderr]    Compiling jellybean-tree-sitter-highlight v0.20.14 (/opt/rustwide/workdir)
[INFO] [stdout] warning: use of deprecated module `std::usize`: all constants in this module replaced by associated constants on the type
[INFO] [stdout]   --> src/lib.rs:10:32
[INFO] [stdout]    |
[INFO] [stdout] 10 | use std::{iter, mem, ops, str, usize};
[INFO] [stdout]    |                                ^^^^^
[INFO] [stdout]    |
[INFO] [stdout]    = note: `#[warn(deprecated)]` on by default
[INFO] [stdout] 
[INFO] [stdout] 
[INFO] [stdout] warning: use of deprecated constant `std::usize::MAX`: replaced by the `MAX` associated constant on this type
[INFO] [stdout]    --> src/lib.rs:234:34
[INFO] [stdout]     |
[INFO] [stdout] 234 |                 end_byte: usize::MAX,
[INFO] [stdout]     |                                  ^^^
[INFO] [stdout] 
[INFO] [stdout] 
[INFO] [stdout] warning: use of deprecated constant `std::usize::MAX`: replaced by the `MAX` associated constant on this type
[INFO] [stdout]    --> src/lib.rs:236:46
[INFO] [stdout]     |
[INFO] [stdout] 236 |                 end_point: Point::new(usize::MAX, usize::MAX),
[INFO] [stdout]     |                                              ^^^
[INFO] [stdout] 
[INFO] [stdout] 
[INFO] [stdout] warning: use of deprecated constant `std::usize::MAX`: replaced by the `MAX` associated constant on this type
[INFO] [stdout]    --> src/lib.rs:236:58
[INFO] [stdout]     |
[INFO] [stdout] 236 |                 end_point: Point::new(usize::MAX, usize::MAX),
[INFO] [stdout]     |                                                          ^^^
[INFO] [stdout] 
[INFO] [stdout] 
[INFO] [stdout] warning: use of deprecated constant `std::usize::MAX`: replaced by the `MAX` associated constant on this type
[INFO] [stdout]    --> src/lib.rs:563:42
[INFO] [stdout]     |
[INFO] [stdout] 563 |                         range: 0..usize::MAX,
[INFO] [stdout]     |                                          ^^^
[INFO] [stdout] 
[INFO] [stdout] 
[INFO] [stdout] warning: use of deprecated constant `std::usize::MAX`: replaced by the `MAX` associated constant on this type
[INFO] [stdout]    --> src/lib.rs:618:34
[INFO] [stdout]     |
[INFO] [stdout] 618 |                 end_byte: usize::MAX,
[INFO] [stdout]     |                                  ^^^
[INFO] [stdout] 
[INFO] [stdout] 
[INFO] [stdout] warning: use of deprecated constant `std::usize::MAX`: replaced by the `MAX` associated constant on this type
[INFO] [stdout]    --> src/lib.rs:619:46
[INFO] [stdout]     |
[INFO] [stdout] 619 |                 end_point: Point::new(usize::MAX, usize::MAX),
[INFO] [stdout]     |                                              ^^^
[INFO] [stdout] 
[INFO] [stdout] 
[INFO] [stdout] warning: use of deprecated constant `std::usize::MAX`: replaced by the `MAX` associated constant on this type
[INFO] [stdout]    --> src/lib.rs:619:58
[INFO] [stdout]     |
[INFO] [stdout] 619 |                 end_point: Point::new(usize::MAX, usize::MAX),
[INFO] [stdout]     |                                                          ^^^
[INFO] [stdout] 
[INFO] [stdout] 
[INFO] [stderr]     Finished `release` profile [optimized] target(s) in 1.64s
[INFO] running `Command { std: "docker" "inspect" "cd214bf27516cc24993482ea291cc131a60cc054b4a947bade02984865e16973", kill_on_drop: false }`
[INFO] running `Command { std: "docker" "exec" "-e" "SOURCE_DIR=/opt/rustwide/workdir" "-e" "CARGO_HOME=/opt/rustwide/cargo-home" "-e" "RUSTUP_HOME=/opt/rustwide/rustup-home" "-e" "CARGO_TARGET_DIR=/opt/rustwide/target" "-e" "CARGO_INCREMENTAL=0" "-e" "RUST_BACKTRACE=full" "-e" "RUSTFLAGS=--cap-lints=warn" "-e" "RUSTDOCFLAGS=--cap-lints=warn" "-w" "/opt/rustwide/workdir" "--user" "0:0" "cd214bf27516cc24993482ea291cc131a60cc054b4a947bade02984865e16973" "/opt/rustwide/cargo-home/bin/cargo" "+1.100.0-beta.1" "test" "--frozen" "--release", kill_on_drop: false }`
[INFO] [stderr] warning: use of deprecated module `std::usize`: all constants in this module replaced by associated constants on the type
[INFO] [stderr]   --> src/lib.rs:10:32
[INFO] [stderr]    |
[INFO] [stderr] 10 | use std::{iter, mem, ops, str, usize};
[INFO] [stderr]    |                                ^^^^^
[INFO] [stderr]    |
[INFO] [stderr]    = note: `#[warn(deprecated)]` on by default
[INFO] [stderr] 
[INFO] [stderr] warning: use of deprecated constant `std::usize::MAX`: replaced by the `MAX` associated constant on this type
[INFO] [stderr]    --> src/lib.rs:234:34
[INFO] [stderr]     |
[INFO] [stderr] 234 |                 end_byte: usize::MAX,
[INFO] [stderr]     |                                  ^^^
[INFO] [stderr] 
[INFO] [stderr] warning: use of deprecated constant `std::usize::MAX`: replaced by the `MAX` associated constant on this type
[INFO] [stderr]    --> src/lib.rs:236:46
[INFO] [stderr]     |
[INFO] [stderr] 236 |                 end_point: Point::new(usize::MAX, usize::MAX),
[INFO] [stderr]     |                                              ^^^
[INFO] [stderr] 
[INFO] [stderr] warning: use of deprecated constant `std::usize::MAX`: replaced by the `MAX` associated constant on this type
[INFO] [stderr]    --> src/lib.rs:236:58
[INFO] [stderr]     |
[INFO] [stderr] 236 |                 end_point: Point::new(usize::MAX, usize::MAX),
[INFO] [stderr]     |                                                          ^^^
[INFO] [stderr] 
[INFO] [stderr] warning: use of deprecated constant `std::usize::MAX`: replaced by the `MAX` associated constant on this type
[INFO] [stderr]    --> src/lib.rs:563:42
[INFO] [stderr]     |
[INFO] [stderr] 563 |                         range: 0..usize::MAX,
[INFO] [stderr]     |                                          ^^^
[INFO] [stderr] 
[INFO] [stderr] warning: use of deprecated constant `std::usize::MAX`: replaced by the `MAX` associated constant on this type
[INFO] [stderr]    --> src/lib.rs:618:34
[INFO] [stderr]     |
[INFO] [stderr] 618 |                 end_byte: usize::MAX,
[INFO] [stderr]     |                                  ^^^
[INFO] [stderr] 
[INFO] [stderr] warning: use of deprecated constant `std::usize::MAX`: replaced by the `MAX` associated constant on this type
[INFO] [stderr]    --> src/lib.rs:619:46
[INFO] [stderr]     |
[INFO] [stderr] 619 |                 end_point: Point::new(usize::MAX, usize::MAX),
[INFO] [stderr]     |                                              ^^^
[INFO] [stderr] 
[INFO] [stderr] warning: use of deprecated constant `std::usize::MAX`: replaced by the `MAX` associated constant on this type
[INFO] [stderr]    --> src/lib.rs:619:58
[INFO] [stderr]     |
[INFO] [stderr] 619 |                 end_point: Point::new(usize::MAX, usize::MAX),
[INFO] [stderr]     |                                                          ^^^
[INFO] [stderr] 
[INFO] [stderr] warning: `jellybean-tree-sitter-highlight` (lib) generated 8 warnings
[INFO] [stderr] warning: `jellybean-tree-sitter-highlight` (lib test) generated 8 warnings (8 duplicates)
[INFO] [stderr]     Finished `release` profile [optimized] target(s) in 0.04s
[INFO] [stderr]      Running unittests src/lib.rs (/opt/rustwide/target/release/build/jellybean-tree-sitter-highlight/e6fdb6b4031bfd1d/out/jellybean_tree_sitter_highlight-e6fdb6b4031bfd1d)
[INFO] [stdout] 
[INFO] [stdout] running 0 tests
[INFO] [stderr]    Doc-tests jellybean_tree_sitter_highlight
[INFO] [stdout] 
[INFO] [stdout] test result: ok. 0 passed; 0 failed; 0 ignored; 0 measured; 0 filtered out; finished in 0.00s
[INFO] [stdout] 
[INFO] [stdout] 
[INFO] [stdout] running 5 tests
[INFO] [stdout] test src/lib.rs - (line 45) ... FAILED
[INFO] [stdout] test src/lib.rs - (line 68) ... FAILED
[INFO] [stdout] test src/lib.rs - (line 74) ... FAILED
[INFO] [stdout] test src/lib.rs - (line 20) ... ok
[INFO] [stdout] test src/lib.rs - (line 53) ... FAILED
[INFO] [stdout] 
[INFO] [stdout] failures:
[INFO] [stdout] 
[INFO] [stdout] ---- src/lib.rs - (line 45) stdout ----
[INFO] [stdout] error[E0432]: unresolved import `tree_sitter_highlight`
[INFO] [stdout]   --> src/lib.rs:46:5
[INFO] [stdout]    |
[INFO] [stdout] 46 | use tree_sitter_highlight::Highlighter;
[INFO] [stdout]    |     ^^^^^^^^^^^^^^^^^^^^^ use of unresolved module or unlinked crate `tree_sitter_highlight`
[INFO] [stdout]    |
[INFO] [stdout]    = help: if you wanted to use a crate named `tree_sitter_highlight`, use `cargo add tree_sitter_highlight` to add it to your `Cargo.toml`
[INFO] [stdout] 
[INFO] [stdout] error: aborting due to 1 previous error
[INFO] [stdout] 
[INFO] [stdout] For more information about this error, try `rustc --explain E0432`.
[INFO] [stdout] Couldn't compile the test.
[INFO] [stdout] ---- src/lib.rs - (line 68) stdout ----
[INFO] [stdout] error[E0425]: cannot find value `javascript_config` in this scope
[INFO] [stdout]   --> src/lib.rs:69:1
[INFO] [stdout]    |
[INFO] [stdout] 69 | javascript_config.configure(&highlight_names);
[INFO] [stdout]    | ^^^^^^^^^^^^^^^^^ not found in this scope
[INFO] [stdout] 
[INFO] [stdout] error[E0425]: cannot find value `highlight_names` in this scope
[INFO] [stdout]   --> src/lib.rs:69:30
[INFO] [stdout]    |
[INFO] [stdout] 69 | javascript_config.configure(&highlight_names);
[INFO] [stdout]    |                              ^^^^^^^^^^^^^^^ not found in this scope
[INFO] [stdout] 
[INFO] [stdout] error: aborting due to 2 previous errors
[INFO] [stdout] 
[INFO] [stdout] For more information about this error, try `rustc --explain E0425`.
[INFO] [stdout] Couldn't compile the test.
[INFO] [stdout] ---- src/lib.rs - (line 74) stdout ----
[INFO] [stdout] error[E0432]: unresolved import `tree_sitter_highlight`
[INFO] [stdout]   --> src/lib.rs:75:5
[INFO] [stdout]    |
[INFO] [stdout] 75 | use tree_sitter_highlight::HighlightEvent;
[INFO] [stdout]    |     ^^^^^^^^^^^^^^^^^^^^^ use of unresolved module or unlinked crate `tree_sitter_highlight`
[INFO] [stdout]    |
[INFO] [stdout]    = help: if you wanted to use a crate named `tree_sitter_highlight`, use `cargo add tree_sitter_highlight` to add it to your `Cargo.toml`
[INFO] [stdout] 
[INFO] [stdout] error[E0425]: cannot find value `highlighter` in this scope
[INFO] [stdout]   --> src/lib.rs:77:18
[INFO] [stdout]    |
[INFO] [stdout] 77 | let highlights = highlighter.highlight(
[INFO] [stdout]    |                  ^^^^^^^^^^^ not found in this scope
[INFO] [stdout] 
[INFO] [stdout] error[E0425]: cannot find value `javascript_config` in this scope
[INFO] [stdout]   --> src/lib.rs:78:6
[INFO] [stdout]    |
[INFO] [stdout] 78 |     &javascript_config,
[INFO] [stdout]    |      ^^^^^^^^^^^^^^^^^ not found in this scope
[INFO] [stdout] 
[INFO] [stdout] error: aborting due to 3 previous errors
[INFO] [stdout] 
[INFO] [stdout] Some errors have detailed explanations: E0425, E0432.
[INFO] [stdout] For more information about an error, try `rustc --explain E0425`.
[INFO] [stdout] Couldn't compile the test.
[INFO] [stdout] ---- src/lib.rs - (line 53) stdout ----
[INFO] [stdout] error[E0432]: unresolved import `tree_sitter_highlight`
[INFO] [stdout]   --> src/lib.rs:54:5
[INFO] [stdout]    |
[INFO] [stdout] 54 | use tree_sitter_highlight::HighlightConfiguration;
[INFO] [stdout]    |     ^^^^^^^^^^^^^^^^^^^^^ use of unresolved module or unlinked crate `tree_sitter_highlight`
[INFO] [stdout]    |
[INFO] [stdout]    = help: if you wanted to use a crate named `tree_sitter_highlight`, use `cargo add tree_sitter_highlight` to add it to your `Cargo.toml`
[INFO] [stdout] 
[INFO] [stdout] error[E0433]: cannot find module or crate `tree_sitter_javascript` in this scope
[INFO] [stdout]   --> src/lib.rs:56:27
[INFO] [stdout]    |
[INFO] [stdout] 56 | let javascript_language = tree_sitter_javascript::language();
[INFO] [stdout]    |                           ^^^^^^^^^^^^^^^^^^^^^^ use of unresolved module or unlinked crate `tree_sitter_javascript`
[INFO] [stdout]    |
[INFO] [stdout]    = help: if you wanted to use a crate named `tree_sitter_javascript`, use `cargo add tree_sitter_javascript` to add it to your `Cargo.toml`
[INFO] [stdout] 
[INFO] [stdout] error[E0433]: cannot find module or crate `tree_sitter_javascript` in this scope
[INFO] [stdout]   --> src/lib.rs:60:5
[INFO] [stdout]    |
[INFO] [stdout] 60 |     tree_sitter_javascript::HIGHLIGHT_QUERY,
[INFO] [stdout]    |     ^^^^^^^^^^^^^^^^^^^^^^ use of unresolved module or unlinked crate `tree_sitter_javascript`
[INFO] [stdout]    |
[INFO] [stdout]    = help: if you wanted to use a crate named `tree_sitter_javascript`, use `cargo add tree_sitter_javascript` to add it to your `Cargo.toml`
[INFO] [stdout] 
[INFO] [stdout] error[E0433]: cannot find module or crate `tree_sitter_javascript` in this scope
[INFO] [stdout]   --> src/lib.rs:61:5
[INFO] [stdout]    |
[INFO] [stdout] 61 |     tree_sitter_javascript::INJECTION_QUERY,
[INFO] [stdout]    |     ^^^^^^^^^^^^^^^^^^^^^^ use of unresolved module or unlinked crate `tree_sitter_javascript`
[INFO] [stdout]    |
[INFO] [stdout]    = help: if you wanted to use a crate named `tree_sitter_javascript`, use `cargo add tree_sitter_javascript` to add it to your `Cargo.toml`
[INFO] [stdout] 
[INFO] [stdout] error[E0433]: cannot find module or crate `tree_sitter_javascript` in this scope
[INFO] [stdout]   --> src/lib.rs:62:5
[INFO] [stdout]    |
[INFO] [stdout] 62 |     tree_sitter_javascript::LOCALS_QUERY,
[INFO] [stdout]    |     ^^^^^^^^^^^^^^^^^^^^^^ use of unresolved module or unlinked crate `tree_sitter_javascript`
[INFO] [stdout]    |
[INFO] [stdout]    = help: if you wanted to use a crate named `tree_sitter_javascript`, use `cargo add tree_sitter_javascript` to add it to your `Cargo.toml`
[INFO] [stdout] 
[INFO] [stdout] error: aborting due to 5 previous errors
[INFO] [stdout] 
[INFO] [stdout] Some errors have detailed explanations: E0432, E0433.
[INFO] [stdout] For more information about an error, try `rustc --explain E0432`.
[INFO] [stdout] Couldn't compile the test.
[INFO] [stdout] 
[INFO] [stdout] failures:
[INFO] [stdout]     src/lib.rs - (line 45)
[INFO] [stdout]     src/lib.rs - (line 53)
[INFO] [stdout]     src/lib.rs - (line 68)
[INFO] [stdout]     src/lib.rs - (line 74)
[INFO] [stdout] 
[INFO] [stdout] test result: FAILED. 1 passed; 4 failed; 0 ignored; 0 measured; 0 filtered out; finished in 0.31s
[INFO] [stdout] 
[INFO] [stderr] error: doctest failed, to rerun pass `--doc`
[INFO] running `Command { std: "docker" "inspect" "cd214bf27516cc24993482ea291cc131a60cc054b4a947bade02984865e16973", kill_on_drop: false }`
[INFO] running `Command { std: "docker" "rm" "-f" "cd214bf27516cc24993482ea291cc131a60cc054b4a947bade02984865e16973", kill_on_drop: false }`
[INFO] [stdout] cd214bf27516cc24993482ea291cc131a60cc054b4a947bade02984865e16973
