[INFO] fetching crate jeff-format 0.2.1...
[INFO] testing jeff-format-0.2.1 against 1.100.0-beta.1+cargoflags=--release for beta-release-1.100-2
[INFO] extracting crate jeff-format 0.2.1 into /workspace/builds/worker-4-tc2/source
[INFO] started tweaking crates.io crate jeff-format 0.2.1
[INFO] finished tweaking crates.io crate jeff-format 0.2.1
[INFO] tweaked toml for crates.io crate jeff-format 0.2.1 written to /workspace/builds/worker-4-tc2/source/Cargo.toml
[INFO] validating manifest of crates.io crate jeff-format 0.2.1 on toolchain 1.100.0-beta.1
[INFO] running `Command { std: CARGO_HOME="/workspace/cargo-home" RUSTUP_HOME="/workspace/rustup-home" "/workspace/cargo-home/bin/cargo" "+1.100.0-beta.1" "metadata" "--manifest-path" "Cargo.toml" "--no-deps", kill_on_drop: false }`
[INFO] crate crates.io crate jeff-format 0.2.1 already has a lockfile, it will not be regenerated
[INFO] running `Command { std: CARGO_HOME="/workspace/cargo-home" RUSTUP_HOME="/workspace/rustup-home" "/workspace/cargo-home/bin/cargo" "+1.100.0-beta.1" "fetch" "--manifest-path" "Cargo.toml", kill_on_drop: false }`
[INFO] [stderr] warning: `package.homepage` is redundant with `package.repository`
[INFO] [stderr]   --> Cargo.toml:53:12
[INFO] [stderr]    |
[INFO] [stderr] 53 | homepage = "https://github.com/unitaryfoundation/jeff"
[INFO] [stderr]    |            ^^^^^^^^^^^^^^^^^^^^^^^^^^^^^^^^^^^^^^^^^^^
[INFO] [stderr] ...
[INFO] [stderr] 58 | repository = "https://github.com/unitaryfoundation/jeff"
[INFO] [stderr]    |              -------------------------------------------
[INFO] [stderr]    |
[INFO] [stderr]    = note: `cargo::redundant_homepage` is set to `warn` by default
[INFO] [stderr] help: consider removing `package.homepage`
[INFO] [stderr] warning: `jeff-format` (manifest) generated 1 warning
[INFO] running `Command { std: "docker" "create" "-v" "/var/lib/crater-agent-workspace/builds/worker-4-tc2/source:/opt/rustwide/workdir:ro,Z" "-v" "/var/lib/crater-agent-workspace/builds/worker-4-tc2/target:/opt/rustwide/target:rw,Z" "-v" "/var/lib/crater-agent-workspace/cargo-home:/opt/rustwide/cargo-home:ro,Z" "-v" "/var/lib/crater-agent-workspace/rustup-home:/opt/rustwide/rustup-home:ro,Z" "-m" "1610612736" "--network" "none" "ghcr.io/rust-lang/crates-build-env/linux@sha256:77db811e55d90add9212f6832c23229e3de5f1c1f9905e8cb07319ea15df73ac" "sleep" "infinity", kill_on_drop: false }`
[INFO] [stdout] 35c2c06d5bbdc33c42ee076687fdfe6a2505fa5bef7663d066624504c29f23b7
[INFO] running `Command { std: "docker" "start" "35c2c06d5bbdc33c42ee076687fdfe6a2505fa5bef7663d066624504c29f23b7", kill_on_drop: false }`
[INFO] running `Command { std: "docker" "inspect" "35c2c06d5bbdc33c42ee076687fdfe6a2505fa5bef7663d066624504c29f23b7", kill_on_drop: false }`
[INFO] running `Command { std: "docker" "exec" "-e" "SOURCE_DIR=/opt/rustwide/workdir" "-e" "CARGO_HOME=/opt/rustwide/cargo-home" "-e" "RUSTUP_HOME=/opt/rustwide/rustup-home" "-e" "CARGO_TARGET_DIR=/opt/rustwide/target" "-w" "/opt/rustwide/workdir" "--user" "0:0" "35c2c06d5bbdc33c42ee076687fdfe6a2505fa5bef7663d066624504c29f23b7" "/opt/rustwide/cargo-home/bin/cargo" "+1.100.0-beta.1" "metadata" "--no-deps" "--format-version=1", kill_on_drop: false }`
[INFO] running `Command { std: "docker" "inspect" "35c2c06d5bbdc33c42ee076687fdfe6a2505fa5bef7663d066624504c29f23b7", kill_on_drop: false }`
[INFO] running `Command { std: "docker" "exec" "-e" "SOURCE_DIR=/opt/rustwide/workdir" "-e" "CARGO_HOME=/opt/rustwide/cargo-home" "-e" "RUSTUP_HOME=/opt/rustwide/rustup-home" "-e" "CARGO_TARGET_DIR=/opt/rustwide/target" "-e" "CARGO_INCREMENTAL=0" "-e" "RUST_BACKTRACE=full" "-e" "RUSTFLAGS=--cap-lints=warn" "-e" "RUSTDOCFLAGS=--cap-lints=warn" "-w" "/opt/rustwide/workdir" "--user" "0:0" "35c2c06d5bbdc33c42ee076687fdfe6a2505fa5bef7663d066624504c29f23b7" "/opt/rustwide/cargo-home/bin/cargo" "+1.100.0-beta.1" "build" "--frozen" "--message-format=json" "--release", kill_on_drop: false }`
[INFO] [stderr] warning: `package.homepage` is redundant with `package.repository`
[INFO] [stderr]   --> Cargo.toml:53:12
[INFO] [stderr]    |
[INFO] [stderr] 53 | homepage = "https://github.com/unitaryfoundation/jeff"
[INFO] [stderr]    |            ^^^^^^^^^^^^^^^^^^^^^^^^^^^^^^^^^^^^^^^^^^^
[INFO] [stderr] ...
[INFO] [stderr] 58 | repository = "https://github.com/unitaryfoundation/jeff"
[INFO] [stderr]    |              -------------------------------------------
[INFO] [stderr]    |
[INFO] [stderr]    = note: `cargo::redundant_homepage` is set to `warn` by default
[INFO] [stderr] help: consider removing `package.homepage`
[INFO] [stderr] warning: `jeff-format` (manifest) generated 1 warning
[INFO] [stderr]    Compiling proc-macro2 v1.0.106
[INFO] [stderr]    Compiling quote v1.0.44
[INFO] [stderr]    Compiling unicode-ident v1.0.23
[INFO] [stderr]    Compiling unicode-segmentation v1.12.0
[INFO] [stderr]    Compiling unicode-xid v0.2.6
[INFO] [stderr]    Compiling either v1.15.0
[INFO] [stderr]    Compiling capnp v0.27.0
[INFO] [stderr]    Compiling semver v1.0.27
[INFO] [stderr]    Compiling itertools v0.14.0
[INFO] [stderr]    Compiling convert_case v0.10.0
[INFO] [stderr]    Compiling syn v2.0.114
[INFO] [stderr]    Compiling derive_more-impl v2.1.1
[INFO] [stderr]    Compiling derive_more v2.1.1
[INFO] [stderr]    Compiling jeff-format v0.2.1 (/opt/rustwide/workdir)
[INFO] [stderr]     Finished `release` profile [optimized] target(s) in 16.10s
[INFO] running `Command { std: "docker" "inspect" "35c2c06d5bbdc33c42ee076687fdfe6a2505fa5bef7663d066624504c29f23b7", kill_on_drop: false }`
[INFO] running `Command { std: "docker" "exec" "-e" "SOURCE_DIR=/opt/rustwide/workdir" "-e" "CARGO_HOME=/opt/rustwide/cargo-home" "-e" "RUSTUP_HOME=/opt/rustwide/rustup-home" "-e" "CARGO_TARGET_DIR=/opt/rustwide/target" "-e" "CARGO_INCREMENTAL=0" "-e" "RUST_BACKTRACE=full" "-e" "RUSTFLAGS=--cap-lints=warn" "-e" "RUSTDOCFLAGS=--cap-lints=warn" "-w" "/opt/rustwide/workdir" "--user" "0:0" "35c2c06d5bbdc33c42ee076687fdfe6a2505fa5bef7663d066624504c29f23b7" "/opt/rustwide/cargo-home/bin/cargo" "+1.100.0-beta.1" "test" "--frozen" "--no-run" "--message-format=json" "--release", kill_on_drop: false }`
[INFO] [stderr] warning: `package.homepage` is redundant with `package.repository`
[INFO] [stderr]   --> Cargo.toml:53:12
[INFO] [stderr]    |
[INFO] [stderr] 53 | homepage = "https://github.com/unitaryfoundation/jeff"
[INFO] [stderr]    |            ^^^^^^^^^^^^^^^^^^^^^^^^^^^^^^^^^^^^^^^^^^^
[INFO] [stderr] ...
[INFO] [stderr] 58 | repository = "https://github.com/unitaryfoundation/jeff"
[INFO] [stderr]    |              -------------------------------------------
[INFO] [stderr]    |
[INFO] [stderr]    = note: `cargo::redundant_homepage` is set to `warn` by default
[INFO] [stderr] help: consider removing `package.homepage`
[INFO] [stderr] warning: `jeff-format` (manifest) generated 1 warning
[INFO] [stderr]    Compiling serde_core v1.0.228
[INFO] [stderr]    Compiling zmij v1.0.20
[INFO] [stderr]    Compiling serde v1.0.228
[INFO] [stderr]    Compiling memchr v2.8.0
[INFO] [stderr]    Compiling serde_json v1.0.149
[INFO] [stderr]    Compiling crossbeam-utils v0.8.21
[INFO] [stderr]    Compiling syn v2.0.114
[INFO] [stderr]    Compiling zerocopy v0.8.39
[INFO] [stderr]    Compiling autocfg v1.5.0
[INFO] [stderr]    Compiling hashbrown v0.16.1
[INFO] [stderr]    Compiling equivalent v1.0.2
[INFO] [stderr]    Compiling winnow v0.7.14
[INFO] [stderr]    Compiling semver v1.0.27
[INFO] [stderr]    Compiling num-traits v0.2.19
[INFO] [stderr]    Compiling rustc_version v0.4.1
[INFO] [stderr]    Compiling aho-corasick v1.1.4
[INFO] [stderr]    Compiling crossbeam-epoch v0.9.18
[INFO] [stderr]    Compiling indexmap v2.13.0
[INFO] [stderr]    Compiling cfg-if v1.0.4
[INFO] [stderr]    Compiling libc v0.2.181
[INFO] [stderr]    Compiling regex-syntax v0.8.9
[INFO] [stderr]    Compiling rayon-core v1.13.0
[INFO] [stderr]    Compiling toml_datetime v0.7.5+spec-1.1.0
[INFO] [stderr]    Compiling crossbeam-deque v0.8.6
[INFO] [stderr]    Compiling rstest_macros v0.24.0
[INFO] [stderr]    Compiling proc-macro-error-attr2 v2.0.0
[INFO] [stderr]    Compiling toml_parser v1.0.6+spec-1.1.0
[INFO] [stderr]    Compiling anstyle v1.0.13
[INFO] [stderr]    Compiling clap_lex v0.7.7
[INFO] [stderr]    Compiling itoa v1.0.17
[INFO] [stderr]    Compiling iai-callgrind-runner v0.14.2
[INFO] [stderr]    Compiling toml_edit v0.23.10+spec-1.0.0
[INFO] [stderr]    Compiling ciborium-io v0.2.2
[INFO] [stderr]    Compiling plotters-backend v0.3.7
[INFO] [stderr]    Compiling regex-automata v0.4.14
[INFO] [stderr]    Compiling proc-macro-crate v3.4.0
[INFO] [stderr]    Compiling proc-macro-error2 v2.0.1
[INFO] [stderr]    Compiling plotters-svg v0.3.7
[INFO] [stderr]    Compiling clap_builder v4.5.57
[INFO] [stderr]    Compiling serde_derive v1.0.228
[INFO] [stderr]    Compiling zerocopy-derive v0.8.39
[INFO] [stderr]    Compiling derive_more-impl v2.1.1
[INFO] [stderr]    Compiling regex v1.12.3
[INFO] [stderr]    Compiling futures-macro v0.3.31
[INFO] [stderr]    Compiling itertools v0.10.5
[INFO] [stderr]    Compiling glob v0.3.3
[INFO] [stderr]    Compiling iai-callgrind v0.14.2
[INFO] [stderr]    Compiling futures-core v0.3.31
[INFO] [stderr]    Compiling slab v0.4.12
[INFO] [stderr]    Compiling futures-task v0.3.31
[INFO] [stderr]    Compiling relative-path v1.9.3
[INFO] [stderr]    Compiling cast v0.3.0
[INFO] [stderr]    Compiling pin-project-lite v0.2.16
[INFO] [stderr]    Compiling pin-utils v0.1.0
[INFO] [stderr]    Compiling same-file v1.0.6
[INFO] [stderr]    Compiling criterion-plot v0.5.0
[INFO] [stderr]    Compiling walkdir v2.5.0
[INFO] [stderr]    Compiling derive_more v2.1.1
[INFO] [stderr]    Compiling bincode v1.3.3
[INFO] [stderr]    Compiling tinytemplate v1.2.1
[INFO] [stderr]    Compiling futures-util v0.3.31
[INFO] [stderr]    Compiling iai-callgrind-macros v0.5.1
[INFO] [stderr]    Compiling clap v4.5.57
[INFO] [stderr]    Compiling is-terminal v0.4.17
[INFO] [stderr]    Compiling plotters v0.3.7
[INFO] [stderr]    Compiling rayon v1.11.0
[INFO] [stderr]    Compiling once_cell v1.21.3
[INFO] [stderr]    Compiling oorandom v11.1.5
[INFO] [stderr]    Compiling futures-timer v3.0.3
[INFO] [stderr]    Compiling half v2.7.1
[INFO] [stderr]    Compiling anes v0.1.6
[INFO] [stderr]    Compiling jeff-format v0.2.1 (/opt/rustwide/workdir)
[INFO] [stderr]    Compiling ciborium-ll v0.2.2
[INFO] [stderr]    Compiling ciborium v0.2.2
[INFO] [stderr]    Compiling rstest v0.24.0
[INFO] [stderr]    Compiling criterion v0.5.1
[INFO] [stderr]     Finished `release` profile [optimized] target(s) in 2m 07s
[INFO] [stderr] warning: the following packages contain code that will be rejected by a future version of Rust: proc-macro-error2 v2.0.1
[INFO] [stderr] note: to see what the problems were, use the option `--future-incompat-report`, or run `cargo report future-incompatibilities --id 1`
[INFO] running `Command { std: "docker" "inspect" "35c2c06d5bbdc33c42ee076687fdfe6a2505fa5bef7663d066624504c29f23b7", kill_on_drop: false }`
[INFO] running `Command { std: "docker" "exec" "-e" "SOURCE_DIR=/opt/rustwide/workdir" "-e" "CARGO_HOME=/opt/rustwide/cargo-home" "-e" "RUSTUP_HOME=/opt/rustwide/rustup-home" "-e" "CARGO_TARGET_DIR=/opt/rustwide/target" "-e" "CARGO_INCREMENTAL=0" "-e" "RUST_BACKTRACE=full" "-e" "RUSTFLAGS=--cap-lints=warn" "-e" "RUSTDOCFLAGS=--cap-lints=warn" "-w" "/opt/rustwide/workdir" "--user" "0:0" "35c2c06d5bbdc33c42ee076687fdfe6a2505fa5bef7663d066624504c29f23b7" "/opt/rustwide/cargo-home/bin/cargo" "+1.100.0-beta.1" "test" "--frozen" "--release", kill_on_drop: false }`
[INFO] [stderr] warning: `package.homepage` is redundant with `package.repository`
[INFO] [stderr]   --> Cargo.toml:53:12
[INFO] [stderr]    |
[INFO] [stderr] 53 | homepage = "https://github.com/unitaryfoundation/jeff"
[INFO] [stderr]    |            ^^^^^^^^^^^^^^^^^^^^^^^^^^^^^^^^^^^^^^^^^^^
[INFO] [stderr] ...
[INFO] [stderr] 58 | repository = "https://github.com/unitaryfoundation/jeff"
[INFO] [stderr]    |              -------------------------------------------
[INFO] [stderr]    |
[INFO] [stderr]    = note: `cargo::redundant_homepage` is set to `warn` by default
[INFO] [stderr] help: consider removing `package.homepage`
[INFO] [stderr] warning: `jeff-format` (manifest) generated 1 warning
[INFO] [stderr]     Finished `release` profile [optimized] target(s) in 0.16s
[INFO] [stderr] warning: the following packages contain code that will be rejected by a future version of Rust: proc-macro-error2 v2.0.1
[INFO] [stderr] note: to see what the problems were, use the option `--future-incompat-report`, or run `cargo report future-incompatibilities --id 1`
[INFO] [stderr]      Running unittests src/lib.rs (/opt/rustwide/target/release/build/jeff-format/3c35aec63a70e83e/out/jeff-3c35aec63a70e83e)
[INFO] [stdout] 
[INFO] [stdout] running 6 tests
[INFO] [stderr] error: test failed, to rerun pass `--lib`
[INFO] [stdout] test reader::optype::qubit::tests::test_num_qubits::case_1_id ... ok
[INFO] [stdout] test reader::optype::qubit::tests::test_num_qubits::case_2_custom ... ok
[INFO] [stdout] test reader::optype::qubit::tests::test_num_qubits::case_3_control ... ok
[INFO] [stdout] test reader::optype::qubit::tests::test_num_qubits::case_5_adjoint ... ok
[INFO] [stdout] test reader::optype::qubit::tests::test_num_qubits::case_4_power ... ok
[INFO] [stdout] test jeff::test::simple_jeff ... FAILED
[INFO] [stdout] 
[INFO] [stdout] failures:
[INFO] [stdout] 
[INFO] [stdout] ---- jeff::test::simple_jeff stdout ----
[INFO] [stdout] 
[INFO] [stdout] thread 'jeff::test::simple_jeff' (1816) panicked at src/test/mod.rs:37:43:
[INFO] [stdout] called `Result::unwrap()` on an `Err` value: Os { code: 2, kind: NotFound, message: "No such file or directory" }
[INFO] [stdout] stack backtrace:
[INFO] [stdout]    0:     0x55cc08f02881 - <<std[617be2ca0a6fd877]::sys::backtrace::BacktraceLock>::print::DisplayBacktrace as core[a373ad73a504971]::fmt::Display>::fmt
[INFO] [stdout]    1:     0x55cc08f16a2a - core[a373ad73a504971]::fmt::write
[INFO] [stdout]    2:     0x55cc08f06a9c - <alloc[2e1b2a31b91974c5]::vec::Vec<u8> as core[a373ad73a504971]::io::write::Write>::write_fmt
[INFO] [stdout]    3:     0x55cc08edeb56 - std[617be2ca0a6fd877]::panicking::default_hook::{closure#0}
[INFO] [stdout]    4:     0x55cc08efaf19 - std[617be2ca0a6fd877]::panicking::default_hook
[INFO] [stdout]    5:     0x55cc08e96150 - test[aada8e7e76ba119b]::test_main_inner::{closure#0}
[INFO] [stdout]    6:     0x55cc08efb0d2 - std[617be2ca0a6fd877]::panicking::panic_with_hook
[INFO] [stdout]    7:     0x55cc08edec02 - std[617be2ca0a6fd877]::panicking::panic_handler::{closure#0}
[INFO] [stdout]    8:     0x55cc08ed7919 - std[617be2ca0a6fd877]::sys::backtrace::__rust_end_short_backtrace::<std[617be2ca0a6fd877]::panicking::panic_handler::{closure#0}, !>
[INFO] [stdout]    9:     0x55cc08edf80d - __rustc[ea4f61d10b84890b]::rust_begin_unwind
[INFO] [stdout]   10:     0x55cc08f1715c - core[a373ad73a504971]::panicking::panic_fmt
[INFO] [stdout]   11:     0x55cc08f16f32 - core[a373ad73a504971]::result::unwrap_failed
[INFO] [stdout]   12:     0x55cc08e87093 - <jeff[cf1ed4cec2ba5225]::test::entangled_qs>::default
[INFO] [stdout]   13:     0x55cc08e86358 - <jeff[cf1ed4cec2ba5225]::jeff::test::simple_jeff::{closure#0} as core[a373ad73a504971]::ops::function::FnOnce<()>>::call_once
[INFO] [stdout]   14:     0x55cc08e8959b - test[aada8e7e76ba119b]::__rust_begin_short_backtrace::<core[a373ad73a504971]::result::Result<(), alloc[2e1b2a31b91974c5]::string::String>, fn() -> core[a373ad73a504971]::result::Result<(), alloc[2e1b2a31b91974c5]::string::String>>
[INFO] [stdout]   15:     0x55cc08e96775 - test[aada8e7e76ba119b]::run_test::{closure#0}
[INFO] [stdout]   16:     0x55cc08e90064 - std[617be2ca0a6fd877]::sys::backtrace::__rust_begin_short_backtrace::<test[aada8e7e76ba119b]::run_test::{closure#1}, ()>
[INFO] [stdout]   17:     0x55cc08e99802 - <std[617be2ca0a6fd877]::thread::lifecycle::spawn_unchecked<test[aada8e7e76ba119b]::run_test::{closure#1}, ()>::{closure#1} as core[a373ad73a504971]::ops::function::FnOnce<()>>::call_once::{shim:vtable#0}
[INFO] [stdout]   18:     0x55cc08f020df - <std[617be2ca0a6fd877]::sys::thread::unix::Thread>::new::thread_start
[INFO] [stdout]   19:     0x7e9c53bf4dfa - <unknown>
[INFO] [stdout]   20:     0x7e9c53c883d4 - clone
[INFO] [stdout]   21:                0x0 - <unknown>
[INFO] [stdout] 
[INFO] [stdout] 
[INFO] [stdout] failures:
[INFO] [stdout]     jeff::test::simple_jeff
[INFO] [stdout] 
[INFO] [stdout] test result: FAILED. 5 passed; 1 failed; 0 ignored; 0 measured; 0 filtered out; finished in 0.02s
[INFO] [stdout] 
[INFO] running `Command { std: "docker" "inspect" "35c2c06d5bbdc33c42ee076687fdfe6a2505fa5bef7663d066624504c29f23b7", kill_on_drop: false }`
[INFO] running `Command { std: "docker" "rm" "-f" "35c2c06d5bbdc33c42ee076687fdfe6a2505fa5bef7663d066624504c29f23b7", kill_on_drop: false }`
[INFO] [stdout] 35c2c06d5bbdc33c42ee076687fdfe6a2505fa5bef7663d066624504c29f23b7
