[INFO] fetching crate jdbc 0.1.0...
[INFO] testing jdbc-0.1.0 against 1.99.0-beta.8+cargoflags=--release for beta-release-1.100-2
[INFO] extracting crate jdbc 0.1.0 into /workspace/builds/worker-1-tc1/source
[INFO] started tweaking crates.io crate jdbc 0.1.0
[INFO] finished tweaking crates.io crate jdbc 0.1.0
[INFO] tweaked toml for crates.io crate jdbc 0.1.0 written to /workspace/builds/worker-1-tc1/source/Cargo.toml
[INFO] validating manifest of crates.io crate jdbc 0.1.0 on toolchain 1.99.0-beta.8
[INFO] running `Command { std: CARGO_HOME="/workspace/cargo-home" RUSTUP_HOME="/workspace/rustup-home" "/workspace/cargo-home/bin/cargo" "+1.99.0-beta.8" "metadata" "--manifest-path" "Cargo.toml" "--no-deps", kill_on_drop: false }`
[INFO] running `Command { std: CARGO_HOME="/workspace/cargo-home" RUSTUP_HOME="/workspace/rustup-home" "/workspace/cargo-home/bin/cargo" "+1.99.0-beta.8" "generate-lockfile" "--manifest-path" "Cargo.toml", kill_on_drop: false }`
[INFO] [stderr]     Updating crates.io index
[INFO] [stderr]      Locking 67 packages to highest compatible versions
[INFO] [stderr]       Adding jni v0.21.1 (available: v0.22.4)
[INFO] running `Command { std: CARGO_HOME="/workspace/cargo-home" RUSTUP_HOME="/workspace/rustup-home" "/workspace/cargo-home/bin/cargo" "+1.99.0-beta.8" "fetch" "--manifest-path" "Cargo.toml", kill_on_drop: false }`
[INFO] [stderr]  Downloading crates ...
[INFO] [stderr]   Downloaded java-locator v0.1.9
[INFO] running `Command { std: "docker" "create" "-v" "/var/lib/crater-agent-workspace/builds/worker-1-tc1/source:/opt/rustwide/workdir:ro,Z" "-v" "/var/lib/crater-agent-workspace/builds/worker-1-tc1/target:/opt/rustwide/target:rw,Z" "-v" "/var/lib/crater-agent-workspace/cargo-home:/opt/rustwide/cargo-home:ro,Z" "-v" "/var/lib/crater-agent-workspace/rustup-home:/opt/rustwide/rustup-home:ro,Z" "-m" "1610612736" "--network" "none" "ghcr.io/rust-lang/crates-build-env/linux@sha256:77db811e55d90add9212f6832c23229e3de5f1c1f9905e8cb07319ea15df73ac" "sleep" "infinity", kill_on_drop: false }`
[INFO] [stdout] c8114ceb282c830ce7995ef802d205f31fae8090d66ddd0cfb97f0c351661824
[INFO] running `Command { std: "docker" "start" "c8114ceb282c830ce7995ef802d205f31fae8090d66ddd0cfb97f0c351661824", kill_on_drop: false }`
[INFO] running `Command { std: "docker" "inspect" "c8114ceb282c830ce7995ef802d205f31fae8090d66ddd0cfb97f0c351661824", kill_on_drop: false }`
[INFO] running `Command { std: "docker" "exec" "-e" "SOURCE_DIR=/opt/rustwide/workdir" "-e" "CARGO_HOME=/opt/rustwide/cargo-home" "-e" "RUSTUP_HOME=/opt/rustwide/rustup-home" "-e" "CARGO_TARGET_DIR=/opt/rustwide/target" "-w" "/opt/rustwide/workdir" "--user" "0:0" "c8114ceb282c830ce7995ef802d205f31fae8090d66ddd0cfb97f0c351661824" "/opt/rustwide/cargo-home/bin/cargo" "+1.99.0-beta.8" "metadata" "--no-deps" "--format-version=1", kill_on_drop: false }`
[INFO] running `Command { std: "docker" "inspect" "c8114ceb282c830ce7995ef802d205f31fae8090d66ddd0cfb97f0c351661824", kill_on_drop: false }`
[INFO] running `Command { std: "docker" "exec" "-e" "SOURCE_DIR=/opt/rustwide/workdir" "-e" "CARGO_HOME=/opt/rustwide/cargo-home" "-e" "RUSTUP_HOME=/opt/rustwide/rustup-home" "-e" "CARGO_TARGET_DIR=/opt/rustwide/target" "-e" "CARGO_INCREMENTAL=0" "-e" "RUST_BACKTRACE=full" "-e" "RUSTFLAGS=--cap-lints=warn" "-e" "RUSTDOCFLAGS=--cap-lints=warn" "-w" "/opt/rustwide/workdir" "--user" "0:0" "c8114ceb282c830ce7995ef802d205f31fae8090d66ddd0cfb97f0c351661824" "/opt/rustwide/cargo-home/bin/cargo" "+1.99.0-beta.8" "build" "--frozen" "--message-format=json" "--release", kill_on_drop: false }`
[INFO] [stderr]    Compiling jni-sys-macros v0.4.1
[INFO] [stderr]    Compiling jni-sys v0.3.1
[INFO] [stderr]    Compiling jdbc v0.1.0 (/opt/rustwide/workdir)
[INFO] [stderr]    Compiling cesu8 v1.1.0
[INFO] [stderr]    Compiling java-locator v0.1.9
[INFO] [stderr]    Compiling combine v4.6.9
[INFO] [stderr] warning: jdbc@0.1.0: Download dependencies failed.
[INFO] [stderr] warning: jdbc@0.1.0: No such file or directory (os error 2)
[INFO] [stderr]    Compiling jni-sys v0.4.1
[INFO] [stderr]    Compiling jni v0.21.1
[INFO] [stdout] warning: hiding a lifetime that's elided elsewhere is confusing
[INFO] [stdout]   --> src/lib.rs:27:27
[INFO] [stdout]    |
[INFO] [stdout] 27 |     pub fn get_connection(&self) -> Result<sql::Connection, Error> {
[INFO] [stdout]    |                           ^^^^^            ^^^^^^^^^^^^^^^ the same lifetime is hidden here
[INFO] [stdout]    |                           |
[INFO] [stdout]    |                           the lifetime is elided here
[INFO] [stdout]    |
[INFO] [stdout]    = help: the same lifetime is referred to in inconsistent ways, making the signature confusing
[INFO] [stdout]    = note: `#[warn(mismatched_lifetime_syntaxes)]` on by default
[INFO] [stdout] help: use `'_` for type paths
[INFO] [stdout]    |
[INFO] [stdout] 27 |     pub fn get_connection(&self) -> Result<sql::Connection<'_>, Error> {
[INFO] [stdout]    |                                                           ++++
[INFO] [stdout] 
[INFO] [stdout] 
[INFO] [stdout] warning: hiding a lifetime that's elided elsewhere is confusing
[INFO] [stdout]   --> src/wrapper/sql/connection.rs:62:23
[INFO] [stdout]    |
[INFO] [stdout] 62 |     pub unsafe fn env(&self) -> JNIEnv {
[INFO] [stdout]    |                       ^^^^^     ^^^^^^ the same lifetime is hidden here
[INFO] [stdout]    |                       |
[INFO] [stdout]    |                       the lifetime is elided here
[INFO] [stdout]    |
[INFO] [stdout]    = help: the same lifetime is referred to in inconsistent ways, making the signature confusing
[INFO] [stdout] help: use `'_` for type paths
[INFO] [stdout]    |
[INFO] [stdout] 62 |     pub unsafe fn env(&self) -> JNIEnv<'_> {
[INFO] [stdout]    |                                       ++++
[INFO] [stdout] 
[INFO] [stdout] 
[INFO] [stdout] warning: hiding a lifetime that's elided elsewhere is confusing
[INFO] [stdout]   --> src/wrapper/sql/statement.rs:64:26
[INFO] [stdout]    |
[INFO] [stdout] 64 |     pub fn execute_query(&self) -> Result<ResultSet, Error> {
[INFO] [stdout]    |                          ^^^^^            ^^^^^^^^^ the same lifetime is hidden here
[INFO] [stdout]    |                          |
[INFO] [stdout]    |                          the lifetime is elided here
[INFO] [stdout]    |
[INFO] [stdout]    = help: the same lifetime is referred to in inconsistent ways, making the signature confusing
[INFO] [stdout] help: use `'_` for type paths
[INFO] [stdout]    |
[INFO] [stdout] 64 |     pub fn execute_query(&self) -> Result<ResultSet<'_>, Error> {
[INFO] [stdout]    |                                                    ++++
[INFO] [stdout] 
[INFO] [stdout] 
[INFO] [stderr]     Finished `release` profile [optimized] target(s) in 12.45s
[INFO] running `Command { std: "docker" "inspect" "c8114ceb282c830ce7995ef802d205f31fae8090d66ddd0cfb97f0c351661824", kill_on_drop: false }`
[INFO] running `Command { std: "docker" "exec" "-e" "SOURCE_DIR=/opt/rustwide/workdir" "-e" "CARGO_HOME=/opt/rustwide/cargo-home" "-e" "RUSTUP_HOME=/opt/rustwide/rustup-home" "-e" "CARGO_TARGET_DIR=/opt/rustwide/target" "-e" "CARGO_INCREMENTAL=0" "-e" "RUST_BACKTRACE=full" "-e" "RUSTFLAGS=--cap-lints=warn" "-e" "RUSTDOCFLAGS=--cap-lints=warn" "-w" "/opt/rustwide/workdir" "--user" "0:0" "c8114ceb282c830ce7995ef802d205f31fae8090d66ddd0cfb97f0c351661824" "/opt/rustwide/cargo-home/bin/cargo" "+1.99.0-beta.8" "test" "--frozen" "--no-run" "--message-format=json" "--release", kill_on_drop: false }`
[INFO] [stderr] warning: jdbc@0.1.0: Download dependencies failed.
[INFO] [stderr] warning: jdbc@0.1.0: No such file or directory (os error 2)
[INFO] [stderr]    Compiling jdbc v0.1.0 (/opt/rustwide/workdir)
[INFO] [stdout] warning: hiding a lifetime that's elided elsewhere is confusing
[INFO] [stdout]   --> src/lib.rs:27:27
[INFO] [stdout]    |
[INFO] [stdout] 27 |     pub fn get_connection(&self) -> Result<sql::Connection, Error> {
[INFO] [stdout]    |                           ^^^^^            ^^^^^^^^^^^^^^^ the same lifetime is hidden here
[INFO] [stdout]    |                           |
[INFO] [stdout]    |                           the lifetime is elided here
[INFO] [stdout]    |
[INFO] [stdout]    = help: the same lifetime is referred to in inconsistent ways, making the signature confusing
[INFO] [stdout]    = note: `#[warn(mismatched_lifetime_syntaxes)]` on by default
[INFO] [stdout] help: use `'_` for type paths
[INFO] [stdout]    |
[INFO] [stdout] 27 |     pub fn get_connection(&self) -> Result<sql::Connection<'_>, Error> {
[INFO] [stdout]    |                                                           ++++
[INFO] [stdout] 
[INFO] [stdout] 
[INFO] [stdout] warning: hiding a lifetime that's elided elsewhere is confusing
[INFO] [stdout]   --> src/wrapper/sql/connection.rs:62:23
[INFO] [stdout]    |
[INFO] [stdout] 62 |     pub unsafe fn env(&self) -> JNIEnv {
[INFO] [stdout]    |                       ^^^^^     ^^^^^^ the same lifetime is hidden here
[INFO] [stdout]    |                       |
[INFO] [stdout]    |                       the lifetime is elided here
[INFO] [stdout]    |
[INFO] [stdout]    = help: the same lifetime is referred to in inconsistent ways, making the signature confusing
[INFO] [stdout] help: use `'_` for type paths
[INFO] [stdout]    |
[INFO] [stdout] 62 |     pub unsafe fn env(&self) -> JNIEnv<'_> {
[INFO] [stdout]    |                                       ++++
[INFO] [stdout] 
[INFO] [stdout] 
[INFO] [stdout] warning: hiding a lifetime that's elided elsewhere is confusing
[INFO] [stdout]   --> src/wrapper/sql/statement.rs:64:26
[INFO] [stdout]    |
[INFO] [stdout] 64 |     pub fn execute_query(&self) -> Result<ResultSet, Error> {
[INFO] [stdout]    |                          ^^^^^            ^^^^^^^^^ the same lifetime is hidden here
[INFO] [stdout]    |                          |
[INFO] [stdout]    |                          the lifetime is elided here
[INFO] [stdout]    |
[INFO] [stdout]    = help: the same lifetime is referred to in inconsistent ways, making the signature confusing
[INFO] [stdout] help: use `'_` for type paths
[INFO] [stdout]    |
[INFO] [stdout] 64 |     pub fn execute_query(&self) -> Result<ResultSet<'_>, Error> {
[INFO] [stdout]    |                                                    ++++
[INFO] [stdout] 
[INFO] [stdout] 
[INFO] [stdout] warning: hiding a lifetime that's elided elsewhere is confusing
[INFO] [stdout]   --> src/lib.rs:27:27
[INFO] [stdout]    |
[INFO] [stdout] 27 |     pub fn get_connection(&self) -> Result<sql::Connection, Error> {
[INFO] [stdout]    |                           ^^^^^            ^^^^^^^^^^^^^^^ the same lifetime is hidden here
[INFO] [stdout]    |                           |
[INFO] [stdout]    |                           the lifetime is elided here
[INFO] [stdout]    |
[INFO] [stdout]    = help: the same lifetime is referred to in inconsistent ways, making the signature confusing
[INFO] [stdout]    = note: `#[warn(mismatched_lifetime_syntaxes)]` on by default
[INFO] [stdout] help: use `'_` for type paths
[INFO] [stdout]    |
[INFO] [stdout] 27 |     pub fn get_connection(&self) -> Result<sql::Connection<'_>, Error> {
[INFO] [stdout]    |                                                           ++++
[INFO] [stdout] 
[INFO] [stdout] 
[INFO] [stdout] warning: hiding a lifetime that's elided elsewhere is confusing
[INFO] [stdout]   --> src/wrapper/sql/connection.rs:62:23
[INFO] [stdout]    |
[INFO] [stdout] 62 |     pub unsafe fn env(&self) -> JNIEnv {
[INFO] [stdout]    |                       ^^^^^     ^^^^^^ the same lifetime is hidden here
[INFO] [stdout]    |                       |
[INFO] [stdout]    |                       the lifetime is elided here
[INFO] [stdout]    |
[INFO] [stdout]    = help: the same lifetime is referred to in inconsistent ways, making the signature confusing
[INFO] [stdout] help: use `'_` for type paths
[INFO] [stdout]    |
[INFO] [stdout] 62 |     pub unsafe fn env(&self) -> JNIEnv<'_> {
[INFO] [stdout]    |                                       ++++
[INFO] [stdout] 
[INFO] [stdout] 
[INFO] [stdout] warning: hiding a lifetime that's elided elsewhere is confusing
[INFO] [stdout]   --> src/wrapper/sql/statement.rs:64:26
[INFO] [stdout]    |
[INFO] [stdout] 64 |     pub fn execute_query(&self) -> Result<ResultSet, Error> {
[INFO] [stdout]    |                          ^^^^^            ^^^^^^^^^ the same lifetime is hidden here
[INFO] [stdout]    |                          |
[INFO] [stdout]    |                          the lifetime is elided here
[INFO] [stdout]    |
[INFO] [stdout]    = help: the same lifetime is referred to in inconsistent ways, making the signature confusing
[INFO] [stdout] help: use `'_` for type paths
[INFO] [stdout]    |
[INFO] [stdout] 64 |     pub fn execute_query(&self) -> Result<ResultSet<'_>, Error> {
[INFO] [stdout]    |                                                    ++++
[INFO] [stdout] 
[INFO] [stdout] 
[INFO] [stderr]     Finished `release` profile [optimized] target(s) in 1.33s
[INFO] running `Command { std: "docker" "inspect" "c8114ceb282c830ce7995ef802d205f31fae8090d66ddd0cfb97f0c351661824", kill_on_drop: false }`
[INFO] running `Command { std: "docker" "exec" "-e" "SOURCE_DIR=/opt/rustwide/workdir" "-e" "CARGO_HOME=/opt/rustwide/cargo-home" "-e" "RUSTUP_HOME=/opt/rustwide/rustup-home" "-e" "CARGO_TARGET_DIR=/opt/rustwide/target" "-e" "CARGO_INCREMENTAL=0" "-e" "RUST_BACKTRACE=full" "-e" "RUSTFLAGS=--cap-lints=warn" "-e" "RUSTDOCFLAGS=--cap-lints=warn" "-w" "/opt/rustwide/workdir" "--user" "0:0" "c8114ceb282c830ce7995ef802d205f31fae8090d66ddd0cfb97f0c351661824" "/opt/rustwide/cargo-home/bin/cargo" "+1.99.0-beta.8" "test" "--frozen" "--release", kill_on_drop: false }`
[INFO] [stderr] warning: jdbc@0.1.0: Download dependencies failed.
[INFO] [stderr] warning: jdbc@0.1.0: No such file or directory (os error 2)
[INFO] [stderr] warning: hiding a lifetime that's elided elsewhere is confusing
[INFO] [stderr]   --> src/lib.rs:27:27
[INFO] [stderr]    |
[INFO] [stderr] 27 |     pub fn get_connection(&self) -> Result<sql::Connection, Error> {
[INFO] [stderr]    |                           ^^^^^            ^^^^^^^^^^^^^^^ the same lifetime is hidden here
[INFO] [stderr]    |                           |
[INFO] [stderr]    |                           the lifetime is elided here
[INFO] [stderr]    |
[INFO] [stderr]    = help: the same lifetime is referred to in inconsistent ways, making the signature confusing
[INFO] [stderr]    = note: `#[warn(mismatched_lifetime_syntaxes)]` on by default
[INFO] [stderr] help: use `'_` for type paths
[INFO] [stderr]    |
[INFO] [stderr] 27 |     pub fn get_connection(&self) -> Result<sql::Connection<'_>, Error> {
[INFO] [stderr]    |                                                           ++++
[INFO] [stderr] 
[INFO] [stderr] warning: hiding a lifetime that's elided elsewhere is confusing
[INFO] [stderr]   --> src/wrapper/sql/connection.rs:62:23
[INFO] [stderr]    |
[INFO] [stderr] 62 |     pub unsafe fn env(&self) -> JNIEnv {
[INFO] [stderr]    |                       ^^^^^     ^^^^^^ the same lifetime is hidden here
[INFO] [stderr]    |                       |
[INFO] [stderr]    |                       the lifetime is elided here
[INFO] [stderr]    |
[INFO] [stderr]    = help: the same lifetime is referred to in inconsistent ways, making the signature confusing
[INFO] [stderr] help: use `'_` for type paths
[INFO] [stderr]    |
[INFO] [stderr] 62 |     pub unsafe fn env(&self) -> JNIEnv<'_> {
[INFO] [stderr]    |                                       ++++
[INFO] [stderr] 
[INFO] [stderr] warning: hiding a lifetime that's elided elsewhere is confusing
[INFO] [stderr]   --> src/wrapper/sql/statement.rs:64:26
[INFO] [stderr]    |
[INFO] [stderr] 64 |     pub fn execute_query(&self) -> Result<ResultSet, Error> {
[INFO] [stderr]    |                          ^^^^^            ^^^^^^^^^ the same lifetime is hidden here
[INFO] [stderr]    |                          |
[INFO] [stderr]    |                          the lifetime is elided here
[INFO] [stderr]    |
[INFO] [stderr]    = help: the same lifetime is referred to in inconsistent ways, making the signature confusing
[INFO] [stderr] help: use `'_` for type paths
[INFO] [stderr]    |
[INFO] [stderr] 64 |     pub fn execute_query(&self) -> Result<ResultSet<'_>, Error> {
[INFO] [stderr]    |                                                    ++++
[INFO] [stderr] 
[INFO] [stderr] warning: `jdbc` (lib) generated 3 warnings (run `cargo fix --lib -p jdbc` to apply 3 suggestions)
[INFO] [stderr] warning: `jdbc` (lib test) generated 3 warnings (3 duplicates)
[INFO] [stderr]     Finished `release` profile [optimized] target(s) in 0.09s
[INFO] [stderr]      Running unittests src/lib.rs (/opt/rustwide/target/release/deps/jdbc-9e0661cd418a689a)
[INFO] [stdout] 
[INFO] [stdout] running 0 tests
[INFO] [stdout] 
[INFO] [stdout] test result: ok. 0 passed; 0 failed; 0 ignored; 0 measured; 0 filtered out; finished in 0.00s
[INFO] [stdout] 
[INFO] [stderr]      Running tests/base_type.rs (/opt/rustwide/target/release/deps/base_type-8db7c095c8f9c815)
[INFO] [stdout] 
[INFO] [stdout] running 2 tests
[INFO] [stderr] Exception in thread "Thread-0" Exception in thread "Thread-1" java.lang.NoClassDefFoundError: com/zaxxer/hikari/HikariConfig
[INFO] [stderr] Caused by: java.lang.ClassNotFoundException: com.zaxxer.hikari.HikariConfig
[INFO] [stderr] 	at java.net.URLClassLoader.findClass(URLClassLoader.java:387)
[INFO] [stderr] 	at java.lang.ClassLoader.loadClass(ClassLoader.java:418)
[INFO] [stderr] 	at sun.misc.Launcher$AppClassLoader.loadClass(Launcher.java:352)
[INFO] [stderr] 	at java.lang.ClassLoader.loadClass(ClassLoader.java:351)
[INFO] [stderr] java.lang.NoClassDefFoundError: com/zaxxer/hikari/HikariConfig
[INFO] [stderr] Caused by: java.lang.ClassNotFoundException: com.zaxxer.hikari.HikariConfig
[INFO] [stderr] 	at java.net.URLClassLoader.findClass(URLClassLoader.java:387)
[INFO] [stderr] 	at java.lang.ClassLoader.loadClass(ClassLoader.java:418)
[INFO] [stderr] 	at sun.misc.Launcher$AppClassLoader.loadClass(Launcher.java:352)
[INFO] [stderr] 	at java.lang.ClassLoader.loadClass(ClassLoader.java:351)
[INFO] [stdout] test test ... FAILED
[INFO] [stdout] test test_null ... FAILED
[INFO] [stdout] 
[INFO] [stdout] failures:
[INFO] [stdout] 
[INFO] [stdout] ---- test stdout ----
[INFO] [stdout] 
[INFO] [stdout] thread 'test' (460) panicked at tests/util/mod.rs:13:10:
[INFO] [stdout] init datasource error.: JniError(JavaException)
[INFO] [stdout] stack backtrace:
[INFO] [stdout]    0:     0x5629f29d7e61 - <<std[70759c8f55707aa4]::sys::backtrace::BacktraceLock>::print::DisplayBacktrace as core[df12db4294e9bfd3]::fmt::Display>::fmt
[INFO] [stdout]    1:     0x5629f29ed4ea - core[df12db4294e9bfd3]::fmt::write
[INFO] [stdout]    2:     0x5629f29dc5cc - <alloc[2182bb758b4b3781]::vec::Vec<u8> as core[df12db4294e9bfd3]::io::write::Write>::write_fmt
[INFO] [stdout]    3:     0x5629f29b3756 - std[70759c8f55707aa4]::panicking::default_hook::{closure#0}
[INFO] [stdout]    4:     0x5629f29d00d9 - std[70759c8f55707aa4]::panicking::default_hook
[INFO] [stdout]    5:     0x5629f293c080 - test[9d35eded1c95d3be]::test_main_inner::<test[9d35eded1c95d3be]::test_main_static::{closure#0}>::{closure#0}
[INFO] [stdout]    6:     0x5629f29d0292 - std[70759c8f55707aa4]::panicking::panic_with_hook
[INFO] [stdout]    7:     0x5629f29b3802 - std[70759c8f55707aa4]::panicking::panic_handler::{closure#0}
[INFO] [stdout]    8:     0x5629f29ac4e9 - std[70759c8f55707aa4]::sys::backtrace::__rust_end_short_backtrace::<std[70759c8f55707aa4]::panicking::panic_handler::{closure#0}, !>
[INFO] [stdout]    9:     0x5629f29b43fd - __rustc[8fa7c3cbc660c2b3]::rust_begin_unwind
[INFO] [stdout]   10:     0x5629f29edc1c - core[df12db4294e9bfd3]::panicking::panic_fmt
[INFO] [stdout]   11:     0x5629f29ed9f2 - core[df12db4294e9bfd3]::result::unwrap_failed
[INFO] [stdout]   12:     0x5629f292b3b8 - base_type[a8de039d423dd775]::util::sqlite
[INFO] [stdout]   13:     0x5629f292c664 - <base_type[a8de039d423dd775]::test::{closure#0} as core[df12db4294e9bfd3]::ops::function::FnOnce<()>>::call_once
[INFO] [stdout]   14:     0x5629f292f36b - test[9d35eded1c95d3be]::__rust_begin_short_backtrace::<core[df12db4294e9bfd3]::result::Result<(), alloc[2182bb758b4b3781]::string::String>, fn() -> core[df12db4294e9bfd3]::result::Result<(), alloc[2182bb758b4b3781]::string::String>>
[INFO] [stdout]   15:     0x5629f293c9d5 - test[9d35eded1c95d3be]::run_test::{closure#0}
[INFO] [stdout]   16:     0x5629f2936294 - std[70759c8f55707aa4]::sys::backtrace::__rust_begin_short_backtrace::<test[9d35eded1c95d3be]::run_test::{closure#1}, ()>
[INFO] [stdout]   17:     0x5629f293fb32 - <std[70759c8f55707aa4]::thread::lifecycle::spawn_unchecked<test[9d35eded1c95d3be]::run_test::{closure#1}, ()>::{closure#1} as core[df12db4294e9bfd3]::ops::function::FnOnce<()>>::call_once::{shim:vtable#0}
[INFO] [stdout]   18:     0x5629f29d7739 - <std[70759c8f55707aa4]::sys::thread::unix::Thread>::new::thread_start
[INFO] [stdout]   19:     0x7ca1f8ce0dfa - <unknown>
[INFO] [stdout]   20:     0x7ca1f8d743d4 - clone
[INFO] [stdout]   21:                0x0 - <unknown>
[INFO] [stdout] 
[INFO] [stdout] ---- test_null stdout ----
[INFO] [stdout] 
[INFO] [stdout] thread 'test_null' (461) panicked at tests/util/mod.rs:13:10:
[INFO] [stdout] init datasource error.: JniError(JavaException)
[INFO] [stdout] stack backtrace:
[INFO] [stdout]    0:     0x5629f29d7e61 - <<std[70759c8f55707aa4]::sys::backtrace::BacktraceLock>::print::DisplayBacktrace as core[df12db4294e9bfd3]::fmt::Display>::fmt
[INFO] [stdout]    1:     0x5629f29ed4ea - core[df12db4294e9bfd3]::fmt::write
[INFO] [stdout]    2:     0x5629f29dc5cc - <alloc[2182bb758b4b3781]::vec::Vec<u8> as core[df12db4294e9bfd3]::io::write::Write>::write_fmt
[INFO] [stdout]    3:     0x5629f29b3756 - std[70759c8f55707aa4]::panicking::default_hook::{closure#0}
[INFO] [stdout]    4:     0x5629f29d00d9 - std[70759c8f55707aa4]::panicking::default_hook
[INFO] [stdout]    5:     0x5629f293c080 - test[9d35eded1c95d3be]::test_main_inner::<test[9d35eded1c95d3be]::test_main_static::{closure#0}>::{closure#0}
[INFO] [stdout]    6:     0x5629f29d0292 - std[70759c8f55707aa4]::panicking::panic_with_hook
[INFO] [stdout]    7:     0x5629f29b3802 - std[70759c8f55707aa4]::panicking::panic_handler::{closure#0}
[INFO] [stdout]    8:     0x5629f29ac4e9 - std[70759c8f55707aa4]::sys::backtrace::__rust_end_short_backtrace::<std[70759c8f55707aa4]::panicking::panic_handler::{closure#0}, !>
[INFO] [stdout]    9:     0x5629f29b43fd - __rustc[8fa7c3cbc660c2b3]::rust_begin_unwind
[INFO] [stdout]   10:     0x5629f29edc1c - core[df12db4294e9bfd3]::panicking::panic_fmt
[INFO] [stdout]   11:     0x5629f29ed9f2 - core[df12db4294e9bfd3]::result::unwrap_failed
[INFO] [stdout]   12:     0x5629f292b3b8 - base_type[a8de039d423dd775]::util::sqlite
[INFO] [stdout]   13:     0x5629f292e982 - <base_type[a8de039d423dd775]::test_null::{closure#0} as core[df12db4294e9bfd3]::ops::function::FnOnce<()>>::call_once
[INFO] [stdout]   14:     0x5629f292f36b - test[9d35eded1c95d3be]::__rust_begin_short_backtrace::<core[df12db4294e9bfd3]::result::Result<(), alloc[2182bb758b4b3781]::string::String>, fn() -> core[df12db4294e9bfd3]::result::Result<(), alloc[2182bb758b4b3781]::string::String>>
[INFO] [stdout]   15:     0x5629f293c9d5 - test[9d35eded1c95d3be]::run_test::{closure#0}
[INFO] [stdout]   16:     0x5629f2936294 - std[70759c8f55707aa4]::sys::backtrace::__rust_begin_short_backtrace::<test[9d35eded1c95d3be]::run_test::{closure#1}, ()>
[INFO] [stdout]   17:     0x5629f293fb32 - <std[70759c8f55707aa4]::thread::lifecycle::spawn_unchecked<test[9d35eded1c95d3be]::run_test::{closure#1}, ()>::{closure#1} as core[df12db4294e9bfd3]::ops::function::FnOnce<()>>::call_once::{shim:vtable#0}
[INFO] [stdout]   18:     0x5629f29d7739 - <std[70759c8f55707aa4]::sys::thread::unix::Thread>::new::thread_start
[INFO] [stdout]   19:     0x7ca1f8ce0dfa - <unknown>
[INFO] [stdout]   20:     0x7ca1f8d743d4 - clone
[INFO] [stdout]   21:                0x0 - <unknown>
[INFO] [stdout] 
[INFO] [stdout] 
[INFO] [stdout] failures:
[INFO] [stdout]     test
[INFO] [stdout]     test_null
[INFO] [stdout] 
[INFO] [stdout] test result: FAILED. 0 passed; 2 failed; 0 ignored; 0 measured; 0 filtered out; finished in 0.45s
[INFO] [stdout] 
[INFO] [stderr] error: test failed, to rerun pass `--test base_type`
[INFO] running `Command { std: "docker" "inspect" "c8114ceb282c830ce7995ef802d205f31fae8090d66ddd0cfb97f0c351661824", kill_on_drop: false }`
[INFO] running `Command { std: "docker" "rm" "-f" "c8114ceb282c830ce7995ef802d205f31fae8090d66ddd0cfb97f0c351661824", kill_on_drop: false }`
[INFO] [stdout] c8114ceb282c830ce7995ef802d205f31fae8090d66ddd0cfb97f0c351661824
