[INFO] fetching crate jdb_log 0.1.6...
[INFO] testing jdb_log-0.1.6 against 1.99.0-beta.8+cargoflags=--release for beta-release-1.100-2
[INFO] extracting crate jdb_log 0.1.6 into /workspace/builds/worker-3-tc1/source
[INFO] started tweaking crates.io crate jdb_log 0.1.6
[INFO] removed 0 missing tests
[INFO] finished tweaking crates.io crate jdb_log 0.1.6
[INFO] tweaked toml for crates.io crate jdb_log 0.1.6 written to /workspace/builds/worker-3-tc1/source/Cargo.toml
[INFO] validating manifest of crates.io crate jdb_log 0.1.6 on toolchain 1.99.0-beta.8
[INFO] running `Command { std: CARGO_HOME="/workspace/cargo-home" RUSTUP_HOME="/workspace/rustup-home" "/workspace/cargo-home/bin/cargo" "+1.99.0-beta.8" "metadata" "--manifest-path" "Cargo.toml" "--no-deps", kill_on_drop: false }`
[INFO] crate crates.io crate jdb_log 0.1.6 already has a lockfile, it will not be regenerated
[INFO] running `Command { std: CARGO_HOME="/workspace/cargo-home" RUSTUP_HOME="/workspace/rustup-home" "/workspace/cargo-home/bin/cargo" "+1.99.0-beta.8" "fetch" "--manifest-path" "Cargo.toml", kill_on_drop: false }`
[INFO] [stderr]     Updating crates.io index
[INFO] [stderr]  Downloading crates ...
[INFO] [stderr]   Downloaded static_init_macro v1.0.4
[INFO] [stderr]   Downloaded logforth-core v0.3.1
[INFO] [stderr]   Downloaded log_init v0.1.34
[INFO] [stderr]   Downloaded aok v0.1.18
[INFO] [stderr]   Downloaded itoa v1.0.16
[INFO] [stderr]   Downloaded coarsetime v0.1.36
[INFO] [stderr]   Downloaded compio-log v0.1.0
[INFO] [stderr]   Downloaded logforth-layout-json v0.3.0
[INFO] [stderr]   Downloaded logforth-bridge-log v0.3.0
[INFO] [stderr]   Downloaded logforth-layout-text v0.3.0
[INFO] [stderr]   Downloaded core_affinity v0.8.3
[INFO] [stderr]   Downloaded io_uring_buf_ring v0.2.3
[INFO] [stderr]   Downloaded logforth-append-file v0.3.0
[INFO] [stderr]   Downloaded compio-macros v0.1.2
[INFO] [stderr]   Downloaded compio-buf v0.7.2
[INFO] [stderr]   Downloaded jdb_proto v0.1.1
[INFO] [stderr]   Downloaded serde_buf v0.1.2
[INFO] [stderr]   Downloaded jdb_fs v0.1.4
[INFO] [stderr]   Downloaded logforth v0.29.1
[INFO] [stderr]   Downloaded jdb_alloc v0.1.4
[INFO] [stderr]   Downloaded jdb_buf v0.1.4
[INFO] [stderr]   Downloaded compio v0.17.0
[INFO] [stderr]   Downloaded compio-runtime v0.10.1
[INFO] [stderr]   Downloaded compio-fs v0.10.0
[INFO] [stderr]   Downloaded static_init v1.0.4
[INFO] [stderr]   Downloaded compio-io v0.8.4
[INFO] [stderr]   Downloaded ryu v1.0.21
[INFO] [stderr]   Downloaded compio-driver v0.10.0
[INFO] [stderr]   Downloaded compio-net v0.10.0
[INFO] [stderr]   Downloaded jiff-tzdb v0.1.5
[INFO] [stderr]   Downloaded crossfire v2.1.8
[INFO] [stderr]   Downloaded io-uring v0.7.11
[INFO] [stderr]   Downloaded serde_json v1.0.146
[INFO] [stderr]   Downloaded portable-atomic v1.12.0
[INFO] [stderr]   Downloaded wasix v0.12.21
[INFO] running `Command { std: "docker" "create" "-v" "/var/lib/crater-agent-workspace/builds/worker-3-tc1/source:/opt/rustwide/workdir:ro,Z" "-v" "/var/lib/crater-agent-workspace/builds/worker-3-tc1/target:/opt/rustwide/target:rw,Z" "-v" "/var/lib/crater-agent-workspace/cargo-home:/opt/rustwide/cargo-home:ro,Z" "-v" "/var/lib/crater-agent-workspace/rustup-home:/opt/rustwide/rustup-home:ro,Z" "-m" "1610612736" "--network" "none" "ghcr.io/rust-lang/crates-build-env/linux@sha256:77db811e55d90add9212f6832c23229e3de5f1c1f9905e8cb07319ea15df73ac" "sleep" "infinity", kill_on_drop: false }`
[INFO] [stdout] 813eb7a8ce8387f1e4191ecfeffb155776d64637139cd3ef8d6bfc202522009c
[INFO] running `Command { std: "docker" "start" "813eb7a8ce8387f1e4191ecfeffb155776d64637139cd3ef8d6bfc202522009c", kill_on_drop: false }`
[INFO] running `Command { std: "docker" "inspect" "813eb7a8ce8387f1e4191ecfeffb155776d64637139cd3ef8d6bfc202522009c", kill_on_drop: false }`
[INFO] running `Command { std: "docker" "exec" "-e" "SOURCE_DIR=/opt/rustwide/workdir" "-e" "CARGO_HOME=/opt/rustwide/cargo-home" "-e" "RUSTUP_HOME=/opt/rustwide/rustup-home" "-e" "CARGO_TARGET_DIR=/opt/rustwide/target" "-w" "/opt/rustwide/workdir" "--user" "0:0" "813eb7a8ce8387f1e4191ecfeffb155776d64637139cd3ef8d6bfc202522009c" "/opt/rustwide/cargo-home/bin/cargo" "+1.99.0-beta.8" "metadata" "--no-deps" "--format-version=1", kill_on_drop: false }`
[INFO] running `Command { std: "docker" "inspect" "813eb7a8ce8387f1e4191ecfeffb155776d64637139cd3ef8d6bfc202522009c", kill_on_drop: false }`
[INFO] running `Command { std: "docker" "exec" "-e" "SOURCE_DIR=/opt/rustwide/workdir" "-e" "CARGO_HOME=/opt/rustwide/cargo-home" "-e" "RUSTUP_HOME=/opt/rustwide/rustup-home" "-e" "CARGO_TARGET_DIR=/opt/rustwide/target" "-e" "CARGO_INCREMENTAL=0" "-e" "RUST_BACKTRACE=full" "-e" "RUSTFLAGS=--cap-lints=warn" "-e" "RUSTDOCFLAGS=--cap-lints=warn" "-w" "/opt/rustwide/workdir" "--user" "0:0" "813eb7a8ce8387f1e4191ecfeffb155776d64637139cd3ef8d6bfc202522009c" "/opt/rustwide/cargo-home/bin/cargo" "+1.99.0-beta.8" "build" "--frozen" "--message-format=json" "--release", kill_on_drop: false }`
[INFO] [stderr]    Compiling libc v0.2.178
[INFO] [stderr]    Compiling rustix v1.1.3
[INFO] [stderr]    Compiling io-uring v0.7.11
[INFO] [stderr]    Compiling tracing-core v0.1.36
[INFO] [stderr]    Compiling linux-raw-sys v0.11.0
[INFO] [stderr]    Compiling futures-sink v0.3.31
[INFO] [stderr]    Compiling compio-driver v0.10.0
[INFO] [stderr]    Compiling quote v1.0.42
[INFO] [stderr]    Compiling spin v0.9.8
[INFO] [stderr]    Compiling crossbeam-queue v0.3.12
[INFO] [stderr]    Compiling compio-fs v0.10.0
[INFO] [stderr]    Compiling either v1.15.0
[INFO] [stderr]    Compiling flume v0.11.1
[INFO] [stderr]    Compiling syn v2.0.111
[INFO] [stderr]    Compiling tracing v0.1.44
[INFO] [stderr]    Compiling compio-log v0.1.0
[INFO] [stderr]    Compiling compio-buf v0.7.2
[INFO] [stderr]    Compiling socket2 v0.6.1
[INFO] [stderr]    Compiling num_cpus v1.17.0
[INFO] [stderr]    Compiling parking_lot_core v0.9.12
[INFO] [stderr]    Compiling os_pipe v1.2.3
[INFO] [stderr]    Compiling core_affinity v0.8.3
[INFO] [stderr]    Compiling parking_lot v0.12.5
[INFO] [stderr]    Compiling crossfire v2.1.8
[INFO] [stderr]    Compiling jdb_proto v0.1.1
[INFO] [stderr]    Compiling io_uring_buf_ring v0.2.3
[INFO] [stderr]    Compiling futures-macro v0.3.31
[INFO] [stderr]    Compiling thiserror-impl v2.0.17
[INFO] [stderr]    Compiling futures-util v0.3.31
[INFO] [stderr]    Compiling thiserror v2.0.17
[INFO] [stderr]    Compiling jdb_alloc v0.1.4
[INFO] [stderr]    Compiling jdb_buf v0.1.4
[INFO] [stderr]    Compiling compio-io v0.8.4
[INFO] [stderr]    Compiling compio-runtime v0.10.1
[INFO] [stderr]    Compiling compio-net v0.10.0
[INFO] [stderr]    Compiling compio v0.17.0
[INFO] [stderr]    Compiling jdb_fs v0.1.4
[INFO] [stderr]    Compiling jdb_log v0.1.6 (/opt/rustwide/workdir)
[INFO] [stderr]     Finished `release` profile [optimized] target(s) in 16.32s
[INFO] running `Command { std: "docker" "inspect" "813eb7a8ce8387f1e4191ecfeffb155776d64637139cd3ef8d6bfc202522009c", kill_on_drop: false }`
[INFO] running `Command { std: "docker" "exec" "-e" "SOURCE_DIR=/opt/rustwide/workdir" "-e" "CARGO_HOME=/opt/rustwide/cargo-home" "-e" "RUSTUP_HOME=/opt/rustwide/rustup-home" "-e" "CARGO_TARGET_DIR=/opt/rustwide/target" "-e" "CARGO_INCREMENTAL=0" "-e" "RUST_BACKTRACE=full" "-e" "RUSTFLAGS=--cap-lints=warn" "-e" "RUSTDOCFLAGS=--cap-lints=warn" "-w" "/opt/rustwide/workdir" "--user" "0:0" "813eb7a8ce8387f1e4191ecfeffb155776d64637139cd3ef8d6bfc202522009c" "/opt/rustwide/cargo-home/bin/cargo" "+1.99.0-beta.8" "test" "--frozen" "--no-run" "--message-format=json" "--release", kill_on_drop: false }`
[INFO] [stderr]    Compiling sval v2.16.0
[INFO] [stderr]    Compiling ryu v1.0.21
[INFO] [stderr]    Compiling itoa v1.0.16
[INFO] [stderr]    Compiling rustix v1.1.3
[INFO] [stderr]    Compiling serde_fmt v1.1.0
[INFO] [stderr]    Compiling serde_buf v0.1.2
[INFO] [stderr]    Compiling erased-serde v0.4.9
[INFO] [stderr]    Compiling indexmap v2.12.1
[INFO] [stderr]    Compiling jiff v0.2.16
[INFO] [stderr]    Compiling serde_json v1.0.146
[INFO] [stderr]    Compiling cfg_aliases v0.1.1
[INFO] [stderr]    Compiling serde_derive v1.0.228
[INFO] [stderr]    Compiling syn v1.0.109
[INFO] [stderr]    Compiling static_init v1.0.4
[INFO] [stderr]    Compiling colored v3.0.0
[INFO] [stderr]    Compiling getrandom v0.3.4
[INFO] [stderr]    Compiling static_init_macro v1.0.4
[INFO] [stderr]    Compiling tokio-macros v2.6.0
[INFO] [stderr]    Compiling coarsetime v0.1.36
[INFO] [stderr]    Compiling aok v0.1.18
[INFO] [stderr]    Compiling tokio v1.48.0
[INFO] [stderr]    Compiling sval_ref v2.16.0
[INFO] [stderr]    Compiling sval_fmt v2.16.0
[INFO] [stderr]    Compiling sval_dynamic v2.16.0
[INFO] [stderr]    Compiling value-bag-serde1 v1.12.0
[INFO] [stderr]    Compiling toml_edit v0.23.10+spec-1.0.0
[INFO] [stderr]    Compiling sval_buffer v2.16.0
[INFO] [stderr]    Compiling sval_nested v2.16.0
[INFO] [stderr]    Compiling proc-macro-crate v3.4.0
[INFO] [stderr]    Compiling compio-macros v0.1.2
[INFO] [stderr]    Compiling io_uring_buf_ring v0.2.3
[INFO] [stderr]    Compiling tempfile v3.23.0
[INFO] [stderr]    Compiling sval_serde v2.16.0
[INFO] [stderr]    Compiling compio-driver v0.10.0
[INFO] [stderr]    Compiling value-bag-sval2 v1.12.0
[INFO] [stderr]    Compiling value-bag v1.12.0
[INFO] [stderr]    Compiling compio-runtime v0.10.1
[INFO] [stderr]    Compiling compio-net v0.10.0
[INFO] [stderr]    Compiling compio-fs v0.10.0
[INFO] [stderr]    Compiling logforth-core v0.3.1
[INFO] [stderr]    Compiling log v0.4.29
[INFO] [stderr]    Compiling serde v1.0.228
[INFO] [stderr]    Compiling logforth-bridge-log v0.3.0
[INFO] [stderr]    Compiling compio v0.17.0
[INFO] [stderr]    Compiling jdb_fs v0.1.4
[INFO] [stderr]    Compiling jdb_log v0.1.6 (/opt/rustwide/workdir)
[INFO] [stderr]    Compiling logforth-layout-text v0.3.0
[INFO] [stderr]    Compiling logforth-layout-json v0.3.0
[INFO] [stderr]    Compiling logforth-append-file v0.3.0
[INFO] [stderr]    Compiling logforth v0.29.1
[INFO] [stderr]    Compiling log_init v0.1.34
[INFO] [stderr]     Finished `release` profile [optimized] target(s) in 42.28s
[INFO] running `Command { std: "docker" "inspect" "813eb7a8ce8387f1e4191ecfeffb155776d64637139cd3ef8d6bfc202522009c", kill_on_drop: false }`
[INFO] running `Command { std: "docker" "exec" "-e" "SOURCE_DIR=/opt/rustwide/workdir" "-e" "CARGO_HOME=/opt/rustwide/cargo-home" "-e" "RUSTUP_HOME=/opt/rustwide/rustup-home" "-e" "CARGO_TARGET_DIR=/opt/rustwide/target" "-e" "CARGO_INCREMENTAL=0" "-e" "RUST_BACKTRACE=full" "-e" "RUSTFLAGS=--cap-lints=warn" "-e" "RUSTDOCFLAGS=--cap-lints=warn" "-w" "/opt/rustwide/workdir" "--user" "0:0" "813eb7a8ce8387f1e4191ecfeffb155776d64637139cd3ef8d6bfc202522009c" "/opt/rustwide/cargo-home/bin/cargo" "+1.99.0-beta.8" "test" "--frozen" "--release", kill_on_drop: false }`
[INFO] [stderr]     Finished `release` profile [optimized] target(s) in 0.15s
[INFO] [stderr]      Running unittests src/lib.rs (/opt/rustwide/target/release/deps/jdb_log-0f86266632862f19)
[INFO] [stdout] 
[INFO] [stdout] running 0 tests
[INFO] [stdout] 
[INFO] [stdout] test result: ok. 0 passed; 0 failed; 0 ignored; 0 measured; 0 filtered out; finished in 0.00s
[INFO] [stdout] 
[INFO] [stderr]      Running tests/main.rs (/opt/rustwide/target/release/deps/main-6e120bd90a1df3bc)
[INFO] [stdout] 
[INFO] [stdout] running 2 tests
[INFO] [stdout] test test_multi_page ... FAILED
[INFO] [stdout] test test_write_read ... FAILED
[INFO] [stdout] 
[INFO] [stdout] failures:
[INFO] [stdout] 
[INFO] [stdout] ---- test_multi_page stdout ----
[INFO] [stdout] 
[INFO] [stdout] thread 'test_multi_page' (1668) panicked at tests/main.rs:81:1:
[INFO] [stdout] cannot create runtime: Os { code: 1, kind: PermissionDenied, message: "Operation not permitted" }
[INFO] [stdout] stack backtrace:
[INFO] [stdout]    0:     0x5cb306283401 - <<std[70759c8f55707aa4]::sys::backtrace::BacktraceLock>::print::DisplayBacktrace as core[df12db4294e9bfd3]::fmt::Display>::fmt
[INFO] [stdout]    1:     0x5cb30629a44a - core[df12db4294e9bfd3]::fmt::write
[INFO] [stdout]    2:     0x5cb30628821c - <alloc[2182bb758b4b3781]::vec::Vec<u8> as core[df12db4294e9bfd3]::io::write::Write>::write_fmt
[INFO] [stdout]    3:     0x5cb30625d0e6 - std[70759c8f55707aa4]::panicking::default_hook::{closure#0}
[INFO] [stdout]    4:     0x5cb30627a9d9 - std[70759c8f55707aa4]::panicking::default_hook
[INFO] [stdout]    5:     0x5cb3061f11a0 - test[9d35eded1c95d3be]::test_main_inner::<test[9d35eded1c95d3be]::test_main_static::{closure#0}>::{closure#0}
[INFO] [stdout]    6:     0x5cb30627ab92 - std[70759c8f55707aa4]::panicking::panic_with_hook
[INFO] [stdout]    7:     0x5cb30625d192 - std[70759c8f55707aa4]::panicking::panic_handler::{closure#0}
[INFO] [stdout]    8:     0x5cb306255589 - std[70759c8f55707aa4]::sys::backtrace::__rust_end_short_backtrace::<std[70759c8f55707aa4]::panicking::panic_handler::{closure#0}, !>
[INFO] [stdout]    9:     0x5cb30625df1d - __rustc[8fa7c3cbc660c2b3]::rust_begin_unwind
[INFO] [stdout]   10:     0x5cb30629ac2c - core[df12db4294e9bfd3]::panicking::panic_fmt
[INFO] [stdout]   11:     0x5cb30629aa02 - core[df12db4294e9bfd3]::result::unwrap_failed
[INFO] [stdout]   12:     0x5cb306194bac - <main[69481d2999b74fc8]::test_multi_page::{closure#0} as core[df12db4294e9bfd3]::ops::function::FnOnce<()>>::call_once
[INFO] [stdout]   13:     0x5cb3061e448b - test[9d35eded1c95d3be]::__rust_begin_short_backtrace::<core[df12db4294e9bfd3]::result::Result<(), alloc[2182bb758b4b3781]::string::String>, fn() -> core[df12db4294e9bfd3]::result::Result<(), alloc[2182bb758b4b3781]::string::String>>
[INFO] [stdout]   14:     0x5cb3061f1af5 - test[9d35eded1c95d3be]::run_test::{closure#0}
[INFO] [stdout]   15:     0x5cb3061eb3b4 - std[70759c8f55707aa4]::sys::backtrace::__rust_begin_short_backtrace::<test[9d35eded1c95d3be]::run_test::{closure#1}, ()>
[INFO] [stdout]   16:     0x5cb3061f4c52 - <std[70759c8f55707aa4]::thread::lifecycle::spawn_unchecked<test[9d35eded1c95d3be]::run_test::{closure#1}, ()>::{closure#1} as core[df12db4294e9bfd3]::ops::function::FnOnce<()>>::call_once::{shim:vtable#0}
[INFO] [stdout]   17:     0x5cb306282919 - <std[70759c8f55707aa4]::sys::thread::unix::Thread>::new::thread_start
[INFO] [stdout]   18:     0x73b5985fcdfa - <unknown>
[INFO] [stdout]   19:     0x73b5986903d4 - clone
[INFO] [stdout]   20:                0x0 - <unknown>
[INFO] [stdout] 
[INFO] [stdout] ---- test_write_read stdout ----
[INFO] [stdout] 
[INFO] [stdout] thread 'test_write_read' (1669) panicked at tests/main.rs:35:1:
[INFO] [stdout] cannot create runtime: Os { code: 1, kind: PermissionDenied, message: "Operation not permitted" }
[INFO] [stdout] stack backtrace:
[INFO] [stdout]    0:     0x5cb306283401 - <<std[70759c8f55707aa4]::sys::backtrace::BacktraceLock>::print::DisplayBacktrace as core[df12db4294e9bfd3]::fmt::Display>::fmt
[INFO] [stdout]    1:     0x5cb30629a44a - core[df12db4294e9bfd3]::fmt::write
[INFO] [stdout]    2:     0x5cb30628821c - <alloc[2182bb758b4b3781]::vec::Vec<u8> as core[df12db4294e9bfd3]::io::write::Write>::write_fmt
[INFO] [stdout]    3:     0x5cb30625d0e6 - std[70759c8f55707aa4]::panicking::default_hook::{closure#0}
[INFO] [stdout]    4:     0x5cb30627a9d9 - std[70759c8f55707aa4]::panicking::default_hook
[INFO] [stdout]    5:     0x5cb3061f11a0 - test[9d35eded1c95d3be]::test_main_inner::<test[9d35eded1c95d3be]::test_main_static::{closure#0}>::{closure#0}
[INFO] [stdout]    6:     0x5cb30627ab92 - std[70759c8f55707aa4]::panicking::panic_with_hook
[INFO] [stdout]    7:     0x5cb30625d192 - std[70759c8f55707aa4]::panicking::panic_handler::{closure#0}
[INFO] [stdout]    8:     0x5cb306255589 - std[70759c8f55707aa4]::sys::backtrace::__rust_end_short_backtrace::<std[70759c8f55707aa4]::panicking::panic_handler::{closure#0}, !>
[INFO] [stdout]    9:     0x5cb30625df1d - __rustc[8fa7c3cbc660c2b3]::rust_begin_unwind
[INFO] [stdout]   10:     0x5cb30629ac2c - core[df12db4294e9bfd3]::panicking::panic_fmt
[INFO] [stdout]   11:     0x5cb30629aa02 - core[df12db4294e9bfd3]::result::unwrap_failed
[INFO] [stdout]   12:     0x5cb306194d69 - <main[69481d2999b74fc8]::test_write_read::{closure#0} as core[df12db4294e9bfd3]::ops::function::FnOnce<()>>::call_once
[INFO] [stdout]   13:     0x5cb3061e448b - test[9d35eded1c95d3be]::__rust_begin_short_backtrace::<core[df12db4294e9bfd3]::result::Result<(), alloc[2182bb758b4b3781]::string::String>, fn() -> core[df12db4294e9bfd3]::result::Result<(), alloc[2182bb758b4b3781]::string::String>>
[INFO] [stdout]   14:     0x5cb3061f1af5 - test[9d35eded1c95d3be]::run_test::{closure#0}
[INFO] [stdout]   15:     0x5cb3061eb3b4 - std[70759c8f55707aa4]::sys::backtrace::__rust_begin_short_backtrace::<test[9d35eded1c95d3be]::run_test::{closure#1}, ()>
[INFO] [stdout]   16:     0x5cb3061f4c52 - <std[70759c8f55707aa4]::thread::lifecycle::spawn_unchecked<test[9d35eded1c95d3be]::run_test::{closure#1}, ()>::{closure#1} as core[df12db4294e9bfd3]::ops::function::FnOnce<()>>::call_once::{shim:vtable#0}
[INFO] [stdout]   17:     0x5cb306282919 - <std[70759c8f55707aa4]::sys::thread::unix::Thread>::new::thread_start
[INFO] [stdout]   18:     0x73b5985fcdfa - <unknown>
[INFO] [stdout]   19:     0x73b5986903d4 - clone
[INFO] [stdout]   20:                0x0 - <unknown>
[INFO] [stdout] 
[INFO] [stdout] 
[INFO] [stdout] failures:
[INFO] [stdout]     test_multi_page
[INFO] [stdout]     test_write_read
[INFO] [stdout] 
[INFO] [stdout] test result: FAILED. 0 passed; 2 failed; 0 ignored; 0 measured; 0 filtered out; finished in 0.00s
[INFO] [stdout] 
[INFO] [stderr] error: test failed, to rerun pass `--test main`
[INFO] running `Command { std: "docker" "inspect" "813eb7a8ce8387f1e4191ecfeffb155776d64637139cd3ef8d6bfc202522009c", kill_on_drop: false }`
[INFO] running `Command { std: "docker" "rm" "-f" "813eb7a8ce8387f1e4191ecfeffb155776d64637139cd3ef8d6bfc202522009c", kill_on_drop: false }`
[INFO] [stdout] 813eb7a8ce8387f1e4191ecfeffb155776d64637139cd3ef8d6bfc202522009c
