[INFO] fetching crate jdb_idx 0.1.1...
[INFO] testing jdb_idx-0.1.1 against 1.100.0-beta.1+cargoflags=--release for beta-release-1.100-2
[INFO] extracting crate jdb_idx 0.1.1 into /workspace/builds/worker-7-tc2/source
[INFO] started tweaking crates.io crate jdb_idx 0.1.1
[INFO] removed 0 missing tests
[INFO] finished tweaking crates.io crate jdb_idx 0.1.1
[INFO] tweaked toml for crates.io crate jdb_idx 0.1.1 written to /workspace/builds/worker-7-tc2/source/Cargo.toml
[INFO] validating manifest of crates.io crate jdb_idx 0.1.1 on toolchain 1.100.0-beta.1
[INFO] running `Command { std: CARGO_HOME="/workspace/cargo-home" RUSTUP_HOME="/workspace/rustup-home" "/workspace/cargo-home/bin/cargo" "+1.100.0-beta.1" "metadata" "--manifest-path" "Cargo.toml" "--no-deps", kill_on_drop: false }`
[INFO] crate crates.io crate jdb_idx 0.1.1 already has a lockfile, it will not be regenerated
[INFO] running `Command { std: CARGO_HOME="/workspace/cargo-home" RUSTUP_HOME="/workspace/rustup-home" "/workspace/cargo-home/bin/cargo" "+1.100.0-beta.1" "fetch" "--manifest-path" "Cargo.toml", kill_on_drop: false }`
[INFO] running `Command { std: "docker" "create" "-v" "/var/lib/crater-agent-workspace/builds/worker-7-tc2/source:/opt/rustwide/workdir:ro,Z" "-v" "/var/lib/crater-agent-workspace/builds/worker-7-tc2/target:/opt/rustwide/target:rw,Z" "-v" "/var/lib/crater-agent-workspace/cargo-home:/opt/rustwide/cargo-home:ro,Z" "-v" "/var/lib/crater-agent-workspace/rustup-home:/opt/rustwide/rustup-home:ro,Z" "-m" "1610612736" "--network" "none" "ghcr.io/rust-lang/crates-build-env/linux@sha256:77db811e55d90add9212f6832c23229e3de5f1c1f9905e8cb07319ea15df73ac" "sleep" "infinity", kill_on_drop: false }`
[INFO] [stdout] e22d5483608c5c5225e137e0b44c39874ac6ecf7506e4ef113e168364c26a779
[INFO] running `Command { std: "docker" "start" "e22d5483608c5c5225e137e0b44c39874ac6ecf7506e4ef113e168364c26a779", kill_on_drop: false }`
[INFO] running `Command { std: "docker" "inspect" "e22d5483608c5c5225e137e0b44c39874ac6ecf7506e4ef113e168364c26a779", kill_on_drop: false }`
[INFO] running `Command { std: "docker" "exec" "-e" "SOURCE_DIR=/opt/rustwide/workdir" "-e" "CARGO_HOME=/opt/rustwide/cargo-home" "-e" "RUSTUP_HOME=/opt/rustwide/rustup-home" "-e" "CARGO_TARGET_DIR=/opt/rustwide/target" "-w" "/opt/rustwide/workdir" "--user" "0:0" "e22d5483608c5c5225e137e0b44c39874ac6ecf7506e4ef113e168364c26a779" "/opt/rustwide/cargo-home/bin/cargo" "+1.100.0-beta.1" "metadata" "--no-deps" "--format-version=1", kill_on_drop: false }`
[INFO] running `Command { std: "docker" "inspect" "e22d5483608c5c5225e137e0b44c39874ac6ecf7506e4ef113e168364c26a779", kill_on_drop: false }`
[INFO] running `Command { std: "docker" "exec" "-e" "SOURCE_DIR=/opt/rustwide/workdir" "-e" "CARGO_HOME=/opt/rustwide/cargo-home" "-e" "RUSTUP_HOME=/opt/rustwide/rustup-home" "-e" "CARGO_TARGET_DIR=/opt/rustwide/target" "-e" "CARGO_INCREMENTAL=0" "-e" "RUST_BACKTRACE=full" "-e" "RUSTFLAGS=--cap-lints=warn" "-e" "RUSTDOCFLAGS=--cap-lints=warn" "-w" "/opt/rustwide/workdir" "--user" "0:0" "e22d5483608c5c5225e137e0b44c39874ac6ecf7506e4ef113e168364c26a779" "/opt/rustwide/cargo-home/bin/cargo" "+1.100.0-beta.1" "build" "--frozen" "--message-format=json" "--release", kill_on_drop: false }`
[INFO] [stderr]    Compiling libc v0.2.178
[INFO] [stderr]    Compiling bytes v1.11.0
[INFO] [stderr]    Compiling crossbeam-utils v0.8.21
[INFO] [stderr]    Compiling futures-core v0.3.31
[INFO] [stderr]    Compiling cfg_aliases v0.2.1
[INFO] [stderr]    Compiling pin-project-lite v0.2.16
[INFO] [stderr]    Compiling arrayvec v0.7.6
[INFO] [stderr]    Compiling syn v2.0.111
[INFO] [stderr]    Compiling rustix v1.1.3
[INFO] [stderr]    Compiling io-uring v0.7.11
[INFO] [stderr]    Compiling bitflags v2.10.0
[INFO] [stderr]    Compiling tracing-core v0.1.36
[INFO] [stderr]    Compiling futures-task v0.3.31
[INFO] [stderr]    Compiling linux-raw-sys v0.11.0
[INFO] [stderr]    Compiling slab v0.4.11
[INFO] [stderr]    Compiling futures-sink v0.3.31
[INFO] [stderr]    Compiling compio-driver v0.10.0
[INFO] [stderr]    Compiling spin v0.9.8
[INFO] [stderr]    Compiling tracing v0.1.44
[INFO] [stderr]    Compiling crossbeam-queue v0.3.12
[INFO] [stderr]    Compiling flume v0.11.1
[INFO] [stderr]    Compiling compio-log v0.1.0
[INFO] [stderr]    Compiling once_cell v1.21.3
[INFO] [stderr]    Compiling thiserror v2.0.17
[INFO] [stderr]    Compiling async-task v4.7.1
[INFO] [stderr]    Compiling scoped-tls v1.0.1
[INFO] [stderr]    Compiling compio-fs v0.10.0
[INFO] [stderr]    Compiling either v1.15.0
[INFO] [stderr]    Compiling foldhash v0.2.0
[INFO] [stderr]    Compiling equivalent v1.0.2
[INFO] [stderr]    Compiling hashbrown v0.16.1
[INFO] [stderr]    Compiling compio-buf v0.7.2
[INFO] [stderr]    Compiling num_cpus v1.17.0
[INFO] [stderr]    Compiling socket2 v0.6.1
[INFO] [stderr]    Compiling parking_lot_core v0.9.12
[INFO] [stderr]    Compiling os_pipe v1.2.3
[INFO] [stderr]    Compiling core_affinity v0.8.3
[INFO] [stderr]    Compiling parking_lot v0.12.5
[INFO] [stderr]    Compiling crossfire v2.1.8
[INFO] [stderr]    Compiling lru v0.16.2
[INFO] [stderr]    Compiling io_uring_buf_ring v0.2.3
[INFO] [stderr]    Compiling jdb_proto v0.1.1
[INFO] [stderr]    Compiling futures-macro v0.3.31
[INFO] [stderr]    Compiling thiserror-impl v2.0.17
[INFO] [stderr]    Compiling futures-util v0.3.31
[INFO] [stderr]    Compiling jdb_alloc v0.1.4
[INFO] [stderr]    Compiling jdb_buf v0.1.4
[INFO] [stderr]    Compiling compio-io v0.8.4
[INFO] [stderr]    Compiling compio-runtime v0.10.1
[INFO] [stderr]    Compiling compio-net v0.10.0
[INFO] [stderr]    Compiling compio v0.17.0
[INFO] [stderr]    Compiling jdb_fs v0.1.4
[INFO] [stderr]    Compiling jdb_idx v0.1.1 (/opt/rustwide/workdir)
[INFO] [stderr] warning: unused dependency `jdb_buf`
[INFO] [stderr]  --> Cargo.toml:7:15
[INFO] [stderr]   |
[INFO] [stderr] 7 | [dependencies.jdb_buf]
[INFO] [stderr]   |               ^^^^^^^^
[INFO] [stderr]   |
[INFO] [stderr]   = note: `cargo::unused_dependencies` is set to `warn` by default
[INFO] [stderr] help: consider removing the dependency on `jdb_buf`
[INFO] [stderr] warning: `jdb_idx` (manifest) generated 1 warning
[INFO] [stderr]     Finished `release` profile [optimized] target(s) in 30.20s
[INFO] [stderr] warning: the following packages contain code that will be rejected by a future version of Rust: compio-driver v0.10.0, compio-fs v0.10.0
[INFO] [stderr] note: to see what the problems were, use the option `--future-incompat-report`, or run `cargo report future-incompatibilities --id 1`
[INFO] running `Command { std: "docker" "inspect" "e22d5483608c5c5225e137e0b44c39874ac6ecf7506e4ef113e168364c26a779", kill_on_drop: false }`
[INFO] running `Command { std: "docker" "exec" "-e" "SOURCE_DIR=/opt/rustwide/workdir" "-e" "CARGO_HOME=/opt/rustwide/cargo-home" "-e" "RUSTUP_HOME=/opt/rustwide/rustup-home" "-e" "CARGO_TARGET_DIR=/opt/rustwide/target" "-e" "CARGO_INCREMENTAL=0" "-e" "RUST_BACKTRACE=full" "-e" "RUSTFLAGS=--cap-lints=warn" "-e" "RUSTDOCFLAGS=--cap-lints=warn" "-w" "/opt/rustwide/workdir" "--user" "0:0" "e22d5483608c5c5225e137e0b44c39874ac6ecf7506e4ef113e168364c26a779" "/opt/rustwide/cargo-home/bin/cargo" "+1.100.0-beta.1" "test" "--frozen" "--no-run" "--message-format=json" "--release", kill_on_drop: false }`
[INFO] [stderr]    Compiling serde_core v1.0.228
[INFO] [stderr]    Compiling sval v2.16.0
[INFO] [stderr]    Compiling typeid v1.0.3
[INFO] [stderr]    Compiling erased-serde v0.4.9
[INFO] [stderr]    Compiling itoa v1.0.16
[INFO] [stderr]    Compiling ryu v1.0.21
[INFO] [stderr]    Compiling anyhow v1.0.100
[INFO] [stderr]    Compiling jiff v0.2.16
[INFO] [stderr]    Compiling serde_json v1.0.146
[INFO] [stderr]    Compiling syn v1.0.109
[INFO] [stderr]    Compiling cfg_aliases v0.1.1
[INFO] [stderr]    Compiling serde_derive v1.0.228
[INFO] [stderr]    Compiling static_init_macro v1.0.4
[INFO] [stderr]    Compiling static_init v1.0.4
[INFO] [stderr]    Compiling memchr v2.7.6
[INFO] [stderr]    Compiling sval_ref v2.16.0
[INFO] [stderr]    Compiling sval_fmt v2.16.0
[INFO] [stderr]    Compiling sval_dynamic v2.16.0
[INFO] [stderr]    Compiling colored v3.0.0
[INFO] [stderr]    Compiling tokio-macros v2.6.0
[INFO] [stderr]    Compiling coarsetime v0.1.36
[INFO] [stderr]    Compiling sval_buffer v2.16.0
[INFO] [stderr]    Compiling aok v0.1.18
[INFO] [stderr]    Compiling tokio v1.48.0
[INFO] [stderr]    Compiling sval_nested v2.16.0
[INFO] [stderr]    Compiling sval_serde v2.16.0
[INFO] [stderr]    Compiling serde_buf v0.1.2
[INFO] [stderr]    Compiling serde_fmt v1.1.0
[INFO] [stderr]    Compiling value-bag-sval2 v1.12.0
[INFO] [stderr]    Compiling serde v1.0.228
[INFO] [stderr]    Compiling value-bag-serde1 v1.12.0
[INFO] [stderr]    Compiling value-bag v1.12.0
[INFO] [stderr]    Compiling logforth-core v0.3.1
[INFO] [stderr]    Compiling log v0.4.29
[INFO] [stderr]    Compiling logforth-bridge-log v0.3.0
[INFO] [stderr]    Compiling logforth-append-file v0.3.0
[INFO] [stderr]    Compiling logforth-layout-json v0.3.0
[INFO] [stderr]    Compiling logforth-layout-text v0.3.0
[INFO] [stderr]    Compiling logforth v0.29.1
[INFO] [stderr]    Compiling log_init v0.1.34
[INFO] [stderr]    Compiling jdb_idx v0.1.1 (/opt/rustwide/workdir)
[INFO] [stderr] warning: unused dependency `jdb_buf`
[INFO] [stderr]  --> Cargo.toml:7:15
[INFO] [stderr]   |
[INFO] [stderr] 7 | [dependencies.jdb_buf]
[INFO] [stderr]   |               ^^^^^^^^
[INFO] [stderr]   |
[INFO] [stderr]   = note: `cargo::unused_dependencies` is set to `warn` by default
[INFO] [stderr] help: consider removing the dependency on `jdb_buf`
[INFO] [stderr] warning: `jdb_idx` (manifest) generated 1 warning
[INFO] [stderr]     Finished `release` profile [optimized] target(s) in 1m 18s
[INFO] [stderr] warning: the following packages contain code that will be rejected by a future version of Rust: compio-driver v0.10.0, compio-fs v0.10.0, static_init v1.0.4, static_init_macro v1.0.4
[INFO] [stderr] note: to see what the problems were, use the option `--future-incompat-report`, or run `cargo report future-incompatibilities --id 2`
[INFO] running `Command { std: "docker" "inspect" "e22d5483608c5c5225e137e0b44c39874ac6ecf7506e4ef113e168364c26a779", kill_on_drop: false }`
[INFO] running `Command { std: "docker" "exec" "-e" "SOURCE_DIR=/opt/rustwide/workdir" "-e" "CARGO_HOME=/opt/rustwide/cargo-home" "-e" "RUSTUP_HOME=/opt/rustwide/rustup-home" "-e" "CARGO_TARGET_DIR=/opt/rustwide/target" "-e" "CARGO_INCREMENTAL=0" "-e" "RUST_BACKTRACE=full" "-e" "RUSTFLAGS=--cap-lints=warn" "-e" "RUSTDOCFLAGS=--cap-lints=warn" "-w" "/opt/rustwide/workdir" "--user" "0:0" "e22d5483608c5c5225e137e0b44c39874ac6ecf7506e4ef113e168364c26a779" "/opt/rustwide/cargo-home/bin/cargo" "+1.100.0-beta.1" "test" "--frozen" "--release", kill_on_drop: false }`
[INFO] [stderr] warning: unused dependency `jdb_buf`
[INFO] [stderr]  --> Cargo.toml:7:15
[INFO] [stderr]   |
[INFO] [stderr] 7 | [dependencies.jdb_buf]
[INFO] [stderr]   |               ^^^^^^^^
[INFO] [stderr]   |
[INFO] [stderr]   = note: `cargo::unused_dependencies` is set to `warn` by default
[INFO] [stderr] help: consider removing the dependency on `jdb_buf`
[INFO] [stderr] warning: `jdb_idx` (manifest) generated 1 warning
[INFO] [stderr]     Finished `release` profile [optimized] target(s) in 0.29s
[INFO] [stderr] warning: the following packages contain code that will be rejected by a future version of Rust: compio-driver v0.10.0, compio-fs v0.10.0, static_init v1.0.4, static_init_macro v1.0.4
[INFO] [stderr] note: to see what the problems were, use the option `--future-incompat-report`, or run `cargo report future-incompatibilities --id 2`
[INFO] [stderr]      Running unittests src/lib.rs (/opt/rustwide/target/release/build/jdb_idx/f8e284e49759fffb/out/jdb_idx-f8e284e49759fffb)
[INFO] [stdout] 
[INFO] [stdout] running 15 tests
[INFO] [stdout] test block::tests::block_finalize_and_reset ... ok
[INFO] [stdout] test block::tests::block_roundtrip ... ok
[INFO] [stdout] test cache::tests::cache_evict_file ... ok
[INFO] [stdout] test index::tests::index_search ... ok
[INFO] [stdout] test layout::tests::footer_roundtrip ... ok
[INFO] [stdout] test reader::tests::reader_basic ... FAILED
[INFO] [stdout] test writer::tests::writer_basic ... FAILED
[INFO] [stdout] test writer::tests::writer_key_too_large ... FAILED
[INFO] [stdout] test reader::tests::reader_iter ... FAILED
[INFO] [stdout] test cache::tests::cache_eviction ... ok
[INFO] [stdout] test cache::tests::cache_basic ... ok
[INFO] [stdout] test layout::tests::footer_magic_check ... ok
[INFO] [stdout] test block::tests::block_overflow ... ok
[INFO] [stdout] test block::tests::block_key_too_large ... ok
[INFO] [stdout] test index::tests::index_roundtrip ... ok
[INFO] [stdout] 
[INFO] [stdout] failures:
[INFO] [stdout] 
[INFO] [stdout] ---- reader::tests::reader_basic stdout ----
[INFO] [stdout] 
[INFO] [stdout] thread 'reader::tests::reader_basic' (1660) panicked at src/reader.rs:201:37:
[INFO] [stdout] called `Result::unwrap()` on an `Err` value: Os { code: 1, kind: PermissionDenied, message: "Operation not permitted" }
[INFO] [stdout] stack backtrace:
[INFO] [stdout]    0:     0x59ade6000cf1 - <<std[617be2ca0a6fd877]::sys::backtrace::BacktraceLock>::print::DisplayBacktrace as core[a373ad73a504971]::fmt::Display>::fmt
[INFO] [stdout]    1:     0x59ade6014eea - core[a373ad73a504971]::fmt::write
[INFO] [stdout]    2:     0x59ade6004fcc - <alloc[2e1b2a31b91974c5]::vec::Vec<u8> as core[a373ad73a504971]::io::write::Write>::write_fmt
[INFO] [stdout]    3:     0x59ade5fdcd36 - std[617be2ca0a6fd877]::panicking::default_hook::{closure#0}
[INFO] [stdout]    4:     0x59ade5ff8fa9 - std[617be2ca0a6fd877]::panicking::default_hook
[INFO] [stdout]    5:     0x59ade5f86ea0 - test[aada8e7e76ba119b]::test_main_inner::{closure#0}
[INFO] [stdout]    6:     0x59ade5ff9162 - std[617be2ca0a6fd877]::panicking::panic_with_hook
[INFO] [stdout]    7:     0x59ade5fdcde2 - std[617be2ca0a6fd877]::panicking::panic_handler::{closure#0}
[INFO] [stdout]    8:     0x59ade5fd5a19 - std[617be2ca0a6fd877]::sys::backtrace::__rust_end_short_backtrace::<std[617be2ca0a6fd877]::panicking::panic_handler::{closure#0}, !>
[INFO] [stdout]    9:     0x59ade5fdd9ed - __rustc[ea4f61d10b84890b]::rust_begin_unwind
[INFO] [stdout]   10:     0x59ade601564c - core[a373ad73a504971]::panicking::panic_fmt
[INFO] [stdout]   11:     0x59ade6015422 - core[a373ad73a504971]::result::unwrap_failed
[INFO] [stdout]   12:     0x59ade5f789ae - <jdb_idx[c919e6d778d03340]::reader::tests::reader_basic::{closure#0} as core[a373ad73a504971]::ops::function::FnOnce<()>>::call_once
[INFO] [stdout]   13:     0x59ade5f7a2eb - test[aada8e7e76ba119b]::__rust_begin_short_backtrace::<core[a373ad73a504971]::result::Result<(), alloc[2e1b2a31b91974c5]::string::String>, fn() -> core[a373ad73a504971]::result::Result<(), alloc[2e1b2a31b91974c5]::string::String>>
[INFO] [stdout]   14:     0x59ade5f874c5 - test[aada8e7e76ba119b]::run_test::{closure#0}
[INFO] [stdout]   15:     0x59ade5f80db4 - std[617be2ca0a6fd877]::sys::backtrace::__rust_begin_short_backtrace::<test[aada8e7e76ba119b]::run_test::{closure#1}, ()>
[INFO] [stdout]   16:     0x59ade5f8a552 - <std[617be2ca0a6fd877]::thread::lifecycle::spawn_unchecked<test[aada8e7e76ba119b]::run_test::{closure#1}, ()>::{closure#1} as core[a373ad73a504971]::ops::function::FnOnce<()>>::call_once::{shim:vtable#0}
[INFO] [stdout]   17:     0x59ade600051f - <std[617be2ca0a6fd877]::sys::thread::unix::Thread>::new::thread_start
[INFO] [stdout]   18:     0x790bbf201dfa - <unknown>
[INFO] [stdout]   19:     0x790bbf2953d4 - clone
[INFO] [stdout]   20:                0x0 - <unknown>
[INFO] [stdout] 
[INFO] [stdout] ---- writer::tests::writer_basic stdout ----
[INFO] [stdout] 
[INFO] [stdout] thread 'writer::tests::writer_basic' (1662) panicked at src/writer.rs:140:37:
[INFO] [stdout] called `Result::unwrap()` on an `Err` value: Os { code: 1, kind: PermissionDenied, message: "Operation not permitted" }
[INFO] [stdout] stack backtrace:
[INFO] [stdout]    0:     0x59ade6000cf1 - <<std[617be2ca0a6fd877]::sys::backtrace::BacktraceLock>::print::DisplayBacktrace as core[a373ad73a504971]::fmt::Display>::fmt
[INFO] [stdout]    1:     0x59ade6014eea - core[a373ad73a504971]::fmt::write
[INFO] [stdout]    2:     0x59ade6004fcc - <alloc[2e1b2a31b91974c5]::vec::Vec<u8> as core[a373ad73a504971]::io::write::Write>::write_fmt
[INFO] [stdout]    3:     0x59ade5fdcd36 - std[617be2ca0a6fd877]::panicking::default_hook::{closure#0}
[INFO] [stdout]    4:     0x59ade5ff8fa9 - std[617be2ca0a6fd877]::panicking::default_hook
[INFO] [stdout]    5:     0x59ade5f86ea0 - test[aada8e7e76ba119b]::test_main_inner::{closure#0}
[INFO] [stdout]    6:     0x59ade5ff9162 - std[617be2ca0a6fd877]::panicking::panic_with_hook
[INFO] [stdout]    7:     0x59ade5fdcde2 - std[617be2ca0a6fd877]::panicking::panic_handler::{closure#0}
[INFO] [stdout]    8:     0x59ade5fd5a19 - std[617be2ca0a6fd877]::sys::backtrace::__rust_end_short_backtrace::<std[617be2ca0a6fd877]::panicking::panic_handler::{closure#0}, !>
[INFO] [stdout]    9:     0x59ade5fdd9ed - __rustc[ea4f61d10b84890b]::rust_begin_unwind
[INFO] [stdout]   10:     0x59ade601564c - core[a373ad73a504971]::panicking::panic_fmt
[INFO] [stdout]   11:     0x59ade6015422 - core[a373ad73a504971]::result::unwrap_failed
[INFO] [stdout]   12:     0x59ade5f71b85 - <jdb_idx[c919e6d778d03340]::writer::tests::writer_basic::{closure#0} as core[a373ad73a504971]::ops::function::FnOnce<()>>::call_once
[INFO] [stdout]   13:     0x59ade5f7a2eb - test[aada8e7e76ba119b]::__rust_begin_short_backtrace::<core[a373ad73a504971]::result::Result<(), alloc[2e1b2a31b91974c5]::string::String>, fn() -> core[a373ad73a504971]::result::Result<(), alloc[2e1b2a31b91974c5]::string::String>>
[INFO] [stdout]   14:     0x59ade5f874c5 - test[aada8e7e76ba119b]::run_test::{closure#0}
[INFO] [stdout]   15:     0x59ade5f80db4 - std[617be2ca0a6fd877]::sys::backtrace::__rust_begin_short_backtrace::<test[aada8e7e76ba119b]::run_test::{closure#1}, ()>
[INFO] [stdout]   16:     0x59ade5f8a552 - <std[617be2ca0a6fd877]::thread::lifecycle::spawn_unchecked<test[aada8e7e76ba119b]::run_test::{closure#1}, ()>::{closure#1} as core[a373ad73a504971]::ops::function::FnOnce<()>>::call_once::{shim:vtable#0}
[INFO] [stdout]   17:     0x59ade600051f - <std[617be2ca0a6fd877]::sys::thread::unix::Thread>::new::thread_start
[INFO] [stdout]   18:     0x790bbf201dfa - <unknown>
[INFO] [stdout]   19:     0x790bbf2953d4 - clone
[INFO] [stdout]   20:                0x0 - <unknown>
[INFO] [stdout] 
[INFO] [stdout] ---- writer::tests::writer_key_too_large stdout ----
[INFO] [stdout] 
[INFO] [stdout] thread 'writer::tests::writer_key_too_large' (1663) panicked at src/writer.rs:163:37:
[INFO] [stdout] called `Result::unwrap()` on an `Err` value: Os { code: 1, kind: PermissionDenied, message: "Operation not permitted" }
[INFO] [stdout] stack backtrace:
[INFO] [stdout]    0:     0x59ade6000cf1 - <<std[617be2ca0a6fd877]::sys::backtrace::BacktraceLock>::print::DisplayBacktrace as core[a373ad73a504971]::fmt::Display>::fmt
[INFO] [stdout]    1:     0x59ade6014eea - core[a373ad73a504971]::fmt::write
[INFO] [stdout]    2:     0x59ade6004fcc - <alloc[2e1b2a31b91974c5]::vec::Vec<u8> as core[a373ad73a504971]::io::write::Write>::write_fmt
[INFO] [stdout]    3:     0x59ade5fdcd36 - std[617be2ca0a6fd877]::panicking::default_hook::{closure#0}
[INFO] [stdout]    4:     0x59ade5ff8fa9 - std[617be2ca0a6fd877]::panicking::default_hook
[INFO] [stdout]    5:     0x59ade5f86ea0 - test[aada8e7e76ba119b]::test_main_inner::{closure#0}
[INFO] [stdout]    6:     0x59ade5ff9162 - std[617be2ca0a6fd877]::panicking::panic_with_hook
[INFO] [stdout]    7:     0x59ade5fdcde2 - std[617be2ca0a6fd877]::panicking::panic_handler::{closure#0}
[INFO] [stdout]    8:     0x59ade5fd5a19 - std[617be2ca0a6fd877]::sys::backtrace::__rust_end_short_backtrace::<std[617be2ca0a6fd877]::panicking::panic_handler::{closure#0}, !>
[INFO] [stdout]    9:     0x59ade5fdd9ed - __rustc[ea4f61d10b84890b]::rust_begin_unwind
[INFO] [stdout]   10:     0x59ade601564c - core[a373ad73a504971]::panicking::panic_fmt
[INFO] [stdout]   11:     0x59ade6015422 - core[a373ad73a504971]::result::unwrap_failed
[INFO] [stdout]   12:     0x59ade5f71cae - <jdb_idx[c919e6d778d03340]::writer::tests::writer_key_too_large::{closure#0} as core[a373ad73a504971]::ops::function::FnOnce<()>>::call_once
[INFO] [stdout]   13:     0x59ade5f7a2eb - test[aada8e7e76ba119b]::__rust_begin_short_backtrace::<core[a373ad73a504971]::result::Result<(), alloc[2e1b2a31b91974c5]::string::String>, fn() -> core[a373ad73a504971]::result::Result<(), alloc[2e1b2a31b91974c5]::string::String>>
[INFO] [stdout]   14:     0x59ade5f874c5 - test[aada8e7e76ba119b]::run_test::{closure#0}
[INFO] [stdout]   15:     0x59ade5f80db4 - std[617be2ca0a6fd877]::sys::backtrace::__rust_begin_short_backtrace::<test[aada8e7e76ba119b]::run_test::{closure#1}, ()>
[INFO] [stdout]   16:     0x59ade5f8a552 - <std[617be2ca0a6fd877]::thread::lifecycle::spawn_unchecked<test[aada8e7e76ba119b]::run_test::{closure#1}, ()>::{closure#1} as core[a373ad73a504971]::ops::function::FnOnce<()>>::call_once::{shim:vtable#0}
[INFO] [stdout]   17:     0x59ade600051f - <std[617be2ca0a6fd877]::sys::thread::unix::Thread>::new::thread_start
[INFO] [stdout]   18:     0x790bbf201dfa - <unknown>
[INFO] [stdout]   19:     0x790bbf2953d4 - clone
[INFO] [stdout]   20:                0x0 - <unknown>
[INFO] [stdout] 
[INFO] [stdout] ---- reader::tests::reader_iter stdout ----
[INFO] [stdout] 
[INFO] [stdout] thread 'reader::tests::reader_iter' (1661) panicked at src/reader.rs:230:37:
[INFO] [stdout] called `Result::unwrap()` on an `Err` value: Os { code: 1, kind: PermissionDenied, message: "Operation not permitted" }
[INFO] [stdout] stack backtrace:
[INFO] [stdout]    0:     0x59ade6000cf1 - <<std[617be2ca0a6fd877]::sys::backtrace::BacktraceLock>::print::DisplayBacktrace as core[a373ad73a504971]::fmt::Display>::fmt
[INFO] [stdout]    1:     0x59ade6014eea - core[a373ad73a504971]::fmt::write
[INFO] [stdout]    2:     0x59ade6004fcc - <alloc[2e1b2a31b91974c5]::vec::Vec<u8> as core[a373ad73a504971]::io::write::Write>::write_fmt
[INFO] [stdout]    3:     0x59ade5fdcd36 - std[617be2ca0a6fd877]::panicking::default_hook::{closure#0}
[INFO] [stdout]    4:     0x59ade5ff8fa9 - std[617be2ca0a6fd877]::panicking::default_hook
[INFO] [stdout]    5:     0x59ade5f86ea0 - test[aada8e7e76ba119b]::test_main_inner::{closure#0}
[INFO] [stdout]    6:     0x59ade5ff9162 - std[617be2ca0a6fd877]::panicking::panic_with_hook
[INFO] [stdout]    7:     0x59ade5fdcde2 - std[617be2ca0a6fd877]::panicking::panic_handler::{closure#0}
[INFO] [stdout]    8:     0x59ade5fd5a19 - std[617be2ca0a6fd877]::sys::backtrace::__rust_end_short_backtrace::<std[617be2ca0a6fd877]::panicking::panic_handler::{closure#0}, !>
[INFO] [stdout]    9:     0x59ade5fdd9ed - __rustc[ea4f61d10b84890b]::rust_begin_unwind
[INFO] [stdout]   10:     0x59ade601564c - core[a373ad73a504971]::panicking::panic_fmt
[INFO] [stdout]   11:     0x59ade6015422 - core[a373ad73a504971]::result::unwrap_failed
[INFO] [stdout]   12:     0x59ade5f7887e - <jdb_idx[c919e6d778d03340]::reader::tests::reader_iter::{closure#0} as core[a373ad73a504971]::ops::function::FnOnce<()>>::call_once
[INFO] [stdout]   13:     0x59ade5f7a2eb - test[aada8e7e76ba119b]::__rust_begin_short_backtrace::<core[a373ad73a504971]::result::Result<(), alloc[2e1b2a31b91974c5]::string::String>, fn() -> core[a373ad73a504971]::result::Result<(), alloc[2e1b2a31b91974c5]::string::String>>
[INFO] [stdout]   14:     0x59ade5f874c5 - test[aada8e7e76ba119b]::run_test::{closure#0}
[INFO] [stdout]   15:     0x59ade5f80db4 - std[617be2ca0a6fd877]::sys::backtrace::__rust_begin_short_backtrace::<test[aada8e7e76ba119b]::run_test::{closure#1}, ()>
[INFO] [stdout]   16:     0x59ade5f8a552 - <std[617be2ca0a6fd877]::thread::lifecycle::spawn_unchecked<test[aada8e7e76ba119b]::run_test::{closure#1}, ()>::{closure#1} as core[a373ad73a504971]::ops::function::FnOnce<()>>::call_once::{shim:vtable#0}
[INFO] [stdout]   17:     0x59ade600051f - <std[617be2ca0a6fd877]::sys::thread::unix::Thread>::new::thread_start
[INFO] [stdout]   18:     0x790bbf201dfa - <unknown>
[INFO] [stdout]   19:     0x790bbf2953d4 - clone
[INFO] [stdout]   20:                0x0 - <unknown>
[INFO] [stdout] 
[INFO] [stdout] 
[INFO] [stdout] failures:
[INFO] [stdout]     reader::tests::reader_basic
[INFO] [stdout]     reader::tests::reader_iter
[INFO] [stdout]     writer::tests::writer_basic
[INFO] [stdout]     writer::tests::writer_key_too_large
[INFO] [stdout] 
[INFO] [stdout] test result: FAILED. 11 passed; 4 failed; 0 ignored; 0 measured; 0 filtered out; finished in 0.02s
[INFO] [stdout] 
[INFO] [stderr] error: test failed, to rerun pass `--lib`
[INFO] running `Command { std: "docker" "inspect" "e22d5483608c5c5225e137e0b44c39874ac6ecf7506e4ef113e168364c26a779", kill_on_drop: false }`
[INFO] running `Command { std: "docker" "rm" "-f" "e22d5483608c5c5225e137e0b44c39874ac6ecf7506e4ef113e168364c26a779", kill_on_drop: false }`
[INFO] [stdout] e22d5483608c5c5225e137e0b44c39874ac6ecf7506e4ef113e168364c26a779
