[INFO] fetching crate jcers 0.1.2...
[INFO] testing jcers-0.1.2 against 1.99.0-beta.8+cargoflags=--release for beta-release-1.100-2
[INFO] extracting crate jcers 0.1.2 into /workspace/builds/worker-6-tc1/source
[INFO] started tweaking crates.io crate jcers 0.1.2
[INFO] removed 0 missing examples
[INFO] finished tweaking crates.io crate jcers 0.1.2
[INFO] tweaked toml for crates.io crate jcers 0.1.2 written to /workspace/builds/worker-6-tc1/source/Cargo.toml
[INFO] validating manifest of crates.io crate jcers 0.1.2 on toolchain 1.99.0-beta.8
[INFO] running `Command { std: CARGO_HOME="/workspace/cargo-home" RUSTUP_HOME="/workspace/rustup-home" "/workspace/cargo-home/bin/cargo" "+1.99.0-beta.8" "metadata" "--manifest-path" "Cargo.toml" "--no-deps", kill_on_drop: false }`
[INFO] crate crates.io crate jcers 0.1.2 already has a lockfile, it will not be regenerated
[INFO] running `Command { std: CARGO_HOME="/workspace/cargo-home" RUSTUP_HOME="/workspace/rustup-home" "/workspace/cargo-home/bin/cargo" "+1.99.0-beta.8" "fetch" "--manifest-path" "Cargo.toml", kill_on_drop: false }`
[INFO] [stderr]     Updating crates.io index
[INFO] [stderr]  Downloading crates ...
[INFO] [stderr]   Downloaded proc-macro2 v1.0.39
[INFO] [stderr]   Downloaded jcers_proc v0.1.0
[INFO] [stderr]   Downloaded unicode-ident v1.0.0
[INFO] [stderr]   Downloaded quote v1.0.18
[INFO] [stderr]   Downloaded syn v1.0.96
[INFO] running `Command { std: "docker" "create" "-v" "/var/lib/crater-agent-workspace/builds/worker-6-tc1/source:/opt/rustwide/workdir:ro,Z" "-v" "/var/lib/crater-agent-workspace/builds/worker-6-tc1/target:/opt/rustwide/target:rw,Z" "-v" "/var/lib/crater-agent-workspace/cargo-home:/opt/rustwide/cargo-home:ro,Z" "-v" "/var/lib/crater-agent-workspace/rustup-home:/opt/rustwide/rustup-home:ro,Z" "-m" "1610612736" "--network" "none" "ghcr.io/rust-lang/crates-build-env/linux@sha256:77db811e55d90add9212f6832c23229e3de5f1c1f9905e8cb07319ea15df73ac" "sleep" "infinity", kill_on_drop: false }`
[INFO] [stdout] 77c6edeb19cdd13b3a4a722dec52518d6f62db0d88f3828d400150a9e60f057f
[INFO] running `Command { std: "docker" "start" "77c6edeb19cdd13b3a4a722dec52518d6f62db0d88f3828d400150a9e60f057f", kill_on_drop: false }`
[INFO] running `Command { std: "docker" "inspect" "77c6edeb19cdd13b3a4a722dec52518d6f62db0d88f3828d400150a9e60f057f", kill_on_drop: false }`
[INFO] running `Command { std: "docker" "exec" "-e" "SOURCE_DIR=/opt/rustwide/workdir" "-e" "CARGO_HOME=/opt/rustwide/cargo-home" "-e" "RUSTUP_HOME=/opt/rustwide/rustup-home" "-e" "CARGO_TARGET_DIR=/opt/rustwide/target" "-w" "/opt/rustwide/workdir" "--user" "0:0" "77c6edeb19cdd13b3a4a722dec52518d6f62db0d88f3828d400150a9e60f057f" "/opt/rustwide/cargo-home/bin/cargo" "+1.99.0-beta.8" "metadata" "--no-deps" "--format-version=1", kill_on_drop: false }`
[INFO] running `Command { std: "docker" "inspect" "77c6edeb19cdd13b3a4a722dec52518d6f62db0d88f3828d400150a9e60f057f", kill_on_drop: false }`
[INFO] running `Command { std: "docker" "exec" "-e" "SOURCE_DIR=/opt/rustwide/workdir" "-e" "CARGO_HOME=/opt/rustwide/cargo-home" "-e" "RUSTUP_HOME=/opt/rustwide/rustup-home" "-e" "CARGO_TARGET_DIR=/opt/rustwide/target" "-e" "CARGO_INCREMENTAL=0" "-e" "RUST_BACKTRACE=full" "-e" "RUSTFLAGS=--cap-lints=warn" "-e" "RUSTDOCFLAGS=--cap-lints=warn" "-w" "/opt/rustwide/workdir" "--user" "0:0" "77c6edeb19cdd13b3a4a722dec52518d6f62db0d88f3828d400150a9e60f057f" "/opt/rustwide/cargo-home/bin/cargo" "+1.99.0-beta.8" "build" "--frozen" "--message-format=json" "--release", kill_on_drop: false }`
[INFO] [stderr]    Compiling bytes v1.1.0
[INFO] [stderr]    Compiling jcers v0.1.2 (/opt/rustwide/workdir)
[INFO] [stderr]     Finished `release` profile [optimized] target(s) in 1.01s
[INFO] running `Command { std: "docker" "inspect" "77c6edeb19cdd13b3a4a722dec52518d6f62db0d88f3828d400150a9e60f057f", kill_on_drop: false }`
[INFO] running `Command { std: "docker" "exec" "-e" "SOURCE_DIR=/opt/rustwide/workdir" "-e" "CARGO_HOME=/opt/rustwide/cargo-home" "-e" "RUSTUP_HOME=/opt/rustwide/rustup-home" "-e" "CARGO_TARGET_DIR=/opt/rustwide/target" "-e" "CARGO_INCREMENTAL=0" "-e" "RUST_BACKTRACE=full" "-e" "RUSTFLAGS=--cap-lints=warn" "-e" "RUSTDOCFLAGS=--cap-lints=warn" "-w" "/opt/rustwide/workdir" "--user" "0:0" "77c6edeb19cdd13b3a4a722dec52518d6f62db0d88f3828d400150a9e60f057f" "/opt/rustwide/cargo-home/bin/cargo" "+1.99.0-beta.8" "test" "--frozen" "--no-run" "--message-format=json" "--release", kill_on_drop: false }`
[INFO] [stderr]    Compiling jcers v0.1.2 (/opt/rustwide/workdir)
[INFO] [stderr]     Finished `release` profile [optimized] target(s) in 1.00s
[INFO] running `Command { std: "docker" "inspect" "77c6edeb19cdd13b3a4a722dec52518d6f62db0d88f3828d400150a9e60f057f", kill_on_drop: false }`
[INFO] running `Command { std: "docker" "exec" "-e" "SOURCE_DIR=/opt/rustwide/workdir" "-e" "CARGO_HOME=/opt/rustwide/cargo-home" "-e" "RUSTUP_HOME=/opt/rustwide/rustup-home" "-e" "CARGO_TARGET_DIR=/opt/rustwide/target" "-e" "CARGO_INCREMENTAL=0" "-e" "RUST_BACKTRACE=full" "-e" "RUSTFLAGS=--cap-lints=warn" "-e" "RUSTDOCFLAGS=--cap-lints=warn" "-w" "/opt/rustwide/workdir" "--user" "0:0" "77c6edeb19cdd13b3a4a722dec52518d6f62db0d88f3828d400150a9e60f057f" "/opt/rustwide/cargo-home/bin/cargo" "+1.99.0-beta.8" "test" "--frozen" "--release", kill_on_drop: false }`
[INFO] [stderr]     Finished `release` profile [optimized] target(s) in 0.01s
[INFO] [stderr]      Running unittests src/lib.rs (/opt/rustwide/target/release/deps/jcers-4bf0e2baf24293f7)
[INFO] [stdout] 
[INFO] [stdout] running 2 tests
[INFO] [stdout] test test::test_jce_struct ... ok
[INFO] [stdout] test test_from_buf ... ok
[INFO] [stdout] 
[INFO] [stdout] test result: ok. 2 passed; 0 failed; 0 ignored; 0 measured; 0 filtered out; finished in 0.00s
[INFO] [stdout] 
[INFO] [stderr]    Doc-tests jcers
[INFO] [stdout] 
[INFO] [stdout] running 2 tests
[INFO] [stdout] test src/lib.rs - (line 11) ... FAILED
[INFO] [stdout] test src/lib.rs - from_buf (line 26) ... FAILED
[INFO] [stdout] 
[INFO] [stdout] failures:
[INFO] [stdout] 
[INFO] [stdout] ---- src/lib.rs - (line 11) stdout ----
[INFO] [stdout] error: cannot find derive macro `JceGet` in this scope
[INFO] [stdout]   --> src/lib.rs:15:26
[INFO] [stdout]    |
[INFO] [stdout] 15 | #[derive(Debug, Default, JceGet, JcePut)]
[INFO] [stdout]    |                          ^^^^^^
[INFO] [stdout]    |
[INFO] [stdout] note: `JceGet` is a trait, not a derive macro
[INFO] [stdout]   --> src/de.rs:18:1
[INFO] [stdout]    |
[INFO] [stdout] 18 | pub trait JceGet: Sized {
[INFO] [stdout]    | ^^^^^^^^^^^^^^^^^^^^^^^
[INFO] [stdout]    = help: consider implementing `JceGet` for your type manually
[INFO] [stdout] 
[INFO] [stdout] error: cannot find derive macro `JcePut` in this scope
[INFO] [stdout]   --> src/lib.rs:15:34
[INFO] [stdout]    |
[INFO] [stdout] 15 | #[derive(Debug, Default, JceGet, JcePut)]
[INFO] [stdout]    |                                  ^^^^^^
[INFO] [stdout]    |
[INFO] [stdout] note: `JcePut` is a trait, not a derive macro
[INFO] [stdout]   --> src/ser.rs:61:1
[INFO] [stdout]    |
[INFO] [stdout] 61 | pub trait JcePut: Sized {
[INFO] [stdout]    | ^^^^^^^^^^^^^^^^^^^^^^^
[INFO] [stdout]    = help: consider implementing `JcePut` for your type manually
[INFO] [stdout] 
[INFO] [stdout] error: cannot find attribute `jce` in this scope
[INFO] [stdout]   --> src/lib.rs:17:7
[INFO] [stdout]    |
[INFO] [stdout] 17 |     #[jce(0)]              // jce tag
[INFO] [stdout]    |       ^^^
[INFO] [stdout] 
[INFO] [stdout] error[E0425]: cannot find value `buf` in this scope
[INFO] [stdout]   --> src/lib.rs:21:44
[INFO] [stdout]    |
[INFO] [stdout] 21 | let s: YouJceStruct = jcers::from_buf(&mut buf).unwrap();
[INFO] [stdout]    |                                            ^^^ not found in this scope
[INFO] [stdout] 
[INFO] [stdout] error[E0277]: the trait bound `YouJceStruct: JceGet` is not satisfied
[INFO] [stdout]   --> src/lib.rs:21:23
[INFO] [stdout]    |
[INFO] [stdout] 21 | let s: YouJceStruct = jcers::from_buf(&mut buf).unwrap();
[INFO] [stdout]    |                       ^^^^^^^^^^^^^^^^^^^^^^^^^ unsatisfied trait bound
[INFO] [stdout]    |
[INFO] [stdout] help: the trait `JceGet` is not implemented for `YouJceStruct`
[INFO] [stdout]   --> src/lib.rs:16:1
[INFO] [stdout]    |
[INFO] [stdout] 16 | pub struct YouJceStruct {  // only support NamedStruct
[INFO] [stdout]    | ^^^^^^^^^^^^^^^^^^^^^^^
[INFO] [stdout]    = help: the following other types implement trait `JceGet`:
[INFO] [stdout]              BTreeMap<u8, JceValue>
[INFO] [stdout]              HashMap<K, V>
[INFO] [stdout]              JceMapKey
[INFO] [stdout]              JceValue
[INFO] [stdout]              Vec<V>
[INFO] [stdout]              bool
[INFO] [stdout]              bytes::bytes::Bytes
[INFO] [stdout]              f32
[INFO] [stdout]            and 6 others
[INFO] [stdout] note: required by a bound in `jcers::from_buf`
[INFO] [stdout]   --> src/lib.rs:35:8
[INFO] [stdout]    |
[INFO] [stdout] 32 | pub fn from_buf<B, T>(buf: &mut B) -> JceResult<T>
[INFO] [stdout]    |        -------- required by a bound in this function
[INFO] [stdout] ...
[INFO] [stdout] 35 |     T: JceGet,
[INFO] [stdout]    |        ^^^^^^ required by this bound in `from_buf`
[INFO] [stdout] 
[INFO] [stdout] error: aborting due to 5 previous errors
[INFO] [stdout] 
[INFO] [stdout] Some errors have detailed explanations: E0277, E0425.
[INFO] [stdout] For more information about an error, try `rustc --explain E0277`.
[INFO] [stdout] Couldn't compile the test.
[INFO] [stdout] ---- src/lib.rs - from_buf (line 26) stdout ----
[INFO] [stdout] error[E0425]: cannot find type `JceValue` in this scope
[INFO] [stdout]   --> src/lib.rs:29:8
[INFO] [stdout]    |
[INFO] [stdout] 29 | let v: JceValue = from_buf(&mut buf).unwrap();
[INFO] [stdout]    |        ^^^^^^^^ not found in this scope
[INFO] [stdout] 
[INFO] [stdout] error[E0425]: cannot find function `from_buf` in this scope
[INFO] [stdout]   --> src/lib.rs:29:19
[INFO] [stdout]    |
[INFO] [stdout] 29 | let v: JceValue = from_buf(&mut buf).unwrap();
[INFO] [stdout]    |                   ^^^^^^^^ not found in this scope
[INFO] [stdout] 
[INFO] [stdout] error[E0433]: cannot find type `JceValue` in this scope
[INFO] [stdout]   --> src/lib.rs:30:15
[INFO] [stdout]    |
[INFO] [stdout] 30 | assert_eq!(v, JceValue::Byte(0x01u8));
[INFO] [stdout]    |               ^^^^^^^^ use of undeclared type `JceValue`
[INFO] [stdout] 
[INFO] [stdout] error: aborting due to 3 previous errors
[INFO] [stdout] 
[INFO] [stdout] Some errors have detailed explanations: E0425, E0433.
[INFO] [stdout] For more information about an error, try `rustc --explain E0425`.
[INFO] [stdout] Couldn't compile the test.
[INFO] [stdout] 
[INFO] [stdout] failures:
[INFO] [stdout]     src/lib.rs - (line 11)
[INFO] [stdout]     src/lib.rs - from_buf (line 26)
[INFO] [stdout] 
[INFO] [stdout] test result: FAILED. 0 passed; 2 failed; 0 ignored; 0 measured; 0 filtered out; finished in 0.13s
[INFO] [stdout] 
[INFO] [stderr] error: doctest failed, to rerun pass `--doc`
[INFO] running `Command { std: "docker" "inspect" "77c6edeb19cdd13b3a4a722dec52518d6f62db0d88f3828d400150a9e60f057f", kill_on_drop: false }`
[INFO] running `Command { std: "docker" "rm" "-f" "77c6edeb19cdd13b3a4a722dec52518d6f62db0d88f3828d400150a9e60f057f", kill_on_drop: false }`
[INFO] [stdout] 77c6edeb19cdd13b3a4a722dec52518d6f62db0d88f3828d400150a9e60f057f
