[INFO] fetching crate jaz 0.0.7...
[INFO] testing jaz-0.0.7 against 1.99.0-beta.8+cargoflags=--release for beta-release-1.100-2
[INFO] extracting crate jaz 0.0.7 into /workspace/builds/worker-3-tc1/source
[INFO] started tweaking crates.io crate jaz 0.0.7
[INFO] finished tweaking crates.io crate jaz 0.0.7
[INFO] tweaked toml for crates.io crate jaz 0.0.7 written to /workspace/builds/worker-3-tc1/source/Cargo.toml
[INFO] validating manifest of crates.io crate jaz 0.0.7 on toolchain 1.99.0-beta.8
[INFO] running `Command { std: CARGO_HOME="/workspace/cargo-home" RUSTUP_HOME="/workspace/rustup-home" "/workspace/cargo-home/bin/cargo" "+1.99.0-beta.8" "metadata" "--manifest-path" "Cargo.toml" "--no-deps", kill_on_drop: false }`
[INFO] crate crates.io crate jaz 0.0.7 already has a lockfile, it will not be regenerated
[INFO] running `Command { std: CARGO_HOME="/workspace/cargo-home" RUSTUP_HOME="/workspace/rustup-home" "/workspace/cargo-home/bin/cargo" "+1.99.0-beta.8" "fetch" "--manifest-path" "Cargo.toml", kill_on_drop: false }`
[INFO] running `Command { std: "docker" "create" "-v" "/var/lib/crater-agent-workspace/builds/worker-3-tc1/source:/opt/rustwide/workdir:ro,Z" "-v" "/var/lib/crater-agent-workspace/builds/worker-3-tc1/target:/opt/rustwide/target:rw,Z" "-v" "/var/lib/crater-agent-workspace/cargo-home:/opt/rustwide/cargo-home:ro,Z" "-v" "/var/lib/crater-agent-workspace/rustup-home:/opt/rustwide/rustup-home:ro,Z" "-m" "1610612736" "--network" "none" "ghcr.io/rust-lang/crates-build-env/linux@sha256:77db811e55d90add9212f6832c23229e3de5f1c1f9905e8cb07319ea15df73ac" "sleep" "infinity", kill_on_drop: false }`
[INFO] [stdout] 40876f9a0eee1579ef1eaa811318a3fd77c6052a2778bb82dd97f9f6a38054b1
[INFO] running `Command { std: "docker" "start" "40876f9a0eee1579ef1eaa811318a3fd77c6052a2778bb82dd97f9f6a38054b1", kill_on_drop: false }`
[INFO] running `Command { std: "docker" "inspect" "40876f9a0eee1579ef1eaa811318a3fd77c6052a2778bb82dd97f9f6a38054b1", kill_on_drop: false }`
[INFO] running `Command { std: "docker" "exec" "-e" "SOURCE_DIR=/opt/rustwide/workdir" "-e" "CARGO_HOME=/opt/rustwide/cargo-home" "-e" "RUSTUP_HOME=/opt/rustwide/rustup-home" "-e" "CARGO_TARGET_DIR=/opt/rustwide/target" "-w" "/opt/rustwide/workdir" "--user" "0:0" "40876f9a0eee1579ef1eaa811318a3fd77c6052a2778bb82dd97f9f6a38054b1" "/opt/rustwide/cargo-home/bin/cargo" "+1.99.0-beta.8" "metadata" "--no-deps" "--format-version=1", kill_on_drop: false }`
[INFO] running `Command { std: "docker" "inspect" "40876f9a0eee1579ef1eaa811318a3fd77c6052a2778bb82dd97f9f6a38054b1", kill_on_drop: false }`
[INFO] running `Command { std: "docker" "exec" "-e" "SOURCE_DIR=/opt/rustwide/workdir" "-e" "CARGO_HOME=/opt/rustwide/cargo-home" "-e" "RUSTUP_HOME=/opt/rustwide/rustup-home" "-e" "CARGO_TARGET_DIR=/opt/rustwide/target" "-e" "CARGO_INCREMENTAL=0" "-e" "RUST_BACKTRACE=full" "-e" "RUSTFLAGS=--cap-lints=warn" "-e" "RUSTDOCFLAGS=--cap-lints=warn" "-w" "/opt/rustwide/workdir" "--user" "0:0" "40876f9a0eee1579ef1eaa811318a3fd77c6052a2778bb82dd97f9f6a38054b1" "/opt/rustwide/cargo-home/bin/cargo" "+1.99.0-beta.8" "build" "--frozen" "--message-format=json" "--release", kill_on_drop: false }`
[INFO] [stderr]    Compiling memchr v2.7.5
[INFO] [stderr]    Compiling percent-encoding v2.3.1
[INFO] [stderr]    Compiling syn v2.0.104
[INFO] [stderr]    Compiling jobserver v0.1.33
[INFO] [stderr]    Compiling form_urlencoded v1.2.1
[INFO] [stderr]    Compiling cc v1.2.29
[INFO] [stderr]    Compiling aho-corasick v1.1.3
[INFO] [stderr]    Compiling openssl-sys v0.9.109
[INFO] [stderr]    Compiling libz-sys v1.1.22
[INFO] [stderr]    Compiling libssh2-sys v0.3.1
[INFO] [stderr]    Compiling libgit2-sys v0.18.3+1.9.2
[INFO] [stderr]    Compiling regex-automata v0.4.9
[INFO] [stderr]    Compiling synstructure v0.13.2
[INFO] [stderr]    Compiling zerofrom-derive v0.1.6
[INFO] [stderr]    Compiling yoke-derive v0.8.0
[INFO] [stderr]    Compiling zerofrom v0.1.6
[INFO] [stderr]    Compiling zerovec-derive v0.11.1
[INFO] [stderr]    Compiling displaydoc v0.2.5
[INFO] [stderr]    Compiling yoke v0.8.0
[INFO] [stderr]    Compiling zerotrie v0.2.2
[INFO] [stderr]    Compiling regex v1.11.1
[INFO] [stderr]    Compiling zerovec v0.11.2
[INFO] [stderr]    Compiling tinystr v0.8.1
[INFO] [stderr]    Compiling icu_locale_core v2.0.0
[INFO] [stderr]    Compiling potential_utf v0.1.2
[INFO] [stderr]    Compiling icu_collections v2.0.0
[INFO] [stderr]    Compiling icu_provider v2.0.0
[INFO] [stderr]    Compiling icu_normalizer v2.0.0
[INFO] [stderr]    Compiling icu_properties v2.0.1
[INFO] [stderr]    Compiling idna_adapter v1.2.1
[INFO] [stderr]    Compiling idna v1.0.3
[INFO] [stderr]    Compiling url v2.5.4
[INFO] [stderr]    Compiling git2 v0.20.4
[INFO] [stderr]    Compiling jaz v0.0.7 (/opt/rustwide/workdir)
[INFO] [stderr]     Finished `release` profile [optimized] target(s) in 2m 27s
[INFO] running `Command { std: "docker" "inspect" "40876f9a0eee1579ef1eaa811318a3fd77c6052a2778bb82dd97f9f6a38054b1", kill_on_drop: false }`
[INFO] running `Command { std: "docker" "exec" "-e" "SOURCE_DIR=/opt/rustwide/workdir" "-e" "CARGO_HOME=/opt/rustwide/cargo-home" "-e" "RUSTUP_HOME=/opt/rustwide/rustup-home" "-e" "CARGO_TARGET_DIR=/opt/rustwide/target" "-e" "CARGO_INCREMENTAL=0" "-e" "RUST_BACKTRACE=full" "-e" "RUSTFLAGS=--cap-lints=warn" "-e" "RUSTDOCFLAGS=--cap-lints=warn" "-w" "/opt/rustwide/workdir" "--user" "0:0" "40876f9a0eee1579ef1eaa811318a3fd77c6052a2778bb82dd97f9f6a38054b1" "/opt/rustwide/cargo-home/bin/cargo" "+1.99.0-beta.8" "test" "--frozen" "--no-run" "--message-format=json" "--release", kill_on_drop: false }`
[INFO] [stderr]    Compiling jaz v0.0.7 (/opt/rustwide/workdir)
[INFO] [stderr]     Finished `release` profile [optimized] target(s) in 1.10s
[INFO] running `Command { std: "docker" "inspect" "40876f9a0eee1579ef1eaa811318a3fd77c6052a2778bb82dd97f9f6a38054b1", kill_on_drop: false }`
[INFO] running `Command { std: "docker" "exec" "-e" "SOURCE_DIR=/opt/rustwide/workdir" "-e" "CARGO_HOME=/opt/rustwide/cargo-home" "-e" "RUSTUP_HOME=/opt/rustwide/rustup-home" "-e" "CARGO_TARGET_DIR=/opt/rustwide/target" "-e" "CARGO_INCREMENTAL=0" "-e" "RUST_BACKTRACE=full" "-e" "RUSTFLAGS=--cap-lints=warn" "-e" "RUSTDOCFLAGS=--cap-lints=warn" "-w" "/opt/rustwide/workdir" "--user" "0:0" "40876f9a0eee1579ef1eaa811318a3fd77c6052a2778bb82dd97f9f6a38054b1" "/opt/rustwide/cargo-home/bin/cargo" "+1.99.0-beta.8" "test" "--frozen" "--release", kill_on_drop: false }`
[INFO] [stderr]     Finished `release` profile [optimized] target(s) in 0.09s
[INFO] [stderr]      Running unittests src/main.rs (/opt/rustwide/target/release/deps/jaz-5ec4c2dc6474d026)
[INFO] [stdout] 
[INFO] [stdout] running 25 tests
[INFO] [stdout] test tests::find_generic_api_key ... ok
[INFO] [stdout] test tests::find_gcp_service_account ... ok
[INFO] [stdout] test tests::find_github_token ... ok
[INFO] [stdout] test tests::find_generic_secret ... ok
[INFO] [stdout] test tests::binary_data ... ok
[INFO] [stdout] test tests::find_aws_api_key ... ok
[INFO] [stdout] test tests::find_facebook_oauth ... ok
[INFO] [stdout] test tests::empty_blob ... ok
[INFO] [stdout] test tests::find_password_in_url ... ok
[INFO] [stdout] test tests::find_google_oauth ... ok
[INFO] [stdout] test tests::find_heroku_api_key ... ok
[INFO] [stdout] test tests::find_nothing ... ok
[INFO] [stdout] test tests::find_rsa_private_key ... ok
[INFO] [stdout] test tests::find_multiple_secrets ... ok
[INFO] [stdout] test tests::find_pgp_private_key ... ok
[INFO] [stdout] test tests::find_twitter_oauth ... ok
[INFO] [stdout] test tests::find_secrets_with_whitespace ... ok
[INFO] [stdout] test tests::find_ssh_openssh_key ... ok
[INFO] [stdout] test tests::find_secrets_case_insensitive ... ok
[INFO] [stdout] test tests::find_ssh_ec_key ... ok
[INFO] [stdout] test tests::find_ssh_dsa_key ... ok
[INFO] [stdout] test tests::very_long_input ... ok
[INFO] [stdout] test tests::scan_object_non_blob ... FAILED
[INFO] [stdout] test tests::scan_object_without_secret ... FAILED
[INFO] [stdout] test tests::scan_object_with_secret ... FAILED
[INFO] [stdout] 
[INFO] [stdout] failures:
[INFO] [stdout] 
[INFO] [stdout] ---- tests::scan_object_non_blob stdout ----
[INFO] [stdout] 
[INFO] [stdout] thread 'tests::scan_object_non_blob' (1495) panicked at src/main.rs:298:62:
[INFO] [stdout] called `Result::unwrap()` on an `Err` value: Error { code: -1, klass: 2, message: "failed to make directory './target': Read-only file system" }
[INFO] [stdout] stack backtrace:
[INFO] [stdout]    0:     0x5c86dd9e9bb1 - <<std[70759c8f55707aa4]::sys::backtrace::BacktraceLock>::print::DisplayBacktrace as core[df12db4294e9bfd3]::fmt::Display>::fmt
[INFO] [stdout]    1:     0x5c86dd9ff83a - core[df12db4294e9bfd3]::fmt::write
[INFO] [stdout]    2:     0x5c86dd9ee2fc - <alloc[2182bb758b4b3781]::vec::Vec<u8> as core[df12db4294e9bfd3]::io::write::Write>::write_fmt
[INFO] [stdout]    3:     0x5c86dd9c53e6 - std[70759c8f55707aa4]::panicking::default_hook::{closure#0}
[INFO] [stdout]    4:     0x5c86dd9e1839 - std[70759c8f55707aa4]::panicking::default_hook
[INFO] [stdout]    5:     0x5c86dd85d690 - test[9d35eded1c95d3be]::test_main_inner::<test[9d35eded1c95d3be]::test_main_static::{closure#0}>::{closure#0}
[INFO] [stdout]    6:     0x5c86dd9e1b62 - std[70759c8f55707aa4]::panicking::panic_with_hook
[INFO] [stdout]    7:     0x5c86dd9c5492 - std[70759c8f55707aa4]::panicking::panic_handler::{closure#0}
[INFO] [stdout]    8:     0x5c86dd9bdfd9 - std[70759c8f55707aa4]::sys::backtrace::__rust_end_short_backtrace::<std[70759c8f55707aa4]::panicking::panic_handler::{closure#0}, !>
[INFO] [stdout]    9:     0x5c86dd9c612d - __rustc[8fa7c3cbc660c2b3]::rust_begin_unwind
[INFO] [stdout]   10:     0x5c86dda0001c - core[df12db4294e9bfd3]::panicking::panic_fmt
[INFO] [stdout]   11:     0x5c86dd9ffdf2 - core[df12db4294e9bfd3]::result::unwrap_failed
[INFO] [stdout]   12:     0x5c86dd84f71f - jaz[6a4683b38d109b89]::tests::scan_object_non_blob
[INFO] [stdout]   13:     0x5c86dd84d3f9 - <jaz[6a4683b38d109b89]::tests::scan_object_non_blob::{closure#0} as core[df12db4294e9bfd3]::ops::function::FnOnce<()>>::call_once
[INFO] [stdout]   14:     0x5c86dd85097b - test[9d35eded1c95d3be]::__rust_begin_short_backtrace::<core[df12db4294e9bfd3]::result::Result<(), alloc[2182bb758b4b3781]::string::String>, fn() -> core[df12db4294e9bfd3]::result::Result<(), alloc[2182bb758b4b3781]::string::String>>
[INFO] [stdout]   15:     0x5c86dd85dfe5 - test[9d35eded1c95d3be]::run_test::{closure#0}
[INFO] [stdout]   16:     0x5c86dd8578a4 - std[70759c8f55707aa4]::sys::backtrace::__rust_begin_short_backtrace::<test[9d35eded1c95d3be]::run_test::{closure#1}, ()>
[INFO] [stdout]   17:     0x5c86dd861142 - <std[70759c8f55707aa4]::thread::lifecycle::spawn_unchecked<test[9d35eded1c95d3be]::run_test::{closure#1}, ()>::{closure#1} as core[df12db4294e9bfd3]::ops::function::FnOnce<()>>::call_once::{shim:vtable#0}
[INFO] [stdout]   18:     0x5c86dd9e9449 - <std[70759c8f55707aa4]::sys::thread::unix::Thread>::new::thread_start
[INFO] [stdout]   19:     0x7c8940c1ddfa - <unknown>
[INFO] [stdout]   20:     0x7c8940cb13d4 - clone
[INFO] [stdout]   21:                0x0 - <unknown>
[INFO] [stdout] 
[INFO] [stdout] ---- tests::scan_object_without_secret stdout ----
[INFO] [stdout] 
[INFO] [stdout] thread 'tests::scan_object_without_secret' (1497) panicked at src/main.rs:330:63:
[INFO] [stdout] called `Result::unwrap()` on an `Err` value: Error { code: -1, klass: 2, message: "failed to make directory './target': Read-only file system" }
[INFO] [stdout] stack backtrace:
[INFO] [stdout]    0:     0x5c86dd9e9bb1 - <<std[70759c8f55707aa4]::sys::backtrace::BacktraceLock>::print::DisplayBacktrace as core[df12db4294e9bfd3]::fmt::Display>::fmt
[INFO] [stdout]    1:     0x5c86dd9ff83a - core[df12db4294e9bfd3]::fmt::write
[INFO] [stdout]    2:     0x5c86dd9ee2fc - <alloc[2182bb758b4b3781]::vec::Vec<u8> as core[df12db4294e9bfd3]::io::write::Write>::write_fmt
[INFO] [stdout]    3:     0x5c86dd9c53e6 - std[70759c8f55707aa4]::panicking::default_hook::{closure#0}
[INFO] [stdout]    4:     0x5c86dd9e1839 - std[70759c8f55707aa4]::panicking::default_hook
[INFO] [stdout]    5:     0x5c86dd85d690 - test[9d35eded1c95d3be]::test_main_inner::<test[9d35eded1c95d3be]::test_main_static::{closure#0}>::{closure#0}
[INFO] [stdout]    6:     0x5c86dd9e1b62 - std[70759c8f55707aa4]::panicking::panic_with_hook
[INFO] [stdout]    7:     0x5c86dd9c5492 - std[70759c8f55707aa4]::panicking::panic_handler::{closure#0}
[INFO] [stdout]    8:     0x5c86dd9bdfd9 - std[70759c8f55707aa4]::sys::backtrace::__rust_end_short_backtrace::<std[70759c8f55707aa4]::panicking::panic_handler::{closure#0}, !>
[INFO] [stdout]    9:     0x5c86dd9c612d - __rustc[8fa7c3cbc660c2b3]::rust_begin_unwind
[INFO] [stdout]   10:     0x5c86dda0001c - core[df12db4294e9bfd3]::panicking::panic_fmt
[INFO] [stdout]   11:     0x5c86dd9ffdf2 - core[df12db4294e9bfd3]::result::unwrap_failed
[INFO] [stdout]   12:     0x5c86dd850075 - jaz[6a4683b38d109b89]::tests::scan_object_without_secret
[INFO] [stdout]   13:     0x5c86dd84d479 - <jaz[6a4683b38d109b89]::tests::scan_object_without_secret::{closure#0} as core[df12db4294e9bfd3]::ops::function::FnOnce<()>>::call_once
[INFO] [stdout]   14:     0x5c86dd85097b - test[9d35eded1c95d3be]::__rust_begin_short_backtrace::<core[df12db4294e9bfd3]::result::Result<(), alloc[2182bb758b4b3781]::string::String>, fn() -> core[df12db4294e9bfd3]::result::Result<(), alloc[2182bb758b4b3781]::string::String>>
[INFO] [stdout]   15:     0x5c86dd85dfe5 - test[9d35eded1c95d3be]::run_test::{closure#0}
[INFO] [stdout]   16:     0x5c86dd8578a4 - std[70759c8f55707aa4]::sys::backtrace::__rust_begin_short_backtrace::<test[9d35eded1c95d3be]::run_test::{closure#1}, ()>
[INFO] [stdout]   17:     0x5c86dd861142 - <std[70759c8f55707aa4]::thread::lifecycle::spawn_unchecked<test[9d35eded1c95d3be]::run_test::{closure#1}, ()>::{closure#1} as core[df12db4294e9bfd3]::ops::function::FnOnce<()>>::call_once::{shim:vtable#0}
[INFO] [stdout]   18:     0x5c86dd9e9449 - <std[70759c8f55707aa4]::sys::thread::unix::Thread>::new::thread_start
[INFO] [stdout]   19:     0x7c8940c1ddfa - <unknown>
[INFO] [stdout]   20:     0x7c8940cb13d4 - clone
[INFO] [stdout]   21:                0x0 - <unknown>
[INFO] [stdout] 
[INFO] [stdout] ---- tests::scan_object_with_secret stdout ----
[INFO] [stdout] 
[INFO] [stdout] thread 'tests::scan_object_with_secret' (1496) panicked at src/main.rs:315:63:
[INFO] [stdout] called `Result::unwrap()` on an `Err` value: Error { code: -1, klass: 2, message: "failed to make directory './target': Read-only file system" }
[INFO] [stdout] stack backtrace:
[INFO] [stdout]    0:     0x5c86dd9e9bb1 - <<std[70759c8f55707aa4]::sys::backtrace::BacktraceLock>::print::DisplayBacktrace as core[df12db4294e9bfd3]::fmt::Display>::fmt
[INFO] [stdout]    1:     0x5c86dd9ff83a - core[df12db4294e9bfd3]::fmt::write
[INFO] [stdout]    2:     0x5c86dd9ee2fc - <alloc[2182bb758b4b3781]::vec::Vec<u8> as core[df12db4294e9bfd3]::io::write::Write>::write_fmt
[INFO] [stdout]    3:     0x5c86dd9c53e6 - std[70759c8f55707aa4]::panicking::default_hook::{closure#0}
[INFO] [stdout]    4:     0x5c86dd9e1839 - std[70759c8f55707aa4]::panicking::default_hook
[INFO] [stdout]    5:     0x5c86dd85d690 - test[9d35eded1c95d3be]::test_main_inner::<test[9d35eded1c95d3be]::test_main_static::{closure#0}>::{closure#0}
[INFO] [stdout]    6:     0x5c86dd9e1b62 - std[70759c8f55707aa4]::panicking::panic_with_hook
[INFO] [stdout]    7:     0x5c86dd9c5492 - std[70759c8f55707aa4]::panicking::panic_handler::{closure#0}
[INFO] [stdout]    8:     0x5c86dd9bdfd9 - std[70759c8f55707aa4]::sys::backtrace::__rust_end_short_backtrace::<std[70759c8f55707aa4]::panicking::panic_handler::{closure#0}, !>
[INFO] [stdout]    9:     0x5c86dd9c612d - __rustc[8fa7c3cbc660c2b3]::rust_begin_unwind
[INFO] [stdout]   10:     0x5c86dda0001c - core[df12db4294e9bfd3]::panicking::panic_fmt
[INFO] [stdout]   11:     0x5c86dd9ffdf2 - core[df12db4294e9bfd3]::result::unwrap_failed
[INFO] [stdout]   12:     0x5c86dd84fc1e - jaz[6a4683b38d109b89]::tests::scan_object_with_secret
[INFO] [stdout]   13:     0x5c86dd84d439 - <jaz[6a4683b38d109b89]::tests::scan_object_with_secret::{closure#0} as core[df12db4294e9bfd3]::ops::function::FnOnce<()>>::call_once
[INFO] [stdout]   14:     0x5c86dd85097b - test[9d35eded1c95d3be]::__rust_begin_short_backtrace::<core[df12db4294e9bfd3]::result::Result<(), alloc[2182bb758b4b3781]::string::String>, fn() -> core[df12db4294e9bfd3]::result::Result<(), alloc[2182bb758b4b3781]::string::String>>
[INFO] [stdout]   15:     0x5c86dd85dfe5 - test[9d35eded1c95d3be]::run_test::{closure#0}
[INFO] [stdout]   16:     0x5c86dd8578a4 - std[70759c8f55707aa4]::sys::backtrace::__rust_begin_short_backtrace::<test[9d35eded1c95d3be]::run_test::{closure#1}, ()>
[INFO] [stdout]   17:     0x5c86dd861142 - <std[70759c8f55707aa4]::thread::lifecycle::spawn_unchecked<test[9d35eded1c95d3be]::run_test::{closure#1}, ()>::{closure#1} as core[df12db4294e9bfd3]::ops::function::FnOnce<()>>::call_once::{shim:vtable#0}
[INFO] [stdout]   18:     0x5c86dd9e9449 - <std[70759c8f55707aa4]::sys::thread::unix::Thread>::new::thread_start
[INFO] [stdout]   19:     0x7c8940c1ddfa - <unknown>
[INFO] [stdout]   20:     0x7c8940cb13d4 - clone
[INFO] [stdout]   21:                0x0 - <unknown>
[INFO] [stdout] 
[INFO] [stdout] 
[INFO] [stdout] failures:
[INFO] [stdout]     tests::scan_object_non_blob
[INFO] [stdout]     tests::scan_object_with_secret
[INFO] [stdout]     tests::scan_object_without_secret
[INFO] [stdout] 
[INFO] [stdout] test result: FAILED. 22 passed; 3 failed; 0 ignored; 0 measured; 0 filtered out; finished in 0.11s
[INFO] [stdout] 
[INFO] [stderr] error: test failed, to rerun pass `--bin jaz`
[INFO] running `Command { std: "docker" "inspect" "40876f9a0eee1579ef1eaa811318a3fd77c6052a2778bb82dd97f9f6a38054b1", kill_on_drop: false }`
[INFO] running `Command { std: "docker" "rm" "-f" "40876f9a0eee1579ef1eaa811318a3fd77c6052a2778bb82dd97f9f6a38054b1", kill_on_drop: false }`
[INFO] [stdout] 40876f9a0eee1579ef1eaa811318a3fd77c6052a2778bb82dd97f9f6a38054b1
