[INFO] fetching crate jay-config 1.13.0...
[INFO] testing jay-config-1.13.0 against 1.100.0-beta.1+cargoflags=--release for beta-release-1.100-2
[INFO] extracting crate jay-config 1.13.0 into /workspace/builds/worker-0-tc2/source
[INFO] started tweaking crates.io crate jay-config 1.13.0
[INFO] finished tweaking crates.io crate jay-config 1.13.0
[INFO] tweaked toml for crates.io crate jay-config 1.13.0 written to /workspace/builds/worker-0-tc2/source/Cargo.toml
[INFO] validating manifest of crates.io crate jay-config 1.13.0 on toolchain 1.100.0-beta.1
[INFO] running `Command { std: CARGO_HOME="/workspace/cargo-home" RUSTUP_HOME="/workspace/rustup-home" "/workspace/cargo-home/bin/cargo" "+1.100.0-beta.1" "metadata" "--manifest-path" "Cargo.toml" "--no-deps", kill_on_drop: false }`
[INFO] crate crates.io crate jay-config 1.13.0 already has a lockfile, it will not be regenerated
[INFO] running `Command { std: CARGO_HOME="/workspace/cargo-home" RUSTUP_HOME="/workspace/rustup-home" "/workspace/cargo-home/bin/cargo" "+1.100.0-beta.1" "fetch" "--manifest-path" "Cargo.toml", kill_on_drop: false }`
[INFO] running `Command { std: "docker" "create" "-v" "/var/lib/crater-agent-workspace/builds/worker-0-tc2/source:/opt/rustwide/workdir:ro,Z" "-v" "/var/lib/crater-agent-workspace/builds/worker-0-tc2/target:/opt/rustwide/target:rw,Z" "-v" "/var/lib/crater-agent-workspace/cargo-home:/opt/rustwide/cargo-home:ro,Z" "-v" "/var/lib/crater-agent-workspace/rustup-home:/opt/rustwide/rustup-home:ro,Z" "-m" "1610612736" "--network" "none" "ghcr.io/rust-lang/crates-build-env/linux@sha256:77db811e55d90add9212f6832c23229e3de5f1c1f9905e8cb07319ea15df73ac" "sleep" "infinity", kill_on_drop: false }`
[INFO] [stdout] fb6202d6d4066e2fd6a210b32ef5e2c59a10192445e627276a22dd92827e5514
[INFO] running `Command { std: "docker" "start" "fb6202d6d4066e2fd6a210b32ef5e2c59a10192445e627276a22dd92827e5514", kill_on_drop: false }`
[INFO] running `Command { std: "docker" "inspect" "fb6202d6d4066e2fd6a210b32ef5e2c59a10192445e627276a22dd92827e5514", kill_on_drop: false }`
[INFO] running `Command { std: "docker" "exec" "-e" "SOURCE_DIR=/opt/rustwide/workdir" "-e" "CARGO_HOME=/opt/rustwide/cargo-home" "-e" "RUSTUP_HOME=/opt/rustwide/rustup-home" "-e" "CARGO_TARGET_DIR=/opt/rustwide/target" "-w" "/opt/rustwide/workdir" "--user" "0:0" "fb6202d6d4066e2fd6a210b32ef5e2c59a10192445e627276a22dd92827e5514" "/opt/rustwide/cargo-home/bin/cargo" "+1.100.0-beta.1" "metadata" "--no-deps" "--format-version=1", kill_on_drop: false }`
[INFO] running `Command { std: "docker" "inspect" "fb6202d6d4066e2fd6a210b32ef5e2c59a10192445e627276a22dd92827e5514", kill_on_drop: false }`
[INFO] running `Command { std: "docker" "exec" "-e" "SOURCE_DIR=/opt/rustwide/workdir" "-e" "CARGO_HOME=/opt/rustwide/cargo-home" "-e" "RUSTUP_HOME=/opt/rustwide/rustup-home" "-e" "CARGO_TARGET_DIR=/opt/rustwide/target" "-e" "CARGO_INCREMENTAL=0" "-e" "RUST_BACKTRACE=full" "-e" "RUSTFLAGS=--cap-lints=warn" "-e" "RUSTDOCFLAGS=--cap-lints=warn" "-w" "/opt/rustwide/workdir" "--user" "0:0" "fb6202d6d4066e2fd6a210b32ef5e2c59a10192445e627276a22dd92827e5514" "/opt/rustwide/cargo-home/bin/cargo" "+1.100.0-beta.1" "build" "--frozen" "--message-format=json" "--release", kill_on_drop: false }`
[INFO] [stderr]    Compiling regex-syntax v0.8.11
[INFO] [stderr]    Compiling find-msvc-tools v0.1.12
[INFO] [stderr]    Compiling bstr v1.13.1
[INFO] [stderr]    Compiling serde_json v1.0.151
[INFO] [stderr]    Compiling backtrace v0.3.76
[INFO] [stderr]    Compiling run-on-drop v1.0.0
[INFO] [stderr]    Compiling error_reporter v1.0.0
[INFO] [stderr]    Compiling thiserror-impl v2.0.20
[INFO] [stderr]    Compiling futures-macro v0.3.34
[INFO] [stderr]    Compiling jay-proc v0.2.0
[INFO] [stderr]    Compiling serde v1.0.229
[INFO] [stderr]    Compiling cc v1.4.5
[INFO] [stderr]    Compiling bincode v1.3.3
[INFO] [stderr]    Compiling futures-util v0.3.34
[INFO] [stderr]    Compiling thiserror v2.0.20
[INFO] [stderr]    Compiling regex-automata v0.4.18
[INFO] [stderr]    Compiling uapi v0.2.14
[INFO] [stderr]    Compiling regex v1.13.1
[INFO] [stderr]    Compiling uapi-proc v0.0.6
[INFO] [stderr]    Compiling jay-config v1.13.0 (/opt/rustwide/workdir)
[INFO] [stderr]     Finished `release` profile [optimized] target(s) in 22.02s
[INFO] running `Command { std: "docker" "inspect" "fb6202d6d4066e2fd6a210b32ef5e2c59a10192445e627276a22dd92827e5514", kill_on_drop: false }`
[INFO] running `Command { std: "docker" "exec" "-e" "SOURCE_DIR=/opt/rustwide/workdir" "-e" "CARGO_HOME=/opt/rustwide/cargo-home" "-e" "RUSTUP_HOME=/opt/rustwide/rustup-home" "-e" "CARGO_TARGET_DIR=/opt/rustwide/target" "-e" "CARGO_INCREMENTAL=0" "-e" "RUST_BACKTRACE=full" "-e" "RUSTFLAGS=--cap-lints=warn" "-e" "RUSTDOCFLAGS=--cap-lints=warn" "-w" "/opt/rustwide/workdir" "--user" "0:0" "fb6202d6d4066e2fd6a210b32ef5e2c59a10192445e627276a22dd92827e5514" "/opt/rustwide/cargo-home/bin/cargo" "+1.100.0-beta.1" "test" "--frozen" "--no-run" "--message-format=json" "--release", kill_on_drop: false }`
[INFO] [stderr]    Compiling jay-config v1.13.0 (/opt/rustwide/workdir)
[INFO] [stderr]     Finished `release` profile [optimized] target(s) in 8.55s
[INFO] running `Command { std: "docker" "inspect" "fb6202d6d4066e2fd6a210b32ef5e2c59a10192445e627276a22dd92827e5514", kill_on_drop: false }`
[INFO] running `Command { std: "docker" "exec" "-e" "SOURCE_DIR=/opt/rustwide/workdir" "-e" "CARGO_HOME=/opt/rustwide/cargo-home" "-e" "RUSTUP_HOME=/opt/rustwide/rustup-home" "-e" "CARGO_TARGET_DIR=/opt/rustwide/target" "-e" "CARGO_INCREMENTAL=0" "-e" "RUST_BACKTRACE=full" "-e" "RUSTFLAGS=--cap-lints=warn" "-e" "RUSTDOCFLAGS=--cap-lints=warn" "-w" "/opt/rustwide/workdir" "--user" "0:0" "fb6202d6d4066e2fd6a210b32ef5e2c59a10192445e627276a22dd92827e5514" "/opt/rustwide/cargo-home/bin/cargo" "+1.100.0-beta.1" "test" "--frozen" "--release", kill_on_drop: false }`
[INFO] [stderr]     Finished `release` profile [optimized] target(s) in 0.04s
[INFO] [stderr]      Running unittests src/lib.rs (/opt/rustwide/target/release/build/jay-config/f1ed4fa98ab398b6/out/jay_config-f1ed4fa98ab398b6)
[INFO] [stdout] 
[INFO] [stdout] running 0 tests
[INFO] [stdout] 
[INFO] [stdout] test result: ok. 0 passed; 0 failed; 0 ignored; 0 measured; 0 filtered out; finished in 0.00s
[INFO] [stdout] 
[INFO] [stderr]    Doc-tests jay_config
[INFO] [stdout] 
[INFO] [stdout] running 5 tests
[INFO] [stdout] test src/input.rs - input::Seat::set_window_management_key (line 640) ... ignored
[INFO] [stdout] test src/timer.rs - timer::duration_until_wall_clock_is_multiple_of (line 68) ... ignored
[INFO] [stdout] test src/keyboard/mod.rs - keyboard::keymap_from_names (line 150) ... FAILED
[INFO] [stdout] test src/keyboard/mod.rs - keyboard::keymap_from_names (line 155) ... FAILED
[INFO] [stdout] test src/lib.rs - (line 5) ... ok
[INFO] [stdout] 
[INFO] [stdout] failures:
[INFO] [stdout] 
[INFO] [stdout] ---- src/keyboard/mod.rs - keyboard::keymap_from_names (line 150) stdout ----
[INFO] [stdout] error: expected one of `!` or `::`, found `=`
[INFO] [stdout]    --> src/keyboard/mod.rs:151:20
[INFO] [stdout]     |
[INFO] [stdout] 151 | XKB_DEFAULT_LAYOUT = "us,il,ru,de,jp"
[INFO] [stdout]     |                    ^ expected one of `!` or `::`
[INFO] [stdout] 
[INFO] [stdout] error: aborting due to 1 previous error
[INFO] [stdout] 
[INFO] [stdout] Couldn't compile the test.
[INFO] [stdout] ---- src/keyboard/mod.rs - keyboard::keymap_from_names (line 155) stdout ----
[INFO] [stdout] error[E0422]: cannot find struct, variant or union type `Group` in this scope
[INFO] [stdout]    --> src/keyboard/mod.rs:157:5
[INFO] [stdout]     |
[INFO] [stdout] 157 |     Group { layout: "us", variant: "" },
[INFO] [stdout]     |     ^^^^^ not found in this scope
[INFO] [stdout] 
[INFO] [stdout] error[E0422]: cannot find struct, variant or union type `Group` in this scope
[INFO] [stdout]    --> src/keyboard/mod.rs:158:5
[INFO] [stdout]     |
[INFO] [stdout] 158 |     Group { layout: "il", variant: "" },
[INFO] [stdout]     |     ^^^^^ not found in this scope
[INFO] [stdout] 
[INFO] [stdout] error[E0422]: cannot find struct, variant or union type `Group` in this scope
[INFO] [stdout]    --> src/keyboard/mod.rs:159:5
[INFO] [stdout]     |
[INFO] [stdout] 159 |     Group { layout: "ru", variant: "phonetic" },
[INFO] [stdout]     |     ^^^^^ not found in this scope
[INFO] [stdout] 
[INFO] [stdout] error[E0422]: cannot find struct, variant or union type `Group` in this scope
[INFO] [stdout]    --> src/keyboard/mod.rs:160:5
[INFO] [stdout]     |
[INFO] [stdout] 160 |     Group { layout: "de", variant: "neo" },
[INFO] [stdout]     |     ^^^^^ not found in this scope
[INFO] [stdout] 
[INFO] [stdout] error[E0422]: cannot find struct, variant or union type `Group` in this scope
[INFO] [stdout]    --> src/keyboard/mod.rs:161:5
[INFO] [stdout]     |
[INFO] [stdout] 161 |     Group { layout: "jp", variant: "" },
[INFO] [stdout]     |     ^^^^^ not found in this scope
[INFO] [stdout] 
[INFO] [stdout] error: aborting due to 5 previous errors
[INFO] [stdout] 
[INFO] [stdout] For more information about this error, try `rustc --explain E0422`.
[INFO] [stdout] Couldn't compile the test.
[INFO] [stdout] 
[INFO] [stdout] failures:
[INFO] [stdout]     src/keyboard/mod.rs - keyboard::keymap_from_names (line 150)
[INFO] [stdout]     src/keyboard/mod.rs - keyboard::keymap_from_names (line 155)
[INFO] [stdout] 
[INFO] [stdout] test result: FAILED. 1 passed; 2 failed; 2 ignored; 0 measured; 0 filtered out; finished in 0.28s
[INFO] [stdout] 
[INFO] [stdout] all doctests ran in 0.38s; merged doctests compilation took 0.10s
[INFO] [stderr] error: doctest failed, to rerun pass `--doc`
[INFO] running `Command { std: "docker" "inspect" "fb6202d6d4066e2fd6a210b32ef5e2c59a10192445e627276a22dd92827e5514", kill_on_drop: false }`
[INFO] running `Command { std: "docker" "rm" "-f" "fb6202d6d4066e2fd6a210b32ef5e2c59a10192445e627276a22dd92827e5514", kill_on_drop: false }`
[INFO] [stdout] fb6202d6d4066e2fd6a210b32ef5e2c59a10192445e627276a22dd92827e5514
