[INFO] fetching crate java_regex 0.1.0...
[INFO] testing java_regex-0.1.0 against 1.99.0-beta.8+cargoflags=--release for beta-release-1.100-2
[INFO] extracting crate java_regex 0.1.0 into /workspace/builds/worker-4-tc1/source
[INFO] started tweaking crates.io crate java_regex 0.1.0
[INFO] removed 0 missing examples
[INFO] removed 0 missing tests
[INFO] finished tweaking crates.io crate java_regex 0.1.0
[INFO] tweaked toml for crates.io crate java_regex 0.1.0 written to /workspace/builds/worker-4-tc1/source/Cargo.toml
[INFO] validating manifest of crates.io crate java_regex 0.1.0 on toolchain 1.99.0-beta.8
[INFO] running `Command { std: CARGO_HOME="/workspace/cargo-home" RUSTUP_HOME="/workspace/rustup-home" "/workspace/cargo-home/bin/cargo" "+1.99.0-beta.8" "metadata" "--manifest-path" "Cargo.toml" "--no-deps", kill_on_drop: false }`
[INFO] crate crates.io crate java_regex 0.1.0 already has a lockfile, it will not be regenerated
[INFO] running `Command { std: CARGO_HOME="/workspace/cargo-home" RUSTUP_HOME="/workspace/rustup-home" "/workspace/cargo-home/bin/cargo" "+1.99.0-beta.8" "fetch" "--manifest-path" "Cargo.toml", kill_on_drop: false }`
[INFO] [stderr]     Updating crates.io index
[INFO] [stderr]  Downloading crates ...
[INFO] [stderr]   Downloaded unicode-blocks v0.1.9
[INFO] running `Command { std: "docker" "create" "-v" "/var/lib/crater-agent-workspace/builds/worker-4-tc1/source:/opt/rustwide/workdir:ro,Z" "-v" "/var/lib/crater-agent-workspace/builds/worker-4-tc1/target:/opt/rustwide/target:rw,Z" "-v" "/var/lib/crater-agent-workspace/cargo-home:/opt/rustwide/cargo-home:ro,Z" "-v" "/var/lib/crater-agent-workspace/rustup-home:/opt/rustwide/rustup-home:ro,Z" "-m" "1610612736" "--network" "none" "ghcr.io/rust-lang/crates-build-env/linux@sha256:77db811e55d90add9212f6832c23229e3de5f1c1f9905e8cb07319ea15df73ac" "sleep" "infinity", kill_on_drop: false }`
[INFO] [stdout] 2e0378e17edd088ef1e56259b561513fecf088d8766d86a9161bb17b5a430dbe
[INFO] running `Command { std: "docker" "start" "2e0378e17edd088ef1e56259b561513fecf088d8766d86a9161bb17b5a430dbe", kill_on_drop: false }`
[INFO] running `Command { std: "docker" "inspect" "2e0378e17edd088ef1e56259b561513fecf088d8766d86a9161bb17b5a430dbe", kill_on_drop: false }`
[INFO] running `Command { std: "docker" "exec" "-e" "SOURCE_DIR=/opt/rustwide/workdir" "-e" "CARGO_HOME=/opt/rustwide/cargo-home" "-e" "RUSTUP_HOME=/opt/rustwide/rustup-home" "-e" "CARGO_TARGET_DIR=/opt/rustwide/target" "-w" "/opt/rustwide/workdir" "--user" "0:0" "2e0378e17edd088ef1e56259b561513fecf088d8766d86a9161bb17b5a430dbe" "/opt/rustwide/cargo-home/bin/cargo" "+1.99.0-beta.8" "metadata" "--no-deps" "--format-version=1", kill_on_drop: false }`
[INFO] running `Command { std: "docker" "inspect" "2e0378e17edd088ef1e56259b561513fecf088d8766d86a9161bb17b5a430dbe", kill_on_drop: false }`
[INFO] running `Command { std: "docker" "exec" "-e" "SOURCE_DIR=/opt/rustwide/workdir" "-e" "CARGO_HOME=/opt/rustwide/cargo-home" "-e" "RUSTUP_HOME=/opt/rustwide/rustup-home" "-e" "CARGO_TARGET_DIR=/opt/rustwide/target" "-e" "CARGO_INCREMENTAL=0" "-e" "RUST_BACKTRACE=full" "-e" "RUSTFLAGS=--cap-lints=warn" "-e" "RUSTDOCFLAGS=--cap-lints=warn" "-w" "/opt/rustwide/workdir" "--user" "0:0" "2e0378e17edd088ef1e56259b561513fecf088d8766d86a9161bb17b5a430dbe" "/opt/rustwide/cargo-home/bin/cargo" "+1.99.0-beta.8" "build" "--frozen" "--message-format=json" "--release", kill_on_drop: false }`
[INFO] [stderr]    Compiling unicode-general-category v1.1.0
[INFO] [stderr]    Compiling unicode-blocks v0.1.9
[INFO] [stderr]    Compiling unicode-properties v0.1.4
[INFO] [stderr]    Compiling unicode-script v0.5.8
[INFO] [stderr]    Compiling java_regex v0.1.0 (/opt/rustwide/workdir)
[INFO] [stderr]     Finished `release` profile [optimized] target(s) in 4.64s
[INFO] running `Command { std: "docker" "inspect" "2e0378e17edd088ef1e56259b561513fecf088d8766d86a9161bb17b5a430dbe", kill_on_drop: false }`
[INFO] running `Command { std: "docker" "exec" "-e" "SOURCE_DIR=/opt/rustwide/workdir" "-e" "CARGO_HOME=/opt/rustwide/cargo-home" "-e" "RUSTUP_HOME=/opt/rustwide/rustup-home" "-e" "CARGO_TARGET_DIR=/opt/rustwide/target" "-e" "CARGO_INCREMENTAL=0" "-e" "RUST_BACKTRACE=full" "-e" "RUSTFLAGS=--cap-lints=warn" "-e" "RUSTDOCFLAGS=--cap-lints=warn" "-w" "/opt/rustwide/workdir" "--user" "0:0" "2e0378e17edd088ef1e56259b561513fecf088d8766d86a9161bb17b5a430dbe" "/opt/rustwide/cargo-home/bin/cargo" "+1.99.0-beta.8" "test" "--frozen" "--no-run" "--message-format=json" "--release", kill_on_drop: false }`
[INFO] [stderr]    Compiling cc v1.2.62
[INFO] [stderr]    Compiling regex-automata v0.4.14
[INFO] [stderr]    Compiling tempfile v3.27.0
[INFO] [stderr]    Compiling rusty-fork v0.3.1
[INFO] [stderr]    Compiling proptest v1.11.0
[INFO] [stderr]    Compiling onig_sys v69.9.3
[INFO] [stderr]    Compiling fancy-regex v0.14.0
[INFO] [stderr]    Compiling regex v1.12.3
[INFO] [stderr]    Compiling onig v6.5.3
[INFO] [stderr]    Compiling java_regex v0.1.0 (/opt/rustwide/workdir)
[INFO] [stderr]     Finished `release` profile [optimized] target(s) in 45.36s
[INFO] running `Command { std: "docker" "inspect" "2e0378e17edd088ef1e56259b561513fecf088d8766d86a9161bb17b5a430dbe", kill_on_drop: false }`
[INFO] running `Command { std: "docker" "exec" "-e" "SOURCE_DIR=/opt/rustwide/workdir" "-e" "CARGO_HOME=/opt/rustwide/cargo-home" "-e" "RUSTUP_HOME=/opt/rustwide/rustup-home" "-e" "CARGO_TARGET_DIR=/opt/rustwide/target" "-e" "CARGO_INCREMENTAL=0" "-e" "RUST_BACKTRACE=full" "-e" "RUSTFLAGS=--cap-lints=warn" "-e" "RUSTDOCFLAGS=--cap-lints=warn" "-w" "/opt/rustwide/workdir" "--user" "0:0" "2e0378e17edd088ef1e56259b561513fecf088d8766d86a9161bb17b5a430dbe" "/opt/rustwide/cargo-home/bin/cargo" "+1.99.0-beta.8" "test" "--frozen" "--release", kill_on_drop: false }`
[INFO] [stderr]     Finished `release` profile [optimized] target(s) in 0.12s
[INFO] [stderr]      Running unittests src/lib.rs (/opt/rustwide/target/release/deps/java_regex-b774c9b8dd9fe472)
[INFO] [stdout] 
[INFO] [stdout] running 109 tests
[INFO] [stdout] test tests::test_atomic_group ... ok
[INFO] [stdout] test tests::test_backtracking_alternation ... ok
[INFO] [stdout] test tests::test_char_class_intersection ... ok
[INFO] [stdout] test tests::test_char_class_with_comments_mode ... ok
[INFO] [stdout] test tests::test_case_insensitive_range_outside_ascii_bounds ... ok
[INFO] [stdout] test tests::test_chained_intersection_mirrors_openjdk_quirk ... ok
[INFO] [stdout] test tests::test_compile_error_bad_range ... ok
[INFO] [stdout] test tests::test_compile_error_duplicate_name ... ok
[INFO] [stdout] test tests::test_char_class_range ... ok
[INFO] [stdout] test tests::test_control_escape ... ok
[INFO] [stdout] test tests::test_backreference ... ok
[INFO] [stdout] test tests::test_alternative ... ok
[INFO] [stdout] test tests::test_case_insensitive ... ok
[INFO] [stdout] test tests::test_capture_leak_across_find_positions ... ok
[INFO] [stdout] test tests::test_anchors ... ok
[INFO] [stdout] test tests::test_basic_match ... ok
[INFO] [stdout] test tests::test_capture_leak_from_negative_lookbehind ... ok
[INFO] [stdout] test tests::test_case_insensitive_backref_in_reluctant_quantifier ... ok
[INFO] [stdout] test tests::test_char_class ... ok
[INFO] [stdout] test tests::test_char_class_with_predefined_h_v ... ok
[INFO] [stdout] test tests::test_comments_mode ... ok
[INFO] [stdout] test tests::test_display ... ok
[INFO] [stdout] test tests::test_dotall ... ok
[INFO] [stdout] test tests::test_empty_intersection_error ... ok
[INFO] [stdout] test tests::test_empty_match ... ok
[INFO] [stdout] test tests::test_find_at ... ok
[INFO] [stdout] test tests::test_find_iter_iterator_api ... ok
[INFO] [stdout] test tests::test_find_in_region ... ok
[INFO] [stdout] test tests::test_grapheme_cluster_with_zwj ... ok
[INFO] [stdout] test tests::test_grapheme_in_lookbehind_unbounded_rejected ... ok
[INFO] [stdout] test tests::test_escaped_backslash ... ok
[INFO] [stdout] test tests::test_groupcurly_backoff_overrides_capture_with_iter_slice ... ok
[INFO] [stdout] test tests::test_groups ... ok
[INFO] [stdout] test tests::test_end_anchor_with_region_bounds_sees_full_input ... ok
[INFO] [stdout] test tests::test_escaped_dot ... ok
[INFO] [stdout] test tests::test_find ... ok
[INFO] [stdout] test tests::test_group_positions ... ok
[INFO] [stdout] test tests::test_group_quantifier ... ok
[INFO] [stdout] test tests::test_hex_escape ... ok
[INFO] [stdout] test tests::test_inline_flags ... ok
[INFO] [stdout] test tests::test_inline_unix_lines_flag ... ok
[INFO] [stdout] test tests::test_literal_flag ... ok
[INFO] [stdout] test tests::test_lookbehind ... ok
[INFO] [stdout] test tests::test_lookbehind_alternation_with_overflowed_alt_does_not_skip ... ok
[INFO] [stdout] test tests::test_linebreak ... ok
[INFO] [stdout] test tests::test_lookbehind_unbounded_body_overflow_threshold ... ok
[INFO] [stdout] test tests::test_inline_flags_propagate_across_alternation_branches ... ok
[INFO] [stdout] test tests::test_named_groups ... ok
[INFO] [stdout] test tests::test_neg_lookahead_with_noncap_quant_capture_persists ... ok
[INFO] [stdout] test tests::test_linebreak_is_not_atomic ... ok
[INFO] [stdout] test tests::test_java_mirrored_property_covers_math_symbols ... ok
[INFO] [stdout] test tests::test_lookbehind_unbounded_multichar_body_rejected ... ok
[INFO] [stdout] test tests::test_match_info_name_and_group_count ... ok
[INFO] [stdout] test tests::test_negated_char_class ... ok
[INFO] [stdout] test tests::test_octal ... ok
[INFO] [stdout] test tests::test_nested_character_class ... ok
[INFO] [stdout] test tests::test_negative_lookbehind_unbounded_body_rejected ... ok
[INFO] [stdout] test tests::test_optional_inner_anchor_capture_resets_on_failure ... ok
[INFO] [stdout] test tests::test_pattern ... ok
[INFO] [stdout] test tests::test_nested_char_class_with_colon ... ok
[INFO] [stdout] test tests::test_negative_lookahead ... ok
[INFO] [stdout] test tests::test_nondet_reluctant_zero_width_body_rejects ... ok
[INFO] [stdout] test tests::test_non_capturing_group ... ok
[INFO] [stdout] test tests::test_possessive_cmin_loop_does_not_abort_on_zero_width ... ok
[INFO] [stdout] test tests::test_predefined_classes ... ok
[INFO] [stdout] test tests::test_looking_at ... ok
[INFO] [stdout] test tests::test_quote ... ok
[INFO] [stdout] test tests::test_reluctant ... ok
[INFO] [stdout] test tests::test_pattern_syntax_error_no_context ... ok
[INFO] [stdout] test tests::test_java_property_names ... ok
[INFO] [stdout] test tests::test_possessive ... ok
[INFO] [stdout] test tests::test_quantified_deterministic_atom_is_atomic ... ok
[INFO] [stdout] test tests::test_lookahead ... ok
[INFO] [stdout] test tests::test_match_unicode_property_public_wrapper ... ok
[INFO] [stdout] test tests::test_replace_first ... ok
[INFO] [stdout] test tests::test_lookbehind_ques_lazy_body_zero_width_match ... ok
[INFO] [stdout] test tests::test_multiline ... ok
[INFO] [stdout] test tests::test_replace_multi_digit_group_and_literal_dollar ... ok
[INFO] [stdout] test tests::test_multiline_caret_not_at_end_of_input ... ok
[INFO] [stdout] test tests::test_replace_with_groups ... ok
[INFO] [stdout] test tests::test_replace_all ... ok
[INFO] [stdout] test tests::test_reluctant_zero_width_body_aborts_does_not_retry_rest ... ok
[INFO] [stdout] test tests::test_quantified_non_deterministic_atom_backtracks ... ok
[INFO] [stdout] test tests::test_replace_all_closure ... ok
[INFO] [stdout] test tests::test_quantifiers ... ok
[INFO] [stdout] test tests::test_reluctant_flag_group_zero_width_body ... ok
[INFO] [stdout] test tests::test_replace_first_closure ... ok
[INFO] [stdout] test tests::test_replace_first_with_groups ... ok
[INFO] [stdout] test tests::test_unclosed_character_class_error ... ok
[INFO] [stdout] test tests::test_unicode_escape ... ok
[INFO] [stdout] test tests::test_unknown_category_name_returns_false ... ok
[INFO] [stdout] test tests::test_variable_lookbehind ... ok
[INFO] [stdout] test tests::test_word_boundary ... ok
[INFO] [stdout] test tests::test_zero_max_body_with_star_quantifier_leaves_group_unset ... ok
[INFO] [stdout] test tests::test_split ... ok
[INFO] [stdout] test tests::test_zero_width_alt_clears_failed_capture ... ok
[INFO] [stdout] test tests::test_split_with_limit ... ok
[INFO] [stdout] test tests::test_split_with_limit_trailing_empty ... ok
[INFO] [stdout] test tests::test_zero_width_outer_with_quantified_literal_body ... ok
[INFO] [stdout] test tests::test_split_zero_width_at_start_no_leading_empty ... ok
[INFO] [stdout] test tests::test_unicode_block_no_match_for_char_outside_block ... ok
[INFO] [stdout] test tests::test_star_empty ... ok
[INFO] [stdout] test tests::test_unicode_javamirrored_math_ranges ... ok
[INFO] [stdout] test tests::test_unicode_property ... ok
[INFO] [stdout] test tests::test_replacer_impls_for_string_and_ref_string ... ok
[INFO] [stdout] test tests::test_script_short_name_resolution ... ok
[INFO] [stdout] test tests::test_quoted ... ok
[INFO] [stdout] test tests::test_reluctant_generic_zero_width_body_aborts_does_not_retry_rest ... ok
[INFO] [stdout] test tests::test_backtracking_limit ... ok
[INFO] [stdout] 
[INFO] [stdout] test result: ok. 109 passed; 0 failed; 0 ignored; 0 measured; 0 filtered out; finished in 0.26s
[INFO] [stdout] 
[INFO] [stderr]      Running tests/jsonl_tests.rs (/opt/rustwide/target/release/deps/jsonl_tests-4ebc8db2f076307f)
[INFO] [stdout] 
[INFO] [stdout] running 61 tests
[INFO] [stdout] test test_diff_s2002 ... FAILED
[INFO] [stdout] test test_diff_s1000 ... FAILED
[INFO] [stdout] test test_diff_s2004 ... FAILED
[INFO] [stdout] test test_diff_s3001 ... FAILED
[INFO] [stdout] test test_diff_s2005 ... FAILED
[INFO] [stdout] test test_diff_s2001 ... FAILED
[INFO] [stdout] test test_diff_s3004 ... FAILED
[INFO] [stdout] test test_diff_s3002 ... FAILED
[INFO] [stdout] test test_diff_s300 ... FAILED
[INFO] [stdout] test test_diff_s100 ... FAILED
[INFO] [stdout] test test_diff_s3009 ... FAILED
[INFO] [stdout] test test_diff_s3006 ... FAILED
[INFO] [stdout] test test_diff_s2003 ... FAILED
[INFO] [stdout] test test_diff_s200 ... FAILED
[INFO] [stdout] test test_diff_s3007 ... FAILED
[INFO] [stdout] test test_diff_s4001 ... FAILED
[INFO] [stdout] test test_diff ... FAILED
[INFO] [stdout] test test_diff_s3003 ... FAILED
[INFO] [stdout] test test_diff_s3005 ... FAILED
[INFO] [stdout] test test_diff_s400 ... FAILED
[INFO] [stdout] test test_diff_s3010 ... FAILED
[INFO] [stdout] test test_diff_s3008 ... FAILED
[INFO] [stdout] test test_diff2 ... FAILED
[INFO] [stdout] test test_diff_s4002 ... FAILED
[INFO] [stdout] test test_diff_s4003 ... FAILED
[INFO] [stdout] test test_diff_s4004 ... FAILED
[INFO] [stdout] test test_diff_s4005 ... FAILED
[INFO] [stdout] test test_diff_s6003 ... FAILED
[INFO] [stdout] test test_jsonl_5000 ... FAILED
[INFO] [stdout] test test_diff_s500 ... FAILED
[INFO] [stdout] test test_diff_s5001 ... FAILED
[INFO] [stdout] test test_diff_s800 ... FAILED
[INFO] [stdout] test test_diff_s900 ... FAILED
[INFO] [stdout] test test_diff_s6005 ... FAILED
[INFO] [stdout] test test_diff_s700 ... FAILED
[INFO] [stdout] test test_diff_s600 ... FAILED
[INFO] [stdout] test test_diff_s6004 ... FAILED
[INFO] [stdout] test test_jsonl_gen10 ... FAILED
[INFO] [stdout] test test_diff_s6002 ... FAILED
[INFO] [stdout] test test_diff_s6001 ... FAILED
[INFO] [stdout] test test_jsonl_gen12 ... FAILED
[INFO] [stdout] test test_jsonl_gen14 ... FAILED
[INFO] [stdout] test test_diff_s7001 ... FAILED
[INFO] [stdout] test test_jsonl_gen11 ... FAILED
[INFO] [stdout] test test_jsonl_gen13 ... FAILED
[INFO] [stdout] test test_jsonl_gen6 ... FAILED
[INFO] [stdout] test test_jsonl_gen5 ... FAILED
[INFO] [stdout] test test_jsonl_gen17 ... FAILED
[INFO] [stdout] test test_jsonl_gen8 ... FAILED
[INFO] [stdout] test test_jsonl_gen20 ... FAILED
[INFO] [stdout] test test_jsonl_gen15 ... FAILED
[INFO] [stdout] test test_openjdk_inline ... FAILED
[INFO] [stdout] test test_jsonl_gen7 ... FAILED
[INFO] [stdout] test test_openjdk2 ... FAILED
[INFO] [stdout] test test_jsonl_gen18 ... FAILED
[INFO] [stdout] test test_jsonl_gen9 ... FAILED
[INFO] [stdout] test test_jsonl_gen16 ... FAILED
[INFO] [stdout] test test_jsonl_new ... FAILED
[INFO] [stdout] test test_openjdk ... FAILED
[INFO] [stdout] test test_jsonl_gen19 ... FAILED
[INFO] [stdout] test test_jsonl_105 ... ok
[INFO] [stdout] 
[INFO] [stdout] failures:
[INFO] [stdout] 
[INFO] [stdout] ---- test_diff_s2002 stdout ----
[INFO] [stdout] 
[INFO] [stdout] thread 'test_diff_s2002' (973) panicked at tests/jsonl_tests.rs:115:63:
[INFO] [stdout] Failed to read tests/java_regex_tests_diff_s2002.jsonl
[INFO] [stdout] stack backtrace:
[INFO] [stdout]    0:     0x59724c137261 - <<std[70759c8f55707aa4]::sys::backtrace::BacktraceLock>::print::DisplayBacktrace as core[df12db4294e9bfd3]::fmt::Display>::fmt
[INFO] [stdout]    1:     0x59724c14cb6a - core[df12db4294e9bfd3]::fmt::write
[INFO] [stdout]    2:     0x59724c13b6fc - <alloc[2182bb758b4b3781]::vec::Vec<u8> as core[df12db4294e9bfd3]::io::write::Write>::write_fmt
[INFO] [stdout]    3:     0x59724c1134e6 - std[70759c8f55707aa4]::panicking::default_hook::{closure#0}
[INFO] [stdout]    4:     0x59724c12f659 - std[70759c8f55707aa4]::panicking::default_hook
[INFO] [stdout]    5:     0x59724c0a9190 - test[9d35eded1c95d3be]::test_main_inner::<test[9d35eded1c95d3be]::test_main_static::{closure#0}>::{closure#0}
[INFO] [stdout]    6:     0x59724c12f812 - std[70759c8f55707aa4]::panicking::panic_with_hook
[INFO] [stdout]    7:     0x59724c113592 - std[70759c8f55707aa4]::panicking::panic_handler::{closure#0}
[INFO] [stdout]    8:     0x59724c10c189 - std[70759c8f55707aa4]::sys::backtrace::__rust_end_short_backtrace::<std[70759c8f55707aa4]::panicking::panic_handler::{closure#0}, !>
[INFO] [stdout]    9:     0x59724c11418d - __rustc[8fa7c3cbc660c2b3]::rust_begin_unwind
[INFO] [stdout]   10:     0x59724c14d29c - core[df12db4294e9bfd3]::panicking::panic_fmt
[INFO] [stdout]   11:     0x59724c091c0f - jsonl_tests[bb5bd5c2b86c0f9e]::run_test_file::{closure#0}
[INFO] [stdout]   12:     0x59724c0934e1 - jsonl_tests[bb5bd5c2b86c0f9e]::run_and_assert
[INFO] [stdout]   13:     0x59724c093c25 - <jsonl_tests[bb5bd5c2b86c0f9e]::test_diff_s2002::{closure#0} as core[df12db4294e9bfd3]::ops::function::FnOnce<()>>::call_once
[INFO] [stdout]   14:     0x59724c09c47b - test[9d35eded1c95d3be]::__rust_begin_short_backtrace::<core[df12db4294e9bfd3]::result::Result<(), alloc[2182bb758b4b3781]::string::String>, fn() -> core[df12db4294e9bfd3]::result::Result<(), alloc[2182bb758b4b3781]::string::String>>
[INFO] [stdout]   15:     0x59724c0a9ae5 - test[9d35eded1c95d3be]::run_test::{closure#0}
[INFO] [stdout]   16:     0x59724c0a33a4 - std[70759c8f55707aa4]::sys::backtrace::__rust_begin_short_backtrace::<test[9d35eded1c95d3be]::run_test::{closure#1}, ()>
[INFO] [stdout]   17:     0x59724c0acc42 - <std[70759c8f55707aa4]::thread::lifecycle::spawn_unchecked<test[9d35eded1c95d3be]::run_test::{closure#1}, ()>::{closure#1} as core[df12db4294e9bfd3]::ops::function::FnOnce<()>>::call_once::{shim:vtable#0}
[INFO] [stdout]   18:     0x59724c1367c9 - <std[70759c8f55707aa4]::sys::thread::unix::Thread>::new::thread_start
[INFO] [stdout]   19:     0x74925e245dfa - <unknown>
[INFO] [stdout]   20:     0x74925e2d93d4 - clone
[INFO] [stdout]   21:                0x0 - <unknown>
[INFO] [stdout] 
[INFO] [stdout] ---- test_diff_s1000 stdout ----
[INFO] [stdout] 
[INFO] [stdout] thread 'test_diff_s1000' (970) panicked at tests/jsonl_tests.rs:115:63:
[INFO] [stdout] Failed to read tests/java_regex_tests_diff_s1000.jsonl
[INFO] [stdout] stack backtrace:
[INFO] [stdout]    0:     0x59724c137261 - <<std[70759c8f55707aa4]::sys::backtrace::BacktraceLock>::print::DisplayBacktrace as core[df12db4294e9bfd3]::fmt::Display>::fmt
[INFO] [stdout]    1:     0x59724c14cb6a - core[df12db4294e9bfd3]::fmt::write
[INFO] [stdout]    2:     0x59724c13b6fc - <alloc[2182bb758b4b3781]::vec::Vec<u8> as core[df12db4294e9bfd3]::io::write::Write>::write_fmt
[INFO] [stdout]    3:     0x59724c1134e6 - std[70759c8f55707aa4]::panicking::default_hook::{closure#0}
[INFO] [stdout]    4:     0x59724c12f659 - std[70759c8f55707aa4]::panicking::default_hook
[INFO] [stdout]    5:     0x59724c0a9190 - test[9d35eded1c95d3be]::test_main_inner::<test[9d35eded1c95d3be]::test_main_static::{closure#0}>::{closure#0}
[INFO] [stdout]    6:     0x59724c12f812 - std[70759c8f55707aa4]::panicking::panic_with_hook
[INFO] [stdout]    7:     0x59724c113592 - std[70759c8f55707aa4]::panicking::panic_handler::{closure#0}
[INFO] [stdout]    8:     0x59724c10c189 - std[70759c8f55707aa4]::sys::backtrace::__rust_end_short_backtrace::<std[70759c8f55707aa4]::panicking::panic_handler::{closure#0}, !>
[INFO] [stdout]    9:     0x59724c11418d - __rustc[8fa7c3cbc660c2b3]::rust_begin_unwind
[INFO] [stdout]   10:     0x59724c14d29c - core[df12db4294e9bfd3]::panicking::panic_fmt
[INFO] [stdout]   11:     0x59724c091c0f - jsonl_tests[bb5bd5c2b86c0f9e]::run_test_file::{closure#0}
[INFO] [stdout]   12:     0x59724c0934e1 - jsonl_tests[bb5bd5c2b86c0f9e]::run_and_assert
[INFO] [stdout]   13:     0x59724c093bc5 - <jsonl_tests[bb5bd5c2b86c0f9e]::test_diff_s1000::{closure#0} as core[df12db4294e9bfd3]::ops::function::FnOnce<()>>::call_once
[INFO] [stdout]   14:     0x59724c09c47b - test[9d35eded1c95d3be]::__rust_begin_short_backtrace::<core[df12db4294e9bfd3]::result::Result<(), alloc[2182bb758b4b3781]::string::String>, fn() -> core[df12db4294e9bfd3]::result::Result<(), alloc[2182bb758b4b3781]::string::String>>
[INFO] [stdout]   15:     0x59724c0a9ae5 - test[9d35eded1c95d3be]::run_test::{closure#0}
[INFO] [stdout]   16:     0x59724c0a33a4 - std[70759c8f55707aa4]::sys::backtrace::__rust_begin_short_backtrace::<test[9d35eded1c95d3be]::run_test::{closure#1}, ()>
[INFO] [stdout]   17:     0x59724c0acc42 - <std[70759c8f55707aa4]::thread::lifecycle::spawn_unchecked<test[9d35eded1c95d3be]::run_test::{closure#1}, ()>::{closure#1} as core[df12db4294e9bfd3]::ops::function::FnOnce<()>>::call_once::{shim:vtable#0}
[INFO] [stdout]   18:     0x59724c1367c9 - <std[70759c8f55707aa4]::sys::thread::unix::Thread>::new::thread_start
[INFO] [stdout]   19:     0x74925e245dfa - <unknown>
[INFO] [stdout]   20:     0x74925e2d93d4 - clone
[INFO] [stdout]   21:                0x0 - <unknown>
[INFO] [stdout] 
[INFO] [stdout] ---- test_diff_s2004 stdout ----
[INFO] [stdout] 
[INFO] [stdout] thread 'test_diff_s2004' (975) panicked at tests/jsonl_tests.rs:115:63:
[INFO] [stdout] Failed to read tests/java_regex_tests_diff_s2004.jsonl
[INFO] [stdout] stack backtrace:
[INFO] [stdout]    0:     0x59724c137261 - <<std[70759c8f55707aa4]::sys::backtrace::BacktraceLock>::print::DisplayBacktrace as core[df12db4294e9bfd3]::fmt::Display>::fmt
[INFO] [stdout]    1:     0x59724c14cb6a - core[df12db4294e9bfd3]::fmt::write
[INFO] [stdout]    2:     0x59724c13b6fc - <alloc[2182bb758b4b3781]::vec::Vec<u8> as core[df12db4294e9bfd3]::io::write::Write>::write_fmt
[INFO] [stdout]    3:     0x59724c1134e6 - std[70759c8f55707aa4]::panicking::default_hook::{closure#0}
[INFO] [stdout]    4:     0x59724c12f659 - std[70759c8f55707aa4]::panicking::default_hook
[INFO] [stdout]    5:     0x59724c0a9190 - test[9d35eded1c95d3be]::test_main_inner::<test[9d35eded1c95d3be]::test_main_static::{closure#0}>::{closure#0}
[INFO] [stdout]    6:     0x59724c12f812 - std[70759c8f55707aa4]::panicking::panic_with_hook
[INFO] [stdout]    7:     0x59724c113592 - std[70759c8f55707aa4]::panicking::panic_handler::{closure#0}
[INFO] [stdout]    8:     0x59724c10c189 - std[70759c8f55707aa4]::sys::backtrace::__rust_end_short_backtrace::<std[70759c8f55707aa4]::panicking::panic_handler::{closure#0}, !>
[INFO] [stdout]    9:     0x59724c11418d - __rustc[8fa7c3cbc660c2b3]::rust_begin_unwind
[INFO] [stdout]   10:     0x59724c14d29c - core[df12db4294e9bfd3]::panicking::panic_fmt
[INFO] [stdout]   11:     0x59724c091c0f - jsonl_tests[bb5bd5c2b86c0f9e]::run_test_file::{closure#0}
[INFO] [stdout]   12:     0x59724c0934e1 - jsonl_tests[bb5bd5c2b86c0f9e]::run_and_assert
[INFO] [stdout]   13:     0x59724c093c85 - <jsonl_tests[bb5bd5c2b86c0f9e]::test_diff_s2004::{closure#0} as core[df12db4294e9bfd3]::ops::function::FnOnce<()>>::call_once
[INFO] [stdout]   14:     0x59724c09c47b - test[9d35eded1c95d3be]::__rust_begin_short_backtrace::<core[df12db4294e9bfd3]::result::Result<(), alloc[2182bb758b4b3781]::string::String>, fn() -> core[df12db4294e9bfd3]::result::Result<(), alloc[2182bb758b4b3781]::string::String>>
[INFO] [stdout]   15:     0x59724c0a9ae5 - test[9d35eded1c95d3be]::run_test::{closure#0}
[INFO] [stdout]   16:     0x59724c0a33a4 - std[70759c8f55707aa4]::sys::backtrace::__rust_begin_short_backtrace::<test[9d35eded1c95d3be]::run_test::{closure#1}, ()>
[INFO] [stdout]   17:     0x59724c0acc42 - <std[70759c8f55707aa4]::thread::lifecycle::spawn_unchecked<test[9d35eded1c95d3be]::run_test::{closure#1}, ()>::{closure#1} as core[df12db4294e9bfd3]::ops::function::FnOnce<()>>::call_once::{shim:vtable#0}
[INFO] [stdout]   18:     0x59724c1367c9 - <std[70759c8f55707aa4]::sys::thread::unix::Thread>::new::thread_start
[INFO] [stdout]   19:     0x74925e245dfa - <unknown>
[INFO] [stdout]   20:     0x74925e2d93d4 - clone
[INFO] [stdout]   21:                0x0 - <unknown>
[INFO] [stdout] 
[INFO] [stdout] ---- test_diff_s3001 stdout ----
[INFO] [stdout] 
[INFO] [stdout] thread 'test_diff_s3001' (978) panicked at tests/jsonl_tests.rs:115:63:
[INFO] [stdout] Failed to read tests/java_regex_tests_diff_s3001.jsonl
[INFO] [stdout] stack backtrace:
[INFO] [stdout]    0:     0x59724c137261 - <<std[70759c8f55707aa4]::sys::backtrace::BacktraceLock>::print::DisplayBacktrace as core[df12db4294e9bfd3]::fmt::Display>::fmt
[INFO] [stdout]    1:     0x59724c14cb6a - core[df12db4294e9bfd3]::fmt::write
[INFO] [stdout]    2:     0x59724c13b6fc - <alloc[2182bb758b4b3781]::vec::Vec<u8> as core[df12db4294e9bfd3]::io::write::Write>::write_fmt
[INFO] [stdout]    3:     0x59724c1134e6 - std[70759c8f55707aa4]::panicking::default_hook::{closure#0}
[INFO] [stdout]    4:     0x59724c12f659 - std[70759c8f55707aa4]::panicking::default_hook
[INFO] [stdout]    5:     0x59724c0a9190 - test[9d35eded1c95d3be]::test_main_inner::<test[9d35eded1c95d3be]::test_main_static::{closure#0}>::{closure#0}
[INFO] [stdout]    6:     0x59724c12f812 - std[70759c8f55707aa4]::panicking::panic_with_hook
[INFO] [stdout]    7:     0x59724c113592 - std[70759c8f55707aa4]::panicking::panic_handler::{closure#0}
[INFO] [stdout]    8:     0x59724c10c189 - std[70759c8f55707aa4]::sys::backtrace::__rust_end_short_backtrace::<std[70759c8f55707aa4]::panicking::panic_handler::{closure#0}, !>
[INFO] [stdout]    9:     0x59724c11418d - __rustc[8fa7c3cbc660c2b3]::rust_begin_unwind
[INFO] [stdout]   10:     0x59724c14d29c - core[df12db4294e9bfd3]::panicking::panic_fmt
[INFO] [stdout]   11:     0x59724c091c0f - jsonl_tests[bb5bd5c2b86c0f9e]::run_test_file::{closure#0}
[INFO] [stdout]   12:     0x59724c0934e1 - jsonl_tests[bb5bd5c2b86c0f9e]::run_and_assert
[INFO] [stdout]   13:     0x59724c093ce5 - <jsonl_tests[bb5bd5c2b86c0f9e]::test_diff_s3001::{closure#0} as core[df12db4294e9bfd3]::ops::function::FnOnce<()>>::call_once
[INFO] [stdout]   14:     0x59724c09c47b - test[9d35eded1c95d3be]::__rust_begin_short_backtrace::<core[df12db4294e9bfd3]::result::Result<(), alloc[2182bb758b4b3781]::string::String>, fn() -> core[df12db4294e9bfd3]::result::Result<(), alloc[2182bb758b4b3781]::string::String>>
[INFO] [stdout]   15:     0x59724c0a9ae5 - test[9d35eded1c95d3be]::run_test::{closure#0}
[INFO] [stdout]   16:     0x59724c0a33a4 - std[70759c8f55707aa4]::sys::backtrace::__rust_begin_short_backtrace::<test[9d35eded1c95d3be]::run_test::{closure#1}, ()>
[INFO] [stdout]   17:     0x59724c0acc42 - <std[70759c8f55707aa4]::thread::lifecycle::spawn_unchecked<test[9d35eded1c95d3be]::run_test::{closure#1}, ()>::{closure#1} as core[df12db4294e9bfd3]::ops::function::FnOnce<()>>::call_once::{shim:vtable#0}
[INFO] [stdout]   18:     0x59724c1367c9 - <std[70759c8f55707aa4]::sys::thread::unix::Thread>::new::thread_start
[INFO] [stdout]   19:     0x74925e245dfa - <unknown>
[INFO] [stdout]   20:     0x74925e2d93d4 - clone
[INFO] [stdout]   21:                0x0 - <unknown>
[INFO] [stdout] 
[INFO] [stdout] ---- test_diff_s2005 stdout ----
[INFO] [stdout] 
[INFO] [stdout] thread 'test_diff_s2005' (976) panicked at tests/jsonl_tests.rs:115:63:
[INFO] [stdout] Failed to read tests/java_regex_tests_diff_s2005.jsonl
[INFO] [stdout] stack backtrace:
[INFO] [stdout]    0:     0x59724c137261 - <<std[70759c8f55707aa4]::sys::backtrace::BacktraceLock>::print::DisplayBacktrace as core[df12db4294e9bfd3]::fmt::Display>::fmt
[INFO] [stdout]    1:     0x59724c14cb6a - core[df12db4294e9bfd3]::fmt::write
[INFO] [stdout]    2:     0x59724c13b6fc - <alloc[2182bb758b4b3781]::vec::Vec<u8> as core[df12db4294e9bfd3]::io::write::Write>::write_fmt
[INFO] [stdout]    3:     0x59724c1134e6 - std[70759c8f55707aa4]::panicking::default_hook::{closure#0}
[INFO] [stdout]    4:     0x59724c12f659 - std[70759c8f55707aa4]::panicking::default_hook
[INFO] [stdout]    5:     0x59724c0a9190 - test[9d35eded1c95d3be]::test_main_inner::<test[9d35eded1c95d3be]::test_main_static::{closure#0}>::{closure#0}
[INFO] [stdout]    6:     0x59724c12f812 - std[70759c8f55707aa4]::panicking::panic_with_hook
[INFO] [stdout]    7:     0x59724c113592 - std[70759c8f55707aa4]::panicking::panic_handler::{closure#0}
[INFO] [stdout]    8:     0x59724c10c189 - std[70759c8f55707aa4]::sys::backtrace::__rust_end_short_backtrace::<std[70759c8f55707aa4]::panicking::panic_handler::{closure#0}, !>
[INFO] [stdout]    9:     0x59724c11418d - __rustc[8fa7c3cbc660c2b3]::rust_begin_unwind
[INFO] [stdout]   10:     0x59724c14d29c - core[df12db4294e9bfd3]::panicking::panic_fmt
[INFO] [stdout]   11:     0x59724c091c0f - jsonl_tests[bb5bd5c2b86c0f9e]::run_test_file::{closure#0}
[INFO] [stdout]   12:     0x59724c0934e1 - jsonl_tests[bb5bd5c2b86c0f9e]::run_and_assert
[INFO] [stdout]   13:     0x59724c093cb5 - <jsonl_tests[bb5bd5c2b86c0f9e]::test_diff_s2005::{closure#0} as core[df12db4294e9bfd3]::ops::function::FnOnce<()>>::call_once
[INFO] [stdout]   14:     0x59724c09c47b - test[9d35eded1c95d3be]::__rust_begin_short_backtrace::<core[df12db4294e9bfd3]::result::Result<(), alloc[2182bb758b4b3781]::string::String>, fn() -> core[df12db4294e9bfd3]::result::Result<(), alloc[2182bb758b4b3781]::string::String>>
[INFO] [stdout]   15:     0x59724c0a9ae5 - test[9d35eded1c95d3be]::run_test::{closure#0}
[INFO] [stdout]   16:     0x59724c0a33a4 - std[70759c8f55707aa4]::sys::backtrace::__rust_begin_short_backtrace::<test[9d35eded1c95d3be]::run_test::{closure#1}, ()>
[INFO] [stdout]   17:     0x59724c0acc42 - <std[70759c8f55707aa4]::thread::lifecycle::spawn_unchecked<test[9d35eded1c95d3be]::run_test::{closure#1}, ()>::{closure#1} as core[df12db4294e9bfd3]::ops::function::FnOnce<()>>::call_once::{shim:vtable#0}
[INFO] [stdout]   18:     0x59724c1367c9 - <std[70759c8f55707aa4]::sys::thread::unix::Thread>::new::thread_start
[INFO] [stdout]   19:     0x74925e245dfa - <unknown>
[INFO] [stdout]   20:     0x74925e2d93d4 - clone
[INFO] [stdout]   21:                0x0 - <unknown>
[INFO] [stdout] 
[INFO] [stdout] ---- test_diff_s2001 stdout ----
[INFO] [stdout] 
[INFO] [stdout] thread 'test_diff_s2001' (972) panicked at tests/jsonl_tests.rs:115:63:
[INFO] [stdout] Failed to read tests/java_regex_tests_diff_s2001.jsonl
[INFO] [stdout] stack backtrace:
[INFO] [stdout]    0:     0x59724c137261 - <<std[70759c8f55707aa4]::sys::backtrace::BacktraceLock>::print::DisplayBacktrace as core[df12db4294e9bfd3]::fmt::Display>::fmt
[INFO] [stdout]    1:     0x59724c14cb6a - core[df12db4294e9bfd3]::fmt::write
[INFO] [stdout]    2:     0x59724c13b6fc - <alloc[2182bb758b4b3781]::vec::Vec<u8> as core[df12db4294e9bfd3]::io::write::Write>::write_fmt
[INFO] [stdout]    3:     0x59724c1134e6 - std[70759c8f55707aa4]::panicking::default_hook::{closure#0}
[INFO] [stdout]    4:     0x59724c12f659 - std[70759c8f55707aa4]::panicking::default_hook
[INFO] [stdout]    5:     0x59724c0a9190 - test[9d35eded1c95d3be]::test_main_inner::<test[9d35eded1c95d3be]::test_main_static::{closure#0}>::{closure#0}
[INFO] [stdout]    6:     0x59724c12f812 - std[70759c8f55707aa4]::panicking::panic_with_hook
[INFO] [stdout]    7:     0x59724c113592 - std[70759c8f55707aa4]::panicking::panic_handler::{closure#0}
[INFO] [stdout]    8:     0x59724c10c189 - std[70759c8f55707aa4]::sys::backtrace::__rust_end_short_backtrace::<std[70759c8f55707aa4]::panicking::panic_handler::{closure#0}, !>
[INFO] [stdout]    9:     0x59724c11418d - __rustc[8fa7c3cbc660c2b3]::rust_begin_unwind
[INFO] [stdout]   10:     0x59724c14d29c - core[df12db4294e9bfd3]::panicking::panic_fmt
[INFO] [stdout]   11:     0x59724c091c0f - jsonl_tests[bb5bd5c2b86c0f9e]::run_test_file::{closure#0}
[INFO] [stdout]   12:     0x59724c0934e1 - jsonl_tests[bb5bd5c2b86c0f9e]::run_and_assert
[INFO] [stdout]   13:     0x59724c093bf5 - <jsonl_tests[bb5bd5c2b86c0f9e]::test_diff_s2001::{closure#0} as core[df12db4294e9bfd3]::ops::function::FnOnce<()>>::call_once
[INFO] [stdout]   14:     0x59724c09c47b - test[9d35eded1c95d3be]::__rust_begin_short_backtrace::<core[df12db4294e9bfd3]::result::Result<(), alloc[2182bb758b4b3781]::string::String>, fn() -> core[df12db4294e9bfd3]::result::Result<(), alloc[2182bb758b4b3781]::string::String>>
[INFO] [stdout]   15:     0x59724c0a9ae5 - test[9d35eded1c95d3be]::run_test::{closure#0}
[INFO] [stdout]   16:     0x59724c0a33a4 - std[70759c8f55707aa4]::sys::backtrace::__rust_begin_short_backtrace::<test[9d35eded1c95d3be]::run_test::{closure#1}, ()>
[INFO] [stdout]   17:     0x59724c0acc42 - <std[70759c8f55707aa4]::thread::lifecycle::spawn_unchecked<test[9d35eded1c95d3be]::run_test::{closure#1}, ()>::{closure#1} as core[df12db4294e9bfd3]::ops::function::FnOnce<()>>::call_once::{shim:vtable#0}
[INFO] [stdout]   18:     0x59724c1367c9 - <std[70759c8f55707aa4]::sys::thread::unix::Thread>::new::thread_start
[INFO] [stdout]   19:     0x74925e245dfa - <unknown>
[INFO] [stdout]   20:     0x74925e2d93d4 - clone
[INFO] [stdout]   21:                0x0 - <unknown>
[INFO] [stdout] 
[INFO] [stdout] ---- test_diff_s3004 stdout ----
[INFO] [stdout] 
[INFO] [stdout] thread 'test_diff_s3004' (981) panicked at tests/jsonl_tests.rs:115:63:
[INFO] [stdout] Failed to read tests/java_regex_tests_diff_s3004.jsonl
[INFO] [stdout] stack backtrace:
[INFO] [stdout]    0:     0x59724c137261 - <<std[70759c8f55707aa4]::sys::backtrace::BacktraceLock>::print::DisplayBacktrace as core[df12db4294e9bfd3]::fmt::Display>::fmt
[INFO] [stdout]    1:     0x59724c14cb6a - core[df12db4294e9bfd3]::fmt::write
[INFO] [stdout]    2:     0x59724c13b6fc - <alloc[2182bb758b4b3781]::vec::Vec<u8> as core[df12db4294e9bfd3]::io::write::Write>::write_fmt
[INFO] [stdout]    3:     0x59724c1134e6 - std[70759c8f55707aa4]::panicking::default_hook::{closure#0}
[INFO] [stdout]    4:     0x59724c12f659 - std[70759c8f55707aa4]::panicking::default_hook
[INFO] [stdout]    5:     0x59724c0a9190 - test[9d35eded1c95d3be]::test_main_inner::<test[9d35eded1c95d3be]::test_main_static::{closure#0}>::{closure#0}
[INFO] [stdout]    6:     0x59724c12f812 - std[70759c8f55707aa4]::panicking::panic_with_hook
[INFO] [stdout]    7:     0x59724c113592 - std[70759c8f55707aa4]::panicking::panic_handler::{closure#0}
[INFO] [stdout]    8:     0x59724c10c189 - std[70759c8f55707aa4]::sys::backtrace::__rust_end_short_backtrace::<std[70759c8f55707aa4]::panicking::panic_handler::{closure#0}, !>
[INFO] [stdout]    9:     0x59724c11418d - __rustc[8fa7c3cbc660c2b3]::rust_begin_unwind
[INFO] [stdout]   10:     0x59724c14d29c - core[df12db4294e9bfd3]::panicking::panic_fmt
[INFO] [stdout]   11:     0x59724c091c0f - jsonl_tests[bb5bd5c2b86c0f9e]::run_test_file::{closure#0}
[INFO] [stdout]   12:     0x59724c0934e1 - jsonl_tests[bb5bd5c2b86c0f9e]::run_and_assert
[INFO] [stdout]   13:     0x59724c093d75 - <jsonl_tests[bb5bd5c2b86c0f9e]::test_diff_s3004::{closure#0} as core[df12db4294e9bfd3]::ops::function::FnOnce<()>>::call_once
[INFO] [stdout]   14:     0x59724c09c47b - test[9d35eded1c95d3be]::__rust_begin_short_backtrace::<core[df12db4294e9bfd3]::result::Result<(), alloc[2182bb758b4b3781]::string::String>, fn() -> core[df12db4294e9bfd3]::result::Result<(), alloc[2182bb758b4b3781]::string::String>>
[INFO] [stdout]   15:     0x59724c0a9ae5 - test[9d35eded1c95d3be]::run_test::{closure#0}
[INFO] [stdout]   16:     0x59724c0a33a4 - std[70759c8f55707aa4]::sys::backtrace::__rust_begin_short_backtrace::<test[9d35eded1c95d3be]::run_test::{closure#1}, ()>
[INFO] [stdout]   17:     0x59724c0acc42 - <std[70759c8f55707aa4]::thread::lifecycle::spawn_unchecked<test[9d35eded1c95d3be]::run_test::{closure#1}, ()>::{closure#1} as core[df12db4294e9bfd3]::ops::function::FnOnce<()>>::call_once::{shim:vtable#0}
[INFO] [stdout]   18:     0x59724c1367c9 - <std[70759c8f55707aa4]::sys::thread::unix::Thread>::new::thread_start
[INFO] [stdout]   19:     0x74925e245dfa - <unknown>
[INFO] [stdout]   20:     0x74925e2d93d4 - clone
[INFO] [stdout]   21:                0x0 - <unknown>
[INFO] [stdout] 
[INFO] [stdout] ---- test_diff_s3002 stdout ----
[INFO] [stdout] 
[INFO] [stdout] thread 'test_diff_s3002' (979) panicked at tests/jsonl_tests.rs:115:63:
[INFO] [stdout] Failed to read tests/java_regex_tests_diff_s3002.jsonl
[INFO] [stdout] stack backtrace:
[INFO] [stdout]    0:     0x59724c137261 - <<std[70759c8f55707aa4]::sys::backtrace::BacktraceLock>::print::DisplayBacktrace as core[df12db4294e9bfd3]::fmt::Display>::fmt
[INFO] [stdout]    1:     0x59724c14cb6a - core[df12db4294e9bfd3]::fmt::write
[INFO] [stdout]    2:     0x59724c13b6fc - <alloc[2182bb758b4b3781]::vec::Vec<u8> as core[df12db4294e9bfd3]::io::write::Write>::write_fmt
[INFO] [stdout]    3:     0x59724c1134e6 - std[70759c8f55707aa4]::panicking::default_hook::{closure#0}
[INFO] [stdout]    4:     0x59724c12f659 - std[70759c8f55707aa4]::panicking::default_hook
[INFO] [stdout]    5:     0x59724c0a9190 - test[9d35eded1c95d3be]::test_main_inner::<test[9d35eded1c95d3be]::test_main_static::{closure#0}>::{closure#0}
[INFO] [stdout]    6:     0x59724c12f812 - std[70759c8f55707aa4]::panicking::panic_with_hook
[INFO] [stdout]    7:     0x59724c113592 - std[70759c8f55707aa4]::panicking::panic_handler::{closure#0}
[INFO] [stdout]    8:     0x59724c10c189 - std[70759c8f55707aa4]::sys::backtrace::__rust_end_short_backtrace::<std[70759c8f55707aa4]::panicking::panic_handler::{closure#0}, !>
[INFO] [stdout]    9:     0x59724c11418d - __rustc[8fa7c3cbc660c2b3]::rust_begin_unwind
[INFO] [stdout]   10:     0x59724c14d29c - core[df12db4294e9bfd3]::panicking::panic_fmt
[INFO] [stdout]   11:     0x59724c091c0f - jsonl_tests[bb5bd5c2b86c0f9e]::run_test_file::{closure#0}
[INFO] [stdout]   12:     0x59724c0934e1 - jsonl_tests[bb5bd5c2b86c0f9e]::run_and_assert
[INFO] [stdout]   13:     0x59724c093d15 - <jsonl_tests[bb5bd5c2b86c0f9e]::test_diff_s3002::{closure#0} as core[df12db4294e9bfd3]::ops::function::FnOnce<()>>::call_once
[INFO] [stdout]   14:     0x59724c09c47b - test[9d35eded1c95d3be]::__rust_begin_short_backtrace::<core[df12db4294e9bfd3]::result::Result<(), alloc[2182bb758b4b3781]::string::String>, fn() -> core[df12db4294e9bfd3]::result::Result<(), alloc[2182bb758b4b3781]::string::String>>
[INFO] [stdout]   15:     0x59724c0a9ae5 - test[9d35eded1c95d3be]::run_test::{closure#0}
[INFO] [stdout]   16:     0x59724c0a33a4 - std[70759c8f55707aa4]::sys::backtrace::__rust_begin_short_backtrace::<test[9d35eded1c95d3be]::run_test::{closure#1}, ()>
[INFO] [stdout]   17:     0x59724c0acc42 - <std[70759c8f55707aa4]::thread::lifecycle::spawn_unchecked<test[9d35eded1c95d3be]::run_test::{closure#1}, ()>::{closure#1} as core[df12db4294e9bfd3]::ops::function::FnOnce<()>>::call_once::{shim:vtable#0}
[INFO] [stdout]   18:     0x59724c1367c9 - <std[70759c8f55707aa4]::sys::thread::unix::Thread>::new::thread_start
[INFO] [stdout]   19:     0x74925e245dfa - <unknown>
[INFO] [stdout]   20:     0x74925e2d93d4 - clone
[INFO] [stdout]   21:                0x0 - <unknown>
[INFO] [stdout] 
[INFO] [stdout] ---- test_diff_s300 stdout ----
[INFO] [stdout] 
[INFO] [stdout] thread 'test_diff_s300' (977) panicked at tests/jsonl_tests.rs:115:63:
[INFO] [stdout] Failed to read tests/java_regex_tests_diff_s300.jsonl
[INFO] [stdout] stack backtrace:
[INFO] [stdout]    0:     0x59724c137261 - <<std[70759c8f55707aa4]::sys::backtrace::BacktraceLock>::print::DisplayBacktrace as core[df12db4294e9bfd3]::fmt::Display>::fmt
[INFO] [stdout]    1:     0x59724c14cb6a - core[df12db4294e9bfd3]::fmt::write
[INFO] [stdout]    2:     0x59724c13b6fc - <alloc[2182bb758b4b3781]::vec::Vec<u8> as core[df12db4294e9bfd3]::io::write::Write>::write_fmt
[INFO] [stdout]    3:     0x59724c1134e6 - std[70759c8f55707aa4]::panicking::default_hook::{closure#0}
[INFO] [stdout]    4:     0x59724c12f659 - std[70759c8f55707aa4]::panicking::default_hook
[INFO] [stdout]    5:     0x59724c0a9190 - test[9d35eded1c95d3be]::test_main_inner::<test[9d35eded1c95d3be]::test_main_static::{closure#0}>::{closure#0}
[INFO] [stdout]    6:     0x59724c12f812 - std[70759c8f55707aa4]::panicking::panic_with_hook
[INFO] [stdout]    7:     0x59724c113592 - std[70759c8f55707aa4]::panicking::panic_handler::{closure#0}
[INFO] [stdout]    8:     0x59724c10c189 - std[70759c8f55707aa4]::sys::backtrace::__rust_end_short_backtrace::<std[70759c8f55707aa4]::panicking::panic_handler::{closure#0}, !>
[INFO] [stdout]    9:     0x59724c11418d - __rustc[8fa7c3cbc660c2b3]::rust_begin_unwind
[INFO] [stdout]   10:     0x59724c14d29c - core[df12db4294e9bfd3]::panicking::panic_fmt
[INFO] [stdout]   11:     0x59724c091c0f - jsonl_tests[bb5bd5c2b86c0f9e]::run_test_file::{closure#0}
[INFO] [stdout]   12:     0x59724c0934e1 - jsonl_tests[bb5bd5c2b86c0f9e]::run_and_assert
[INFO] [stdout]   13:     0x59724c093a15 - <jsonl_tests[bb5bd5c2b86c0f9e]::test_diff_s300::{closure#0} as core[df12db4294e9bfd3]::ops::function::FnOnce<()>>::call_once
[INFO] [stdout]   14:     0x59724c09c47b - test[9d35eded1c95d3be]::__rust_begin_short_backtrace::<core[df12db4294e9bfd3]::result::Result<(), alloc[2182bb758b4b3781]::string::String>, fn() -> core[df12db4294e9bfd3]::result::Result<(), alloc[2182bb758b4b3781]::string::String>>
[INFO] [stdout]   15:     0x59724c0a9ae5 - test[9d35eded1c95d3be]::run_test::{closure#0}
[INFO] [stdout]   16:     0x59724c0a33a4 - std[70759c8f55707aa4]::sys::backtrace::__rust_begin_short_backtrace::<test[9d35eded1c95d3be]::run_test::{closure#1}, ()>
[INFO] [stdout]   17:     0x59724c0acc42 - <std[70759c8f55707aa4]::thread::lifecycle::spawn_unchecked<test[9d35eded1c95d3be]::run_test::{closure#1}, ()>::{closure#1} as core[df12db4294e9bfd3]::ops::function::FnOnce<()>>::call_once::{shim:vtable#0}
[INFO] [stdout]   18:     0x59724c1367c9 - <std[70759c8f55707aa4]::sys::thread::unix::Thread>::new::thread_start
[INFO] [stdout]   19:     0x74925e245dfa - <unknown>
[INFO] [stdout]   20:     0x74925e2d93d4 - clone
[INFO] [stdout]   21:                0x0 - <unknown>
[INFO] [stdout] 
[INFO] [stdout] ---- test_diff_s100 stdout ----
[INFO] [stdout] 
[INFO] [stdout] thread 'test_diff_s100' (969) panicked at tests/jsonl_tests.rs:115:63:
[INFO] [stdout] Failed to read tests/java_regex_tests_diff_s100.jsonl
[INFO] [stdout] stack backtrace:
[INFO] [stdout]    0:     0x59724c137261 - <<std[70759c8f55707aa4]::sys::backtrace::BacktraceLock>::print::DisplayBacktrace as core[df12db4294e9bfd3]::fmt::Display>::fmt
[INFO] [stdout]    1:     0x59724c14cb6a - core[df12db4294e9bfd3]::fmt::write
[INFO] [stdout]    2:     0x59724c13b6fc - <alloc[2182bb758b4b3781]::vec::Vec<u8> as core[df12db4294e9bfd3]::io::write::Write>::write_fmt
[INFO] [stdout]    3:     0x59724c1134e6 - std[70759c8f55707aa4]::panicking::default_hook::{closure#0}
[INFO] [stdout]    4:     0x59724c12f659 - std[70759c8f55707aa4]::panicking::default_hook
[INFO] [stdout]    5:     0x59724c0a9190 - test[9d35eded1c95d3be]::test_main_inner::<test[9d35eded1c95d3be]::test_main_static::{closure#0}>::{closure#0}
[INFO] [stdout]    6:     0x59724c12f812 - std[70759c8f55707aa4]::panicking::panic_with_hook
[INFO] [stdout]    7:     0x59724c113592 - std[70759c8f55707aa4]::panicking::panic_handler::{closure#0}
[INFO] [stdout]    8:     0x59724c10c189 - std[70759c8f55707aa4]::sys::backtrace::__rust_end_short_backtrace::<std[70759c8f55707aa4]::panicking::panic_handler::{closure#0}, !>
[INFO] [stdout]    9:     0x59724c11418d - __rustc[8fa7c3cbc660c2b3]::rust_begin_unwind
[INFO] [stdout]   10:     0x59724c14d29c - core[df12db4294e9bfd3]::panicking::panic_fmt
[INFO] [stdout]   11:     0x59724c091c0f - jsonl_tests[bb5bd5c2b86c0f9e]::run_test_file::{closure#0}
[INFO] [stdout]   12:     0x59724c0934e1 - jsonl_tests[bb5bd5c2b86c0f9e]::run_and_assert
[INFO] [stdout]   13:     0x59724c0939b5 - <jsonl_tests[bb5bd5c2b86c0f9e]::test_diff_s100::{closure#0} as core[df12db4294e9bfd3]::ops::function::FnOnce<()>>::call_once
[INFO] [stdout]   14:     0x59724c09c47b - test[9d35eded1c95d3be]::__rust_begin_short_backtrace::<core[df12db4294e9bfd3]::result::Result<(), alloc[2182bb758b4b3781]::string::String>, fn() -> core[df12db4294e9bfd3]::result::Result<(), alloc[2182bb758b4b3781]::string::String>>
[INFO] [stdout]   15:     0x59724c0a9ae5 - test[9d35eded1c95d3be]::run_test::{closure#0}
[INFO] [stdout]   16:     0x59724c0a33a4 - std[70759c8f55707aa4]::sys::backtrace::__rust_begin_short_backtrace::<test[9d35eded1c95d3be]::run_test::{closure#1}, ()>
[INFO] [stdout]   17:     0x59724c0acc42 - <std[70759c8f55707aa4]::thread::lifecycle::spawn_unchecked<test[9d35eded1c95d3be]::run_test::{closure#1}, ()>::{closure#1} as core[df12db4294e9bfd3]::ops::function::FnOnce<()>>::call_once::{shim:vtable#0}
[INFO] [stdout]   18:     0x59724c1367c9 - <std[70759c8f55707aa4]::sys::thread::unix::Thread>::new::thread_start
[INFO] [stdout]   19:     0x74925e245dfa - <unknown>
[INFO] [stdout]   20:     0x74925e2d93d4 - clone
[INFO] [stdout]   21:                0x0 - <unknown>
[INFO] [stdout] 
[INFO] [stdout] ---- test_diff_s3009 stdout ----
[INFO] [stdout] 
[INFO] [stdout] thread 'test_diff_s3009' (986) panicked at tests/jsonl_tests.rs:115:63:
[INFO] [stdout] Failed to read tests/java_regex_tests_diff_s3009.jsonl
[INFO] [stdout] stack backtrace:
[INFO] [stdout]    0:     0x59724c137261 - <<std[70759c8f55707aa4]::sys::backtrace::BacktraceLock>::print::DisplayBacktrace as core[df12db4294e9bfd3]::fmt::Display>::fmt
[INFO] [stdout]    1:     0x59724c14cb6a - core[df12db4294e9bfd3]::fmt::write
[INFO] [stdout]    2:     0x59724c13b6fc - <alloc[2182bb758b4b3781]::vec::Vec<u8> as core[df12db4294e9bfd3]::io::write::Write>::write_fmt
[INFO] [stdout]    3:     0x59724c1134e6 - std[70759c8f55707aa4]::panicking::default_hook::{closure#0}
[INFO] [stdout]    4:     0x59724c12f659 - std[70759c8f55707aa4]::panicking::default_hook
[INFO] [stdout]    5:     0x59724c0a9190 - test[9d35eded1c95d3be]::test_main_inner::<test[9d35eded1c95d3be]::test_main_static::{closure#0}>::{closure#0}
[INFO] [stdout]    6:     0x59724c12f812 - std[70759c8f55707aa4]::panicking::panic_with_hook
[INFO] [stdout]    7:     0x59724c113592 - std[70759c8f55707aa4]::panicking::panic_handler::{closure#0}
[INFO] [stdout]    8:     0x59724c10c189 - std[70759c8f55707aa4]::sys::backtrace::__rust_end_short_backtrace::<std[70759c8f55707aa4]::panicking::panic_handler::{closure#0}, !>
[INFO] [stdout]    9:     0x59724c11418d - __rustc[8fa7c3cbc660c2b3]::rust_begin_unwind
[INFO] [stdout]   10:     0x59724c14d29c - core[df12db4294e9bfd3]::panicking::panic_fmt
[INFO] [stdout]   11:     0x59724c091c0f - jsonl_tests[bb5bd5c2b86c0f9e]::run_test_file::{closure#0}
[INFO] [stdout]   12:     0x59724c0934e1 - jsonl_tests[bb5bd5c2b86c0f9e]::run_and_assert
[INFO] [stdout]   13:     0x59724c093e65 - <jsonl_tests[bb5bd5c2b86c0f9e]::test_diff_s3009::{closure#0} as core[df12db4294e9bfd3]::ops::function::FnOnce<()>>::call_once
[INFO] [stdout]   14:     0x59724c09c47b - test[9d35eded1c95d3be]::__rust_begin_short_backtrace::<core[df12db4294e9bfd3]::result::Result<(), alloc[2182bb758b4b3781]::string::String>, fn() -> core[df12db4294e9bfd3]::result::Result<(), alloc[2182bb758b4b3781]::string::String>>
[INFO] [stdout]   15:     0x59724c0a9ae5 - test[9d35eded1c95d3be]::run_test::{closure#0}
[INFO] [stdout]   16:     0x59724c0a33a4 - std[70759c8f55707aa4]::sys::backtrace::__rust_begin_short_backtrace::<test[9d35eded1c95d3be]::run_test::{closure#1}, ()>
[INFO] [stdout]   17:     0x59724c0acc42 - <std[70759c8f55707aa4]::thread::lifecycle::spawn_unchecked<test[9d35eded1c95d3be]::run_test::{closure#1}, ()>::{closure#1} as core[df12db4294e9bfd3]::ops::function::FnOnce<()>>::call_once::{shim:vtable#0}
[INFO] [stdout]   18:     0x59724c1367c9 - <std[70759c8f55707aa4]::sys::thread::unix::Thread>::new::thread_start
[INFO] [stdout]   19:     0x74925e245dfa - <unknown>
[INFO] [stdout]   20:     0x74925e2d93d4 - clone
[INFO] [stdout]   21:                0x0 - <unknown>
[INFO] [stdout] 
[INFO] [stdout] ---- test_diff_s3006 stdout ----
[INFO] [stdout] 
[INFO] [stdout] thread 'test_diff_s3006' (983) panicked at tests/jsonl_tests.rs:115:63:
[INFO] [stdout] Failed to read tests/java_regex_tests_diff_s3006.jsonl
[INFO] [stdout] stack backtrace:
[INFO] [stdout]    0:     0x59724c137261 - <<std[70759c8f55707aa4]::sys::backtrace::BacktraceLock>::print::DisplayBacktrace as core[df12db4294e9bfd3]::fmt::Display>::fmt
[INFO] [stdout]    1:     0x59724c14cb6a - core[df12db4294e9bfd3]::fmt::write
[INFO] [stdout]    2:     0x59724c13b6fc - <alloc[2182bb758b4b3781]::vec::Vec<u8> as core[df12db4294e9bfd3]::io::write::Write>::write_fmt
[INFO] [stdout]    3:     0x59724c1134e6 - std[70759c8f55707aa4]::panicking::default_hook::{closure#0}
[INFO] [stdout]    4:     0x59724c12f659 - std[70759c8f55707aa4]::panicking::default_hook
[INFO] [stdout]    5:     0x59724c0a9190 - test[9d35eded1c95d3be]::test_main_inner::<test[9d35eded1c95d3be]::test_main_static::{closure#0}>::{closure#0}
[INFO] [stdout]    6:     0x59724c12f812 - std[70759c8f55707aa4]::panicking::panic_with_hook
[INFO] [stdout]    7:     0x59724c113592 - std[70759c8f55707aa4]::panicking::panic_handler::{closure#0}
[INFO] [stdout]    8:     0x59724c10c189 - std[70759c8f55707aa4]::sys::backtrace::__rust_end_short_backtrace::<std[70759c8f55707aa4]::panicking::panic_handler::{closure#0}, !>
[INFO] [stdout]    9:     0x59724c11418d - __rustc[8fa7c3cbc660c2b3]::rust_begin_unwind
[INFO] [stdout]   10:     0x59724c14d29c - core[df12db4294e9bfd3]::panicking::panic_fmt
[INFO] [stdout]   11:     0x59724c091c0f - jsonl_tests[bb5bd5c2b86c0f9e]::run_test_file::{closure#0}
[INFO] [stdout]   12:     0x59724c0934e1 - jsonl_tests[bb5bd5c2b86c0f9e]::run_and_assert
[INFO] [stdout]   13:     0x59724c093dd5 - <jsonl_tests[bb5bd5c2b86c0f9e]::test_diff_s3006::{closure#0} as core[df12db4294e9bfd3]::ops::function::FnOnce<()>>::call_once
[INFO] [stdout]   14:     0x59724c09c47b - test[9d35eded1c95d3be]::__rust_begin_short_backtrace::<core[df12db4294e9bfd3]::result::Result<(), alloc[2182bb758b4b3781]::string::String>, fn() -> core[df12db4294e9bfd3]::result::Result<(), alloc[2182bb758b4b3781]::string::String>>
[INFO] [stdout]   15:     0x59724c0a9ae5 - test[9d35eded1c95d3be]::run_test::{closure#0}
[INFO] [stdout]   16:     0x59724c0a33a4 - std[70759c8f55707aa4]::sys::backtrace::__rust_begin_short_backtrace::<test[9d35eded1c95d3be]::run_test::{closure#1}, ()>
[INFO] [stdout]   17:     0x59724c0acc42 - <std[70759c8f55707aa4]::thread::lifecycle::spawn_unchecked<test[9d35eded1c95d3be]::run_test::{closure#1}, ()>::{closure#1} as core[df12db4294e9bfd3]::ops::function::FnOnce<()>>::call_once::{shim:vtable#0}
[INFO] [stdout]   18:     0x59724c1367c9 - <std[70759c8f55707aa4]::sys::thread::unix::Thread>::new::thread_start
[INFO] [stdout]   19:     0x74925e245dfa - <unknown>
[INFO] [stdout]   20:     0x74925e2d93d4 - clone
[INFO] [stdout]   21:                0x0 - <unknown>
[INFO] [stdout] 
[INFO] [stdout] ---- test_diff_s2003 stdout ----
[INFO] [stdout] 
[INFO] [stdout] thread 'test_diff_s2003' (974) panicked at tests/jsonl_tests.rs:115:63:
[INFO] [stdout] Failed to read tests/java_regex_tests_diff_s2003.jsonl
[INFO] [stdout] stack backtrace:
[INFO] [stdout]    0:     0x59724c137261 - <<std[70759c8f55707aa4]::sys::backtrace::BacktraceLock>::print::DisplayBacktrace as core[df12db4294e9bfd3]::fmt::Display>::fmt
[INFO] [stdout]    1:     0x59724c14cb6a - core[df12db4294e9bfd3]::fmt::write
[INFO] [stdout]    2:     0x59724c13b6fc - <alloc[2182bb758b4b3781]::vec::Vec<u8> as core[df12db4294e9bfd3]::io::write::Write>::write_fmt
[INFO] [stdout]    3:     0x59724c1134e6 - std[70759c8f55707aa4]::panicking::default_hook::{closure#0}
[INFO] [stdout]    4:     0x59724c12f659 - std[70759c8f55707aa4]::panicking::default_hook
[INFO] [stdout]    5:     0x59724c0a9190 - test[9d35eded1c95d3be]::test_main_inner::<test[9d35eded1c95d3be]::test_main_static::{closure#0}>::{closure#0}
[INFO] [stdout]    6:     0x59724c12f812 - std[70759c8f55707aa4]::panicking::panic_with_hook
[INFO] [stdout]    7:     0x59724c113592 - std[70759c8f55707aa4]::panicking::panic_handler::{closure#0}
[INFO] [stdout]    8:     0x59724c10c189 - std[70759c8f55707aa4]::sys::backtrace::__rust_end_short_backtrace::<std[70759c8f55707aa4]::panicking::panic_handler::{closure#0}, !>
[INFO] [stdout]    9:     0x59724c11418d - __rustc[8fa7c3cbc660c2b3]::rust_begin_unwind
[INFO] [stdout]   10:     0x59724c14d29c - core[df12db4294e9bfd3]::panicking::panic_fmt
[INFO] [stdout]   11:     0x59724c091c0f - jsonl_tests[bb5bd5c2b86c0f9e]::run_test_file::{closure#0}
[INFO] [stdout]   12:     0x59724c0934e1 - jsonl_tests[bb5bd5c2b86c0f9e]::run_and_assert
[INFO] [stdout]   13:     0x59724c093c55 - <jsonl_tests[bb5bd5c2b86c0f9e]::test_diff_s2003::{closure#0} as core[df12db4294e9bfd3]::ops::function::FnOnce<()>>::call_once
[INFO] [stdout]   14:     0x59724c09c47b - test[9d35eded1c95d3be]::__rust_begin_short_backtrace::<core[df12db4294e9bfd3]::result::Result<(), alloc[2182bb758b4b3781]::string::String>, fn() -> core[df12db4294e9bfd3]::result::Result<(), alloc[2182bb758b4b3781]::string::String>>
[INFO] [stdout]   15:     0x59724c0a9ae5 - test[9d35eded1c95d3be]::run_test::{closure#0}
[INFO] [stdout]   16:     0x59724c0a33a4 - std[70759c8f55707aa4]::sys::backtrace::__rust_begin_short_backtrace::<test[9d35eded1c95d3be]::run_test::{closure#1}, ()>
[INFO] [stdout]   17:     0x59724c0acc42 - <std[70759c8f55707aa4]::thread::lifecycle::spawn_unchecked<test[9d35eded1c95d3be]::run_test::{closure#1}, ()>::{closure#1} as core[df12db4294e9bfd3]::ops::function::FnOnce<()>>::call_once::{shim:vtable#0}
[INFO] [stdout]   18:     0x59724c1367c9 - <std[70759c8f55707aa4]::sys::thread::unix::Thread>::new::thread_start
[INFO] [stdout]   19:     0x74925e245dfa - <unknown>
[INFO] [stdout]   20:     0x74925e2d93d4 - clone
[INFO] [stdout]   21:                0x0 - <unknown>
[INFO] [stdout] 
[INFO] [stdout] ---- test_diff_s200 stdout ----
[INFO] [stdout] 
[INFO] [stdout] thread 'test_diff_s200' (971) panicked at tests/jsonl_tests.rs:115:63:
[INFO] [stdout] Failed to read tests/java_regex_tests_diff_s200.jsonl
[INFO] [stdout] stack backtrace:
[INFO] [stdout]    0:     0x59724c137261 - <<std[70759c8f55707aa4]::sys::backtrace::BacktraceLock>::print::DisplayBacktrace as core[df12db4294e9bfd3]::fmt::Display>::fmt
[INFO] [stdout]    1:     0x59724c14cb6a - core[df12db4294e9bfd3]::fmt::write
[INFO] [stdout]    2:     0x59724c13b6fc - <alloc[2182bb758b4b3781]::vec::Vec<u8> as core[df12db4294e9bfd3]::io::write::Write>::write_fmt
[INFO] [stdout]    3:     0x59724c1134e6 - std[70759c8f55707aa4]::panicking::default_hook::{closure#0}
[INFO] [stdout]    4:     0x59724c12f659 - std[70759c8f55707aa4]::panicking::default_hook
[INFO] [stdout]    5:     0x59724c0a9190 - test[9d35eded1c95d3be]::test_main_inner::<test[9d35eded1c95d3be]::test_main_static::{closure#0}>::{closure#0}
[INFO] [stdout]    6:     0x59724c12f812 - std[70759c8f55707aa4]::panicking::panic_with_hook
[INFO] [stdout]    7:     0x59724c113592 - std[70759c8f55707aa4]::panicking::panic_handler::{closure#0}
[INFO] [stdout]    8:     0x59724c10c189 - std[70759c8f55707aa4]::sys::backtrace::__rust_end_short_backtrace::<std[70759c8f55707aa4]::panicking::panic_handler::{closure#0}, !>
[INFO] [stdout]    9:     0x59724c11418d - __rustc[8fa7c3cbc660c2b3]::rust_begin_unwind
[INFO] [stdout]   10:     0x59724c14d29c - core[df12db4294e9bfd3]::panicking::panic_fmt
[INFO] [stdout]   11:     0x59724c091c0f - jsonl_tests[bb5bd5c2b86c0f9e]::run_test_file::{closure#0}
[INFO] [stdout]   12:     0x59724c0934e1 - jsonl_tests[bb5bd5c2b86c0f9e]::run_and_assert
[INFO] [stdout]   13:     0x59724c0939e5 - <jsonl_tests[bb5bd5c2b86c0f9e]::test_diff_s200::{closure#0} as core[df12db4294e9bfd3]::ops::function::FnOnce<()>>::call_once
[INFO] [stdout]   14:     0x59724c09c47b - test[9d35eded1c95d3be]::__rust_begin_short_backtrace::<core[df12db4294e9bfd3]::result::Result<(), alloc[2182bb758b4b3781]::string::String>, fn() -> core[df12db4294e9bfd3]::result::Result<(), alloc[2182bb758b4b3781]::string::String>>
[INFO] [stdout]   15:     0x59724c0a9ae5 - test[9d35eded1c95d3be]::run_test::{closure#0}
[INFO] [stdout]   16:     0x59724c0a33a4 - std[70759c8f55707aa4]::sys::backtrace::__rust_begin_short_backtrace::<test[9d35eded1c95d3be]::run_test::{closure#1}, ()>
[INFO] [stdout]   17:     0x59724c0acc42 - <std[70759c8f55707aa4]::thread::lifecycle::spawn_unchecked<test[9d35eded1c95d3be]::run_test::{closure#1}, ()>::{closure#1} as core[df12db4294e9bfd3]::ops::function::FnOnce<()>>::call_once::{shim:vtable#0}
[INFO] [stdout]   18:     0x59724c1367c9 - <std[70759c8f55707aa4]::sys::thread::unix::Thread>::new::thread_start
[INFO] [stdout]   19:     0x74925e245dfa - <unknown>
[INFO] [stdout]   20:     0x74925e2d93d4 - clone
[INFO] [stdout]   21:                0x0 - <unknown>
[INFO] [stdout] 
[INFO] [stdout] ---- test_diff_s3007 stdout ----
[INFO] [stdout] 
[INFO] [stdout] thread 'test_diff_s3007' (984) panicked at tests/jsonl_tests.rs:115:63:
[INFO] [stdout] Failed to read tests/java_regex_tests_diff_s3007.jsonl
[INFO] [stdout] stack backtrace:
[INFO] [stdout]    0:     0x59724c137261 - <<std[70759c8f55707aa4]::sys::backtrace::BacktraceLock>::print::DisplayBacktrace as core[df12db4294e9bfd3]::fmt::Display>::fmt
[INFO] [stdout]    1:     0x59724c14cb6a - core[df12db4294e9bfd3]::fmt::write
[INFO] [stdout]    2:     0x59724c13b6fc - <alloc[2182bb758b4b3781]::vec::Vec<u8> as core[df12db4294e9bfd3]::io::write::Write>::write_fmt
[INFO] [stdout]    3:     0x59724c1134e6 - std[70759c8f55707aa4]::panicking::default_hook::{closure#0}
[INFO] [stdout]    4:     0x59724c12f659 - std[70759c8f55707aa4]::panicking::default_hook
[INFO] [stdout]    5:     0x59724c0a9190 - test[9d35eded1c95d3be]::test_main_inner::<test[9d35eded1c95d3be]::test_main_static::{closure#0}>::{closure#0}
[INFO] [stdout]    6:     0x59724c12f812 - std[70759c8f55707aa4]::panicking::panic_with_hook
[INFO] [stdout]    7:     0x59724c113592 - std[70759c8f55707aa4]::panicking::panic_handler::{closure#0}
[INFO] [stdout]    8:     0x59724c10c189 - std[70759c8f55707aa4]::sys::backtrace::__rust_end_short_backtrace::<std[70759c8f55707aa4]::panicking::panic_handler::{closure#0}, !>
[INFO] [stdout]    9:     0x59724c11418d - __rustc[8fa7c3cbc660c2b3]::rust_begin_unwind
[INFO] [stdout]   10:     0x59724c14d29c - core[df12db4294e9bfd3]::panicking::panic_fmt
[INFO] [stdout]   11:     0x59724c091c0f - jsonl_tests[bb5bd5c2b86c0f9e]::run_test_file::{closure#0}
[INFO] [stdout]   12:     0x59724c0934e1 - jsonl_tests[bb5bd5c2b86c0f9e]::run_and_assert
[INFO] [stdout]   13:     0x59724c093e05 - <jsonl_tests[bb5bd5c2b86c0f9e]::test_diff_s3007::{closure#0} as core[df12db4294e9bfd3]::ops::function::FnOnce<()>>::call_once
[INFO] [stdout]   14:     0x59724c09c47b - test[9d35eded1c95d3be]::__rust_begin_short_backtrace::<core[df12db4294e9bfd3]::result::Result<(), alloc[2182bb758b4b3781]::string::String>, fn() -> core[df12db4294e9bfd3]::result::Result<(), alloc[2182bb758b4b3781]::string::String>>
[INFO] [stdout]   15:     0x59724c0a9ae5 - test[9d35eded1c95d3be]::run_test::{closure#0}
[INFO] [stdout]   16:     0x59724c0a33a4 - std[70759c8f55707aa4]::sys::backtrace::__rust_begin_short_backtrace::<test[9d35eded1c95d3be]::run_test::{closure#1}, ()>
[INFO] [stdout]   17:     0x59724c0acc42 - <std[70759c8f55707aa4]::thread::lifecycle::spawn_unchecked<test[9d35eded1c95d3be]::run_test::{closure#1}, ()>::{closure#1} as core[df12db4294e9bfd3]::ops::function::FnOnce<()>>::call_once::{shim:vtable#0}
[INFO] [stdout]   18:     0x59724c1367c9 - <std[70759c8f55707aa4]::sys::thread::unix::Thread>::new::thread_start
[INFO] [stdout]   19:     0x74925e245dfa - <unknown>
[INFO] [stdout]   20:     0x74925e2d93d4 - clone
[INFO] [stdout]   21:                0x0 - <unknown>
[INFO] [stdout] 
[INFO] [stdout] ---- test_diff_s4001 stdout ----
[INFO] [stdout] 
[INFO] [stdout] thread 'test_diff_s4001' (989) panicked at tests/jsonl_tests.rs:115:63:
[INFO] [stdout] Failed to read tests/java_regex_tests_diff_s4001.jsonl
[INFO] [stdout] stack backtrace:
[INFO] [stdout]    0:     0x59724c137261 - <<std[70759c8f55707aa4]::sys::backtrace::BacktraceLock>::print::DisplayBacktrace as core[df12db4294e9bfd3]::fmt::Display>::fmt
[INFO] [stdout]    1:     0x59724c14cb6a - core[df12db4294e9bfd3]::fmt::write
[INFO] [stdout]    2:     0x59724c13b6fc - <alloc[2182bb758b4b3781]::vec::Vec<u8> as core[df12db4294e9bfd3]::io::write::Write>::write_fmt
[INFO] [stdout]    3:     0x59724c1134e6 - std[70759c8f55707aa4]::panicking::default_hook::{closure#0}
[INFO] [stdout]    4:     0x59724c12f659 - std[70759c8f55707aa4]::panicking::default_hook
[INFO] [stdout]    5:     0x59724c0a9190 - test[9d35eded1c95d3be]::test_main_inner::<test[9d35eded1c95d3be]::test_main_static::{closure#0}>::{closure#0}
[INFO] [stdout]    6:     0x59724c12f812 - std[70759c8f55707aa4]::panicking::panic_with_hook
[INFO] [stdout]    7:     0x59724c113592 - std[70759c8f55707aa4]::panicking::panic_handler::{closure#0}
[INFO] [stdout]    8:     0x59724c10c189 - std[70759c8f55707aa4]::sys::backtrace::__rust_end_short_backtrace::<std[70759c8f55707aa4]::panicking::panic_handler::{closure#0}, !>
[INFO] [stdout]    9:     0x59724c11418d - __rustc[8fa7c3cbc660c2b3]::rust_begin_unwind
[INFO] [stdout]   10:     0x59724c14d29c - core[df12db4294e9bfd3]::panicking::panic_fmt
[INFO] [stdout]   11:     0x59724c091c0f - jsonl_tests[bb5bd5c2b86c0f9e]::run_test_file::{closure#0}
[INFO] [stdout]   12:     0x59724c0934e1 - jsonl_tests[bb5bd5c2b86c0f9e]::run_and_assert
[INFO] [stdout]   13:     0x59724c093ec5 - <jsonl_tests[bb5bd5c2b86c0f9e]::test_diff_s4001::{closure#0} as core[df12db4294e9bfd3]::ops::function::FnOnce<()>>::call_once
[INFO] [stdout]   14:     0x59724c09c47b - test[9d35eded1c95d3be]::__rust_begin_short_backtrace::<core[df12db4294e9bfd3]::result::Result<(), alloc[2182bb758b4b3781]::string::String>, fn() -> core[df12db4294e9bfd3]::result::Result<(), alloc[2182bb758b4b3781]::string::String>>
[INFO] [stdout]   15:     0x59724c0a9ae5 - test[9d35eded1c95d3be]::run_test::{closure#0}
[INFO] [stdout]   16:     0x59724c0a33a4 - std[70759c8f55707aa4]::sys::backtrace::__rust_begin_short_backtrace::<test[9d35eded1c95d3be]::run_test::{closure#1}, ()>
[INFO] [stdout]   17:     0x59724c0acc42 - <std[70759c8f55707aa4]::thread::lifecycle::spawn_unchecked<test[9d35eded1c95d3be]::run_test::{closure#1}, ()>::{closure#1} as core[df12db4294e9bfd3]::ops::function::FnOnce<()>>::call_once::{shim:vtable#0}
[INFO] [stdout]   18:     0x59724c1367c9 - <std[70759c8f55707aa4]::sys::thread::unix::Thread>::new::thread_start
[INFO] [stdout]   19:     0x74925e245dfa - <unknown>
[INFO] [stdout]   20:     0x74925e2d93d4 - clone
[INFO] [stdout]   21:                0x0 - <unknown>
[INFO] [stdout] 
[INFO] [stdout] ---- test_diff stdout ----
[INFO] [stdout] 
[INFO] [stdout] thread 'test_diff' (967) panicked at tests/jsonl_tests.rs:115:63:
[INFO] [stdout] Failed to read tests/java_regex_tests_diff.jsonl
[INFO] [stdout] stack backtrace:
[INFO] [stdout]    0:     0x59724c137261 - <<std[70759c8f55707aa4]::sys::backtrace::BacktraceLock>::print::DisplayBacktrace as core[df12db4294e9bfd3]::fmt::Display>::fmt
[INFO] [stdout]    1:     0x59724c14cb6a - core[df12db4294e9bfd3]::fmt::write
[INFO] [stdout]    2:     0x59724c13b6fc - <alloc[2182bb758b4b3781]::vec::Vec<u8> as core[df12db4294e9bfd3]::io::write::Write>::write_fmt
[INFO] [stdout]    3:     0x59724c1134e6 - std[70759c8f55707aa4]::panicking::default_hook::{closure#0}
[INFO] [stdout]    4:     0x59724c12f659 - std[70759c8f55707aa4]::panicking::default_hook
[INFO] [stdout]    5:     0x59724c0a9190 - test[9d35eded1c95d3be]::test_main_inner::<test[9d35eded1c95d3be]::test_main_static::{closure#0}>::{closure#0}
[INFO] [stdout]    6:     0x59724c12f812 - std[70759c8f55707aa4]::panicking::panic_with_hook
[INFO] [stdout]    7:     0x59724c113592 - std[70759c8f55707aa4]::panicking::panic_handler::{closure#0}
[INFO] [stdout]    8:     0x59724c10c189 - std[70759c8f55707aa4]::sys::backtrace::__rust_end_short_backtrace::<std[70759c8f55707aa4]::panicking::panic_handler::{closure#0}, !>
[INFO] [stdout]    9:     0x59724c11418d - __rustc[8fa7c3cbc660c2b3]::rust_begin_unwind
[INFO] [stdout]   10:     0x59724c14d29c - core[df12db4294e9bfd3]::panicking::panic_fmt
[INFO] [stdout]   11:     0x59724c091c0f - jsonl_tests[bb5bd5c2b86c0f9e]::run_test_file::{closure#0}
[INFO] [stdout]   12:     0x59724c0934e1 - jsonl_tests[bb5bd5c2b86c0f9e]::run_and_assert
[INFO] [stdout]   13:     0x59724c094465 - <jsonl_tests[bb5bd5c2b86c0f9e]::test_diff::{closure#0} as core[df12db4294e9bfd3]::ops::function::FnOnce<()>>::call_once
[INFO] [stdout]   14:     0x59724c09c47b - test[9d35eded1c95d3be]::__rust_begin_short_backtrace::<core[df12db4294e9bfd3]::result::Result<(), alloc[2182bb758b4b3781]::string::String>, fn() -> core[df12db4294e9bfd3]::result::Result<(), alloc[2182bb758b4b3781]::string::String>>
[INFO] [stdout]   15:     0x59724c0a9ae5 - test[9d35eded1c95d3be]::run_test::{closure#0}
[INFO] [stdout]   16:     0x59724c0a33a4 - std[70759c8f55707aa4]::sys::backtrace::__rust_begin_short_backtrace::<test[9d35eded1c95d3be]::run_test::{closure#1}, ()>
[INFO] [stdout]   17:     0x59724c0acc42 - <std[70759c8f55707aa4]::thread::lifecycle::spawn_unchecked<test[9d35eded1c95d3be]::run_test::{closure#1}, ()>::{closure#1} as core[df12db4294e9bfd3]::ops::function::FnOnce<()>>::call_once::{shim:vtable#0}
[INFO] [stdout]   18:     0x59724c1367c9 - <std[70759c8f55707aa4]::sys::thread::unix::Thread>::new::thread_start
[INFO] [stdout]   19:     0x74925e245dfa - <unknown>
[INFO] [stdout]   20:     0x74925e2d93d4 - clone
[INFO] [stdout]   21:                0x0 - <unknown>
[INFO] [stdout] 
[INFO] [stdout] ---- test_diff_s3003 stdout ----
[INFO] [stdout] 
[INFO] [stdout] thread 'test_diff_s3003' (980) panicked at tests/jsonl_tests.rs:115:63:
[INFO] [stdout] Failed to read tests/java_regex_tests_diff_s3003.jsonl
[INFO] [stdout] stack backtrace:
[INFO] [stdout]    0:     0x59724c137261 - <<std[70759c8f55707aa4]::sys::backtrace::BacktraceLock>::print::DisplayBacktrace as core[df12db4294e9bfd3]::fmt::Display>::fmt
[INFO] [stdout]    1:     0x59724c14cb6a - core[df12db4294e9bfd3]::fmt::write
[INFO] [stdout]    2:     0x59724c13b6fc - <alloc[2182bb758b4b3781]::vec::Vec<u8> as core[df12db4294e9bfd3]::io::write::Write>::write_fmt
[INFO] [stdout]    3:     0x59724c1134e6 - std[70759c8f55707aa4]::panicking::default_hook::{closure#0}
[INFO] [stdout]    4:     0x59724c12f659 - std[70759c8f55707aa4]::panicking::default_hook
[INFO] [stdout]    5:     0x59724c0a9190 - test[9d35eded1c95d3be]::test_main_inner::<test[9d35eded1c95d3be]::test_main_static::{closure#0}>::{closure#0}
[INFO] [stdout]    6:     0x59724c12f812 - std[70759c8f55707aa4]::panicking::panic_with_hook
[INFO] [stdout]    7:     0x59724c113592 - std[70759c8f55707aa4]::panicking::panic_handler::{closure#0}
[INFO] [stdout]    8:     0x59724c10c189 - std[70759c8f55707aa4]::sys::backtrace::__rust_end_short_backtrace::<std[70759c8f55707aa4]::panicking::panic_handler::{closure#0}, !>
[INFO] [stdout]    9:     0x59724c11418d - __rustc[8fa7c3cbc660c2b3]::rust_begin_unwind
[INFO] [stdout]   10:     0x59724c14d29c - core[df12db4294e9bfd3]::panicking::panic_fmt
[INFO] [stdout]   11:     0x59724c091c0f - jsonl_tests[bb5bd5c2b86c0f9e]::run_test_file::{closure#0}
[INFO] [stdout]   12:     0x59724c0934e1 - jsonl_tests[bb5bd5c2b86c0f9e]::run_and_assert
[INFO] [stdout]   13:     0x59724c093d45 - <jsonl_tests[bb5bd5c2b86c0f9e]::test_diff_s3003::{closure#0} as core[df12db4294e9bfd3]::ops::function::FnOnce<()>>::call_once
[INFO] [stdout]   14:     0x59724c09c47b - test[9d35eded1c95d3be]::__rust_begin_short_backtrace::<core[df12db4294e9bfd3]::result::Result<(), alloc[2182bb758b4b3781]::string::String>, fn() -> core[df12db4294e9bfd3]::result::Result<(), alloc[2182bb758b4b3781]::string::String>>
[INFO] [stdout]   15:     0x59724c0a9ae5 - test[9d35eded1c95d3be]::run_test::{closure#0}
[INFO] [stdout]   16:     0x59724c0a33a4 - std[70759c8f55707aa4]::sys::backtrace::__rust_begin_short_backtrace::<test[9d35eded1c95d3be]::run_test::{closure#1}, ()>
[INFO] [stdout]   17:     0x59724c0acc42 - <std[70759c8f55707aa4]::thread::lifecycle::spawn_unchecked<test[9d35eded1c95d3be]::run_test::{closure#1}, ()>::{closure#1} as core[df12db4294e9bfd3]::ops::function::FnOnce<()>>::call_once::{shim:vtable#0}
[INFO] [stdout]   18:     0x59724c1367c9 - <std[70759c8f55707aa4]::sys::thread::unix::Thread>::new::thread_start
[INFO] [stdout]   19:     0x74925e245dfa - <unknown>
[INFO] [stdout]   20:     0x74925e2d93d4 - clone
[INFO] [stdout]   21:                0x0 - <unknown>
[INFO] [stdout] 
[INFO] [stdout] ---- test_diff_s3005 stdout ----
[INFO] [stdout] 
[INFO] [stdout] thread 'test_diff_s3005' (982) panicked at tests/jsonl_tests.rs:115:63:
[INFO] [stdout] Failed to read tests/java_regex_tests_diff_s3005.jsonl
[INFO] [stdout] stack backtrace:
[INFO] [stdout]    0:     0x59724c137261 - <<std[70759c8f55707aa4]::sys::backtrace::BacktraceLock>::print::DisplayBacktrace as core[df12db4294e9bfd3]::fmt::Display>::fmt
[INFO] [stdout]    1:     0x59724c14cb6a - core[df12db4294e9bfd3]::fmt::write
[INFO] [stdout]    2:     0x59724c13b6fc - <alloc[2182bb758b4b3781]::vec::Vec<u8> as core[df12db4294e9bfd3]::io::write::Write>::write_fmt
[INFO] [stdout]    3:     0x59724c1134e6 - std[70759c8f55707aa4]::panicking::default_hook::{closure#0}
[INFO] [stdout]    4:     0x59724c12f659 - std[70759c8f55707aa4]::panicking::default_hook
[INFO] [stdout]    5:     0x59724c0a9190 - test[9d35eded1c95d3be]::test_main_inner::<test[9d35eded1c95d3be]::test_main_static::{closure#0}>::{closure#0}
[INFO] [stdout]    6:     0x59724c12f812 - std[70759c8f55707aa4]::panicking::panic_with_hook
[INFO] [stdout]    7:     0x59724c113592 - std[70759c8f55707aa4]::panicking::panic_handler::{closure#0}
[INFO] [stdout]    8:     0x59724c10c189 - std[70759c8f55707aa4]::sys::backtrace::__rust_end_short_backtrace::<std[70759c8f55707aa4]::panicking::panic_handler::{closure#0}, !>
[INFO] [stdout]    9:     0x59724c11418d - __rustc[8fa7c3cbc660c2b3]::rust_begin_unwind
[INFO] [stdout]   10:     0x59724c14d29c - core[df12db4294e9bfd3]::panicking::panic_fmt
[INFO] [stdout]   11:     0x59724c091c0f - jsonl_tests[bb5bd5c2b86c0f9e]::run_test_file::{closure#0}
[INFO] [stdout]   12:     0x59724c0934e1 - jsonl_tests[bb5bd5c2b86c0f9e]::run_and_assert
[INFO] [stdout]   13:     0x59724c093da5 - <jsonl_tests[bb5bd5c2b86c0f9e]::test_diff_s3005::{closure#0} as core[df12db4294e9bfd3]::ops::function::FnOnce<()>>::call_once
[INFO] [stdout]   14:     0x59724c09c47b - test[9d35eded1c95d3be]::__rust_begin_short_backtrace::<core[df12db4294e9bfd3]::result::Result<(), alloc[2182bb758b4b3781]::string::String>, fn() -> core[df12db4294e9bfd3]::result::Result<(), alloc[2182bb758b4b3781]::string::String>>
[INFO] [stdout]   15:     0x59724c0a9ae5 - test[9d35eded1c95d3be]::run_test::{closure#0}
[INFO] [stdout]   16:     0x59724c0a33a4 - std[70759c8f55707aa4]::sys::backtrace::__rust_begin_short_backtrace::<test[9d35eded1c95d3be]::run_test::{closure#1}, ()>
[INFO] [stdout]   17:     0x59724c0acc42 - <std[70759c8f55707aa4]::thread::lifecycle::spawn_unchecked<test[9d35eded1c95d3be]::run_test::{closure#1}, ()>::{closure#1} as core[df12db4294e9bfd3]::ops::function::FnOnce<()>>::call_once::{shim:vtable#0}
[INFO] [stdout]   18:     0x59724c1367c9 - <std[70759c8f55707aa4]::sys::thread::unix::Thread>::new::thread_start
[INFO] [stdout]   19:     0x74925e245dfa - <unknown>
[INFO] [stdout]   20:     0x74925e2d93d4 - clone
[INFO] [stdout]   21:                0x0 - <unknown>
[INFO] [stdout] 
[INFO] [stdout] ---- test_diff_s400 stdout ----
[INFO] [stdout] 
[INFO] [stdout] thread 'test_diff_s400' (988) panicked at tests/jsonl_tests.rs:115:63:
[INFO] [stdout] Failed to read tests/java_regex_tests_diff_s400.jsonl
[INFO] [stdout] stack backtrace:
[INFO] [stdout]    0:     0x59724c137261 - <<std[70759c8f55707aa4]::sys::backtrace::BacktraceLock>::print::DisplayBacktrace as core[df12db4294e9bfd3]::fmt::Display>::fmt
[INFO] [stdout]    1:     0x59724c14cb6a - core[df12db4294e9bfd3]::fmt::write
[INFO] [stdout]    2:     0x59724c13b6fc - <alloc[2182bb758b4b3781]::vec::Vec<u8> as core[df12db4294e9bfd3]::io::write::Write>::write_fmt
[INFO] [stdout]    3:     0x59724c1134e6 - std[70759c8f55707aa4]::panicking::default_hook::{closure#0}
[INFO] [stdout]    4:     0x59724c12f659 - std[70759c8f55707aa4]::panicking::default_hook
[INFO] [stdout]    5:     0x59724c0a9190 - test[9d35eded1c95d3be]::test_main_inner::<test[9d35eded1c95d3be]::test_main_static::{closure#0}>::{closure#0}
[INFO] [stdout]    6:     0x59724c12f812 - std[70759c8f55707aa4]::panicking::panic_with_hook
[INFO] [stdout]    7:     0x59724c113592 - std[70759c8f55707aa4]::panicking::panic_handler::{closure#0}
[INFO] [stdout]    8:     0x59724c10c189 - std[70759c8f55707aa4]::sys::backtrace::__rust_end_short_backtrace::<std[70759c8f55707aa4]::panicking::panic_handler::{closure#0}, !>
[INFO] [stdout]    9:     0x59724c11418d - __rustc[8fa7c3cbc660c2b3]::rust_begin_unwind
[INFO] [stdout]   10:     0x59724c14d29c - core[df12db4294e9bfd3]::panicking::panic_fmt
[INFO] [stdout]   11:     0x59724c091c0f - jsonl_tests[bb5bd5c2b86c0f9e]::run_test_file::{closure#0}
[INFO] [stdout]   12:     0x59724c0934e1 - jsonl_tests[bb5bd5c2b86c0f9e]::run_and_assert
[INFO] [stdout]   13:     0x59724c093a45 - <jsonl_tests[bb5bd5c2b86c0f9e]::test_diff_s400::{closure#0} as core[df12db4294e9bfd3]::ops::function::FnOnce<()>>::call_once
[INFO] [stdout]   14:     0x59724c09c47b - test[9d35eded1c95d3be]::__rust_begin_short_backtrace::<core[df12db4294e9bfd3]::result::Result<(), alloc[2182bb758b4b3781]::string::String>, fn() -> core[df12db4294e9bfd3]::result::Result<(), alloc[2182bb758b4b3781]::string::String>>
[INFO] [stdout]   15:     0x59724c0a9ae5 - test[9d35eded1c95d3be]::run_test::{closure#0}
[INFO] [stdout]   16:     0x59724c0a33a4 - std[70759c8f55707aa4]::sys::backtrace::__rust_begin_short_backtrace::<test[9d35eded1c95d3be]::run_test::{closure#1}, ()>
[INFO] [stdout]   17:     0x59724c0acc42 - <std[70759c8f55707aa4]::thread::lifecycle::spawn_unchecked<test[9d35eded1c95d3be]::run_test::{closure#1}, ()>::{closure#1} as core[df12db4294e9bfd3]::ops::function::FnOnce<()>>::call_once::{shim:vtable#0}
[INFO] [stdout]   18:     0x59724c1367c9 - <std[70759c8f55707aa4]::sys::thread::unix::Thread>::new::thread_start
[INFO] [stdout]   19:     0x74925e245dfa - <unknown>
[INFO] [stdout]   20:     0x74925e2d93d4 - clone
[INFO] [stdout]   21:                0x0 - <unknown>
[INFO] [stdout] 
[INFO] [stdout] ---- test_diff_s3010 stdout ----
[INFO] [stdout] 
[INFO] [stdout] thread 'test_diff_s3010' (987) panicked at tests/jsonl_tests.rs:115:63:
[INFO] [stdout] Failed to read tests/java_regex_tests_diff_s3010.jsonl
[INFO] [stdout] stack backtrace:
[INFO] [stdout]    0:     0x59724c137261 - <<std[70759c8f55707aa4]::sys::backtrace::BacktraceLock>::print::DisplayBacktrace as core[df12db4294e9bfd3]::fmt::Display>::fmt
[INFO] [stdout]    1:     0x59724c14cb6a - core[df12db4294e9bfd3]::fmt::write
[INFO] [stdout]    2:     0x59724c13b6fc - <alloc[2182bb758b4b3781]::vec::Vec<u8> as core[df12db4294e9bfd3]::io::write::Write>::write_fmt
[INFO] [stdout]    3:     0x59724c1134e6 - std[70759c8f55707aa4]::panicking::default_hook::{closure#0}
[INFO] [stdout]    4:     0x59724c12f659 - std[70759c8f55707aa4]::panicking::default_hook
[INFO] [stdout]    5:     0x59724c0a9190 - test[9d35eded1c95d3be]::test_main_inner::<test[9d35eded1c95d3be]::test_main_static::{closure#0}>::{closure#0}
[INFO] [stdout]    6:     0x59724c12f812 - std[70759c8f55707aa4]::panicking::panic_with_hook
[INFO] [stdout]    7:     0x59724c113592 - std[70759c8f55707aa4]::panicking::panic_handler::{closure#0}
[INFO] [stdout]    8:     0x59724c10c189 - std[70759c8f55707aa4]::sys::backtrace::__rust_end_short_backtrace::<std[70759c8f55707aa4]::panicking::panic_handler::{closure#0}, !>
[INFO] [stdout]    9:     0x59724c11418d - __rustc[8fa7c3cbc660c2b3]::rust_begin_unwind
[INFO] [stdout]   10:     0x59724c14d29c - core[df12db4294e9bfd3]::panicking::panic_fmt
[INFO] [stdout]   11:     0x59724c091c0f - jsonl_tests[bb5bd5c2b86c0f9e]::run_test_file::{closure#0}
[INFO] [stdout]   12:     0x59724c0934e1 - jsonl_tests[bb5bd5c2b86c0f9e]::run_and_assert
[INFO] [stdout]   13:     0x59724c093e95 - <jsonl_tests[bb5bd5c2b86c0f9e]::test_diff_s3010::{closure#0} as core[df12db4294e9bfd3]::ops::function::FnOnce<()>>::call_once
[INFO] [stdout]   14:     0x59724c09c47b - test[9d35eded1c95d3be]::__rust_begin_short_backtrace::<core[df12db4294e9bfd3]::result::Result<(), alloc[2182bb758b4b3781]::string::String>, fn() -> core[df12db4294e9bfd3]::result::Result<(), alloc[2182bb758b4b3781]::string::String>>
[INFO] [stdout]   15:     0x59724c0a9ae5 - test[9d35eded1c95d3be]::run_test::{closure#0}
[INFO] [stdout]   16:     0x59724c0a33a4 - std[70759c8f55707aa4]::sys::backtrace::__rust_begin_short_backtrace::<test[9d35eded1c95d3be]::run_test::{closure#1}, ()>
[INFO] [stdout]   17:     0x59724c0acc42 - <std[70759c8f55707aa4]::thread::lifecycle::spawn_unchecked<test[9d35eded1c95d3be]::run_test::{closure#1}, ()>::{closure#1} as core[df12db4294e9bfd3]::ops::function::FnOnce<()>>::call_once::{shim:vtable#0}
[INFO] [stdout]   18:     0x59724c1367c9 - <std[70759c8f55707aa4]::sys::thread::unix::Thread>::new::thread_start
[INFO] [stdout]   19:     0x74925e245dfa - <unknown>
[INFO] [stdout]   20:     0x74925e2d93d4 - clone
[INFO] [stdout]   21:                0x0 - <unknown>
[INFO] [stdout] 
[INFO] [stdout] ---- test_diff_s3008 stdout ----
[INFO] [stdout] 
[INFO] [stdout] thread 'test_diff_s3008' (985) panicked at tests/jsonl_tests.rs:115:63:
[INFO] [stdout] Failed to read tests/java_regex_tests_diff_s3008.jsonl
[INFO] [stdout] stack backtrace:
[INFO] [stdout]    0:     0x59724c137261 - <<std[70759c8f55707aa4]::sys::backtrace::BacktraceLock>::print::DisplayBacktrace as core[df12db4294e9bfd3]::fmt::Display>::fmt
[INFO] [stdout]    1:     0x59724c14cb6a - core[df12db4294e9bfd3]::fmt::write
[INFO] [stdout]    2:     0x59724c13b6fc - <alloc[2182bb758b4b3781]::vec::Vec<u8> as core[df12db4294e9bfd3]::io::write::Write>::write_fmt
[INFO] [stdout]    3:     0x59724c1134e6 - std[70759c8f55707aa4]::panicking::default_hook::{closure#0}
[INFO] [stdout]    4:     0x59724c12f659 - std[70759c8f55707aa4]::panicking::default_hook
[INFO] [stdout]    5:     0x59724c0a9190 - test[9d35eded1c95d3be]::test_main_inner::<test[9d35eded1c95d3be]::test_main_static::{closure#0}>::{closure#0}
[INFO] [stdout]    6:     0x59724c12f812 - std[70759c8f55707aa4]::panicking::panic_with_hook
[INFO] [stdout]    7:     0x59724c113592 - std[70759c8f55707aa4]::panicking::panic_handler::{closure#0}
[INFO] [stdout]    8:     0x59724c10c189 - std[70759c8f55707aa4]::sys::backtrace::__rust_end_short_backtrace::<std[70759c8f55707aa4]::panicking::panic_handler::{closure#0}, !>
[INFO] [stdout]    9:     0x59724c11418d - __rustc[8fa7c3cbc660c2b3]::rust_begin_unwind
[INFO] [stdout]   10:     0x59724c14d29c - core[df12db4294e9bfd3]::panicking::panic_fmt
[INFO] [stdout]   11:     0x59724c091c0f - jsonl_tests[bb5bd5c2b86c0f9e]::run_test_file::{closure#0}
[INFO] [stdout]   12:     0x59724c0934e1 - jsonl_tests[bb5bd5c2b86c0f9e]::run_and_assert
[INFO] [stdout]   13:     0x59724c093e35 - <jsonl_tests[bb5bd5c2b86c0f9e]::test_diff_s3008::{closure#0} as core[df12db4294e9bfd3]::ops::function::FnOnce<()>>::call_once
[INFO] [stdout]   14:     0x59724c09c47b - test[9d35eded1c95d3be]::__rust_begin_short_backtrace::<core[df12db4294e9bfd3]::result::Result<(), alloc[2182bb758b4b3781]::string::String>, fn() -> core[df12db4294e9bfd3]::result::Result<(), alloc[2182bb758b4b3781]::string::String>>
[INFO] [stdout]   15:     0x59724c0a9ae5 - test[9d35eded1c95d3be]::run_test::{closure#0}
[INFO] [stdout]   16:     0x59724c0a33a4 - std[70759c8f55707aa4]::sys::backtrace::__rust_begin_short_backtrace::<test[9d35eded1c95d3be]::run_test::{closure#1}, ()>
[INFO] [stdout]   17:     0x59724c0acc42 - <std[70759c8f55707aa4]::thread::lifecycle::spawn_unchecked<test[9d35eded1c95d3be]::run_test::{closure#1}, ()>::{closure#1} as core[df12db4294e9bfd3]::ops::function::FnOnce<()>>::call_once::{shim:vtable#0}
[INFO] [stdout]   18:     0x59724c1367c9 - <std[70759c8f55707aa4]::sys::thread::unix::Thread>::new::thread_start
[INFO] [stdout]   19:     0x74925e245dfa - <unknown>
[INFO] [stdout]   20:     0x74925e2d93d4 - clone
[INFO] [stdout]   21:                0x0 - <unknown>
[INFO] [stdout] 
[INFO] [stdout] ---- test_diff2 stdout ----
[INFO] [stdout] 
[INFO] [stdout] thread 'test_diff2' (968) panicked at tests/jsonl_tests.rs:115:63:
[INFO] [stdout] Failed to read tests/java_regex_tests_diff2.jsonl
[INFO] [stdout] stack backtrace:
[INFO] [stdout]    0:     0x59724c137261 - <<std[70759c8f55707aa4]::sys::backtrace::BacktraceLock>::print::DisplayBacktrace as core[df12db4294e9bfd3]::fmt::Display>::fmt
[INFO] [stdout]    1:     0x59724c14cb6a - core[df12db4294e9bfd3]::fmt::write
[INFO] [stdout]    2:     0x59724c13b6fc - <alloc[2182bb758b4b3781]::vec::Vec<u8> as core[df12db4294e9bfd3]::io::write::Write>::write_fmt
[INFO] [stdout]    3:     0x59724c1134e6 - std[70759c8f55707aa4]::panicking::default_hook::{closure#0}
[INFO] [stdout]    4:     0x59724c12f659 - std[70759c8f55707aa4]::panicking::default_hook
[INFO] [stdout]    5:     0x59724c0a9190 - test[9d35eded1c95d3be]::test_main_inner::<test[9d35eded1c95d3be]::test_main_static::{closure#0}>::{closure#0}
[INFO] [stdout]    6:     0x59724c12f812 - std[70759c8f55707aa4]::panicking::panic_with_hook
[INFO] [stdout]    7:     0x59724c113592 - std[70759c8f55707aa4]::panicking::panic_handler::{closure#0}
[INFO] [stdout]    8:     0x59724c10c189 - std[70759c8f55707aa4]::sys::backtrace::__rust_end_short_backtrace::<std[70759c8f55707aa4]::panicking::panic_handler::{closure#0}, !>
[INFO] [stdout]    9:     0x59724c11418d - __rustc[8fa7c3cbc660c2b3]::rust_begin_unwind
[INFO] [stdout]   10:     0x59724c14d29c - core[df12db4294e9bfd3]::panicking::panic_fmt
[INFO] [stdout]   11:     0x59724c091c0f - jsonl_tests[bb5bd5c2b86c0f9e]::run_test_file::{closure#0}
[INFO] [stdout]   12:     0x59724c0934e1 - jsonl_tests[bb5bd5c2b86c0f9e]::run_and_assert
[INFO] [stdout]   13:     0x59724c093925 - <jsonl_tests[bb5bd5c2b86c0f9e]::test_diff2::{closure#0} as core[df12db4294e9bfd3]::ops::function::FnOnce<()>>::call_once
[INFO] [stdout]   14:     0x59724c09c47b - test[9d35eded1c95d3be]::__rust_begin_short_backtrace::<core[df12db4294e9bfd3]::result::Result<(), alloc[2182bb758b4b3781]::string::String>, fn() -> core[df12db4294e9bfd3]::result::Result<(), alloc[2182bb758b4b3781]::string::String>>
[INFO] [stdout]   15:     0x59724c0a9ae5 - test[9d35eded1c95d3be]::run_test::{closure#0}
[INFO] [stdout]   16:     0x59724c0a33a4 - std[70759c8f55707aa4]::sys::backtrace::__rust_begin_short_backtrace::<test[9d35eded1c95d3be]::run_test::{closure#1}, ()>
[INFO] [stdout]   17:     0x59724c0acc42 - <std[70759c8f55707aa4]::thread::lifecycle::spawn_unchecked<test[9d35eded1c95d3be]::run_test::{closure#1}, ()>::{closure#1} as core[df12db4294e9bfd3]::ops::function::FnOnce<()>>::call_once::{shim:vtable#0}
[INFO] [stdout]   18:     0x59724c1367c9 - <std[70759c8f55707aa4]::sys::thread::unix::Thread>::new::thread_start
[INFO] [stdout]   19:     0x74925e245dfa - <unknown>
[INFO] [stdout]   20:     0x74925e2d93d4 - clone
[INFO] [stdout]   21:                0x0 - <unknown>
[INFO] [stdout] 
[INFO] [stdout] ---- test_diff_s4002 stdout ----
[INFO] [stdout] 
[INFO] [stdout] thread 'test_diff_s4002' (990) panicked at tests/jsonl_tests.rs:115:63:
[INFO] [stdout] Failed to read tests/java_regex_tests_diff_s4002.jsonl
[INFO] [stdout] stack backtrace:
[INFO] [stdout]    0:     0x59724c137261 - <<std[70759c8f55707aa4]::sys::backtrace::BacktraceLock>::print::DisplayBacktrace as core[df12db4294e9bfd3]::fmt::Display>::fmt
[INFO] [stdout]    1:     0x59724c14cb6a - core[df12db4294e9bfd3]::fmt::write
[INFO] [stdout]    2:     0x59724c13b6fc - <alloc[2182bb758b4b3781]::vec::Vec<u8> as core[df12db4294e9bfd3]::io::write::Write>::write_fmt
[INFO] [stdout]    3:     0x59724c1134e6 - std[70759c8f55707aa4]::panicking::default_hook::{closure#0}
[INFO] [stdout]    4:     0x59724c12f659 - std[70759c8f55707aa4]::panicking::default_hook
[INFO] [stdout]    5:     0x59724c0a9190 - test[9d35eded1c95d3be]::test_main_inner::<test[9d35eded1c95d3be]::test_main_static::{closure#0}>::{closure#0}
[INFO] [stdout]    6:     0x59724c12f812 - std[70759c8f55707aa4]::panicking::panic_with_hook
[INFO] [stdout]    7:     0x59724c113592 - std[70759c8f55707aa4]::panicking::panic_handler::{closure#0}
[INFO] [stdout]    8:     0x59724c10c189 - std[70759c8f55707aa4]::sys::backtrace::__rust_end_short_backtrace::<std[70759c8f55707aa4]::panicking::panic_handler::{closure#0}, !>
[INFO] [stdout]    9:     0x59724c11418d - __rustc[8fa7c3cbc660c2b3]::rust_begin_unwind
[INFO] [stdout]   10:     0x59724c14d29c - core[df12db4294e9bfd3]::panicking::panic_fmt
[INFO] [stdout]   11:     0x59724c091c0f - jsonl_tests[bb5bd5c2b86c0f9e]::run_test_file::{closure#0}
[INFO] [stdout]   12:     0x59724c0934e1 - jsonl_tests[bb5bd5c2b86c0f9e]::run_and_assert
[INFO] [stdout]   13:     0x59724c093ef5 - <jsonl_tests[bb5bd5c2b86c0f9e]::test_diff_s4002::{closure#0} as core[df12db4294e9bfd3]::ops::function::FnOnce<()>>::call_once
[INFO] [stdout]   14:     0x59724c09c47b - test[9d35eded1c95d3be]::__rust_begin_short_backtrace::<core[df12db4294e9bfd3]::result::Result<(), alloc[2182bb758b4b3781]::string::String>, fn() -> core[df12db4294e9bfd3]::result::Result<(), alloc[2182bb758b4b3781]::string::String>>
[INFO] [stdout]   15:     0x59724c0a9ae5 - test[9d35eded1c95d3be]::run_test::{closure#0}
[INFO] [stdout]   16:     0x59724c0a33a4 - std[70759c8f55707aa4]::sys::backtrace::__rust_begin_short_backtrace::<test[9d35eded1c95d3be]::run_test::{closure#1}, ()>
[INFO] [stdout]   17:     0x59724c0acc42 - <std[70759c8f55707aa4]::thread::lifecycle::spawn_unchecked<test[9d35eded1c95d3be]::run_test::{closure#1}, ()>::{closure#1} as core[df12db4294e9bfd3]::ops::function::FnOnce<()>>::call_once::{shim:vtable#0}
[INFO] [stdout]   18:     0x59724c1367c9 - <std[70759c8f55707aa4]::sys::thread::unix::Thread>::new::thread_start
[INFO] [stdout]   19:     0x74925e245dfa - <unknown>
[INFO] [stdout]   20:     0x74925e2d93d4 - clone
[INFO] [stdout]   21:                0x0 - <unknown>
[INFO] [stdout] 
[INFO] [stdout] ---- test_diff_s4003 stdout ----
[INFO] [stdout] 
[INFO] [stdout] thread 'test_diff_s4003' (991) panicked at tests/jsonl_tests.rs:115:63:
[INFO] [stdout] Failed to read tests/java_regex_tests_diff_s4003.jsonl
[INFO] [stdout] stack backtrace:
[INFO] [stdout]    0:     0x59724c137261 - <<std[70759c8f55707aa4]::sys::backtrace::BacktraceLock>::print::DisplayBacktrace as core[df12db4294e9bfd3]::fmt::Display>::fmt
[INFO] [stdout]    1:     0x59724c14cb6a - core[df12db4294e9bfd3]::fmt::write
[INFO] [stdout]    2:     0x59724c13b6fc - <alloc[2182bb758b4b3781]::vec::Vec<u8> as core[df12db4294e9bfd3]::io::write::Write>::write_fmt
[INFO] [stdout]    3:     0x59724c1134e6 - std[70759c8f55707aa4]::panicking::default_hook::{closure#0}
[INFO] [stdout]    4:     0x59724c12f659 - std[70759c8f55707aa4]::panicking::default_hook
[INFO] [stdout]    5:     0x59724c0a9190 - test[9d35eded1c95d3be]::test_main_inner::<test[9d35eded1c95d3be]::test_main_static::{closure#0}>::{closure#0}
[INFO] [stdout]    6:     0x59724c12f812 - std[70759c8f55707aa4]::panicking::panic_with_hook
[INFO] [stdout]    7:     0x59724c113592 - std[70759c8f55707aa4]::panicking::panic_handler::{closure#0}
[INFO] [stdout]    8:     0x59724c10c189 - std[70759c8f55707aa4]::sys::backtrace::__rust_end_short_backtrace::<std[70759c8f55707aa4]::panicking::panic_handler::{closure#0}, !>
[INFO] [stdout]    9:     0x59724c11418d - __rustc[8fa7c3cbc660c2b3]::rust_begin_unwind
[INFO] [stdout]   10:     0x59724c14d29c - core[df12db4294e9bfd3]::panicking::panic_fmt
[INFO] [stdout]   11:     0x59724c091c0f - jsonl_tests[bb5bd5c2b86c0f9e]::run_test_file::{closure#0}
[INFO] [stdout]   12:     0x59724c0934e1 - jsonl_tests[bb5bd5c2b86c0f9e]::run_and_assert
[INFO] [stdout]   13:     0x59724c093f25 - <jsonl_tests[bb5bd5c2b86c0f9e]::test_diff_s4003::{closure#0} as core[df12db4294e9bfd3]::ops::function::FnOnce<()>>::call_once
[INFO] [stdout]   14:     0x59724c09c47b - test[9d35eded1c95d3be]::__rust_begin_short_backtrace::<core[df12db4294e9bfd3]::result::Result<(), alloc[2182bb758b4b3781]::string::String>, fn() -> core[df12db4294e9bfd3]::result::Result<(), alloc[2182bb758b4b3781]::string::String>>
[INFO] [stdout]   15:     0x59724c0a9ae5 - test[9d35eded1c95d3be]::run_test::{closure#0}
[INFO] [stdout]   16:     0x59724c0a33a4 - std[70759c8f55707aa4]::sys::backtrace::__rust_begin_short_backtrace::<test[9d35eded1c95d3be]::run_test::{closure#1}, ()>
[INFO] [stdout]   17:     0x59724c0acc42 - <std[70759c8f55707aa4]::thread::lifecycle::spawn_unchecked<test[9d35eded1c95d3be]::run_test::{closure#1}, ()>::{closure#1} as core[df12db4294e9bfd3]::ops::function::FnOnce<()>>::call_once::{shim:vtable#0}
[INFO] [stdout]   18:     0x59724c1367c9 - <std[70759c8f55707aa4]::sys::thread::unix::Thread>::new::thread_start
[INFO] [stdout]   19:     0x74925e245dfa - <unknown>
[INFO] [stdout]   20:     0x74925e2d93d4 - clone
[INFO] [stdout]   21:                0x0 - <unknown>
[INFO] [stdout] 
[INFO] [stdout] ---- test_diff_s4004 stdout ----
[INFO] [stdout] 
[INFO] [stdout] thread 'test_diff_s4004' (992) panicked at tests/jsonl_tests.rs:115:63:
[INFO] [stdout] Failed to read tests/java_regex_tests_diff_s4004.jsonl
[INFO] [stdout] stack backtrace:
[INFO] [stdout]    0:     0x59724c137261 - <<std[70759c8f55707aa4]::sys::backtrace::BacktraceLock>::print::DisplayBacktrace as core[df12db4294e9bfd3]::fmt::Display>::fmt
[INFO] [stdout]    1:     0x59724c14cb6a - core[df12db4294e9bfd3]::fmt::write
[INFO] [stdout]    2:     0x59724c13b6fc - <alloc[2182bb758b4b3781]::vec::Vec<u8> as core[df12db4294e9bfd3]::io::write::Write>::write_fmt
[INFO] [stdout]    3:     0x59724c1134e6 - std[70759c8f55707aa4]::panicking::default_hook::{closure#0}
[INFO] [stdout]    4:     0x59724c12f659 - std[70759c8f55707aa4]::panicking::default_hook
[INFO] [stdout]    5:     0x59724c0a9190 - test[9d35eded1c95d3be]::test_main_inner::<test[9d35eded1c95d3be]::test_main_static::{closure#0}>::{closure#0}
[INFO] [stdout]    6:     0x59724c12f812 - std[70759c8f55707aa4]::panicking::panic_with_hook
[INFO] [stdout]    7:     0x59724c113592 - std[70759c8f55707aa4]::panicking::panic_handler::{closure#0}
[INFO] [stdout]    8:     0x59724c10c189 - std[70759c8f55707aa4]::sys::backtrace::__rust_end_short_backtrace::<std[70759c8f55707aa4]::panicking::panic_handler::{closure#0}, !>
[INFO] [stdout]    9:     0x59724c11418d - __rustc[8fa7c3cbc660c2b3]::rust_begin_unwind
[INFO] [stdout]   10:     0x59724c14d29c - core[df12db4294e9bfd3]::panicking::panic_fmt
[INFO] [stdout]   11:     0x59724c091c0f - jsonl_tests[bb5bd5c2b86c0f9e]::run_test_file::{closure#0}
[INFO] [stdout]   12:     0x59724c0934e1 - jsonl_tests[bb5bd5c2b86c0f9e]::run_and_assert
[INFO] [stdout]   13:     0x59724c093f55 - <jsonl_tests[bb5bd5c2b86c0f9e]::test_diff_s4004::{closure#0} as core[df12db4294e9bfd3]::ops::function::FnOnce<()>>::call_once
[INFO] [stderr] error: test failed, to rerun pass `--test jsonl_tests`
[INFO] [stdout]   14:     0x59724c09c47b - test[9d35eded1c95d3be]::__rust_begin_short_backtrace::<core[df12db4294e9bfd3]::result::Result<(), alloc[2182bb758b4b3781]::string::String>, fn() -> core[df12db4294e9bfd3]::result::Result<(), alloc[2182bb758b4b3781]::string::String>>
[INFO] [stdout]   15:     0x59724c0a9ae5 - test[9d35eded1c95d3be]::run_test::{closure#0}
[INFO] [stdout]   16:     0x59724c0a33a4 - std[70759c8f55707aa4]::sys::backtrace::__rust_begin_short_backtrace::<test[9d35eded1c95d3be]::run_test::{closure#1}, ()>
[INFO] [stdout]   17:     0x59724c0acc42 - <std[70759c8f55707aa4]::thread::lifecycle::spawn_unchecked<test[9d35eded1c95d3be]::run_test::{closure#1}, ()>::{closure#1} as core[df12db4294e9bfd3]::ops::function::FnOnce<()>>::call_once::{shim:vtable#0}
[INFO] [stdout]   18:     0x59724c1367c9 - <std[70759c8f55707aa4]::sys::thread::unix::Thread>::new::thread_start
[INFO] [stdout]   19:     0x74925e245dfa - <unknown>
[INFO] [stdout]   20:     0x74925e2d93d4 - clone
[INFO] [stdout]   21:                0x0 - <unknown>
[INFO] [stdout] 
[INFO] [stdout] ---- test_diff_s4005 stdout ----
[INFO] [stdout] 
[INFO] [stdout] thread 'test_diff_s4005' (993) panicked at tests/jsonl_tests.rs:115:63:
[INFO] [stdout] Failed to read tests/java_regex_tests_diff_s4005.jsonl
[INFO] [stdout] stack backtrace:
[INFO] [stdout]    0:     0x59724c137261 - <<std[70759c8f55707aa4]::sys::backtrace::BacktraceLock>::print::DisplayBacktrace as core[df12db4294e9bfd3]::fmt::Display>::fmt
[INFO] [stdout]    1:     0x59724c14cb6a - core[df12db4294e9bfd3]::fmt::write
[INFO] [stdout]    2:     0x59724c13b6fc - <alloc[2182bb758b4b3781]::vec::Vec<u8> as core[df12db4294e9bfd3]::io::write::Write>::write_fmt
[INFO] [stdout]    3:     0x59724c1134e6 - std[70759c8f55707aa4]::panicking::default_hook::{closure#0}
[INFO] [stdout]    4:     0x59724c12f659 - std[70759c8f55707aa4]::panicking::default_hook
[INFO] [stdout]    5:     0x59724c0a9190 - test[9d35eded1c95d3be]::test_main_inner::<test[9d35eded1c95d3be]::test_main_static::{closure#0}>::{closure#0}
[INFO] [stdout]    6:     0x59724c12f812 - std[70759c8f55707aa4]::panicking::panic_with_hook
[INFO] [stdout]    7:     0x59724c113592 - std[70759c8f55707aa4]::panicking::panic_handler::{closure#0}
[INFO] [stdout]    8:     0x59724c10c189 - std[70759c8f55707aa4]::sys::backtrace::__rust_end_short_backtrace::<std[70759c8f55707aa4]::panicking::panic_handler::{closure#0}, !>
[INFO] [stdout]    9:     0x59724c11418d - __rustc[8fa7c3cbc660c2b3]::rust_begin_unwind
[INFO] [stdout]   10:     0x59724c14d29c - core[df12db4294e9bfd3]::panicking::panic_fmt
[INFO] [stdout]   11:     0x59724c091c0f - jsonl_tests[bb5bd5c2b86c0f9e]::run_test_file::{closure#0}
[INFO] [stdout]   12:     0x59724c0934e1 - jsonl_tests[bb5bd5c2b86c0f9e]::run_and_assert
[INFO] [stdout]   13:     0x59724c093f85 - <jsonl_tests[bb5bd5c2b86c0f9e]::test_diff_s4005::{closure#0} as core[df12db4294e9bfd3]::ops::function::FnOnce<()>>::call_once
[INFO] [stdout]   14:     0x59724c09c47b - test[9d35eded1c95d3be]::__rust_begin_short_backtrace::<core[df12db4294e9bfd3]::result::Result<(), alloc[2182bb758b4b3781]::string::String>, fn() -> core[df12db4294e9bfd3]::result::Result<(), alloc[2182bb758b4b3781]::string::String>>
[INFO] [stdout]   15:     0x59724c0a9ae5 - test[9d35eded1c95d3be]::run_test::{closure#0}
[INFO] [stdout]   16:     0x59724c0a33a4 - std[70759c8f55707aa4]::sys::backtrace::__rust_begin_short_backtrace::<test[9d35eded1c95d3be]::run_test::{closure#1}, ()>
[INFO] [stdout]   17:     0x59724c0acc42 - <std[70759c8f55707aa4]::thread::lifecycle::spawn_unchecked<test[9d35eded1c95d3be]::run_test::{closure#1}, ()>::{closure#1} as core[df12db4294e9bfd3]::ops::function::FnOnce<()>>::call_once::{shim:vtable#0}
[INFO] [stdout]   18:     0x59724c1367c9 - <std[70759c8f55707aa4]::sys::thread::unix::Thread>::new::thread_start
[INFO] [stdout]   19:     0x74925e245dfa - <unknown>
[INFO] [stdout]   20:     0x74925e2d93d4 - clone
[INFO] [stdout]   21:                0x0 - <unknown>
[INFO] [stdout] 
[INFO] [stdout] ---- test_diff_s6003 stdout ----
[INFO] [stdout] 
[INFO] [stdout] thread 'test_diff_s6003' (999) panicked at tests/jsonl_tests.rs:115:63:
[INFO] [stdout] Failed to read tests/java_regex_tests_diff_s6003.jsonl
[INFO] [stdout] stack backtrace:
[INFO] [stdout]    0:     0x59724c137261 - <<std[70759c8f55707aa4]::sys::backtrace::BacktraceLock>::print::DisplayBacktrace as core[df12db4294e9bfd3]::fmt::Display>::fmt
[INFO] [stdout]    1:     0x59724c14cb6a - core[df12db4294e9bfd3]::fmt::write
[INFO] [stdout]    2:     0x59724c13b6fc - <alloc[2182bb758b4b3781]::vec::Vec<u8> as core[df12db4294e9bfd3]::io::write::Write>::write_fmt
[INFO] [stdout]    3:     0x59724c1134e6 - std[70759c8f55707aa4]::panicking::default_hook::{closure#0}
[INFO] [stdout]    4:     0x59724c12f659 - std[70759c8f55707aa4]::panicking::default_hook
[INFO] [stdout]    5:     0x59724c0a9190 - test[9d35eded1c95d3be]::test_main_inner::<test[9d35eded1c95d3be]::test_main_static::{closure#0}>::{closure#0}
[INFO] [stdout]    6:     0x59724c12f812 - std[70759c8f55707aa4]::panicking::panic_with_hook
[INFO] [stdout]    7:     0x59724c113592 - std[70759c8f55707aa4]::panicking::panic_handler::{closure#0}
[INFO] [stdout]    8:     0x59724c10c189 - std[70759c8f55707aa4]::sys::backtrace::__rust_end_short_backtrace::<std[70759c8f55707aa4]::panicking::panic_handler::{closure#0}, !>
[INFO] [stdout]    9:     0x59724c11418d - __rustc[8fa7c3cbc660c2b3]::rust_begin_unwind
[INFO] [stdout]   10:     0x59724c14d29c - core[df12db4294e9bfd3]::panicking::panic_fmt
[INFO] [stdout]   11:     0x59724c091c0f - jsonl_tests[bb5bd5c2b86c0f9e]::run_test_file::{closure#0}
[INFO] [stdout]   12:     0x59724c0934e1 - jsonl_tests[bb5bd5c2b86c0f9e]::run_and_assert
[INFO] [stdout]   13:     0x59724c094045 - <jsonl_tests[bb5bd5c2b86c0f9e]::test_diff_s6003::{closure#0} as core[df12db4294e9bfd3]::ops::function::FnOnce<()>>::call_once
[INFO] [stdout]   14:     0x59724c09c47b - test[9d35eded1c95d3be]::__rust_begin_short_backtrace::<core[df12db4294e9bfd3]::result::Result<(), alloc[2182bb758b4b3781]::string::String>, fn() -> core[df12db4294e9bfd3]::result::Result<(), alloc[2182bb758b4b3781]::string::String>>
[INFO] [stdout]   15:     0x59724c0a9ae5 - test[9d35eded1c95d3be]::run_test::{closure#0}
[INFO] [stdout]   16:     0x59724c0a33a4 - std[70759c8f55707aa4]::sys::backtrace::__rust_begin_short_backtrace::<test[9d35eded1c95d3be]::run_test::{closure#1}, ()>
[INFO] [stdout]   17:     0x59724c0acc42 - <std[70759c8f55707aa4]::thread::lifecycle::spawn_unchecked<test[9d35eded1c95d3be]::run_test::{closure#1}, ()>::{closure#1} as core[df12db4294e9bfd3]::ops::function::FnOnce<()>>::call_once::{shim:vtable#0}
[INFO] [stdout]   18:     0x59724c1367c9 - <std[70759c8f55707aa4]::sys::thread::unix::Thread>::new::thread_start
[INFO] [stdout]   19:     0x74925e245dfa - <unknown>
[INFO] [stdout]   20:     0x74925e2d93d4 - clone
[INFO] [stdout]   21:                0x0 - <unknown>
[INFO] [stdout] 
[INFO] [stdout] ---- test_jsonl_5000 stdout ----
[INFO] [stdout] 
[INFO] [stdout] thread 'test_jsonl_5000' (1007) panicked at tests/jsonl_tests.rs:115:63:
[INFO] [stdout] Failed to read tests/java_regex_tests_5000.jsonl
[INFO] [stdout] stack backtrace:
[INFO] [stdout]    0:     0x59724c137261 - <<std[70759c8f55707aa4]::sys::backtrace::BacktraceLock>::print::DisplayBacktrace as core[df12db4294e9bfd3]::fmt::Display>::fmt
[INFO] [stdout]    1:     0x59724c14cb6a - core[df12db4294e9bfd3]::fmt::write
[INFO] [stdout]    2:     0x59724c13b6fc - <alloc[2182bb758b4b3781]::vec::Vec<u8> as core[df12db4294e9bfd3]::io::write::Write>::write_fmt
[INFO] [stdout]    3:     0x59724c1134e6 - std[70759c8f55707aa4]::panicking::default_hook::{closure#0}
[INFO] [stdout]    4:     0x59724c12f659 - std[70759c8f55707aa4]::panicking::default_hook
[INFO] [stdout]    5:     0x59724c0a9190 - test[9d35eded1c95d3be]::test_main_inner::<test[9d35eded1c95d3be]::test_main_static::{closure#0}>::{closure#0}
[INFO] [stdout]    6:     0x59724c12f812 - std[70759c8f55707aa4]::panicking::panic_with_hook
[INFO] [stdout]    7:     0x59724c113592 - std[70759c8f55707aa4]::panicking::panic_handler::{closure#0}
[INFO] [stdout]    8:     0x59724c10c189 - std[70759c8f55707aa4]::sys::backtrace::__rust_end_short_backtrace::<std[70759c8f55707aa4]::panicking::panic_handler::{closure#0}, !>
[INFO] [stdout]    9:     0x59724c11418d - __rustc[8fa7c3cbc660c2b3]::rust_begin_unwind
[INFO] [stdout]   10:     0x59724c14d29c - core[df12db4294e9bfd3]::panicking::panic_fmt
[INFO] [stdout]   11:     0x59724c091c0f - jsonl_tests[bb5bd5c2b86c0f9e]::run_test_file::{closure#0}
[INFO] [stdout]   12:     0x59724c0934e1 - jsonl_tests[bb5bd5c2b86c0f9e]::run_and_assert
[INFO] [stdout]   13:     0x59724c094105 - <jsonl_tests[bb5bd5c2b86c0f9e]::test_jsonl_5000::{closure#0} as core[df12db4294e9bfd3]::ops::function::FnOnce<()>>::call_once
[INFO] [stdout]   14:     0x59724c09c47b - test[9d35eded1c95d3be]::__rust_begin_short_backtrace::<core[df12db4294e9bfd3]::result::Result<(), alloc[2182bb758b4b3781]::string::String>, fn() -> core[df12db4294e9bfd3]::result::Result<(), alloc[2182bb758b4b3781]::string::String>>
[INFO] [stdout]   15:     0x59724c0a9ae5 - test[9d35eded1c95d3be]::run_test::{closure#0}
[INFO] [stdout]   16:     0x59724c0a33a4 - std[70759c8f55707aa4]::sys::backtrace::__rust_begin_short_backtrace::<test[9d35eded1c95d3be]::run_test::{closure#1}, ()>
[INFO] [stdout]   17:     0x59724c0acc42 - <std[70759c8f55707aa4]::thread::lifecycle::spawn_unchecked<test[9d35eded1c95d3be]::run_test::{closure#1}, ()>::{closure#1} as core[df12db4294e9bfd3]::ops::function::FnOnce<()>>::call_once::{shim:vtable#0}
[INFO] [stdout]   18:     0x59724c1367c9 - <std[70759c8f55707aa4]::sys::thread::unix::Thread>::new::thread_start
[INFO] [stdout]   19:     0x74925e245dfa - <unknown>
[INFO] [stdout]   20:     0x74925e2d93d4 - clone
[INFO] [stdout]   21:                0x0 - <unknown>
[INFO] [stdout] 
[INFO] [stdout] ---- test_diff_s500 stdout ----
[INFO] [stdout] 
[INFO] [stdout] thread 'test_diff_s500' (994) panicked at tests/jsonl_tests.rs:115:63:
[INFO] [stdout] Failed to read tests/java_regex_tests_diff_s500.jsonl
[INFO] [stdout] stack backtrace:
[INFO] [stdout]    0:     0x59724c137261 - <<std[70759c8f55707aa4]::sys::backtrace::BacktraceLock>::print::DisplayBacktrace as core[df12db4294e9bfd3]::fmt::Display>::fmt
[INFO] [stdout]    1:     0x59724c14cb6a - core[df12db4294e9bfd3]::fmt::write
[INFO] [stdout]    2:     0x59724c13b6fc - <alloc[2182bb758b4b3781]::vec::Vec<u8> as core[df12db4294e9bfd3]::io::write::Write>::write_fmt
[INFO] [stdout]    3:     0x59724c1134e6 - std[70759c8f55707aa4]::panicking::default_hook::{closure#0}
[INFO] [stdout]    4:     0x59724c12f659 - std[70759c8f55707aa4]::panicking::default_hook
[INFO] [stdout]    5:     0x59724c0a9190 - test[9d35eded1c95d3be]::test_main_inner::<test[9d35eded1c95d3be]::test_main_static::{closure#0}>::{closure#0}
[INFO] [stdout]    6:     0x59724c12f812 - std[70759c8f55707aa4]::panicking::panic_with_hook
[INFO] [stdout]    7:     0x59724c113592 - std[70759c8f55707aa4]::panicking::panic_handler::{closure#0}
[INFO] [stdout]    8:     0x59724c10c189 - std[70759c8f55707aa4]::sys::backtrace::__rust_end_short_backtrace::<std[70759c8f55707aa4]::panicking::panic_handler::{closure#0}, !>
[INFO] [stdout]    9:     0x59724c11418d - __rustc[8fa7c3cbc660c2b3]::rust_begin_unwind
[INFO] [stdout]   10:     0x59724c14d29c - core[df12db4294e9bfd3]::panicking::panic_fmt
[INFO] [stdout]   11:     0x59724c091c0f - jsonl_tests[bb5bd5c2b86c0f9e]::run_test_file::{closure#0}
[INFO] [stdout]   12:     0x59724c0934e1 - jsonl_tests[bb5bd5c2b86c0f9e]::run_and_assert
[INFO] [stdout]   13:     0x59724c093a75 - <jsonl_tests[bb5bd5c2b86c0f9e]::test_diff_s500::{closure#0} as core[df12db4294e9bfd3]::ops::function::FnOnce<()>>::call_once
[INFO] [stdout]   14:     0x59724c09c47b - test[9d35eded1c95d3be]::__rust_begin_short_backtrace::<core[df12db4294e9bfd3]::result::Result<(), alloc[2182bb758b4b3781]::string::String>, fn() -> core[df12db4294e9bfd3]::result::Result<(), alloc[2182bb758b4b3781]::string::String>>
[INFO] [stdout]   15:     0x59724c0a9ae5 - test[9d35eded1c95d3be]::run_test::{closure#0}
[INFO] [stdout]   16:     0x59724c0a33a4 - std[70759c8f55707aa4]::sys::backtrace::__rust_begin_short_backtrace::<test[9d35eded1c95d3be]::run_test::{closure#1}, ()>
[INFO] [stdout]   17:     0x59724c0acc42 - <std[70759c8f55707aa4]::thread::lifecycle::spawn_unchecked<test[9d35eded1c95d3be]::run_test::{closure#1}, ()>::{closure#1} as core[df12db4294e9bfd3]::ops::function::FnOnce<()>>::call_once::{shim:vtable#0}
[INFO] [stdout]   18:     0x59724c1367c9 - <std[70759c8f55707aa4]::sys::thread::unix::Thread>::new::thread_start
[INFO] [stdout]   19:     0x74925e245dfa - <unknown>
[INFO] [stdout]   20:     0x74925e2d93d4 - clone
[INFO] [stdout]   21:                0x0 - <unknown>
[INFO] [stdout] 
[INFO] [stdout] ---- test_diff_s5001 stdout ----
[INFO] [stdout] 
[INFO] [stdout] thread 'test_diff_s5001' (995) panicked at tests/jsonl_tests.rs:115:63:
[INFO] [stdout] Failed to read tests/java_regex_tests_diff_s5001.jsonl
[INFO] [stdout] stack backtrace:
[INFO] [stdout]    0:     0x59724c137261 - <<std[70759c8f55707aa4]::sys::backtrace::BacktraceLock>::print::DisplayBacktrace as core[df12db4294e9bfd3]::fmt::Display>::fmt
[INFO] [stdout]    1:     0x59724c14cb6a - core[df12db4294e9bfd3]::fmt::write
[INFO] [stdout]    2:     0x59724c13b6fc - <alloc[2182bb758b4b3781]::vec::Vec<u8> as core[df12db4294e9bfd3]::io::write::Write>::write_fmt
[INFO] [stdout]    3:     0x59724c1134e6 - std[70759c8f55707aa4]::panicking::default_hook::{closure#0}
[INFO] [stdout]    4:     0x59724c12f659 - std[70759c8f55707aa4]::panicking::default_hook
[INFO] [stdout]    5:     0x59724c0a9190 - test[9d35eded1c95d3be]::test_main_inner::<test[9d35eded1c95d3be]::test_main_static::{closure#0}>::{closure#0}
[INFO] [stdout]    6:     0x59724c12f812 - std[70759c8f55707aa4]::panicking::panic_with_hook
[INFO] [stdout]    7:     0x59724c113592 - std[70759c8f55707aa4]::panicking::panic_handler::{closure#0}
[INFO] [stdout]    8:     0x59724c10c189 - std[70759c8f55707aa4]::sys::backtrace::__rust_end_short_backtrace::<std[70759c8f55707aa4]::panicking::panic_handler::{closure#0}, !>
[INFO] [stdout]    9:     0x59724c11418d - __rustc[8fa7c3cbc660c2b3]::rust_begin_unwind
[INFO] [stdout]   10:     0x59724c14d29c - core[df12db4294e9bfd3]::panicking::panic_fmt
[INFO] [stdout]   11:     0x59724c091c0f - jsonl_tests[bb5bd5c2b86c0f9e]::run_test_file::{closure#0}
[INFO] [stdout]   12:     0x59724c0934e1 - jsonl_tests[bb5bd5c2b86c0f9e]::run_and_assert
[INFO] [stdout]   13:     0x59724c093fb5 - <jsonl_tests[bb5bd5c2b86c0f9e]::test_diff_s5001::{closure#0} as core[df12db4294e9bfd3]::ops::function::FnOnce<()>>::call_once
[INFO] [stdout]   14:     0x59724c09c47b - test[9d35eded1c95d3be]::__rust_begin_short_backtrace::<core[df12db4294e9bfd3]::result::Result<(), alloc[2182bb758b4b3781]::string::String>, fn() -> core[df12db4294e9bfd3]::result::Result<(), alloc[2182bb758b4b3781]::string::String>>
[INFO] [stdout]   15:     0x59724c0a9ae5 - test[9d35eded1c95d3be]::run_test::{closure#0}
[INFO] [stdout]   16:     0x59724c0a33a4 - std[70759c8f55707aa4]::sys::backtrace::__rust_begin_short_backtrace::<test[9d35eded1c95d3be]::run_test::{closure#1}, ()>
[INFO] [stdout]   17:     0x59724c0acc42 - <std[70759c8f55707aa4]::thread::lifecycle::spawn_unchecked<test[9d35eded1c95d3be]::run_test::{closure#1}, ()>::{closure#1} as core[df12db4294e9bfd3]::ops::function::FnOnce<()>>::call_once::{shim:vtable#0}
[INFO] [stdout]   18:     0x59724c1367c9 - <std[70759c8f55707aa4]::sys::thread::unix::Thread>::new::thread_start
[INFO] [stdout]   19:     0x74925e245dfa - <unknown>
[INFO] [stdout]   20:     0x74925e2d93d4 - clone
[INFO] [stdout]   21:                0x0 - <unknown>
[INFO] [stdout] 
[INFO] [stdout] ---- test_diff_s800 stdout ----
[INFO] [stdout] 
[INFO] [stdout] thread 'test_diff_s800' (1004) panicked at tests/jsonl_tests.rs:115:63:
[INFO] [stdout] Failed to read tests/java_regex_tests_diff_s800.jsonl
[INFO] [stdout] stack backtrace:
[INFO] [stdout]    0:     0x59724c137261 - <<std[70759c8f55707aa4]::sys::backtrace::BacktraceLock>::print::DisplayBacktrace as core[df12db4294e9bfd3]::fmt::Display>::fmt
[INFO] [stdout]    1:     0x59724c14cb6a - core[df12db4294e9bfd3]::fmt::write
[INFO] [stdout]    2:     0x59724c13b6fc - <alloc[2182bb758b4b3781]::vec::Vec<u8> as core[df12db4294e9bfd3]::io::write::Write>::write_fmt
[INFO] [stdout]    3:     0x59724c1134e6 - std[70759c8f55707aa4]::panicking::default_hook::{closure#0}
[INFO] [stdout]    4:     0x59724c12f659 - std[70759c8f55707aa4]::panicking::default_hook
[INFO] [stdout]    5:     0x59724c0a9190 - test[9d35eded1c95d3be]::test_main_inner::<test[9d35eded1c95d3be]::test_main_static::{closure#0}>::{closure#0}
[INFO] [stdout]    6:     0x59724c12f812 - std[70759c8f55707aa4]::panicking::panic_with_hook
[INFO] [stdout]    7:     0x59724c113592 - std[70759c8f55707aa4]::panicking::panic_handler::{closure#0}
[INFO] [stdout]    8:     0x59724c10c189 - std[70759c8f55707aa4]::sys::backtrace::__rust_end_short_backtrace::<std[70759c8f55707aa4]::panicking::panic_handler::{closure#0}, !>
[INFO] [stdout]    9:     0x59724c11418d - __rustc[8fa7c3cbc660c2b3]::rust_begin_unwind
[INFO] [stdout]   10:     0x59724c14d29c - core[df12db4294e9bfd3]::panicking::panic_fmt
[INFO] [stdout]   11:     0x59724c091c0f - jsonl_tests[bb5bd5c2b86c0f9e]::run_test_file::{closure#0}
[INFO] [stdout]   12:     0x59724c0934e1 - jsonl_tests[bb5bd5c2b86c0f9e]::run_and_assert
[INFO] [stdout]   13:     0x59724c093b05 - <jsonl_tests[bb5bd5c2b86c0f9e]::test_diff_s800::{closure#0} as core[df12db4294e9bfd3]::ops::function::FnOnce<()>>::call_once
[INFO] [stdout]   14:     0x59724c09c47b - test[9d35eded1c95d3be]::__rust_begin_short_backtrace::<core[df12db4294e9bfd3]::result::Result<(), alloc[2182bb758b4b3781]::string::String>, fn() -> core[df12db4294e9bfd3]::result::Result<(), alloc[2182bb758b4b3781]::string::String>>
[INFO] [stdout]   15:     0x59724c0a9ae5 - test[9d35eded1c95d3be]::run_test::{closure#0}
[INFO] [stdout]   16:     0x59724c0a33a4 - std[70759c8f55707aa4]::sys::backtrace::__rust_begin_short_backtrace::<test[9d35eded1c95d3be]::run_test::{closure#1}, ()>
[INFO] [stdout]   17:     0x59724c0acc42 - <std[70759c8f55707aa4]::thread::lifecycle::spawn_unchecked<test[9d35eded1c95d3be]::run_test::{closure#1}, ()>::{closure#1} as core[df12db4294e9bfd3]::ops::function::FnOnce<()>>::call_once::{shim:vtable#0}
[INFO] [stdout]   18:     0x59724c1367c9 - <std[70759c8f55707aa4]::sys::thread::unix::Thread>::new::thread_start
[INFO] [stdout]   19:     0x74925e245dfa - <unknown>
[INFO] [stdout]   20:     0x74925e2d93d4 - clone
[INFO] [stdout]   21:                0x0 - <unknown>
[INFO] [stdout] 
[INFO] [stdout] ---- test_diff_s900 stdout ----
[INFO] [stdout] 
[INFO] [stdout] thread 'test_diff_s900' (1005) panicked at tests/jsonl_tests.rs:115:63:
[INFO] [stdout] Failed to read tests/java_regex_tests_diff_s900.jsonl
[INFO] [stdout] stack backtrace:
[INFO] [stdout]    0:     0x59724c137261 - <<std[70759c8f55707aa4]::sys::backtrace::BacktraceLock>::print::DisplayBacktrace as core[df12db4294e9bfd3]::fmt::Display>::fmt
[INFO] [stdout]    1:     0x59724c14cb6a - core[df12db4294e9bfd3]::fmt::write
[INFO] [stdout]    2:     0x59724c13b6fc - <alloc[2182bb758b4b3781]::vec::Vec<u8> as core[df12db4294e9bfd3]::io::write::Write>::write_fmt
[INFO] [stdout]    3:     0x59724c1134e6 - std[70759c8f55707aa4]::panicking::default_hook::{closure#0}
[INFO] [stdout]    4:     0x59724c12f659 - std[70759c8f55707aa4]::panicking::default_hook
[INFO] [stdout]    5:     0x59724c0a9190 - test[9d35eded1c95d3be]::test_main_inner::<test[9d35eded1c95d3be]::test_main_static::{closure#0}>::{closure#0}
[INFO] [stdout]    6:     0x59724c12f812 - std[70759c8f55707aa4]::panicking::panic_with_hook
[INFO] [stdout]    7:     0x59724c113592 - std[70759c8f55707aa4]::panicking::panic_handler::{closure#0}
[INFO] [stdout]    8:     0x59724c10c189 - std[70759c8f55707aa4]::sys::backtrace::__rust_end_short_backtrace::<std[70759c8f55707aa4]::panicking::panic_handler::{closure#0}, !>
[INFO] [stdout]    9:     0x59724c11418d - __rustc[8fa7c3cbc660c2b3]::rust_begin_unwind
[INFO] [stdout]   10:     0x59724c14d29c - core[df12db4294e9bfd3]::panicking::panic_fmt
[INFO] [stdout]   11:     0x59724c091c0f - jsonl_tests[bb5bd5c2b86c0f9e]::run_test_file::{closure#0}
[INFO] [stdout]   12:     0x59724c0934e1 - jsonl_tests[bb5bd5c2b86c0f9e]::run_and_assert
[INFO] [stdout]   13:     0x59724c093b35 - <jsonl_tests[bb5bd5c2b86c0f9e]::test_diff_s900::{closure#0} as core[df12db4294e9bfd3]::ops::function::FnOnce<()>>::call_once
[INFO] [stdout]   14:     0x59724c09c47b - test[9d35eded1c95d3be]::__rust_begin_short_backtrace::<core[df12db4294e9bfd3]::result::Result<(), alloc[2182bb758b4b3781]::string::String>, fn() -> core[df12db4294e9bfd3]::result::Result<(), alloc[2182bb758b4b3781]::string::String>>
[INFO] [stdout]   15:     0x59724c0a9ae5 - test[9d35eded1c95d3be]::run_test::{closure#0}
[INFO] [stdout]   16:     0x59724c0a33a4 - std[70759c8f55707aa4]::sys::backtrace::__rust_begin_short_backtrace::<test[9d35eded1c95d3be]::run_test::{closure#1}, ()>
[INFO] [stdout]   17:     0x59724c0acc42 - <std[70759c8f55707aa4]::thread::lifecycle::spawn_unchecked<test[9d35eded1c95d3be]::run_test::{closure#1}, ()>::{closure#1} as core[df12db4294e9bfd3]::ops::function::FnOnce<()>>::call_once::{shim:vtable#0}
[INFO] [stdout]   18:     0x59724c1367c9 - <std[70759c8f55707aa4]::sys::thread::unix::Thread>::new::thread_start
[INFO] [stdout]   19:     0x74925e245dfa - <unknown>
[INFO] [stdout]   20:     0x74925e2d93d4 - clone
[INFO] [stdout]   21:                0x0 - <unknown>
[INFO] [stdout] 
[INFO] [stdout] ---- test_diff_s6005 stdout ----
[INFO] [stdout] 
[INFO] [stdout] thread 'test_diff_s6005' (1001) panicked at tests/jsonl_tests.rs:115:63:
[INFO] [stdout] Failed to read tests/java_regex_tests_diff_s6005.jsonl
[INFO] [stdout] stack backtrace:
[INFO] [stdout]    0:     0x59724c137261 - <<std[70759c8f55707aa4]::sys::backtrace::BacktraceLock>::print::DisplayBacktrace as core[df12db4294e9bfd3]::fmt::Display>::fmt
[INFO] [stdout]    1:     0x59724c14cb6a - core[df12db4294e9bfd3]::fmt::write
[INFO] [stdout]    2:     0x59724c13b6fc - <alloc[2182bb758b4b3781]::vec::Vec<u8> as core[df12db4294e9bfd3]::io::write::Write>::write_fmt
[INFO] [stdout]    3:     0x59724c1134e6 - std[70759c8f55707aa4]::panicking::default_hook::{closure#0}
[INFO] [stdout]    4:     0x59724c12f659 - std[70759c8f55707aa4]::panicking::default_hook
[INFO] [stdout]    5:     0x59724c0a9190 - test[9d35eded1c95d3be]::test_main_inner::<test[9d35eded1c95d3be]::test_main_static::{closure#0}>::{closure#0}
[INFO] [stdout]    6:     0x59724c12f812 - std[70759c8f55707aa4]::panicking::panic_with_hook
[INFO] [stdout]    7:     0x59724c113592 - std[70759c8f55707aa4]::panicking::panic_handler::{closure#0}
[INFO] [stdout]    8:     0x59724c10c189 - std[70759c8f55707aa4]::sys::backtrace::__rust_end_short_backtrace::<std[70759c8f55707aa4]::panicking::panic_handler::{closure#0}, !>
[INFO] [stdout]    9:     0x59724c11418d - __rustc[8fa7c3cbc660c2b3]::rust_begin_unwind
[INFO] [stdout]   10:     0x59724c14d29c - core[df12db4294e9bfd3]::panicking::panic_fmt
[INFO] [stdout]   11:     0x59724c091c0f - jsonl_tests[bb5bd5c2b86c0f9e]::run_test_file::{closure#0}
[INFO] [stdout]   12:     0x59724c0934e1 - jsonl_tests[bb5bd5c2b86c0f9e]::run_and_assert
[INFO] [stdout]   13:     0x59724c0940a5 - <jsonl_tests[bb5bd5c2b86c0f9e]::test_diff_s6005::{closure#0} as core[df12db4294e9bfd3]::ops::function::FnOnce<()>>::call_once
[INFO] [stdout]   14:     0x59724c09c47b - test[9d35eded1c95d3be]::__rust_begin_short_backtrace::<core[df12db4294e9bfd3]::result::Result<(), alloc[2182bb758b4b3781]::string::String>, fn() -> core[df12db4294e9bfd3]::result::Result<(), alloc[2182bb758b4b3781]::string::String>>
[INFO] [stdout]   15:     0x59724c0a9ae5 - test[9d35eded1c95d3be]::run_test::{closure#0}
[INFO] [stdout]   16:     0x59724c0a33a4 - std[70759c8f55707aa4]::sys::backtrace::__rust_begin_short_backtrace::<test[9d35eded1c95d3be]::run_test::{closure#1}, ()>
[INFO] [stdout]   17:     0x59724c0acc42 - <std[70759c8f55707aa4]::thread::lifecycle::spawn_unchecked<test[9d35eded1c95d3be]::run_test::{closure#1}, ()>::{closure#1} as core[df12db4294e9bfd3]::ops::function::FnOnce<()>>::call_once::{shim:vtable#0}
[INFO] [stdout]   18:     0x59724c1367c9 - <std[70759c8f55707aa4]::sys::thread::unix::Thread>::new::thread_start
[INFO] [stdout]   19:     0x74925e245dfa - <unknown>
[INFO] [stdout]   20:     0x74925e2d93d4 - clone
[INFO] [stdout]   21:                0x0 - <unknown>
[INFO] [stdout] 
[INFO] [stdout] ---- test_diff_s700 stdout ----
[INFO] [stdout] 
[INFO] [stdout] thread 'test_diff_s700' (1002) panicked at tests/jsonl_tests.rs:115:63:
[INFO] [stdout] Failed to read tests/java_regex_tests_diff_s700.jsonl
[INFO] [stdout] stack backtrace:
[INFO] [stdout]    0:     0x59724c137261 - <<std[70759c8f55707aa4]::sys::backtrace::BacktraceLock>::print::DisplayBacktrace as core[df12db4294e9bfd3]::fmt::Display>::fmt
[INFO] [stdout]    1:     0x59724c14cb6a - core[df12db4294e9bfd3]::fmt::write
[INFO] [stdout]    2:     0x59724c13b6fc - <alloc[2182bb758b4b3781]::vec::Vec<u8> as core[df12db4294e9bfd3]::io::write::Write>::write_fmt
[INFO] [stdout]    3:     0x59724c1134e6 - std[70759c8f55707aa4]::panicking::default_hook::{closure#0}
[INFO] [stdout]    4:     0x59724c12f659 - std[70759c8f55707aa4]::panicking::default_hook
[INFO] [stdout]    5:     0x59724c0a9190 - test[9d35eded1c95d3be]::test_main_inner::<test[9d35eded1c95d3be]::test_main_static::{closure#0}>::{closure#0}
[INFO] [stdout]    6:     0x59724c12f812 - std[70759c8f55707aa4]::panicking::panic_with_hook
[INFO] [stdout]    7:     0x59724c113592 - std[70759c8f55707aa4]::panicking::panic_handler::{closure#0}
[INFO] [stdout]    8:     0x59724c10c189 - std[70759c8f55707aa4]::sys::backtrace::__rust_end_short_backtrace::<std[70759c8f55707aa4]::panicking::panic_handler::{closure#0}, !>
[INFO] [stdout]    9:     0x59724c11418d - __rustc[8fa7c3cbc660c2b3]::rust_begin_unwind
[INFO] [stdout]   10:     0x59724c14d29c - core[df12db4294e9bfd3]::panicking::panic_fmt
[INFO] [stdout]   11:     0x59724c091c0f - jsonl_tests[bb5bd5c2b86c0f9e]::run_test_file::{closure#0}
[INFO] [stdout]   12:     0x59724c0934e1 - jsonl_tests[bb5bd5c2b86c0f9e]::run_and_assert
[INFO] [stdout]   13:     0x59724c093ad5 - <jsonl_tests[bb5bd5c2b86c0f9e]::test_diff_s700::{closure#0} as core[df12db4294e9bfd3]::ops::function::FnOnce<()>>::call_once
[INFO] [stdout]   14:     0x59724c09c47b - test[9d35eded1c95d3be]::__rust_begin_short_backtrace::<core[df12db4294e9bfd3]::result::Result<(), alloc[2182bb758b4b3781]::string::String>, fn() -> core[df12db4294e9bfd3]::result::Result<(), alloc[2182bb758b4b3781]::string::String>>
[INFO] [stdout]   15:     0x59724c0a9ae5 - test[9d35eded1c95d3be]::run_test::{closure#0}
[INFO] [stdout]   16:     0x59724c0a33a4 - std[70759c8f55707aa4]::sys::backtrace::__rust_begin_short_backtrace::<test[9d35eded1c95d3be]::run_test::{closure#1}, ()>
[INFO] [stdout]   17:     0x59724c0acc42 - <std[70759c8f55707aa4]::thread::lifecycle::spawn_unchecked<test[9d35eded1c95d3be]::run_test::{closure#1}, ()>::{closure#1} as core[df12db4294e9bfd3]::ops::function::FnOnce<()>>::call_once::{shim:vtable#0}
[INFO] [stdout]   18:     0x59724c1367c9 - <std[70759c8f55707aa4]::sys::thread::unix::Thread>::new::thread_start
[INFO] [stdout]   19:     0x74925e245dfa - <unknown>
[INFO] [stdout]   20:     0x74925e2d93d4 - clone
[INFO] [stdout]   21:                0x0 - <unknown>
[INFO] [stdout] 
[INFO] [stdout] ---- test_diff_s600 stdout ----
[INFO] [stdout] 
[INFO] [stdout] thread 'test_diff_s600' (996) panicked at tests/jsonl_tests.rs:115:63:
[INFO] [stdout] Failed to read tests/java_regex_tests_diff_s600.jsonl
[INFO] [stdout] stack backtrace:
[INFO] [stdout]    0:     0x59724c137261 - <<std[70759c8f55707aa4]::sys::backtrace::BacktraceLock>::print::DisplayBacktrace as core[df12db4294e9bfd3]::fmt::Display>::fmt
[INFO] [stdout]    1:     0x59724c14cb6a - core[df12db4294e9bfd3]::fmt::write
[INFO] [stdout]    2:     0x59724c13b6fc - <alloc[2182bb758b4b3781]::vec::Vec<u8> as core[df12db4294e9bfd3]::io::write::Write>::write_fmt
[INFO] [stdout]    3:     0x59724c1134e6 - std[70759c8f55707aa4]::panicking::default_hook::{closure#0}
[INFO] [stdout]    4:     0x59724c12f659 - std[70759c8f55707aa4]::panicking::default_hook
[INFO] [stdout]    5:     0x59724c0a9190 - test[9d35eded1c95d3be]::test_main_inner::<test[9d35eded1c95d3be]::test_main_static::{closure#0}>::{closure#0}
[INFO] [stdout]    6:     0x59724c12f812 - std[70759c8f55707aa4]::panicking::panic_with_hook
[INFO] [stdout]    7:     0x59724c113592 - std[70759c8f55707aa4]::panicking::panic_handler::{closure#0}
[INFO] [stdout]    8:     0x59724c10c189 - std[70759c8f55707aa4]::sys::backtrace::__rust_end_short_backtrace::<std[70759c8f55707aa4]::panicking::panic_handler::{closure#0}, !>
[INFO] [stdout]    9:     0x59724c11418d - __rustc[8fa7c3cbc660c2b3]::rust_begin_unwind
[INFO] [stdout]   10:     0x59724c14d29c - core[df12db4294e9bfd3]::panicking::panic_fmt
[INFO] [stdout]   11:     0x59724c091c0f - jsonl_tests[bb5bd5c2b86c0f9e]::run_test_file::{closure#0}
[INFO] [stdout]   12:     0x59724c0934e1 - jsonl_tests[bb5bd5c2b86c0f9e]::run_and_assert
[INFO] [stdout]   13:     0x59724c093aa5 - <jsonl_tests[bb5bd5c2b86c0f9e]::test_diff_s600::{closure#0} as core[df12db4294e9bfd3]::ops::function::FnOnce<()>>::call_once
[INFO] [stdout]   14:     0x59724c09c47b - test[9d35eded1c95d3be]::__rust_begin_short_backtrace::<core[df12db4294e9bfd3]::result::Result<(), alloc[2182bb758b4b3781]::string::String>, fn() -> core[df12db4294e9bfd3]::result::Result<(), alloc[2182bb758b4b3781]::string::String>>
[INFO] [stdout]   15:     0x59724c0a9ae5 - test[9d35eded1c95d3be]::run_test::{closure#0}
[INFO] [stdout]   16:     0x59724c0a33a4 - std[70759c8f55707aa4]::sys::backtrace::__rust_begin_short_backtrace::<test[9d35eded1c95d3be]::run_test::{closure#1}, ()>
[INFO] [stdout]   17:     0x59724c0acc42 - <std[70759c8f55707aa4]::thread::lifecycle::spawn_unchecked<test[9d35eded1c95d3be]::run_test::{closure#1}, ()>::{closure#1} as core[df12db4294e9bfd3]::ops::function::FnOnce<()>>::call_once::{shim:vtable#0}
[INFO] [stdout]   18:     0x59724c1367c9 - <std[70759c8f55707aa4]::sys::thread::unix::Thread>::new::thread_start
[INFO] [stdout]   19:     0x74925e245dfa - <unknown>
[INFO] [stdout]   20:     0x74925e2d93d4 - clone
[INFO] [stdout]   21:                0x0 - <unknown>
[INFO] [stdout] 
[INFO] [stdout] ---- test_diff_s6004 stdout ----
[INFO] [stdout] 
[INFO] [stdout] thread 'test_diff_s6004' (1000) panicked at tests/jsonl_tests.rs:115:63:
[INFO] [stdout] Failed to read tests/java_regex_tests_diff_s6004.jsonl
[INFO] [stdout] stack backtrace:
[INFO] [stdout]    0:     0x59724c137261 - <<std[70759c8f55707aa4]::sys::backtrace::BacktraceLock>::print::DisplayBacktrace as core[df12db4294e9bfd3]::fmt::Display>::fmt
[INFO] [stdout]    1:     0x59724c14cb6a - core[df12db4294e9bfd3]::fmt::write
[INFO] [stdout]    2:     0x59724c13b6fc - <alloc[2182bb758b4b3781]::vec::Vec<u8> as core[df12db4294e9bfd3]::io::write::Write>::write_fmt
[INFO] [stdout]    3:     0x59724c1134e6 - std[70759c8f55707aa4]::panicking::default_hook::{closure#0}
[INFO] [stdout]    4:     0x59724c12f659 - std[70759c8f55707aa4]::panicking::default_hook
[INFO] [stdout]    5:     0x59724c0a9190 - test[9d35eded1c95d3be]::test_main_inner::<test[9d35eded1c95d3be]::test_main_static::{closure#0}>::{closure#0}
[INFO] [stdout]    6:     0x59724c12f812 - std[70759c8f55707aa4]::panicking::panic_with_hook
[INFO] [stdout]    7:     0x59724c113592 - std[70759c8f55707aa4]::panicking::panic_handler::{closure#0}
[INFO] [stdout]    8:     0x59724c10c189 - std[70759c8f55707aa4]::sys::backtrace::__rust_end_short_backtrace::<std[70759c8f55707aa4]::panicking::panic_handler::{closure#0}, !>
[INFO] [stdout]    9:     0x59724c11418d - __rustc[8fa7c3cbc660c2b3]::rust_begin_unwind
[INFO] [stdout]   10:     0x59724c14d29c - core[df12db4294e9bfd3]::panicking::panic_fmt
[INFO] [stdout]   11:     0x59724c091c0f - jsonl_tests[bb5bd5c2b86c0f9e]::run_test_file::{closure#0}
[INFO] [stdout]   12:     0x59724c0934e1 - jsonl_tests[bb5bd5c2b86c0f9e]::run_and_assert
[INFO] [stdout]   13:     0x59724c094075 - <jsonl_tests[bb5bd5c2b86c0f9e]::test_diff_s6004::{closure#0} as core[df12db4294e9bfd3]::ops::function::FnOnce<()>>::call_once
[INFO] [stdout]   14:     0x59724c09c47b - test[9d35eded1c95d3be]::__rust_begin_short_backtrace::<core[df12db4294e9bfd3]::result::Result<(), alloc[2182bb758b4b3781]::string::String>, fn() -> core[df12db4294e9bfd3]::result::Result<(), alloc[2182bb758b4b3781]::string::String>>
[INFO] [stdout]   15:     0x59724c0a9ae5 - test[9d35eded1c95d3be]::run_test::{closure#0}
[INFO] [stdout]   16:     0x59724c0a33a4 - std[70759c8f55707aa4]::sys::backtrace::__rust_begin_short_backtrace::<test[9d35eded1c95d3be]::run_test::{closure#1}, ()>
[INFO] [stdout]   17:     0x59724c0acc42 - <std[70759c8f55707aa4]::thread::lifecycle::spawn_unchecked<test[9d35eded1c95d3be]::run_test::{closure#1}, ()>::{closure#1} as core[df12db4294e9bfd3]::ops::function::FnOnce<()>>::call_once::{shim:vtable#0}
[INFO] [stdout]   18:     0x59724c1367c9 - <std[70759c8f55707aa4]::sys::thread::unix::Thread>::new::thread_start
[INFO] [stdout]   19:     0x74925e245dfa - <unknown>
[INFO] [stdout]   20:     0x74925e2d93d4 - clone
[INFO] [stdout]   21:                0x0 - <unknown>
[INFO] [stdout] 
[INFO] [stdout] ---- test_jsonl_gen10 stdout ----
[INFO] [stdout] 
[INFO] [stdout] thread 'test_jsonl_gen10' (1008) panicked at tests/jsonl_tests.rs:115:63:
[INFO] [stdout] Failed to read tests/java_regex_tests_gen10.jsonl
[INFO] [stdout] stack backtrace:
[INFO] [stdout]    0:     0x59724c137261 - <<std[70759c8f55707aa4]::sys::backtrace::BacktraceLock>::print::DisplayBacktrace as core[df12db4294e9bfd3]::fmt::Display>::fmt
[INFO] [stdout]    1:     0x59724c14cb6a - core[df12db4294e9bfd3]::fmt::write
[INFO] [stdout]    2:     0x59724c13b6fc - <alloc[2182bb758b4b3781]::vec::Vec<u8> as core[df12db4294e9bfd3]::io::write::Write>::write_fmt
[INFO] [stdout]    3:     0x59724c1134e6 - std[70759c8f55707aa4]::panicking::default_hook::{closure#0}
[INFO] [stdout]    4:     0x59724c12f659 - std[70759c8f55707aa4]::panicking::default_hook
[INFO] [stdout]    5:     0x59724c0a9190 - test[9d35eded1c95d3be]::test_main_inner::<test[9d35eded1c95d3be]::test_main_static::{closure#0}>::{closure#0}
[INFO] [stdout]    6:     0x59724c12f812 - std[70759c8f55707aa4]::panicking::panic_with_hook
[INFO] [stdout]    7:     0x59724c113592 - std[70759c8f55707aa4]::panicking::panic_handler::{closure#0}
[INFO] [stdout]    8:     0x59724c10c189 - std[70759c8f55707aa4]::sys::backtrace::__rust_end_short_backtrace::<std[70759c8f55707aa4]::panicking::panic_handler::{closure#0}, !>
[INFO] [stdout]    9:     0x59724c11418d - __rustc[8fa7c3cbc660c2b3]::rust_begin_unwind
[INFO] [stdout]   10:     0x59724c14d29c - core[df12db4294e9bfd3]::panicking::panic_fmt
[INFO] [stdout]   11:     0x59724c091c0f - jsonl_tests[bb5bd5c2b86c0f9e]::run_test_file::{closure#0}
[INFO] [stdout]   12:     0x59724c0934e1 - jsonl_tests[bb5bd5c2b86c0f9e]::run_and_assert
[INFO] [stdout]   13:     0x59724c094225 - <jsonl_tests[bb5bd5c2b86c0f9e]::test_jsonl_gen10::{closure#0} as core[df12db4294e9bfd3]::ops::function::FnOnce<()>>::call_once
[INFO] [stdout]   14:     0x59724c09c47b - test[9d35eded1c95d3be]::__rust_begin_short_backtrace::<core[df12db4294e9bfd3]::result::Result<(), alloc[2182bb758b4b3781]::string::String>, fn() -> core[df12db4294e9bfd3]::result::Result<(), alloc[2182bb758b4b3781]::string::String>>
[INFO] [stdout]   15:     0x59724c0a9ae5 - test[9d35eded1c95d3be]::run_test::{closure#0}
[INFO] [stdout]   16:     0x59724c0a33a4 - std[70759c8f55707aa4]::sys::backtrace::__rust_begin_short_backtrace::<test[9d35eded1c95d3be]::run_test::{closure#1}, ()>
[INFO] [stdout]   17:     0x59724c0acc42 - <std[70759c8f55707aa4]::thread::lifecycle::spawn_unchecked<test[9d35eded1c95d3be]::run_test::{closure#1}, ()>::{closure#1} as core[df12db4294e9bfd3]::ops::function::FnOnce<()>>::call_once::{shim:vtable#0}
[INFO] [stdout]   18:     0x59724c1367c9 - <std[70759c8f55707aa4]::sys::thread::unix::Thread>::new::thread_start
[INFO] [stdout]   19:     0x74925e245dfa - <unknown>
[INFO] [stdout]   20:     0x74925e2d93d4 - clone
[INFO] [stdout]   21:                0x0 - <unknown>
[INFO] [stdout] 
[INFO] [stdout] ---- test_diff_s6002 stdout ----
[INFO] [stdout] 
[INFO] [stdout] thread 'test_diff_s6002' (998) panicked at tests/jsonl_tests.rs:115:63:
[INFO] [stdout] Failed to read tests/java_regex_tests_diff_s6002.jsonl
[INFO] [stdout] stack backtrace:
[INFO] [stdout]    0:     0x59724c137261 - <<std[70759c8f55707aa4]::sys::backtrace::BacktraceLock>::print::DisplayBacktrace as core[df12db4294e9bfd3]::fmt::Display>::fmt
[INFO] [stdout]    1:     0x59724c14cb6a - core[df12db4294e9bfd3]::fmt::write
[INFO] [stdout]    2:     0x59724c13b6fc - <alloc[2182bb758b4b3781]::vec::Vec<u8> as core[df12db4294e9bfd3]::io::write::Write>::write_fmt
[INFO] [stdout]    3:     0x59724c1134e6 - std[70759c8f55707aa4]::panicking::default_hook::{closure#0}
[INFO] [stdout]    4:     0x59724c12f659 - std[70759c8f55707aa4]::panicking::default_hook
[INFO] [stdout]    5:     0x59724c0a9190 - test[9d35eded1c95d3be]::test_main_inner::<test[9d35eded1c95d3be]::test_main_static::{closure#0}>::{closure#0}
[INFO] [stdout]    6:     0x59724c12f812 - std[70759c8f55707aa4]::panicking::panic_with_hook
[INFO] [stdout]    7:     0x59724c113592 - std[70759c8f55707aa4]::panicking::panic_handler::{closure#0}
[INFO] [stdout]    8:     0x59724c10c189 - std[70759c8f55707aa4]::sys::backtrace::__rust_end_short_backtrace::<std[70759c8f55707aa4]::panicking::panic_handler::{closure#0}, !>
[INFO] [stdout]    9:     0x59724c11418d - __rustc[8fa7c3cbc660c2b3]::rust_begin_unwind
[INFO] [stdout]   10:     0x59724c14d29c - core[df12db4294e9bfd3]::panicking::panic_fmt
[INFO] [stdout]   11:     0x59724c091c0f - jsonl_tests[bb5bd5c2b86c0f9e]::run_test_file::{closure#0}
[INFO] [stdout]   12:     0x59724c0934e1 - jsonl_tests[bb5bd5c2b86c0f9e]::run_and_assert
[INFO] [stdout]   13:     0x59724c094015 - <jsonl_tests[bb5bd5c2b86c0f9e]::test_diff_s6002::{closure#0} as core[df12db4294e9bfd3]::ops::function::FnOnce<()>>::call_once
[INFO] [stdout]   14:     0x59724c09c47b - test[9d35eded1c95d3be]::__rust_begin_short_backtrace::<core[df12db4294e9bfd3]::result::Result<(), alloc[2182bb758b4b3781]::string::String>, fn() -> core[df12db4294e9bfd3]::result::Result<(), alloc[2182bb758b4b3781]::string::String>>
[INFO] [stdout]   15:     0x59724c0a9ae5 - test[9d35eded1c95d3be]::run_test::{closure#0}
[INFO] [stdout]   16:     0x59724c0a33a4 - std[70759c8f55707aa4]::sys::backtrace::__rust_begin_short_backtrace::<test[9d35eded1c95d3be]::run_test::{closure#1}, ()>
[INFO] [stdout]   17:     0x59724c0acc42 - <std[70759c8f55707aa4]::thread::lifecycle::spawn_unchecked<test[9d35eded1c95d3be]::run_test::{closure#1}, ()>::{closure#1} as core[df12db4294e9bfd3]::ops::function::FnOnce<()>>::call_once::{shim:vtable#0}
[INFO] [stdout]   18:     0x59724c1367c9 - <std[70759c8f55707aa4]::sys::thread::unix::Thread>::new::thread_start
[INFO] [stdout]   19:     0x74925e245dfa - <unknown>
[INFO] [stdout]   20:     0x74925e2d93d4 - clone
[INFO] [stdout]   21:                0x0 - <unknown>
[INFO] [stdout] 
[INFO] [stdout] ---- test_diff_s6001 stdout ----
[INFO] [stdout] 
[INFO] [stdout] thread 'test_diff_s6001' (997) panicked at tests/jsonl_tests.rs:115:63:
[INFO] [stdout] Failed to read tests/java_regex_tests_diff_s6001.jsonl
[INFO] [stdout] stack backtrace:
[INFO] [stdout]    0:     0x59724c137261 - <<std[70759c8f55707aa4]::sys::backtrace::BacktraceLock>::print::DisplayBacktrace as core[df12db4294e9bfd3]::fmt::Display>::fmt
[INFO] [stdout]    1:     0x59724c14cb6a - core[df12db4294e9bfd3]::fmt::write
[INFO] [stdout]    2:     0x59724c13b6fc - <alloc[2182bb758b4b3781]::vec::Vec<u8> as core[df12db4294e9bfd3]::io::write::Write>::write_fmt
[INFO] [stdout]    3:     0x59724c1134e6 - std[70759c8f55707aa4]::panicking::default_hook::{closure#0}
[INFO] [stdout]    4:     0x59724c12f659 - std[70759c8f55707aa4]::panicking::default_hook
[INFO] [stdout]    5:     0x59724c0a9190 - test[9d35eded1c95d3be]::test_main_inner::<test[9d35eded1c95d3be]::test_main_static::{closure#0}>::{closure#0}
[INFO] [stdout]    6:     0x59724c12f812 - std[70759c8f55707aa4]::panicking::panic_with_hook
[INFO] [stdout]    7:     0x59724c113592 - std[70759c8f55707aa4]::panicking::panic_handler::{closure#0}
[INFO] [stdout]    8:     0x59724c10c189 - std[70759c8f55707aa4]::sys::backtrace::__rust_end_short_backtrace::<std[70759c8f55707aa4]::panicking::panic_handler::{closure#0}, !>
[INFO] [stdout]    9:     0x59724c11418d - __rustc[8fa7c3cbc660c2b3]::rust_begin_unwind
[INFO] [stdout]   10:     0x59724c14d29c - core[df12db4294e9bfd3]::panicking::panic_fmt
[INFO] [stdout]   11:     0x59724c091c0f - jsonl_tests[bb5bd5c2b86c0f9e]::run_test_file::{closure#0}
[INFO] [stdout]   12:     0x59724c0934e1 - jsonl_tests[bb5bd5c2b86c0f9e]::run_and_assert
[INFO] [stdout]   13:     0x59724c093fe5 - <jsonl_tests[bb5bd5c2b86c0f9e]::test_diff_s6001::{closure#0} as core[df12db4294e9bfd3]::ops::function::FnOnce<()>>::call_once
[INFO] [stdout]   14:     0x59724c09c47b - test[9d35eded1c95d3be]::__rust_begin_short_backtrace::<core[df12db4294e9bfd3]::result::Result<(), alloc[2182bb758b4b3781]::string::String>, fn() -> core[df12db4294e9bfd3]::result::Result<(), alloc[2182bb758b4b3781]::string::String>>
[INFO] [stdout]   15:     0x59724c0a9ae5 - test[9d35eded1c95d3be]::run_test::{closure#0}
[INFO] [stdout]   16:     0x59724c0a33a4 - std[70759c8f55707aa4]::sys::backtrace::__rust_begin_short_backtrace::<test[9d35eded1c95d3be]::run_test::{closure#1}, ()>
[INFO] [stdout]   17:     0x59724c0acc42 - <std[70759c8f55707aa4]::thread::lifecycle::spawn_unchecked<test[9d35eded1c95d3be]::run_test::{closure#1}, ()>::{closure#1} as core[df12db4294e9bfd3]::ops::function::FnOnce<()>>::call_once::{shim:vtable#0}
[INFO] [stdout]   18:     0x59724c1367c9 - <std[70759c8f55707aa4]::sys::thread::unix::Thread>::new::thread_start
[INFO] [stdout]   19:     0x74925e245dfa - <unknown>
[INFO] [stdout]   20:     0x74925e2d93d4 - clone
[INFO] [stdout]   21:                0x0 - <unknown>
[INFO] [stdout] 
[INFO] [stdout] ---- test_jsonl_gen12 stdout ----
[INFO] [stdout] 
[INFO] [stdout] thread 'test_jsonl_gen12' (1010) panicked at tests/jsonl_tests.rs:115:63:
[INFO] [stdout] Failed to read tests/java_regex_tests_gen12.jsonl
[INFO] [stdout] stack backtrace:
[INFO] [stdout]    0:     0x59724c137261 - <<std[70759c8f55707aa4]::sys::backtrace::BacktraceLock>::print::DisplayBacktrace as core[df12db4294e9bfd3]::fmt::Display>::fmt
[INFO] [stdout]    1:     0x59724c14cb6a - core[df12db4294e9bfd3]::fmt::write
[INFO] [stdout]    2:     0x59724c13b6fc - <alloc[2182bb758b4b3781]::vec::Vec<u8> as core[df12db4294e9bfd3]::io::write::Write>::write_fmt
[INFO] [stdout]    3:     0x59724c1134e6 - std[70759c8f55707aa4]::panicking::default_hook::{closure#0}
[INFO] [stdout]    4:     0x59724c12f659 - std[70759c8f55707aa4]::panicking::default_hook
[INFO] [stdout]    5:     0x59724c0a9190 - test[9d35eded1c95d3be]::test_main_inner::<test[9d35eded1c95d3be]::test_main_static::{closure#0}>::{closure#0}
[INFO] [stdout]    6:     0x59724c12f812 - std[70759c8f55707aa4]::panicking::panic_with_hook
[INFO] [stdout]    7:     0x59724c113592 - std[70759c8f55707aa4]::panicking::panic_handler::{closure#0}
[INFO] [stdout]    8:     0x59724c10c189 - std[70759c8f55707aa4]::sys::backtrace::__rust_end_short_backtrace::<std[70759c8f55707aa4]::panicking::panic_handler::{closure#0}, !>
[INFO] [stdout]    9:     0x59724c11418d - __rustc[8fa7c3cbc660c2b3]::rust_begin_unwind
[INFO] [stdout]   10:     0x59724c14d29c - core[df12db4294e9bfd3]::panicking::panic_fmt
[INFO] [stdout]   11:     0x59724c091c0f - jsonl_tests[bb5bd5c2b86c0f9e]::run_test_file::{closure#0}
[INFO] [stdout]   12:     0x59724c0934e1 - jsonl_tests[bb5bd5c2b86c0f9e]::run_and_assert
[INFO] [stdout]   13:     0x59724c094285 - <jsonl_tests[bb5bd5c2b86c0f9e]::test_jsonl_gen12::{closure#0} as core[df12db4294e9bfd3]::ops::function::FnOnce<()>>::call_once
[INFO] [stdout]   14:     0x59724c09c47b - test[9d35eded1c95d3be]::__rust_begin_short_backtrace::<core[df12db4294e9bfd3]::result::Result<(), alloc[2182bb758b4b3781]::string::String>, fn() -> core[df12db4294e9bfd3]::result::Result<(), alloc[2182bb758b4b3781]::string::String>>
[INFO] [stdout]   15:     0x59724c0a9ae5 - test[9d35eded1c95d3be]::run_test::{closure#0}
[INFO] [stdout]   16:     0x59724c0a33a4 - std[70759c8f55707aa4]::sys::backtrace::__rust_begin_short_backtrace::<test[9d35eded1c95d3be]::run_test::{closure#1}, ()>
[INFO] [stdout]   17:     0x59724c0acc42 - <std[70759c8f55707aa4]::thread::lifecycle::spawn_unchecked<test[9d35eded1c95d3be]::run_test::{closure#1}, ()>::{closure#1} as core[df12db4294e9bfd3]::ops::function::FnOnce<()>>::call_once::{shim:vtable#0}
[INFO] [stdout]   18:     0x59724c1367c9 - <std[70759c8f55707aa4]::sys::thread::unix::Thread>::new::thread_start
[INFO] [stdout]   19:     0x74925e245dfa - <unknown>
[INFO] [stdout]   20:     0x74925e2d93d4 - clone
[INFO] [stdout]   21:                0x0 - <unknown>
[INFO] [stdout] 
[INFO] [stdout] ---- test_jsonl_gen14 stdout ----
[INFO] [stdout] 
[INFO] [stdout] thread 'test_jsonl_gen14' (1012) panicked at tests/jsonl_tests.rs:115:63:
[INFO] [stdout] Failed to read tests/java_regex_tests_gen14.jsonl
[INFO] [stdout] stack backtrace:
[INFO] [stdout]    0:     0x59724c137261 - <<std[70759c8f55707aa4]::sys::backtrace::BacktraceLock>::print::DisplayBacktrace as core[df12db4294e9bfd3]::fmt::Display>::fmt
[INFO] [stdout]    1:     0x59724c14cb6a - core[df12db4294e9bfd3]::fmt::write
[INFO] [stdout]    2:     0x59724c13b6fc - <alloc[2182bb758b4b3781]::vec::Vec<u8> as core[df12db4294e9bfd3]::io::write::Write>::write_fmt
[INFO] [stdout]    3:     0x59724c1134e6 - std[70759c8f55707aa4]::panicking::default_hook::{closure#0}
[INFO] [stdout]    4:     0x59724c12f659 - std[70759c8f55707aa4]::panicking::default_hook
[INFO] [stdout]    5:     0x59724c0a9190 - test[9d35eded1c95d3be]::test_main_inner::<test[9d35eded1c95d3be]::test_main_static::{closure#0}>::{closure#0}
[INFO] [stdout]    6:     0x59724c12f812 - std[70759c8f55707aa4]::panicking::panic_with_hook
[INFO] [stdout]    7:     0x59724c113592 - std[70759c8f55707aa4]::panicking::panic_handler::{closure#0}
[INFO] [stdout]    8:     0x59724c10c189 - std[70759c8f55707aa4]::sys::backtrace::__rust_end_short_backtrace::<std[70759c8f55707aa4]::panicking::panic_handler::{closure#0}, !>
[INFO] [stdout]    9:     0x59724c11418d - __rustc[8fa7c3cbc660c2b3]::rust_begin_unwind
[INFO] [stdout]   10:     0x59724c14d29c - core[df12db4294e9bfd3]::panicking::panic_fmt
[INFO] [stdout]   11:     0x59724c091c0f - jsonl_tests[bb5bd5c2b86c0f9e]::run_test_file::{closure#0}
[INFO] [stdout]   12:     0x59724c0934e1 - jsonl_tests[bb5bd5c2b86c0f9e]::run_and_assert
[INFO] [stdout]   13:     0x59724c0942e5 - <jsonl_tests[bb5bd5c2b86c0f9e]::test_jsonl_gen14::{closure#0} as core[df12db4294e9bfd3]::ops::function::FnOnce<()>>::call_once
[INFO] [stdout]   14:     0x59724c09c47b - test[9d35eded1c95d3be]::__rust_begin_short_backtrace::<core[df12db4294e9bfd3]::result::Result<(), alloc[2182bb758b4b3781]::string::String>, fn() -> core[df12db4294e9bfd3]::result::Result<(), alloc[2182bb758b4b3781]::string::String>>
[INFO] [stdout]   15:     0x59724c0a9ae5 - test[9d35eded1c95d3be]::run_test::{closure#0}
[INFO] [stdout]   16:     0x59724c0a33a4 - std[70759c8f55707aa4]::sys::backtrace::__rust_begin_short_backtrace::<test[9d35eded1c95d3be]::run_test::{closure#1}, ()>
[INFO] [stdout]   17:     0x59724c0acc42 - <std[70759c8f55707aa4]::thread::lifecycle::spawn_unchecked<test[9d35eded1c95d3be]::run_test::{closure#1}, ()>::{closure#1} as core[df12db4294e9bfd3]::ops::function::FnOnce<()>>::call_once::{shim:vtable#0}
[INFO] [stdout]   18:     0x59724c1367c9 - <std[70759c8f55707aa4]::sys::thread::unix::Thread>::new::thread_start
[INFO] [stdout]   19:     0x74925e245dfa - <unknown>
[INFO] [stdout]   20:     0x74925e2d93d4 - clone
[INFO] [stdout]   21:                0x0 - <unknown>
[INFO] [stdout] 
[INFO] [stdout] ---- test_diff_s7001 stdout ----
[INFO] [stdout] 
[INFO] [stdout] thread 'test_diff_s7001' (1003) panicked at tests/jsonl_tests.rs:115:63:
[INFO] [stdout] Failed to read tests/java_regex_tests_diff_s7001.jsonl
[INFO] [stdout] stack backtrace:
[INFO] [stdout]    0:     0x59724c137261 - <<std[70759c8f55707aa4]::sys::backtrace::BacktraceLock>::print::DisplayBacktrace as core[df12db4294e9bfd3]::fmt::Display>::fmt
[INFO] [stdout]    1:     0x59724c14cb6a - core[df12db4294e9bfd3]::fmt::write
[INFO] [stdout]    2:     0x59724c13b6fc - <alloc[2182bb758b4b3781]::vec::Vec<u8> as core[df12db4294e9bfd3]::io::write::Write>::write_fmt
[INFO] [stdout]    3:     0x59724c1134e6 - std[70759c8f55707aa4]::panicking::default_hook::{closure#0}
[INFO] [stdout]    4:     0x59724c12f659 - std[70759c8f55707aa4]::panicking::default_hook
[INFO] [stdout]    5:     0x59724c0a9190 - test[9d35eded1c95d3be]::test_main_inner::<test[9d35eded1c95d3be]::test_main_static::{closure#0}>::{closure#0}
[INFO] [stdout]    6:     0x59724c12f812 - std[70759c8f55707aa4]::panicking::panic_with_hook
[INFO] [stdout]    7:     0x59724c113592 - std[70759c8f55707aa4]::panicking::panic_handler::{closure#0}
[INFO] [stdout]    8:     0x59724c10c189 - std[70759c8f55707aa4]::sys::backtrace::__rust_end_short_backtrace::<std[70759c8f55707aa4]::panicking::panic_handler::{closure#0}, !>
[INFO] [stdout]    9:     0x59724c11418d - __rustc[8fa7c3cbc660c2b3]::rust_begin_unwind
[INFO] [stdout]   10:     0x59724c14d29c - core[df12db4294e9bfd3]::panicking::panic_fmt
[INFO] [stdout]   11:     0x59724c091c0f - jsonl_tests[bb5bd5c2b86c0f9e]::run_test_file::{closure#0}
[INFO] [stdout]   12:     0x59724c0934e1 - jsonl_tests[bb5bd5c2b86c0f9e]::run_and_assert
[INFO] [stdout]   13:     0x59724c0940d5 - <jsonl_tests[bb5bd5c2b86c0f9e]::test_diff_s7001::{closure#0} as core[df12db4294e9bfd3]::ops::function::FnOnce<()>>::call_once
[INFO] [stdout]   14:     0x59724c09c47b - test[9d35eded1c95d3be]::__rust_begin_short_backtrace::<core[df12db4294e9bfd3]::result::Result<(), alloc[2182bb758b4b3781]::string::String>, fn() -> core[df12db4294e9bfd3]::result::Result<(), alloc[2182bb758b4b3781]::string::String>>
[INFO] [stdout]   15:     0x59724c0a9ae5 - test[9d35eded1c95d3be]::run_test::{closure#0}
[INFO] [stdout]   16:     0x59724c0a33a4 - std[70759c8f55707aa4]::sys::backtrace::__rust_begin_short_backtrace::<test[9d35eded1c95d3be]::run_test::{closure#1}, ()>
[INFO] [stdout]   17:     0x59724c0acc42 - <std[70759c8f55707aa4]::thread::lifecycle::spawn_unchecked<test[9d35eded1c95d3be]::run_test::{closure#1}, ()>::{closure#1} as core[df12db4294e9bfd3]::ops::function::FnOnce<()>>::call_once::{shim:vtable#0}
[INFO] [stdout]   18:     0x59724c1367c9 - <std[70759c8f55707aa4]::sys::thread::unix::Thread>::new::thread_start
[INFO] [stdout]   19:     0x74925e245dfa - <unknown>
[INFO] [stdout]   20:     0x74925e2d93d4 - clone
[INFO] [stdout]   21:                0x0 - <unknown>
[INFO] [stdout] 
[INFO] [stdout] ---- test_jsonl_gen11 stdout ----
[INFO] [stdout] 
[INFO] [stdout] thread 'test_jsonl_gen11' (1009) panicked at tests/jsonl_tests.rs:115:63:
[INFO] [stdout] Failed to read tests/java_regex_tests_gen11.jsonl
[INFO] [stdout] stack backtrace:
[INFO] [stdout]    0:     0x59724c137261 - <<std[70759c8f55707aa4]::sys::backtrace::BacktraceLock>::print::DisplayBacktrace as core[df12db4294e9bfd3]::fmt::Display>::fmt
[INFO] [stdout]    1:     0x59724c14cb6a - core[df12db4294e9bfd3]::fmt::write
[INFO] [stdout]    2:     0x59724c13b6fc - <alloc[2182bb758b4b3781]::vec::Vec<u8> as core[df12db4294e9bfd3]::io::write::Write>::write_fmt
[INFO] [stdout]    3:     0x59724c1134e6 - std[70759c8f55707aa4]::panicking::default_hook::{closure#0}
[INFO] [stdout]    4:     0x59724c12f659 - std[70759c8f55707aa4]::panicking::default_hook
[INFO] [stdout]    5:     0x59724c0a9190 - test[9d35eded1c95d3be]::test_main_inner::<test[9d35eded1c95d3be]::test_main_static::{closure#0}>::{closure#0}
[INFO] [stdout]    6:     0x59724c12f812 - std[70759c8f55707aa4]::panicking::panic_with_hook
[INFO] [stdout]    7:     0x59724c113592 - std[70759c8f55707aa4]::panicking::panic_handler::{closure#0}
[INFO] [stdout]    8:     0x59724c10c189 - std[70759c8f55707aa4]::sys::backtrace::__rust_end_short_backtrace::<std[70759c8f55707aa4]::panicking::panic_handler::{closure#0}, !>
[INFO] [stdout]    9:     0x59724c11418d - __rustc[8fa7c3cbc660c2b3]::rust_begin_unwind
[INFO] [stdout]   10:     0x59724c14d29c - core[df12db4294e9bfd3]::panicking::panic_fmt
[INFO] [stdout]   11:     0x59724c091c0f - jsonl_tests[bb5bd5c2b86c0f9e]::run_test_file::{closure#0}
[INFO] [stdout]   12:     0x59724c0934e1 - jsonl_tests[bb5bd5c2b86c0f9e]::run_and_assert
[INFO] [stdout]   13:     0x59724c094255 - <jsonl_tests[bb5bd5c2b86c0f9e]::test_jsonl_gen11::{closure#0} as core[df12db4294e9bfd3]::ops::function::FnOnce<()>>::call_once
[INFO] [stdout]   14:     0x59724c09c47b - test[9d35eded1c95d3be]::__rust_begin_short_backtrace::<core[df12db4294e9bfd3]::result::Result<(), alloc[2182bb758b4b3781]::string::String>, fn() -> core[df12db4294e9bfd3]::result::Result<(), alloc[2182bb758b4b3781]::string::String>>
[INFO] [stdout]   15:     0x59724c0a9ae5 - test[9d35eded1c95d3be]::run_test::{closure#0}
[INFO] [stdout]   16:     0x59724c0a33a4 - std[70759c8f55707aa4]::sys::backtrace::__rust_begin_short_backtrace::<test[9d35eded1c95d3be]::run_test::{closure#1}, ()>
[INFO] [stdout]   17:     0x59724c0acc42 - <std[70759c8f55707aa4]::thread::lifecycle::spawn_unchecked<test[9d35eded1c95d3be]::run_test::{closure#1}, ()>::{closure#1} as core[df12db4294e9bfd3]::ops::function::FnOnce<()>>::call_once::{shim:vtable#0}
[INFO] [stdout]   18:     0x59724c1367c9 - <std[70759c8f55707aa4]::sys::thread::unix::Thread>::new::thread_start
[INFO] [stdout]   19:     0x74925e245dfa - <unknown>
[INFO] [stdout]   20:     0x74925e2d93d4 - clone
[INFO] [stdout]   21:                0x0 - <unknown>
[INFO] [stdout] 
[INFO] [stdout] ---- test_jsonl_gen13 stdout ----
[INFO] [stdout] 
[INFO] [stdout] thread 'test_jsonl_gen13' (1011) panicked at tests/jsonl_tests.rs:115:63:
[INFO] [stdout] Failed to read tests/java_regex_tests_gen13.jsonl
[INFO] [stdout] stack backtrace:
[INFO] [stdout]    0:     0x59724c137261 - <<std[70759c8f55707aa4]::sys::backtrace::BacktraceLock>::print::DisplayBacktrace as core[df12db4294e9bfd3]::fmt::Display>::fmt
[INFO] [stdout]    1:     0x59724c14cb6a - core[df12db4294e9bfd3]::fmt::write
[INFO] [stdout]    2:     0x59724c13b6fc - <alloc[2182bb758b4b3781]::vec::Vec<u8> as core[df12db4294e9bfd3]::io::write::Write>::write_fmt
[INFO] [stdout]    3:     0x59724c1134e6 - std[70759c8f55707aa4]::panicking::default_hook::{closure#0}
[INFO] [stdout]    4:     0x59724c12f659 - std[70759c8f55707aa4]::panicking::default_hook
[INFO] [stdout]    5:     0x59724c0a9190 - test[9d35eded1c95d3be]::test_main_inner::<test[9d35eded1c95d3be]::test_main_static::{closure#0}>::{closure#0}
[INFO] [stdout]    6:     0x59724c12f812 - std[70759c8f55707aa4]::panicking::panic_with_hook
[INFO] [stdout]    7:     0x59724c113592 - std[70759c8f55707aa4]::panicking::panic_handler::{closure#0}
[INFO] [stdout]    8:     0x59724c10c189 - std[70759c8f55707aa4]::sys::backtrace::__rust_end_short_backtrace::<std[70759c8f55707aa4]::panicking::panic_handler::{closure#0}, !>
[INFO] [stdout]    9:     0x59724c11418d - __rustc[8fa7c3cbc660c2b3]::rust_begin_unwind
[INFO] [stdout]   10:     0x59724c14d29c - core[df12db4294e9bfd3]::panicking::panic_fmt
[INFO] [stdout]   11:     0x59724c091c0f - jsonl_tests[bb5bd5c2b86c0f9e]::run_test_file::{closure#0}
[INFO] [stdout]   12:     0x59724c0934e1 - jsonl_tests[bb5bd5c2b86c0f9e]::run_and_assert
[INFO] [stdout]   13:     0x59724c0942b5 - <jsonl_tests[bb5bd5c2b86c0f9e]::test_jsonl_gen13::{closure#0} as core[df12db4294e9bfd3]::ops::function::FnOnce<()>>::call_once
[INFO] [stdout]   14:     0x59724c09c47b - test[9d35eded1c95d3be]::__rust_begin_short_backtrace::<core[df12db4294e9bfd3]::result::Result<(), alloc[2182bb758b4b3781]::string::String>, fn() -> core[df12db4294e9bfd3]::result::Result<(), alloc[2182bb758b4b3781]::string::String>>
[INFO] [stdout]   15:     0x59724c0a9ae5 - test[9d35eded1c95d3be]::run_test::{closure#0}
[INFO] [stdout]   16:     0x59724c0a33a4 - std[70759c8f55707aa4]::sys::backtrace::__rust_begin_short_backtrace::<test[9d35eded1c95d3be]::run_test::{closure#1}, ()>
[INFO] [stdout]   17:     0x59724c0acc42 - <std[70759c8f55707aa4]::thread::lifecycle::spawn_unchecked<test[9d35eded1c95d3be]::run_test::{closure#1}, ()>::{closure#1} as core[df12db4294e9bfd3]::ops::function::FnOnce<()>>::call_once::{shim:vtable#0}
[INFO] [stdout]   18:     0x59724c1367c9 - <std[70759c8f55707aa4]::sys::thread::unix::Thread>::new::thread_start
[INFO] [stdout]   19:     0x74925e245dfa - <unknown>
[INFO] [stdout]   20:     0x74925e2d93d4 - clone
[INFO] [stdout]   21:                0x0 - <unknown>
[INFO] [stdout] 
[INFO] [stdout] ---- test_jsonl_gen6 stdout ----
[INFO] [stdout] 
[INFO] [stdout] thread 'test_jsonl_gen6' (1020) panicked at tests/jsonl_tests.rs:115:63:
[INFO] [stdout] Failed to read tests/java_regex_tests_gen6.jsonl
[INFO] [stdout] stack backtrace:
[INFO] [stdout]    0:     0x59724c137261 - <<std[70759c8f55707aa4]::sys::backtrace::BacktraceLock>::print::DisplayBacktrace as core[df12db4294e9bfd3]::fmt::Display>::fmt
[INFO] [stdout]    1:     0x59724c14cb6a - core[df12db4294e9bfd3]::fmt::write
[INFO] [stdout]    2:     0x59724c13b6fc - <alloc[2182bb758b4b3781]::vec::Vec<u8> as core[df12db4294e9bfd3]::io::write::Write>::write_fmt
[INFO] [stdout]    3:     0x59724c1134e6 - std[70759c8f55707aa4]::panicking::default_hook::{closure#0}
[INFO] [stdout]    4:     0x59724c12f659 - std[70759c8f55707aa4]::panicking::default_hook
[INFO] [stdout]    5:     0x59724c0a9190 - test[9d35eded1c95d3be]::test_main_inner::<test[9d35eded1c95d3be]::test_main_static::{closure#0}>::{closure#0}
[INFO] [stdout]    6:     0x59724c12f812 - std[70759c8f55707aa4]::panicking::panic_with_hook
[INFO] [stdout]    7:     0x59724c113592 - std[70759c8f55707aa4]::panicking::panic_handler::{closure#0}
[INFO] [stdout]    8:     0x59724c10c189 - std[70759c8f55707aa4]::sys::backtrace::__rust_end_short_backtrace::<std[70759c8f55707aa4]::panicking::panic_handler::{closure#0}, !>
[INFO] [stdout]    9:     0x59724c11418d - __rustc[8fa7c3cbc660c2b3]::rust_begin_unwind
[INFO] [stdout]   10:     0x59724c14d29c - core[df12db4294e9bfd3]::panicking::panic_fmt
[INFO] [stdout]   11:     0x59724c091c0f - jsonl_tests[bb5bd5c2b86c0f9e]::run_test_file::{closure#0}
[INFO] [stdout]   12:     0x59724c0934e1 - jsonl_tests[bb5bd5c2b86c0f9e]::run_and_assert
[INFO] [stdout]   13:     0x59724c094165 - <jsonl_tests[bb5bd5c2b86c0f9e]::test_jsonl_gen6::{closure#0} as core[df12db4294e9bfd3]::ops::function::FnOnce<()>>::call_once
[INFO] [stdout]   14:     0x59724c09c47b - test[9d35eded1c95d3be]::__rust_begin_short_backtrace::<core[df12db4294e9bfd3]::result::Result<(), alloc[2182bb758b4b3781]::string::String>, fn() -> core[df12db4294e9bfd3]::result::Result<(), alloc[2182bb758b4b3781]::string::String>>
[INFO] [stdout]   15:     0x59724c0a9ae5 - test[9d35eded1c95d3be]::run_test::{closure#0}
[INFO] [stdout]   16:     0x59724c0a33a4 - std[70759c8f55707aa4]::sys::backtrace::__rust_begin_short_backtrace::<test[9d35eded1c95d3be]::run_test::{closure#1}, ()>
[INFO] [stdout]   17:     0x59724c0acc42 - <std[70759c8f55707aa4]::thread::lifecycle::spawn_unchecked<test[9d35eded1c95d3be]::run_test::{closure#1}, ()>::{closure#1} as core[df12db4294e9bfd3]::ops::function::FnOnce<()>>::call_once::{shim:vtable#0}
[INFO] [stdout]   18:     0x59724c1367c9 - <std[70759c8f55707aa4]::sys::thread::unix::Thread>::new::thread_start
[INFO] [stdout]   19:     0x74925e245dfa - <unknown>
[INFO] [stdout]   20:     0x74925e2d93d4 - clone
[INFO] [stdout]   21:                0x0 - <unknown>
[INFO] [stdout] 
[INFO] [stdout] ---- test_jsonl_gen5 stdout ----
[INFO] [stdout] 
[INFO] [stdout] thread 'test_jsonl_gen5' (1019) panicked at tests/jsonl_tests.rs:115:63:
[INFO] [stdout] Failed to read tests/java_regex_tests_gen5.jsonl
[INFO] [stdout] stack backtrace:
[INFO] [stdout]    0:     0x59724c137261 - <<std[70759c8f55707aa4]::sys::backtrace::BacktraceLock>::print::DisplayBacktrace as core[df12db4294e9bfd3]::fmt::Display>::fmt
[INFO] [stdout]    1:     0x59724c14cb6a - core[df12db4294e9bfd3]::fmt::write
[INFO] [stdout]    2:     0x59724c13b6fc - <alloc[2182bb758b4b3781]::vec::Vec<u8> as core[df12db4294e9bfd3]::io::write::Write>::write_fmt
[INFO] [stdout]    3:     0x59724c1134e6 - std[70759c8f55707aa4]::panicking::default_hook::{closure#0}
[INFO] [stdout]    4:     0x59724c12f659 - std[70759c8f55707aa4]::panicking::default_hook
[INFO] [stdout]    5:     0x59724c0a9190 - test[9d35eded1c95d3be]::test_main_inner::<test[9d35eded1c95d3be]::test_main_static::{closure#0}>::{closure#0}
[INFO] [stdout]    6:     0x59724c12f812 - std[70759c8f55707aa4]::panicking::panic_with_hook
[INFO] [stdout]    7:     0x59724c113592 - std[70759c8f55707aa4]::panicking::panic_handler::{closure#0}
[INFO] [stdout]    8:     0x59724c10c189 - std[70759c8f55707aa4]::sys::backtrace::__rust_end_short_backtrace::<std[70759c8f55707aa4]::panicking::panic_handler::{closure#0}, !>
[INFO] [stdout]    9:     0x59724c11418d - __rustc[8fa7c3cbc660c2b3]::rust_begin_unwind
[INFO] [stdout]   10:     0x59724c14d29c - core[df12db4294e9bfd3]::panicking::panic_fmt
[INFO] [stdout]   11:     0x59724c091c0f - jsonl_tests[bb5bd5c2b86c0f9e]::run_test_file::{closure#0}
[INFO] [stdout]   12:     0x59724c0934e1 - jsonl_tests[bb5bd5c2b86c0f9e]::run_and_assert
[INFO] [stdout]   13:     0x59724c094135 - <jsonl_tests[bb5bd5c2b86c0f9e]::test_jsonl_gen5::{closure#0} as core[df12db4294e9bfd3]::ops::function::FnOnce<()>>::call_once
[INFO] [stdout]   14:     0x59724c09c47b - test[9d35eded1c95d3be]::__rust_begin_short_backtrace::<core[df12db4294e9bfd3]::result::Result<(), alloc[2182bb758b4b3781]::string::String>, fn() -> core[df12db4294e9bfd3]::result::Result<(), alloc[2182bb758b4b3781]::string::String>>
[INFO] [stdout]   15:     0x59724c0a9ae5 - test[9d35eded1c95d3be]::run_test::{closure#0}
[INFO] [stdout]   16:     0x59724c0a33a4 - std[70759c8f55707aa4]::sys::backtrace::__rust_begin_short_backtrace::<test[9d35eded1c95d3be]::run_test::{closure#1}, ()>
[INFO] [stdout]   17:     0x59724c0acc42 - <std[70759c8f55707aa4]::thread::lifecycle::spawn_unchecked<test[9d35eded1c95d3be]::run_test::{closure#1}, ()>::{closure#1} as core[df12db4294e9bfd3]::ops::function::FnOnce<()>>::call_once::{shim:vtable#0}
[INFO] [stdout]   18:     0x59724c1367c9 - <std[70759c8f55707aa4]::sys::thread::unix::Thread>::new::thread_start
[INFO] [stdout]   19:     0x74925e245dfa - <unknown>
[INFO] [stdout]   20:     0x74925e2d93d4 - clone
[INFO] [stdout]   21:                0x0 - <unknown>
[INFO] [stdout] 
[INFO] [stdout] ---- test_jsonl_gen17 stdout ----
[INFO] [stdout] 
[INFO] [stdout] thread 'test_jsonl_gen17' (1015) panicked at tests/jsonl_tests.rs:115:63:
[INFO] [stdout] Failed to read tests/java_regex_tests_gen17.jsonl
[INFO] [stdout] stack backtrace:
[INFO] [stdout]    0:     0x59724c137261 - <<std[70759c8f55707aa4]::sys::backtrace::BacktraceLock>::print::DisplayBacktrace as core[df12db4294e9bfd3]::fmt::Display>::fmt
[INFO] [stdout]    1:     0x59724c14cb6a - core[df12db4294e9bfd3]::fmt::write
[INFO] [stdout]    2:     0x59724c13b6fc - <alloc[2182bb758b4b3781]::vec::Vec<u8> as core[df12db4294e9bfd3]::io::write::Write>::write_fmt
[INFO] [stdout]    3:     0x59724c1134e6 - std[70759c8f55707aa4]::panicking::default_hook::{closure#0}
[INFO] [stdout]    4:     0x59724c12f659 - std[70759c8f55707aa4]::panicking::default_hook
[INFO] [stdout]    5:     0x59724c0a9190 - test[9d35eded1c95d3be]::test_main_inner::<test[9d35eded1c95d3be]::test_main_static::{closure#0}>::{closure#0}
[INFO] [stdout]    6:     0x59724c12f812 - std[70759c8f55707aa4]::panicking::panic_with_hook
[INFO] [stdout]    7:     0x59724c113592 - std[70759c8f55707aa4]::panicking::panic_handler::{closure#0}
[INFO] [stdout]    8:     0x59724c10c189 - std[70759c8f55707aa4]::sys::backtrace::__rust_end_short_backtrace::<std[70759c8f55707aa4]::panicking::panic_handler::{closure#0}, !>
[INFO] [stdout]    9:     0x59724c11418d - __rustc[8fa7c3cbc660c2b3]::rust_begin_unwind
[INFO] [stdout]   10:     0x59724c14d29c - core[df12db4294e9bfd3]::panicking::panic_fmt
[INFO] [stdout]   11:     0x59724c091c0f - jsonl_tests[bb5bd5c2b86c0f9e]::run_test_file::{closure#0}
[INFO] [stdout]   12:     0x59724c0934e1 - jsonl_tests[bb5bd5c2b86c0f9e]::run_and_assert
[INFO] [stdout]   13:     0x59724c094375 - <jsonl_tests[bb5bd5c2b86c0f9e]::test_jsonl_gen17::{closure#0} as core[df12db4294e9bfd3]::ops::function::FnOnce<()>>::call_once
[INFO] [stdout]   14:     0x59724c09c47b - test[9d35eded1c95d3be]::__rust_begin_short_backtrace::<core[df12db4294e9bfd3]::result::Result<(), alloc[2182bb758b4b3781]::string::String>, fn() -> core[df12db4294e9bfd3]::result::Result<(), alloc[2182bb758b4b3781]::string::String>>
[INFO] [stdout]   15:     0x59724c0a9ae5 - test[9d35eded1c95d3be]::run_test::{closure#0}
[INFO] [stdout]   16:     0x59724c0a33a4 - std[70759c8f55707aa4]::sys::backtrace::__rust_begin_short_backtrace::<test[9d35eded1c95d3be]::run_test::{closure#1}, ()>
[INFO] [stdout]   17:     0x59724c0acc42 - <std[70759c8f55707aa4]::thread::lifecycle::spawn_unchecked<test[9d35eded1c95d3be]::run_test::{closure#1}, ()>::{closure#1} as core[df12db4294e9bfd3]::ops::function::FnOnce<()>>::call_once::{shim:vtable#0}
[INFO] [stdout]   18:     0x59724c1367c9 - <std[70759c8f55707aa4]::sys::thread::unix::Thread>::new::thread_start
[INFO] [stdout]   19:     0x74925e245dfa - <unknown>
[INFO] [stdout]   20:     0x74925e2d93d4 - clone
[INFO] [stdout]   21:                0x0 - <unknown>
[INFO] [stdout] 
[INFO] [stdout] ---- test_jsonl_gen8 stdout ----
[INFO] [stdout] 
[INFO] [stdout] thread 'test_jsonl_gen8' (1022) panicked at tests/jsonl_tests.rs:115:63:
[INFO] [stdout] Failed to read tests/java_regex_tests_gen8.jsonl
[INFO] [stdout] stack backtrace:
[INFO] [stdout]    0:     0x59724c137261 - <<std[70759c8f55707aa4]::sys::backtrace::BacktraceLock>::print::DisplayBacktrace as core[df12db4294e9bfd3]::fmt::Display>::fmt
[INFO] [stdout]    1:     0x59724c14cb6a - core[df12db4294e9bfd3]::fmt::write
[INFO] [stdout]    2:     0x59724c13b6fc - <alloc[2182bb758b4b3781]::vec::Vec<u8> as core[df12db4294e9bfd3]::io::write::Write>::write_fmt
[INFO] [stdout]    3:     0x59724c1134e6 - std[70759c8f55707aa4]::panicking::default_hook::{closure#0}
[INFO] [stdout]    4:     0x59724c12f659 - std[70759c8f55707aa4]::panicking::default_hook
[INFO] [stdout]    5:     0x59724c0a9190 - test[9d35eded1c95d3be]::test_main_inner::<test[9d35eded1c95d3be]::test_main_static::{closure#0}>::{closure#0}
[INFO] [stdout]    6:     0x59724c12f812 - std[70759c8f55707aa4]::panicking::panic_with_hook
[INFO] [stdout]    7:     0x59724c113592 - std[70759c8f55707aa4]::panicking::panic_handler::{closure#0}
[INFO] [stdout]    8:     0x59724c10c189 - std[70759c8f55707aa4]::sys::backtrace::__rust_end_short_backtrace::<std[70759c8f55707aa4]::panicking::panic_handler::{closure#0}, !>
[INFO] [stdout]    9:     0x59724c11418d - __rustc[8fa7c3cbc660c2b3]::rust_begin_unwind
[INFO] [stdout]   10:     0x59724c14d29c - core[df12db4294e9bfd3]::panicking::panic_fmt
[INFO] [stdout]   11:     0x59724c091c0f - jsonl_tests[bb5bd5c2b86c0f9e]::run_test_file::{closure#0}
[INFO] [stdout]   12:     0x59724c0934e1 - jsonl_tests[bb5bd5c2b86c0f9e]::run_and_assert
[INFO] [stdout]   13:     0x59724c0941c5 - <jsonl_tests[bb5bd5c2b86c0f9e]::test_jsonl_gen8::{closure#0} as core[df12db4294e9bfd3]::ops::function::FnOnce<()>>::call_once
[INFO] [stdout]   14:     0x59724c09c47b - test[9d35eded1c95d3be]::__rust_begin_short_backtrace::<core[df12db4294e9bfd3]::result::Result<(), alloc[2182bb758b4b3781]::string::String>, fn() -> core[df12db4294e9bfd3]::result::Result<(), alloc[2182bb758b4b3781]::string::String>>
[INFO] [stdout]   15:     0x59724c0a9ae5 - test[9d35eded1c95d3be]::run_test::{closure#0}
[INFO] [stdout]   16:     0x59724c0a33a4 - std[70759c8f55707aa4]::sys::backtrace::__rust_begin_short_backtrace::<test[9d35eded1c95d3be]::run_test::{closure#1}, ()>
[INFO] [stdout]   17:     0x59724c0acc42 - <std[70759c8f55707aa4]::thread::lifecycle::spawn_unchecked<test[9d35eded1c95d3be]::run_test::{closure#1}, ()>::{closure#1} as core[df12db4294e9bfd3]::ops::function::FnOnce<()>>::call_once::{shim:vtable#0}
[INFO] [stdout]   18:     0x59724c1367c9 - <std[70759c8f55707aa4]::sys::thread::unix::Thread>::new::thread_start
[INFO] [stdout]   19:     0x74925e245dfa - <unknown>
[INFO] [stdout]   20:     0x74925e2d93d4 - clone
[INFO] [stdout]   21:                0x0 - <unknown>
[INFO] [stdout] 
[INFO] [stdout] ---- test_jsonl_gen20 stdout ----
[INFO] [stdout] 
[INFO] [stdout] thread 'test_jsonl_gen20' (1018) panicked at tests/jsonl_tests.rs:115:63:
[INFO] [stdout] Failed to read tests/java_regex_tests_gen20.jsonl
[INFO] [stdout] stack backtrace:
[INFO] [stdout]    0:     0x59724c137261 - <<std[70759c8f55707aa4]::sys::backtrace::BacktraceLock>::print::DisplayBacktrace as core[df12db4294e9bfd3]::fmt::Display>::fmt
[INFO] [stdout]    1:     0x59724c14cb6a - core[df12db4294e9bfd3]::fmt::write
[INFO] [stdout]    2:     0x59724c13b6fc - <alloc[2182bb758b4b3781]::vec::Vec<u8> as core[df12db4294e9bfd3]::io::write::Write>::write_fmt
[INFO] [stdout]    3:     0x59724c1134e6 - std[70759c8f55707aa4]::panicking::default_hook::{closure#0}
[INFO] [stdout]    4:     0x59724c12f659 - std[70759c8f55707aa4]::panicking::default_hook
[INFO] [stdout]    5:     0x59724c0a9190 - test[9d35eded1c95d3be]::test_main_inner::<test[9d35eded1c95d3be]::test_main_static::{closure#0}>::{closure#0}
[INFO] [stdout]    6:     0x59724c12f812 - std[70759c8f55707aa4]::panicking::panic_with_hook
[INFO] [stdout]    7:     0x59724c113592 - std[70759c8f55707aa4]::panicking::panic_handler::{closure#0}
[INFO] [stdout]    8:     0x59724c10c189 - std[70759c8f55707aa4]::sys::backtrace::__rust_end_short_backtrace::<std[70759c8f55707aa4]::panicking::panic_handler::{closure#0}, !>
[INFO] [stdout]    9:     0x59724c11418d - __rustc[8fa7c3cbc660c2b3]::rust_begin_unwind
[INFO] [stdout]   10:     0x59724c14d29c - core[df12db4294e9bfd3]::panicking::panic_fmt
[INFO] [stdout]   11:     0x59724c091c0f - jsonl_tests[bb5bd5c2b86c0f9e]::run_test_file::{closure#0}
[INFO] [stdout]   12:     0x59724c0934e1 - jsonl_tests[bb5bd5c2b86c0f9e]::run_and_assert
[INFO] [stdout]   13:     0x59724c094405 - <jsonl_tests[bb5bd5c2b86c0f9e]::test_jsonl_gen20::{closure#0} as core[df12db4294e9bfd3]::ops::function::FnOnce<()>>::call_once
[INFO] [stdout]   14:     0x59724c09c47b - test[9d35eded1c95d3be]::__rust_begin_short_backtrace::<core[df12db4294e9bfd3]::result::Result<(), alloc[2182bb758b4b3781]::string::String>, fn() -> core[df12db4294e9bfd3]::result::Result<(), alloc[2182bb758b4b3781]::string::String>>
[INFO] [stdout]   15:     0x59724c0a9ae5 - test[9d35eded1c95d3be]::run_test::{closure#0}
[INFO] [stdout]   16:     0x59724c0a33a4 - std[70759c8f55707aa4]::sys::backtrace::__rust_begin_short_backtrace::<test[9d35eded1c95d3be]::run_test::{closure#1}, ()>
[INFO] [stdout]   17:     0x59724c0acc42 - <std[70759c8f55707aa4]::thread::lifecycle::spawn_unchecked<test[9d35eded1c95d3be]::run_test::{closure#1}, ()>::{closure#1} as core[df12db4294e9bfd3]::ops::function::FnOnce<()>>::call_once::{shim:vtable#0}
[INFO] [stdout]   18:     0x59724c1367c9 - <std[70759c8f55707aa4]::sys::thread::unix::Thread>::new::thread_start
[INFO] [stdout]   19:     0x74925e245dfa - <unknown>
[INFO] [stdout]   20:     0x74925e2d93d4 - clone
[INFO] [stdout]   21:                0x0 - <unknown>
[INFO] [stdout] 
[INFO] [stdout] ---- test_jsonl_gen15 stdout ----
[INFO] [stdout] 
[INFO] [stdout] thread 'test_jsonl_gen15' (1013) panicked at tests/jsonl_tests.rs:115:63:
[INFO] [stdout] Failed to read tests/java_regex_tests_gen15.jsonl
[INFO] [stdout] stack backtrace:
[INFO] [stdout]    0:     0x59724c137261 - <<std[70759c8f55707aa4]::sys::backtrace::BacktraceLock>::print::DisplayBacktrace as core[df12db4294e9bfd3]::fmt::Display>::fmt
[INFO] [stdout]    1:     0x59724c14cb6a - core[df12db4294e9bfd3]::fmt::write
[INFO] [stdout]    2:     0x59724c13b6fc - <alloc[2182bb758b4b3781]::vec::Vec<u8> as core[df12db4294e9bfd3]::io::write::Write>::write_fmt
[INFO] [stdout]    3:     0x59724c1134e6 - std[70759c8f55707aa4]::panicking::default_hook::{closure#0}
[INFO] [stdout]    4:     0x59724c12f659 - std[70759c8f55707aa4]::panicking::default_hook
[INFO] [stdout]    5:     0x59724c0a9190 - test[9d35eded1c95d3be]::test_main_inner::<test[9d35eded1c95d3be]::test_main_static::{closure#0}>::{closure#0}
[INFO] [stdout]    6:     0x59724c12f812 - std[70759c8f55707aa4]::panicking::panic_with_hook
[INFO] [stdout]    7:     0x59724c113592 - std[70759c8f55707aa4]::panicking::panic_handler::{closure#0}
[INFO] [stdout]    8:     0x59724c10c189 - std[70759c8f55707aa4]::sys::backtrace::__rust_end_short_backtrace::<std[70759c8f55707aa4]::panicking::panic_handler::{closure#0}, !>
[INFO] [stdout]    9:     0x59724c11418d - __rustc[8fa7c3cbc660c2b3]::rust_begin_unwind
[INFO] [stdout]   10:     0x59724c14d29c - core[df12db4294e9bfd3]::panicking::panic_fmt
[INFO] [stdout]   11:     0x59724c091c0f - jsonl_tests[bb5bd5c2b86c0f9e]::run_test_file::{closure#0}
[INFO] [stdout]   12:     0x59724c0934e1 - jsonl_tests[bb5bd5c2b86c0f9e]::run_and_assert
[INFO] [stdout]   13:     0x59724c094315 - <jsonl_tests[bb5bd5c2b86c0f9e]::test_jsonl_gen15::{closure#0} as core[df12db4294e9bfd3]::ops::function::FnOnce<()>>::call_once
[INFO] [stdout]   14:     0x59724c09c47b - test[9d35eded1c95d3be]::__rust_begin_short_backtrace::<core[df12db4294e9bfd3]::result::Result<(), alloc[2182bb758b4b3781]::string::String>, fn() -> core[df12db4294e9bfd3]::result::Result<(), alloc[2182bb758b4b3781]::string::String>>
[INFO] [stdout]   15:     0x59724c0a9ae5 - test[9d35eded1c95d3be]::run_test::{closure#0}
[INFO] [stdout]   16:     0x59724c0a33a4 - std[70759c8f55707aa4]::sys::backtrace::__rust_begin_short_backtrace::<test[9d35eded1c95d3be]::run_test::{closure#1}, ()>
[INFO] [stdout]   17:     0x59724c0acc42 - <std[70759c8f55707aa4]::thread::lifecycle::spawn_unchecked<test[9d35eded1c95d3be]::run_test::{closure#1}, ()>::{closure#1} as core[df12db4294e9bfd3]::ops::function::FnOnce<()>>::call_once::{shim:vtable#0}
[INFO] [stdout]   18:     0x59724c1367c9 - <std[70759c8f55707aa4]::sys::thread::unix::Thread>::new::thread_start
[INFO] [stdout]   19:     0x74925e245dfa - <unknown>
[INFO] [stdout]   20:     0x74925e2d93d4 - clone
[INFO] [stdout]   21:                0x0 - <unknown>
[INFO] [stdout] 
[INFO] [stdout] ---- test_openjdk_inline stdout ----
[INFO] [stdout] 
[INFO] [stdout] thread 'test_openjdk_inline' (1027) panicked at tests/jsonl_tests.rs:115:63:
[INFO] [stdout] Failed to read tests/java_regex_tests_openjdk_inline.jsonl
[INFO] [stdout] stack backtrace:
[INFO] [stdout]    0:     0x59724c137261 - <<std[70759c8f55707aa4]::sys::backtrace::BacktraceLock>::print::DisplayBacktrace as core[df12db4294e9bfd3]::fmt::Display>::fmt
[INFO] [stdout]    1:     0x59724c14cb6a - core[df12db4294e9bfd3]::fmt::write
[INFO] [stdout]    2:     0x59724c13b6fc - <alloc[2182bb758b4b3781]::vec::Vec<u8> as core[df12db4294e9bfd3]::io::write::Write>::write_fmt
[INFO] [stdout]    3:     0x59724c1134e6 - std[70759c8f55707aa4]::panicking::default_hook::{closure#0}
[INFO] [stdout]    4:     0x59724c12f659 - std[70759c8f55707aa4]::panicking::default_hook
[INFO] [stdout]    5:     0x59724c0a9190 - test[9d35eded1c95d3be]::test_main_inner::<test[9d35eded1c95d3be]::test_main_static::{closure#0}>::{closure#0}
[INFO] [stdout]    6:     0x59724c12f812 - std[70759c8f55707aa4]::panicking::panic_with_hook
[INFO] [stdout]    7:     0x59724c113592 - std[70759c8f55707aa4]::panicking::panic_handler::{closure#0}
[INFO] [stdout]    8:     0x59724c10c189 - std[70759c8f55707aa4]::sys::backtrace::__rust_end_short_backtrace::<std[70759c8f55707aa4]::panicking::panic_handler::{closure#0}, !>
[INFO] [stdout]    9:     0x59724c11418d - __rustc[8fa7c3cbc660c2b3]::rust_begin_unwind
[INFO] [stdout]   10:     0x59724c14d29c - core[df12db4294e9bfd3]::panicking::panic_fmt
[INFO] [stdout]   11:     0x59724c091c0f - jsonl_tests[bb5bd5c2b86c0f9e]::run_test_file::{closure#0}
[INFO] [stdout]   12:     0x59724c0934e1 - jsonl_tests[bb5bd5c2b86c0f9e]::run_and_assert
[INFO] [stdout]   13:     0x59724c094435 - <jsonl_tests[bb5bd5c2b86c0f9e]::test_openjdk_inline::{closure#0} as core[df12db4294e9bfd3]::ops::function::FnOnce<()>>::call_once
[INFO] [stdout]   14:     0x59724c09c47b - test[9d35eded1c95d3be]::__rust_begin_short_backtrace::<core[df12db4294e9bfd3]::result::Result<(), alloc[2182bb758b4b3781]::string::String>, fn() -> core[df12db4294e9bfd3]::result::Result<(), alloc[2182bb758b4b3781]::string::String>>
[INFO] [stdout]   15:     0x59724c0a9ae5 - test[9d35eded1c95d3be]::run_test::{closure#0}
[INFO] [stdout]   16:     0x59724c0a33a4 - std[70759c8f55707aa4]::sys::backtrace::__rust_begin_short_backtrace::<test[9d35eded1c95d3be]::run_test::{closure#1}, ()>
[INFO] [stdout]   17:     0x59724c0acc42 - <std[70759c8f55707aa4]::thread::lifecycle::spawn_unchecked<test[9d35eded1c95d3be]::run_test::{closure#1}, ()>::{closure#1} as core[df12db4294e9bfd3]::ops::function::FnOnce<()>>::call_once::{shim:vtable#0}
[INFO] [stdout]   18:     0x59724c1367c9 - <std[70759c8f55707aa4]::sys::thread::unix::Thread>::new::thread_start
[INFO] [stdout]   19:     0x74925e245dfa - <unknown>
[INFO] [stdout]   20:     0x74925e2d93d4 - clone
[INFO] [stdout]   21:                0x0 - <unknown>
[INFO] [stdout] 
[INFO] [stdout] ---- test_jsonl_gen7 stdout ----
[INFO] [stdout] 
[INFO] [stdout] thread 'test_jsonl_gen7' (1021) panicked at tests/jsonl_tests.rs:115:63:
[INFO] [stdout] Failed to read tests/java_regex_tests_gen7.jsonl
[INFO] [stdout] stack backtrace:
[INFO] [stdout]    0:     0x59724c137261 - <<std[70759c8f55707aa4]::sys::backtrace::BacktraceLock>::print::DisplayBacktrace as core[df12db4294e9bfd3]::fmt::Display>::fmt
[INFO] [stdout]    1:     0x59724c14cb6a - core[df12db4294e9bfd3]::fmt::write
[INFO] [stdout]    2:     0x59724c13b6fc - <alloc[2182bb758b4b3781]::vec::Vec<u8> as core[df12db4294e9bfd3]::io::write::Write>::write_fmt
[INFO] [stdout]    3:     0x59724c1134e6 - std[70759c8f55707aa4]::panicking::default_hook::{closure#0}
[INFO] [stdout]    4:     0x59724c12f659 - std[70759c8f55707aa4]::panicking::default_hook
[INFO] [stdout]    5:     0x59724c0a9190 - test[9d35eded1c95d3be]::test_main_inner::<test[9d35eded1c95d3be]::test_main_static::{closure#0}>::{closure#0}
[INFO] [stdout]    6:     0x59724c12f812 - std[70759c8f55707aa4]::panicking::panic_with_hook
[INFO] [stdout]    7:     0x59724c113592 - std[70759c8f55707aa4]::panicking::panic_handler::{closure#0}
[INFO] [stdout]    8:     0x59724c10c189 - std[70759c8f55707aa4]::sys::backtrace::__rust_end_short_backtrace::<std[70759c8f55707aa4]::panicking::panic_handler::{closure#0}, !>
[INFO] [stdout]    9:     0x59724c11418d - __rustc[8fa7c3cbc660c2b3]::rust_begin_unwind
[INFO] [stdout]   10:     0x59724c14d29c - core[df12db4294e9bfd3]::panicking::panic_fmt
[INFO] [stdout]   11:     0x59724c091c0f - jsonl_tests[bb5bd5c2b86c0f9e]::run_test_file::{closure#0}
[INFO] [stdout]   12:     0x59724c0934e1 - jsonl_tests[bb5bd5c2b86c0f9e]::run_and_assert
[INFO] [stdout]   13:     0x59724c094195 - <jsonl_tests[bb5bd5c2b86c0f9e]::test_jsonl_gen7::{closure#0} as core[df12db4294e9bfd3]::ops::function::FnOnce<()>>::call_once
[INFO] [stdout]   14:     0x59724c09c47b - test[9d35eded1c95d3be]::__rust_begin_short_backtrace::<core[df12db4294e9bfd3]::result::Result<(), alloc[2182bb758b4b3781]::string::String>, fn() -> core[df12db4294e9bfd3]::result::Result<(), alloc[2182bb758b4b3781]::string::String>>
[INFO] [stdout]   15:     0x59724c0a9ae5 - test[9d35eded1c95d3be]::run_test::{closure#0}
[INFO] [stdout]   16:     0x59724c0a33a4 - std[70759c8f55707aa4]::sys::backtrace::__rust_begin_short_backtrace::<test[9d35eded1c95d3be]::run_test::{closure#1}, ()>
[INFO] [stdout]   17:     0x59724c0acc42 - <std[70759c8f55707aa4]::thread::lifecycle::spawn_unchecked<test[9d35eded1c95d3be]::run_test::{closure#1}, ()>::{closure#1} as core[df12db4294e9bfd3]::ops::function::FnOnce<()>>::call_once::{shim:vtable#0}
[INFO] [stdout]   18:     0x59724c1367c9 - <std[70759c8f55707aa4]::sys::thread::unix::Thread>::new::thread_start
[INFO] [stdout]   19:     0x74925e245dfa - <unknown>
[INFO] [stdout]   20:     0x74925e2d93d4 - clone
[INFO] [stdout]   21:                0x0 - <unknown>
[INFO] [stdout] 
[INFO] [stdout] ---- test_openjdk2 stdout ----
[INFO] [stdout] 
[INFO] [stdout] thread 'test_openjdk2' (1026) panicked at tests/jsonl_tests.rs:115:63:
[INFO] [stdout] Failed to read tests/java_regex_tests_openjdk2.jsonl
[INFO] [stdout] stack backtrace:
[INFO] [stdout]    0:     0x59724c137261 - <<std[70759c8f55707aa4]::sys::backtrace::BacktraceLock>::print::DisplayBacktrace as core[df12db4294e9bfd3]::fmt::Display>::fmt
[INFO] [stdout]    1:     0x59724c14cb6a - core[df12db4294e9bfd3]::fmt::write
[INFO] [stdout]    2:     0x59724c13b6fc - <alloc[2182bb758b4b3781]::vec::Vec<u8> as core[df12db4294e9bfd3]::io::write::Write>::write_fmt
[INFO] [stdout]    3:     0x59724c1134e6 - std[70759c8f55707aa4]::panicking::default_hook::{closure#0}
[INFO] [stdout]    4:     0x59724c12f659 - std[70759c8f55707aa4]::panicking::default_hook
[INFO] [stdout]    5:     0x59724c0a9190 - test[9d35eded1c95d3be]::test_main_inner::<test[9d35eded1c95d3be]::test_main_static::{closure#0}>::{closure#0}
[INFO] [stdout]    6:     0x59724c12f812 - std[70759c8f55707aa4]::panicking::panic_with_hook
[INFO] [stdout]    7:     0x59724c113592 - std[70759c8f55707aa4]::panicking::panic_handler::{closure#0}
[INFO] [stdout]    8:     0x59724c10c189 - std[70759c8f55707aa4]::sys::backtrace::__rust_end_short_backtrace::<std[70759c8f55707aa4]::panicking::panic_handler::{closure#0}, !>
[INFO] [stdout]    9:     0x59724c11418d - __rustc[8fa7c3cbc660c2b3]::rust_begin_unwind
[INFO] [stdout]   10:     0x59724c14d29c - core[df12db4294e9bfd3]::panicking::panic_fmt
[INFO] [stdout]   11:     0x59724c091c0f - jsonl_tests[bb5bd5c2b86c0f9e]::run_test_file::{closure#0}
[INFO] [stdout]   12:     0x59724c0934e1 - jsonl_tests[bb5bd5c2b86c0f9e]::run_and_assert
[INFO] [stdout]   13:     0x59724c093985 - <jsonl_tests[bb5bd5c2b86c0f9e]::test_openjdk2::{closure#0} as core[df12db4294e9bfd3]::ops::function::FnOnce<()>>::call_once
[INFO] [stdout]   14:     0x59724c09c47b - test[9d35eded1c95d3be]::__rust_begin_short_backtrace::<core[df12db4294e9bfd3]::result::Result<(), alloc[2182bb758b4b3781]::string::String>, fn() -> core[df12db4294e9bfd3]::result::Result<(), alloc[2182bb758b4b3781]::string::String>>
[INFO] [stdout]   15:     0x59724c0a9ae5 - test[9d35eded1c95d3be]::run_test::{closure#0}
[INFO] [stdout]   16:     0x59724c0a33a4 - std[70759c8f55707aa4]::sys::backtrace::__rust_begin_short_backtrace::<test[9d35eded1c95d3be]::run_test::{closure#1}, ()>
[INFO] [stdout]   17:     0x59724c0acc42 - <std[70759c8f55707aa4]::thread::lifecycle::spawn_unchecked<test[9d35eded1c95d3be]::run_test::{closure#1}, ()>::{closure#1} as core[df12db4294e9bfd3]::ops::function::FnOnce<()>>::call_once::{shim:vtable#0}
[INFO] [stdout]   18:     0x59724c1367c9 - <std[70759c8f55707aa4]::sys::thread::unix::Thread>::new::thread_start
[INFO] [stdout]   19:     0x74925e245dfa - <unknown>
[INFO] [stdout]   20:     0x74925e2d93d4 - clone
[INFO] [stdout]   21:                0x0 - <unknown>
[INFO] [stdout] 
[INFO] [stdout] ---- test_jsonl_gen18 stdout ----
[INFO] [stdout] 
[INFO] [stdout] thread 'test_jsonl_gen18' (1016) panicked at tests/jsonl_tests.rs:115:63:
[INFO] [stdout] Failed to read tests/java_regex_tests_gen18.jsonl
[INFO] [stdout] stack backtrace:
[INFO] [stdout]    0:     0x59724c137261 - <<std[70759c8f55707aa4]::sys::backtrace::BacktraceLock>::print::DisplayBacktrace as core[df12db4294e9bfd3]::fmt::Display>::fmt
[INFO] [stdout]    1:     0x59724c14cb6a - core[df12db4294e9bfd3]::fmt::write
[INFO] [stdout]    2:     0x59724c13b6fc - <alloc[2182bb758b4b3781]::vec::Vec<u8> as core[df12db4294e9bfd3]::io::write::Write>::write_fmt
[INFO] [stdout]    3:     0x59724c1134e6 - std[70759c8f55707aa4]::panicking::default_hook::{closure#0}
[INFO] [stdout]    4:     0x59724c12f659 - std[70759c8f55707aa4]::panicking::default_hook
[INFO] [stdout]    5:     0x59724c0a9190 - test[9d35eded1c95d3be]::test_main_inner::<test[9d35eded1c95d3be]::test_main_static::{closure#0}>::{closure#0}
[INFO] [stdout]    6:     0x59724c12f812 - std[70759c8f55707aa4]::panicking::panic_with_hook
[INFO] [stdout]    7:     0x59724c113592 - std[70759c8f55707aa4]::panicking::panic_handler::{closure#0}
[INFO] [stdout]    8:     0x59724c10c189 - std[70759c8f55707aa4]::sys::backtrace::__rust_end_short_backtrace::<std[70759c8f55707aa4]::panicking::panic_handler::{closure#0}, !>
[INFO] [stdout]    9:     0x59724c11418d - __rustc[8fa7c3cbc660c2b3]::rust_begin_unwind
[INFO] [stdout]   10:     0x59724c14d29c - core[df12db4294e9bfd3]::panicking::panic_fmt
[INFO] [stdout]   11:     0x59724c091c0f - jsonl_tests[bb5bd5c2b86c0f9e]::run_test_file::{closure#0}
[INFO] [stdout]   12:     0x59724c0934e1 - jsonl_tests[bb5bd5c2b86c0f9e]::run_and_assert
[INFO] [stdout]   13:     0x59724c0943a5 - <jsonl_tests[bb5bd5c2b86c0f9e]::test_jsonl_gen18::{closure#0} as core[df12db4294e9bfd3]::ops::function::FnOnce<()>>::call_once
[INFO] [stdout]   14:     0x59724c09c47b - test[9d35eded1c95d3be]::__rust_begin_short_backtrace::<core[df12db4294e9bfd3]::result::Result<(), alloc[2182bb758b4b3781]::string::String>, fn() -> core[df12db4294e9bfd3]::result::Result<(), alloc[2182bb758b4b3781]::string::String>>
[INFO] [stdout]   15:     0x59724c0a9ae5 - test[9d35eded1c95d3be]::run_test::{closure#0}
[INFO] [stdout]   16:     0x59724c0a33a4 - std[70759c8f55707aa4]::sys::backtrace::__rust_begin_short_backtrace::<test[9d35eded1c95d3be]::run_test::{closure#1}, ()>
[INFO] [stdout]   17:     0x59724c0acc42 - <std[70759c8f55707aa4]::thread::lifecycle::spawn_unchecked<test[9d35eded1c95d3be]::run_test::{closure#1}, ()>::{closure#1} as core[df12db4294e9bfd3]::ops::function::FnOnce<()>>::call_once::{shim:vtable#0}
[INFO] [stdout]   18:     0x59724c1367c9 - <std[70759c8f55707aa4]::sys::thread::unix::Thread>::new::thread_start
[INFO] [stdout]   19:     0x74925e245dfa - <unknown>
[INFO] [stdout]   20:     0x74925e2d93d4 - clone
[INFO] [stdout]   21:                0x0 - <unknown>
[INFO] [stdout] 
[INFO] [stdout] ---- test_jsonl_gen9 stdout ----
[INFO] [stdout] 
[INFO] [stdout] thread 'test_jsonl_gen9' (1023) panicked at tests/jsonl_tests.rs:115:63:
[INFO] [stdout] Failed to read tests/java_regex_tests_gen9.jsonl
[INFO] [stdout] stack backtrace:
[INFO] [stdout]    0:     0x59724c137261 - <<std[70759c8f55707aa4]::sys::backtrace::BacktraceLock>::print::DisplayBacktrace as core[df12db4294e9bfd3]::fmt::Display>::fmt
[INFO] [stdout]    1:     0x59724c14cb6a - core[df12db4294e9bfd3]::fmt::write
[INFO] [stdout]    2:     0x59724c13b6fc - <alloc[2182bb758b4b3781]::vec::Vec<u8> as core[df12db4294e9bfd3]::io::write::Write>::write_fmt
[INFO] [stdout]    3:     0x59724c1134e6 - std[70759c8f55707aa4]::panicking::default_hook::{closure#0}
[INFO] [stdout]    4:     0x59724c12f659 - std[70759c8f55707aa4]::panicking::default_hook
[INFO] [stdout]    5:     0x59724c0a9190 - test[9d35eded1c95d3be]::test_main_inner::<test[9d35eded1c95d3be]::test_main_static::{closure#0}>::{closure#0}
[INFO] [stdout]    6:     0x59724c12f812 - std[70759c8f55707aa4]::panicking::panic_with_hook
[INFO] [stdout]    7:     0x59724c113592 - std[70759c8f55707aa4]::panicking::panic_handler::{closure#0}
[INFO] [stdout]    8:     0x59724c10c189 - std[70759c8f55707aa4]::sys::backtrace::__rust_end_short_backtrace::<std[70759c8f55707aa4]::panicking::panic_handler::{closure#0}, !>
[INFO] [stdout]    9:     0x59724c11418d - __rustc[8fa7c3cbc660c2b3]::rust_begin_unwind
[INFO] [stdout]   10:     0x59724c14d29c - core[df12db4294e9bfd3]::panicking::panic_fmt
[INFO] [stdout]   11:     0x59724c091c0f - jsonl_tests[bb5bd5c2b86c0f9e]::run_test_file::{closure#0}
[INFO] [stdout]   12:     0x59724c0934e1 - jsonl_tests[bb5bd5c2b86c0f9e]::run_and_assert
[INFO] [stdout]   13:     0x59724c0941f5 - <jsonl_tests[bb5bd5c2b86c0f9e]::test_jsonl_gen9::{closure#0} as core[df12db4294e9bfd3]::ops::function::FnOnce<()>>::call_once
[INFO] [stdout]   14:     0x59724c09c47b - test[9d35eded1c95d3be]::__rust_begin_short_backtrace::<core[df12db4294e9bfd3]::result::Result<(), alloc[2182bb758b4b3781]::string::String>, fn() -> core[df12db4294e9bfd3]::result::Result<(), alloc[2182bb758b4b3781]::string::String>>
[INFO] [stdout]   15:     0x59724c0a9ae5 - test[9d35eded1c95d3be]::run_test::{closure#0}
[INFO] [stdout]   16:     0x59724c0a33a4 - std[70759c8f55707aa4]::sys::backtrace::__rust_begin_short_backtrace::<test[9d35eded1c95d3be]::run_test::{closure#1}, ()>
[INFO] [stdout]   17:     0x59724c0acc42 - <std[70759c8f55707aa4]::thread::lifecycle::spawn_unchecked<test[9d35eded1c95d3be]::run_test::{closure#1}, ()>::{closure#1} as core[df12db4294e9bfd3]::ops::function::FnOnce<()>>::call_once::{shim:vtable#0}
[INFO] [stdout]   18:     0x59724c1367c9 - <std[70759c8f55707aa4]::sys::thread::unix::Thread>::new::thread_start
[INFO] [stdout]   19:     0x74925e245dfa - <unknown>
[INFO] [stdout]   20:     0x74925e2d93d4 - clone
[INFO] [stdout]   21:                0x0 - <unknown>
[INFO] [stdout] 
[INFO] [stdout] ---- test_jsonl_gen16 stdout ----
[INFO] [stdout] 
[INFO] [stdout] thread 'test_jsonl_gen16' (1014) panicked at tests/jsonl_tests.rs:115:63:
[INFO] [stdout] Failed to read tests/java_regex_tests_gen16.jsonl
[INFO] [stdout] stack backtrace:
[INFO] [stdout]    0:     0x59724c137261 - <<std[70759c8f55707aa4]::sys::backtrace::BacktraceLock>::print::DisplayBacktrace as core[df12db4294e9bfd3]::fmt::Display>::fmt
[INFO] [stdout]    1:     0x59724c14cb6a - core[df12db4294e9bfd3]::fmt::write
[INFO] [stdout]    2:     0x59724c13b6fc - <alloc[2182bb758b4b3781]::vec::Vec<u8> as core[df12db4294e9bfd3]::io::write::Write>::write_fmt
[INFO] [stdout]    3:     0x59724c1134e6 - std[70759c8f55707aa4]::panicking::default_hook::{closure#0}
[INFO] [stdout]    4:     0x59724c12f659 - std[70759c8f55707aa4]::panicking::default_hook
[INFO] [stdout]    5:     0x59724c0a9190 - test[9d35eded1c95d3be]::test_main_inner::<test[9d35eded1c95d3be]::test_main_static::{closure#0}>::{closure#0}
[INFO] [stdout]    6:     0x59724c12f812 - std[70759c8f55707aa4]::panicking::panic_with_hook
[INFO] [stdout]    7:     0x59724c113592 - std[70759c8f55707aa4]::panicking::panic_handler::{closure#0}
[INFO] [stdout]    8:     0x59724c10c189 - std[70759c8f55707aa4]::sys::backtrace::__rust_end_short_backtrace::<std[70759c8f55707aa4]::panicking::panic_handler::{closure#0}, !>
[INFO] [stdout]    9:     0x59724c11418d - __rustc[8fa7c3cbc660c2b3]::rust_begin_unwind
[INFO] [stdout]   10:     0x59724c14d29c - core[df12db4294e9bfd3]::panicking::panic_fmt
[INFO] [stdout]   11:     0x59724c091c0f - jsonl_tests[bb5bd5c2b86c0f9e]::run_test_file::{closure#0}
[INFO] [stdout]   12:     0x59724c0934e1 - jsonl_tests[bb5bd5c2b86c0f9e]::run_and_assert
[INFO] [stdout]   13:     0x59724c094345 - <jsonl_tests[bb5bd5c2b86c0f9e]::test_jsonl_gen16::{closure#0} as core[df12db4294e9bfd3]::ops::function::FnOnce<()>>::call_once
[INFO] [stdout]   14:     0x59724c09c47b - test[9d35eded1c95d3be]::__rust_begin_short_backtrace::<core[df12db4294e9bfd3]::result::Result<(), alloc[2182bb758b4b3781]::string::String>, fn() -> core[df12db4294e9bfd3]::result::Result<(), alloc[2182bb758b4b3781]::string::String>>
[INFO] [stdout]   15:     0x59724c0a9ae5 - test[9d35eded1c95d3be]::run_test::{closure#0}
[INFO] [stdout]   16:     0x59724c0a33a4 - std[70759c8f55707aa4]::sys::backtrace::__rust_begin_short_backtrace::<test[9d35eded1c95d3be]::run_test::{closure#1}, ()>
[INFO] [stdout]   17:     0x59724c0acc42 - <std[70759c8f55707aa4]::thread::lifecycle::spawn_unchecked<test[9d35eded1c95d3be]::run_test::{closure#1}, ()>::{closure#1} as core[df12db4294e9bfd3]::ops::function::FnOnce<()>>::call_once::{shim:vtable#0}
[INFO] [stdout]   18:     0x59724c1367c9 - <std[70759c8f55707aa4]::sys::thread::unix::Thread>::new::thread_start
[INFO] [stdout]   19:     0x74925e245dfa - <unknown>
[INFO] [stdout]   20:     0x74925e2d93d4 - clone
[INFO] [stdout]   21:                0x0 - <unknown>
[INFO] [stdout] 
[INFO] [stdout] ---- test_jsonl_new stdout ----
[INFO] [stdout] 
[INFO] [stdout] thread 'test_jsonl_new' (1024) panicked at tests/jsonl_tests.rs:115:63:
[INFO] [stdout] Failed to read tests/java_regex_tests_new.jsonl
[INFO] [stdout] stack backtrace:
[INFO] [stdout]    0:     0x59724c137261 - <<std[70759c8f55707aa4]::sys::backtrace::BacktraceLock>::print::DisplayBacktrace as core[df12db4294e9bfd3]::fmt::Display>::fmt
[INFO] [stdout]    1:     0x59724c14cb6a - core[df12db4294e9bfd3]::fmt::write
[INFO] [stdout]    2:     0x59724c13b6fc - <alloc[2182bb758b4b3781]::vec::Vec<u8> as core[df12db4294e9bfd3]::io::write::Write>::write_fmt
[INFO] [stdout]    3:     0x59724c1134e6 - std[70759c8f55707aa4]::panicking::default_hook::{closure#0}
[INFO] [stdout]    4:     0x59724c12f659 - std[70759c8f55707aa4]::panicking::default_hook
[INFO] [stdout]    5:     0x59724c0a9190 - test[9d35eded1c95d3be]::test_main_inner::<test[9d35eded1c95d3be]::test_main_static::{closure#0}>::{closure#0}
[INFO] [stdout]    6:     0x59724c12f812 - std[70759c8f55707aa4]::panicking::panic_with_hook
[INFO] [stdout]    7:     0x59724c113592 - std[70759c8f55707aa4]::panicking::panic_handler::{closure#0}
[INFO] [stdout]    8:     0x59724c10c189 - std[70759c8f55707aa4]::sys::backtrace::__rust_end_short_backtrace::<std[70759c8f55707aa4]::panicking::panic_handler::{closure#0}, !>
[INFO] [stdout]    9:     0x59724c11418d - __rustc[8fa7c3cbc660c2b3]::rust_begin_unwind
[INFO] [stdout]   10:     0x59724c14d29c - core[df12db4294e9bfd3]::panicking::panic_fmt
[INFO] [stdout]   11:     0x59724c091c0f - jsonl_tests[bb5bd5c2b86c0f9e]::run_test_file::{closure#0}
[INFO] [stdout]   12:     0x59724c0934e1 - jsonl_tests[bb5bd5c2b86c0f9e]::run_and_assert
[INFO] [stdout]   13:     0x59724c093b95 - <jsonl_tests[bb5bd5c2b86c0f9e]::test_jsonl_new::{closure#0} as core[df12db4294e9bfd3]::ops::function::FnOnce<()>>::call_once
[INFO] [stdout]   14:     0x59724c09c47b - test[9d35eded1c95d3be]::__rust_begin_short_backtrace::<core[df12db4294e9bfd3]::result::Result<(), alloc[2182bb758b4b3781]::string::String>, fn() -> core[df12db4294e9bfd3]::result::Result<(), alloc[2182bb758b4b3781]::string::String>>
[INFO] [stdout]   15:     0x59724c0a9ae5 - test[9d35eded1c95d3be]::run_test::{closure#0}
[INFO] [stdout]   16:     0x59724c0a33a4 - std[70759c8f55707aa4]::sys::backtrace::__rust_begin_short_backtrace::<test[9d35eded1c95d3be]::run_test::{closure#1}, ()>
[INFO] [stdout]   17:     0x59724c0acc42 - <std[70759c8f55707aa4]::thread::lifecycle::spawn_unchecked<test[9d35eded1c95d3be]::run_test::{closure#1}, ()>::{closure#1} as core[df12db4294e9bfd3]::ops::function::FnOnce<()>>::call_once::{shim:vtable#0}
[INFO] [stdout]   18:     0x59724c1367c9 - <std[70759c8f55707aa4]::sys::thread::unix::Thread>::new::thread_start
[INFO] [stdout]   19:     0x74925e245dfa - <unknown>
[INFO] [stdout]   20:     0x74925e2d93d4 - clone
[INFO] [stdout]   21:                0x0 - <unknown>
[INFO] [stdout] 
[INFO] [stdout] ---- test_openjdk stdout ----
[INFO] [stdout] 
[INFO] [stdout] thread 'test_openjdk' (1025) panicked at tests/jsonl_tests.rs:115:63:
[INFO] [stdout] Failed to read tests/java_regex_tests_openjdk.jsonl
[INFO] [stdout] stack backtrace:
[INFO] [stdout]    0:     0x59724c137261 - <<std[70759c8f55707aa4]::sys::backtrace::BacktraceLock>::print::DisplayBacktrace as core[df12db4294e9bfd3]::fmt::Display>::fmt
[INFO] [stdout]    1:     0x59724c14cb6a - core[df12db4294e9bfd3]::fmt::write
[INFO] [stdout]    2:     0x59724c13b6fc - <alloc[2182bb758b4b3781]::vec::Vec<u8> as core[df12db4294e9bfd3]::io::write::Write>::write_fmt
[INFO] [stdout]    3:     0x59724c1134e6 - std[70759c8f55707aa4]::panicking::default_hook::{closure#0}
[INFO] [stdout]    4:     0x59724c12f659 - std[70759c8f55707aa4]::panicking::default_hook
[INFO] [stdout]    5:     0x59724c0a9190 - test[9d35eded1c95d3be]::test_main_inner::<test[9d35eded1c95d3be]::test_main_static::{closure#0}>::{closure#0}
[INFO] [stdout]    6:     0x59724c12f812 - std[70759c8f55707aa4]::panicking::panic_with_hook
[INFO] [stdout]    7:     0x59724c113592 - std[70759c8f55707aa4]::panicking::panic_handler::{closure#0}
[INFO] [stdout]    8:     0x59724c10c189 - std[70759c8f55707aa4]::sys::backtrace::__rust_end_short_backtrace::<std[70759c8f55707aa4]::panicking::panic_handler::{closure#0}, !>
[INFO] [stdout]    9:     0x59724c11418d - __rustc[8fa7c3cbc660c2b3]::rust_begin_unwind
[INFO] [stdout]   10:     0x59724c14d29c - core[df12db4294e9bfd3]::panicking::panic_fmt
[INFO] [stdout]   11:     0x59724c091c0f - jsonl_tests[bb5bd5c2b86c0f9e]::run_test_file::{closure#0}
[INFO] [stdout]   12:     0x59724c0934e1 - jsonl_tests[bb5bd5c2b86c0f9e]::run_and_assert
[INFO] [stdout]   13:     0x59724c093955 - <jsonl_tests[bb5bd5c2b86c0f9e]::test_openjdk::{closure#0} as core[df12db4294e9bfd3]::ops::function::FnOnce<()>>::call_once
[INFO] [stdout]   14:     0x59724c09c47b - test[9d35eded1c95d3be]::__rust_begin_short_backtrace::<core[df12db4294e9bfd3]::result::Result<(), alloc[2182bb758b4b3781]::string::String>, fn() -> core[df12db4294e9bfd3]::result::Result<(), alloc[2182bb758b4b3781]::string::String>>
[INFO] [stdout]   15:     0x59724c0a9ae5 - test[9d35eded1c95d3be]::run_test::{closure#0}
[INFO] [stdout]   16:     0x59724c0a33a4 - std[70759c8f55707aa4]::sys::backtrace::__rust_begin_short_backtrace::<test[9d35eded1c95d3be]::run_test::{closure#1}, ()>
[INFO] [stdout]   17:     0x59724c0acc42 - <std[70759c8f55707aa4]::thread::lifecycle::spawn_unchecked<test[9d35eded1c95d3be]::run_test::{closure#1}, ()>::{closure#1} as core[df12db4294e9bfd3]::ops::function::FnOnce<()>>::call_once::{shim:vtable#0}
[INFO] [stdout]   18:     0x59724c1367c9 - <std[70759c8f55707aa4]::sys::thread::unix::Thread>::new::thread_start
[INFO] [stdout]   19:     0x74925e245dfa - <unknown>
[INFO] [stdout]   20:     0x74925e2d93d4 - clone
[INFO] [stdout]   21:                0x0 - <unknown>
[INFO] [stdout] 
[INFO] [stdout] ---- test_jsonl_gen19 stdout ----
[INFO] [stdout] 
[INFO] [stdout] thread 'test_jsonl_gen19' (1017) panicked at tests/jsonl_tests.rs:115:63:
[INFO] [stdout] Failed to read tests/java_regex_tests_gen19.jsonl
[INFO] [stdout] stack backtrace:
[INFO] [stdout]    0:     0x59724c137261 - <<std[70759c8f55707aa4]::sys::backtrace::BacktraceLock>::print::DisplayBacktrace as core[df12db4294e9bfd3]::fmt::Display>::fmt
[INFO] [stdout]    1:     0x59724c14cb6a - core[df12db4294e9bfd3]::fmt::write
[INFO] [stdout]    2:     0x59724c13b6fc - <alloc[2182bb758b4b3781]::vec::Vec<u8> as core[df12db4294e9bfd3]::io::write::Write>::write_fmt
[INFO] [stdout]    3:     0x59724c1134e6 - std[70759c8f55707aa4]::panicking::default_hook::{closure#0}
[INFO] [stdout]    4:     0x59724c12f659 - std[70759c8f55707aa4]::panicking::default_hook
[INFO] [stdout]    5:     0x59724c0a9190 - test[9d35eded1c95d3be]::test_main_inner::<test[9d35eded1c95d3be]::test_main_static::{closure#0}>::{closure#0}
[INFO] [stdout]    6:     0x59724c12f812 - std[70759c8f55707aa4]::panicking::panic_with_hook
[INFO] [stdout]    7:     0x59724c113592 - std[70759c8f55707aa4]::panicking::panic_handler::{closure#0}
[INFO] [stdout]    8:     0x59724c10c189 - std[70759c8f55707aa4]::sys::backtrace::__rust_end_short_backtrace::<std[70759c8f55707aa4]::panicking::panic_handler::{closure#0}, !>
[INFO] [stdout]    9:     0x59724c11418d - __rustc[8fa7c3cbc660c2b3]::rust_begin_unwind
[INFO] [stdout]   10:     0x59724c14d29c - core[df12db4294e9bfd3]::panicking::panic_fmt
[INFO] [stdout]   11:     0x59724c091c0f - jsonl_tests[bb5bd5c2b86c0f9e]::run_test_file::{closure#0}
[INFO] [stdout]   12:     0x59724c0934e1 - jsonl_tests[bb5bd5c2b86c0f9e]::run_and_assert
[INFO] [stdout]   13:     0x59724c0943d5 - <jsonl_tests[bb5bd5c2b86c0f9e]::test_jsonl_gen19::{closure#0} as core[df12db4294e9bfd3]::ops::function::FnOnce<()>>::call_once
[INFO] [stdout]   14:     0x59724c09c47b - test[9d35eded1c95d3be]::__rust_begin_short_backtrace::<core[df12db4294e9bfd3]::result::Result<(), alloc[2182bb758b4b3781]::string::String>, fn() -> core[df12db4294e9bfd3]::result::Result<(), alloc[2182bb758b4b3781]::string::String>>
[INFO] [stdout]   15:     0x59724c0a9ae5 - test[9d35eded1c95d3be]::run_test::{closure#0}
[INFO] [stdout]   16:     0x59724c0a33a4 - std[70759c8f55707aa4]::sys::backtrace::__rust_begin_short_backtrace::<test[9d35eded1c95d3be]::run_test::{closure#1}, ()>
[INFO] [stdout]   17:     0x59724c0acc42 - <std[70759c8f55707aa4]::thread::lifecycle::spawn_unchecked<test[9d35eded1c95d3be]::run_test::{closure#1}, ()>::{closure#1} as core[df12db4294e9bfd3]::ops::function::FnOnce<()>>::call_once::{shim:vtable#0}
[INFO] [stdout]   18:     0x59724c1367c9 - <std[70759c8f55707aa4]::sys::thread::unix::Thread>::new::thread_start
[INFO] [stdout]   19:     0x74925e245dfa - <unknown>
[INFO] [stdout]   20:     0x74925e2d93d4 - clone
[INFO] [stdout]   21:                0x0 - <unknown>
[INFO] [stdout] 
[INFO] [stdout] 
[INFO] [stdout] failures:
[INFO] [stdout]     test_diff
[INFO] [stdout]     test_diff2
[INFO] [stdout]     test_diff_s100
[INFO] [stdout]     test_diff_s1000
[INFO] [stdout]     test_diff_s200
[INFO] [stdout]     test_diff_s2001
[INFO] [stdout]     test_diff_s2002
[INFO] [stdout]     test_diff_s2003
[INFO] [stdout]     test_diff_s2004
[INFO] [stdout]     test_diff_s2005
[INFO] [stdout]     test_diff_s300
[INFO] [stdout]     test_diff_s3001
[INFO] [stdout]     test_diff_s3002
[INFO] [stdout]     test_diff_s3003
[INFO] [stdout]     test_diff_s3004
[INFO] [stdout]     test_diff_s3005
[INFO] [stdout]     test_diff_s3006
[INFO] [stdout]     test_diff_s3007
[INFO] [stdout]     test_diff_s3008
[INFO] [stdout]     test_diff_s3009
[INFO] [stdout]     test_diff_s3010
[INFO] [stdout]     test_diff_s400
[INFO] [stdout]     test_diff_s4001
[INFO] [stdout]     test_diff_s4002
[INFO] [stdout]     test_diff_s4003
[INFO] [stdout]     test_diff_s4004
[INFO] [stdout]     test_diff_s4005
[INFO] [stdout]     test_diff_s500
[INFO] [stdout]     test_diff_s5001
[INFO] [stdout]     test_diff_s600
[INFO] [stdout]     test_diff_s6001
[INFO] [stdout]     test_diff_s6002
[INFO] [stdout]     test_diff_s6003
[INFO] [stdout]     test_diff_s6004
[INFO] [stdout]     test_diff_s6005
[INFO] [stdout]     test_diff_s700
[INFO] [stdout]     test_diff_s7001
[INFO] [stdout]     test_diff_s800
[INFO] [stdout]     test_diff_s900
[INFO] [stdout]     test_jsonl_5000
[INFO] [stdout]     test_jsonl_gen10
[INFO] [stdout]     test_jsonl_gen11
[INFO] [stdout]     test_jsonl_gen12
[INFO] [stdout]     test_jsonl_gen13
[INFO] [stdout]     test_jsonl_gen14
[INFO] [stdout]     test_jsonl_gen15
[INFO] [stdout]     test_jsonl_gen16
[INFO] [stdout]     test_jsonl_gen17
[INFO] [stdout]     test_jsonl_gen18
[INFO] [stdout]     test_jsonl_gen19
[INFO] [stdout]     test_jsonl_gen20
[INFO] [stdout]     test_jsonl_gen5
[INFO] [stdout]     test_jsonl_gen6
[INFO] [stdout]     test_jsonl_gen7
[INFO] [stdout]     test_jsonl_gen8
[INFO] [stdout]     test_jsonl_gen9
[INFO] [stdout]     test_jsonl_new
[INFO] [stdout]     test_openjdk
[INFO] [stdout]     test_openjdk2
[INFO] [stdout]     test_openjdk_inline
[INFO] [stdout] 
[INFO] [stdout] test result: FAILED. 1 passed; 60 failed; 0 ignored; 0 measured; 0 filtered out; finished in 0.44s
[INFO] [stdout] 
[INFO] running `Command { std: "docker" "inspect" "2e0378e17edd088ef1e56259b561513fecf088d8766d86a9161bb17b5a430dbe", kill_on_drop: false }`
[INFO] running `Command { std: "docker" "rm" "-f" "2e0378e17edd088ef1e56259b561513fecf088d8766d86a9161bb17b5a430dbe", kill_on_drop: false }`
[INFO] [stdout] 2e0378e17edd088ef1e56259b561513fecf088d8766d86a9161bb17b5a430dbe
