[INFO] fetching crate jasn 0.2.0...
[INFO] testing jasn-0.2.0 against 1.100.0-beta.1+cargoflags=--release for beta-release-1.100-2
[INFO] extracting crate jasn 0.2.0 into /workspace/builds/worker-5-tc2/source
[INFO] started tweaking crates.io crate jasn 0.2.0
[INFO] removed 0 missing examples
[INFO] removed 0 missing tests
[INFO] finished tweaking crates.io crate jasn 0.2.0
[INFO] tweaked toml for crates.io crate jasn 0.2.0 written to /workspace/builds/worker-5-tc2/source/Cargo.toml
[INFO] validating manifest of crates.io crate jasn 0.2.0 on toolchain 1.100.0-beta.1
[INFO] running `Command { std: CARGO_HOME="/workspace/cargo-home" RUSTUP_HOME="/workspace/rustup-home" "/workspace/cargo-home/bin/cargo" "+1.100.0-beta.1" "metadata" "--manifest-path" "Cargo.toml" "--no-deps", kill_on_drop: false }`
[INFO] crate crates.io crate jasn 0.2.0 already has a lockfile, it will not be regenerated
[INFO] running `Command { std: CARGO_HOME="/workspace/cargo-home" RUSTUP_HOME="/workspace/rustup-home" "/workspace/cargo-home/bin/cargo" "+1.100.0-beta.1" "fetch" "--manifest-path" "Cargo.toml", kill_on_drop: false }`
[INFO] running `Command { std: "docker" "create" "-v" "/var/lib/crater-agent-workspace/builds/worker-5-tc2/source:/opt/rustwide/workdir:ro,Z" "-v" "/var/lib/crater-agent-workspace/builds/worker-5-tc2/target:/opt/rustwide/target:rw,Z" "-v" "/var/lib/crater-agent-workspace/cargo-home:/opt/rustwide/cargo-home:ro,Z" "-v" "/var/lib/crater-agent-workspace/rustup-home:/opt/rustwide/rustup-home:ro,Z" "-m" "1610612736" "--network" "none" "ghcr.io/rust-lang/crates-build-env/linux@sha256:77db811e55d90add9212f6832c23229e3de5f1c1f9905e8cb07319ea15df73ac" "sleep" "infinity", kill_on_drop: false }`
[INFO] [stdout] de5e2204d4b96316cc23c4eeda34b4b0291ffd22ef8cebd9505976399610a131
[INFO] running `Command { std: "docker" "start" "de5e2204d4b96316cc23c4eeda34b4b0291ffd22ef8cebd9505976399610a131", kill_on_drop: false }`
[INFO] running `Command { std: "docker" "inspect" "de5e2204d4b96316cc23c4eeda34b4b0291ffd22ef8cebd9505976399610a131", kill_on_drop: false }`
[INFO] running `Command { std: "docker" "exec" "-e" "SOURCE_DIR=/opt/rustwide/workdir" "-e" "CARGO_HOME=/opt/rustwide/cargo-home" "-e" "RUSTUP_HOME=/opt/rustwide/rustup-home" "-e" "CARGO_TARGET_DIR=/opt/rustwide/target" "-w" "/opt/rustwide/workdir" "--user" "0:0" "de5e2204d4b96316cc23c4eeda34b4b0291ffd22ef8cebd9505976399610a131" "/opt/rustwide/cargo-home/bin/cargo" "+1.100.0-beta.1" "metadata" "--no-deps" "--format-version=1", kill_on_drop: false }`
[INFO] running `Command { std: "docker" "inspect" "de5e2204d4b96316cc23c4eeda34b4b0291ffd22ef8cebd9505976399610a131", kill_on_drop: false }`
[INFO] running `Command { std: "docker" "exec" "-e" "SOURCE_DIR=/opt/rustwide/workdir" "-e" "CARGO_HOME=/opt/rustwide/cargo-home" "-e" "RUSTUP_HOME=/opt/rustwide/rustup-home" "-e" "CARGO_TARGET_DIR=/opt/rustwide/target" "-e" "CARGO_INCREMENTAL=0" "-e" "RUST_BACKTRACE=full" "-e" "RUSTFLAGS=--cap-lints=warn" "-e" "RUSTDOCFLAGS=--cap-lints=warn" "-w" "/opt/rustwide/workdir" "--user" "0:0" "de5e2204d4b96316cc23c4eeda34b4b0291ffd22ef8cebd9505976399610a131" "/opt/rustwide/cargo-home/bin/cargo" "+1.100.0-beta.1" "build" "--frozen" "--message-format=json" "--release", kill_on_drop: false }`
[INFO] [stderr]    Compiling num-conv v0.2.0
[INFO] [stderr]    Compiling pest v2.8.6
[INFO] [stderr]    Compiling syn v2.0.115
[INFO] [stderr]    Compiling deranged v0.5.6
[INFO] [stderr]    Compiling time-macros v0.2.27
[INFO] [stderr]    Compiling pest_meta v2.8.6
[INFO] [stderr]    Compiling thiserror-impl v2.0.18
[INFO] [stderr]    Compiling time v0.3.47
[INFO] [stderr]    Compiling pest_generator v2.8.6
[INFO] [stderr]    Compiling thiserror v2.0.18
[INFO] [stderr]    Compiling pest_derive v2.8.6
[INFO] [stderr]    Compiling jasn-core v0.2.0
[INFO] [stderr]    Compiling jasn v0.2.0 (/opt/rustwide/workdir)
[INFO] [stderr]     Finished `release` profile [optimized] target(s) in 13.44s
[INFO] running `Command { std: "docker" "inspect" "de5e2204d4b96316cc23c4eeda34b4b0291ffd22ef8cebd9505976399610a131", kill_on_drop: false }`
[INFO] running `Command { std: "docker" "exec" "-e" "SOURCE_DIR=/opt/rustwide/workdir" "-e" "CARGO_HOME=/opt/rustwide/cargo-home" "-e" "RUSTUP_HOME=/opt/rustwide/rustup-home" "-e" "CARGO_TARGET_DIR=/opt/rustwide/target" "-e" "CARGO_INCREMENTAL=0" "-e" "RUST_BACKTRACE=full" "-e" "RUSTFLAGS=--cap-lints=warn" "-e" "RUSTDOCFLAGS=--cap-lints=warn" "-w" "/opt/rustwide/workdir" "--user" "0:0" "de5e2204d4b96316cc23c4eeda34b4b0291ffd22ef8cebd9505976399610a131" "/opt/rustwide/cargo-home/bin/cargo" "+1.100.0-beta.1" "test" "--frozen" "--no-run" "--message-format=json" "--release", kill_on_drop: false }`
[INFO] [stderr]    Compiling regex-syntax v0.8.9
[INFO] [stderr]    Compiling winnow v0.7.14
[INFO] [stderr]    Compiling futures-sink v0.3.31
[INFO] [stderr]    Compiling futures-core v0.3.31
[INFO] [stderr]    Compiling aho-corasick v1.1.4
[INFO] [stderr]    Compiling libc v0.2.182
[INFO] [stderr]    Compiling toml_datetime v0.7.5+spec-1.1.0
[INFO] [stderr]    Compiling syn v2.0.115
[INFO] [stderr]    Compiling futures-io v0.3.31
[INFO] [stderr]    Compiling rstest_macros v0.23.0
[INFO] [stderr]    Compiling float-cmp v0.10.0
[INFO] [stderr]    Compiling anstyle v1.0.13
[INFO] [stderr]    Compiling normalize-line-endings v0.3.0
[INFO] [stderr]    Compiling assert_cmd v2.1.2
[INFO] [stderr]    Compiling futures-timer v3.0.3
[INFO] [stderr]    Compiling serde_bytes v0.11.19
[INFO] [stderr]    Compiling futures-channel v0.3.31
[INFO] [stderr]    Compiling wait-timeout v0.2.1
[INFO] [stderr]    Compiling toml_parser v1.0.8+spec-1.1.0
[INFO] [stderr]    Compiling regex-automata v0.4.14
[INFO] [stderr]    Compiling toml_edit v0.23.10+spec-1.0.0
[INFO] [stderr]    Compiling proc-macro-crate v3.4.0
[INFO] [stderr]    Compiling regex v1.12.3
[INFO] [stderr]    Compiling pest_generator v2.8.6
[INFO] [stderr]    Compiling futures-macro v0.3.31
[INFO] [stderr]    Compiling thiserror-impl v2.0.18
[INFO] [stderr]    Compiling serde_derive v1.0.228
[INFO] [stderr]    Compiling pest_derive v2.8.6
[INFO] [stderr]    Compiling futures-util v0.3.31
[INFO] [stderr]    Compiling thiserror v2.0.18
[INFO] [stderr]    Compiling bstr v1.12.1
[INFO] [stderr]    Compiling predicates v3.1.4
[INFO] [stderr]    Compiling serde v1.0.228
[INFO] [stderr]    Compiling jasn-core v0.2.0
[INFO] [stderr]    Compiling jasn v0.2.0 (/opt/rustwide/workdir)
[INFO] [stderr]    Compiling futures-executor v0.3.31
[INFO] [stderr]    Compiling futures v0.3.31
[INFO] [stderr]    Compiling rstest v0.23.0
[INFO] [stderr]     Finished `release` profile [optimized] target(s) in 48.00s
[INFO] running `Command { std: "docker" "inspect" "de5e2204d4b96316cc23c4eeda34b4b0291ffd22ef8cebd9505976399610a131", kill_on_drop: false }`
[INFO] running `Command { std: "docker" "exec" "-e" "SOURCE_DIR=/opt/rustwide/workdir" "-e" "CARGO_HOME=/opt/rustwide/cargo-home" "-e" "RUSTUP_HOME=/opt/rustwide/rustup-home" "-e" "CARGO_TARGET_DIR=/opt/rustwide/target" "-e" "CARGO_INCREMENTAL=0" "-e" "RUST_BACKTRACE=full" "-e" "RUSTFLAGS=--cap-lints=warn" "-e" "RUSTDOCFLAGS=--cap-lints=warn" "-w" "/opt/rustwide/workdir" "--user" "0:0" "de5e2204d4b96316cc23c4eeda34b4b0291ffd22ef8cebd9505976399610a131" "/opt/rustwide/cargo-home/bin/cargo" "+1.100.0-beta.1" "test" "--frozen" "--release", kill_on_drop: false }`
[INFO] [stderr]     Finished `release` profile [optimized] target(s) in 0.12s
[INFO] [stderr]      Running unittests src/lib.rs (/opt/rustwide/target/release/build/jasn/583fa6d8bd9fb446/out/jasn-583fa6d8bd9fb446)
[INFO] [stdout] 
[INFO] [stdout] running 131 tests
[INFO] [stdout] test formatter::options::tests::test_compact_options ... ok
[INFO] [stdout] test formatter::tests::test_can_be_unquoted::case_01 ... ok
[INFO] [stdout] test formatter::options::tests::test_pretty_options ... ok
[INFO] [stdout] test formatter::tests::test_can_be_unquoted::case_04 ... ok
[INFO] [stdout] test formatter::tests::test_can_be_unquoted::case_05 ... ok
[INFO] [stdout] test formatter::tests::test_can_be_unquoted::case_02 ... ok
[INFO] [stdout] test formatter::tests::test_can_be_unquoted::case_03 ... ok
[INFO] [stdout] test formatter::options::tests::test_builder_pattern ... ok
[INFO] [stdout] test formatter::tests::test_can_be_unquoted::case_06 ... ok
[INFO] [stdout] test formatter::tests::test_format_float::case_3 ... ok
[INFO] [stdout] test formatter::tests::test_format_float::case_4 ... ok
[INFO] [stdout] test formatter::tests::test_format_float::case_2 ... ok
[INFO] [stdout] test formatter::tests::test_format_map ... ok
[INFO] [stdout] test formatter::tests::test_format_primitives::case_1 ... ok
[INFO] [stdout] test formatter::tests::test_format_primitives::case_2 ... ok
[INFO] [stdout] test formatter::tests::test_format_primitives::case_3 ... ok
[INFO] [stdout] test formatter::tests::test_format_primitives::case_4 ... ok
[INFO] [stdout] test formatter::tests::test_format_primitives::case_5 ... ok
[INFO] [stdout] test formatter::tests::test_can_be_unquoted::case_10 ... ok
[INFO] [stdout] test formatter::tests::test_format_list ... ok
[INFO] [stdout] test formatter::tests::test_format_float::case_1 ... ok
[INFO] [stdout] test formatter::tests::test_format_float_nan ... ok
[INFO] [stdout] test formatter::tests::test_can_be_unquoted::case_08 ... ok
[INFO] [stdout] test formatter::tests::test_format_timestamp_default ... ok
[INFO] [stdout] test formatter::tests::test_format_timestamp_fractional_zulu::case_1 ... ok
[INFO] [stdout] test formatter::tests::test_can_be_unquoted::case_09 ... ok
[INFO] [stdout] test formatter::tests::test_escape_unicode ... ok
[INFO] [stdout] test formatter::tests::test_format_timestamp_precision::case_2 ... ok
[INFO] [stdout] test formatter::tests::test_format_timestamp_precision::case_4 ... ok
[INFO] [stdout] test formatter::tests::test_format_string ... ok
[INFO] [stdout] test formatter::tests::test_format_timestamp_precision::case_3 ... ok
[INFO] [stdout] test formatter::tests::test_can_be_unquoted::case_07 ... ok
[INFO] [stdout] test formatter::tests::test_leading_plus::case_8 ... ok
[INFO] [stdout] test formatter::tests::test_leading_plus::case_2 ... ok
[INFO] [stdout] test formatter::tests::test_leading_plus::case_1 ... ok
[INFO] [stdout] test formatter::tests::test_format_timestamp_precision::case_5 ... ok
[INFO] [stdout] test formatter::tests::test_leading_plus::case_3 ... ok
[INFO] [stdout] test formatter::tests::test_leading_plus::case_5 ... ok
[INFO] [stdout] test formatter::tests::test_format_timestamp_precision_padding ... ok
[INFO] [stdout] test formatter::tests::test_leading_plus::case_6 ... ok
[INFO] [stdout] test formatter::tests::test_surrogate_pair_encoding::case_3 ... ok
[INFO] [stdout] test formatter::tests::test_round_trip ... ok
[INFO] [stdout] test formatter::tests::test_sort_keys ... ok
[INFO] [stdout] test formatter::tests::test_surrogate_pair_encoding::case_5 ... ok
[INFO] [stdout] test formatter::tests::test_surrogate_pair_encoding::case_4 ... ok
[INFO] [stdout] test formatter::tests::test_no_leading_plus::case_1 ... ok
[INFO] [stdout] test formatter::tests::test_surrogate_pair_round_trip::case_1 ... ok
[INFO] [stdout] test formatter::tests::test_format_timestamp_precision::case_1 ... ok
[INFO] [stdout] test formatter::tests::test_format_timestamp_fractional_zulu::case_2 ... ok
[INFO] [stdout] test formatter::tests::test_format_binary ... ok
[INFO] [stdout] test formatter::tests::test_format_timestamp_precision_with_offset ... ok
[INFO] [stdout] test formatter::tests::test_format_timestamp_zulu::case_1 ... ok
[INFO] [stdout] test formatter::tests::test_format_timestamp_zulu::case_2 ... ok
[INFO] [stdout] test formatter::tests::test_leading_plus::case_4 ... ok
[INFO] [stdout] test formatter::tests::test_leading_plus::case_7 ... ok
[INFO] [stdout] test formatter::tests::test_surrogate_pair_encoding::case_1 ... ok
[INFO] [stdout] test formatter::tests::test_no_leading_plus::case_2 ... ok
[INFO] [stdout] test formatter::tests::test_pretty_format ... ok
[INFO] [stdout] test formatter::tests::test_surrogate_pair_encoding::case_2 ... ok
[INFO] [stdout] test formatter::tests::test_surrogate_pair_encoding::case_6 ... ok
[INFO] [stdout] test formatter::tests::test_surrogate_pair_round_trip::case_2 ... ok
[INFO] [stdout] test formatter::tests::test_surrogate_pair_round_trip::case_3 ... ok
[INFO] [stdout] test formatter::tests::test_surrogate_pair_round_trip::case_4 ... ok
[INFO] [stdout] test parser::parse::tests::test_parse_binary::case_1 ... ok
[INFO] [stdout] test parser::parse::tests::test_parse_binary::case_2 ... ok
[INFO] [stdout] test parser::parse::tests::test_parse_binary::case_4 ... ok
[INFO] [stdout] test parser::parse::tests::test_parse_float_infinity::case_1 ... ok
[INFO] [stdout] test formatter::tests::test_surrogate_pair_round_trip::case_5 ... ok
[INFO] [stdout] test formatter::tests::test_surrogate_pair_round_trip::case_6 ... ok
[INFO] [stdout] test parser::parse::tests::test_parse_binary::case_3 ... ok
[INFO] [stdout] test parser::parse::tests::test_parse_bool::case_1 ... ok
[INFO] [stdout] test parser::parse::tests::test_parse_duplicate_keys_rejected::case_4 ... ok
[INFO] [stdout] test parser::parse::tests::test_parse_integer::case_2 ... ok
[INFO] [stdout] test parser::parse::tests::test_parse_integer::case_3 ... ok
[INFO] [stdout] test parser::parse::tests::test_parse_integer::case_4 ... ok
[INFO] [stdout] test parser::parse::tests::test_parse_integer::case_5 ... ok
[INFO] [stdout] test parser::parse::tests::test_parse_integer_multiple_underscores::case_1 ... ok
[INFO] [stdout] test parser::parse::tests::test_parse_float_numbers::case_2 ... ok
[INFO] [stdout] test parser::parse::tests::test_parse_bool::case_2 ... ok
[INFO] [stdout] test parser::parse::tests::test_parse_float_infinity::case_2 ... ok
[INFO] [stdout] test parser::parse::tests::test_parse_integer_multiple_underscores::case_3 ... ok
[INFO] [stdout] test parser::parse::tests::test_parse_float_numbers::case_1 ... ok
[INFO] [stdout] test parser::parse::tests::test_parse_integer_multiple_underscores::case_2 ... ok
[INFO] [stdout] test parser::parse::tests::test_parse_integer_multiple_underscores::case_6 ... ok
[INFO] [stdout] test parser::parse::tests::test_parse_keywords_as_map_keys::case_1 ... ok
[INFO] [stdout] test parser::parse::tests::test_parse_keywords_as_map_keys::case_3 ... ok
[INFO] [stdout] test parser::parse::tests::test_parse_keywords_as_map_keys::case_5 ... ok
[INFO] [stdout] test parser::parse::tests::test_parse_duplicate_keys_rejected::case_1 ... ok
[INFO] [stdout] test parser::parse::tests::test_parse_map ... ok
[INFO] [stdout] test parser::parse::tests::test_parse_duplicate_keys_rejected::case_3 ... ok
[INFO] [stdout] test parser::parse::tests::test_parse_float_nan ... ok
[INFO] [stdout] test parser::parse::tests::test_parse_keywords_as_map_keys::case_2 ... ok
[INFO] [stdout] test parser::parse::tests::test_parse_duplicate_keys_rejected::case_2 ... ok
[INFO] [stdout] test parser::parse::tests::test_parse_list ... ok
[INFO] [stdout] test parser::parse::tests::test_parse_invalid_surrogate_pairs ... ok
[INFO] [stdout] test parser::parse::tests::test_parse_keywords_as_map_keys::case_4 ... ok
[INFO] [stdout] test parser::parse::tests::test_parse_integer_multiple_underscores::case_5 ... ok
[INFO] [stdout] test parser::parse::tests::test_parse_string::case_2 ... ok
[INFO] [stdout] test parser::parse::tests::test_parse_string_escapes::case_09 ... ok
[INFO] [stdout] test parser::parse::tests::test_parse_string_escapes::case_08 ... ok
[INFO] [stdout] test parser::parse::tests::test_parse_string_escapes::case_06 ... ok
[INFO] [stdout] test parser::parse::tests::test_parse_string_escapes::case_10 ... ok
[INFO] [stdout] test parser::parse::tests::test_parse_string_escapes::case_07 ... ok
[INFO] [stdout] test parser::parse::tests::test_parse_string_escapes::case_11 ... ok
[INFO] [stdout] test parser::parse::tests::test_parse_string_escapes::case_12 ... ok
[INFO] [stdout] test parser::parse::tests::test_parse_string_escapes::case_13 ... ok
[INFO] [stdout] test parser::parse::tests::test_parse_surrogate_pairs::case_1 ... ok
[INFO] [stdout] test parser::parse::tests::test_parse_surrogate_pairs::case_2 ... ok
[INFO] [stdout] test parser::parse::tests::test_parse_integer::case_1 ... ok
[INFO] [stdout] test parser::parse::tests::test_parse_integer_multiple_underscores::case_4 ... ok
[INFO] [stdout] test parser::parse::tests::test_parse_string::case_1 ... ok
[INFO] [stdout] test parser::parse::tests::test_parse_surrogate_pairs::case_4 ... ok
[INFO] [stdout] test parser::parse::tests::test_parse_map_allows_different_keys ... ok
[INFO] [stdout] test parser::parse::tests::test_parse_null ... ok
[INFO] [stdout] test parser::parse::tests::test_parse_surrogate_pairs::case_5 ... ok
[INFO] [stdout] test parser::parse::tests::test_parse_surrogate_pairs::case_3 ... ok
[INFO] [stdout] test parser::parse::tests::test_parse_timestamp::case_1 ... ok
[INFO] [stdout] test parser::parse::tests::test_parse_timestamp::case_2 ... ok
[INFO] [stdout] test parser::parse::tests::test_parse_timestamp::case_3 ... ok
[INFO] [stdout] test parser::parse::tests::test_parse_timestamp::case_4 ... ok
[INFO] [stdout] test parser::parse::tests::test_parse_string_escapes::case_01 ... ok
[INFO] [stdout] test parser::parse::tests::test_parse_timestamp::case_5 ... ok
[INFO] [stdout] test parser::parse::tests::test_parse_string_escapes::case_02 ... ok
[INFO] [stdout] test parser::parse::tests::test_parse_timestamp::case_6 ... ok
[INFO] [stdout] test parser::parse::tests::test_parse_string_escapes::case_03 ... ok
[INFO] [stdout] test parser::parse::tests::test_parse_string_escapes::case_04 ... ok
[INFO] [stdout] test parser::parse::tests::test_parse_timestamp::case_7 ... ok
[INFO] [stdout] test parser::parse::tests::test_parse_string_escapes::case_05 ... ok
[INFO] [stdout] test parser::parse::tests::test_parse_timestamp::case_8 ... ok
[INFO] [stdout] test parser::parse::tests::test_parse_timestamp_values ... ok
[INFO] [stdout] test parser::parse::tests::test_parse_surrogate_pairs::case_6 ... ok
[INFO] [stderr]      Running tests/cli.rs (/opt/rustwide/target/release/build/jasn/85a477f2c18c33bd/out/cli-85a477f2c18c33bd)
[INFO] [stdout] 
[INFO] [stdout] test result: ok. 131 passed; 0 failed; 0 ignored; 0 measured; 0 filtered out; finished in 0.03s
[INFO] [stdout] 
[INFO] [stdout] 
[INFO] [stdout] running 27 tests
[INFO] [stdout] test test_check_invalid_file ... FAILED
[INFO] [stdout] test test_check_multiple_files ... FAILED
[INFO] [stdout] test test_check_stdin_explicit ... FAILED
[INFO] [stdout] test test_check_alias ... FAILED
[INFO] [stdout] test test_check_stdin ... FAILED
[INFO] [stdout] test test_check_quiet_success ... FAILED
[INFO] [stdout] test test_check_quiet_failure ... FAILED
[INFO] [stdout] test test_format_check_invalid ... FAILED
[INFO] [stdout] test test_format_check_valid ... FAILED
[INFO] [stdout] test test_check_verbose ... FAILED
[INFO] [stdout] test test_check_nonexistent_file ... FAILED
[INFO] [stdout] test test_completions_bash ... FAILED
[INFO] [stdout] test test_completions_zsh ... FAILED
[INFO] [stdout] test test_format_compact ... FAILED
[INFO] [stdout] test test_format_custom_options ... FAILED
[INFO] [stdout] test test_format_file ... FAILED
[INFO] [stdout] test test_format_output_stdout_explicit ... FAILED
[INFO] [stdout] test test_format_alias ... FAILED
[INFO] [stdout] test test_format_stdin ... FAILED
[INFO] [stdout] test test_format_stdin_explicit ... FAILED
[INFO] [stdout] test test_help_message ... FAILED
[INFO] [stdout] test test_version ... FAILED
[INFO] [stdout] test test_check_valid_file ... FAILED
[INFO] [stdout] test test_invalid_json_parse_error ... FAILED
[INFO] [stdout] test test_format_no_trailing_commas ... FAILED
[INFO] [stderr] error: test failed, to rerun pass `--test cli`
[INFO] [stdout] test test_format_nonexistent_file ... FAILED
[INFO] [stdout] test test_format_output_file ... FAILED
[INFO] [stdout] 
[INFO] [stdout] failures:
[INFO] [stdout] 
[INFO] [stdout] ---- test_check_invalid_file stdout ----
[INFO] [stdout] 
[INFO] [stdout] thread 'test_check_invalid_file' (1544) panicked at /opt/rustwide/cargo-home/registry/src/index.crates.io-1949cf8c6b5b557f/assert_cmd-2.1.2/src/cmd.rs:659:17:
[INFO] [stdout] Failed to spawn Command { cmd: "/opt/rustwide/target/release/jasn" "check" "/opt/rustwide/workdir/examples/invalid/invalid_escape.jasn", stdin: None, timeout: None }: No such file or directory (os error 2)
[INFO] [stdout] stack backtrace:
[INFO] [stdout]    0:     0x5fa975906971 - <<std[617be2ca0a6fd877]::sys::backtrace::BacktraceLock>::print::DisplayBacktrace as core[a373ad73a504971]::fmt::Display>::fmt
[INFO] [stdout]    1:     0x5fa97591c96a - core[a373ad73a504971]::fmt::write
[INFO] [stdout]    2:     0x5fa97590bf7c - <alloc[2e1b2a31b91974c5]::vec::Vec<u8> as core[a373ad73a504971]::io::write::Write>::write_fmt
[INFO] [stdout]    3:     0x5fa9758e2456 - std[617be2ca0a6fd877]::panicking::default_hook::{closure#0}
[INFO] [stdout]    4:     0x5fa9758feb49 - std[617be2ca0a6fd877]::panicking::default_hook
[INFO] [stdout]    5:     0x5fa97588bf20 - test[aada8e7e76ba119b]::test_main_inner::{closure#0}
[INFO] [stdout]    6:     0x5fa9758fed02 - std[617be2ca0a6fd877]::panicking::panic_with_hook
[INFO] [stdout]    7:     0x5fa9758e2502 - std[617be2ca0a6fd877]::panicking::panic_handler::{closure#0}
[INFO] [stdout]    8:     0x5fa9758dafd9 - std[617be2ca0a6fd877]::sys::backtrace::__rust_end_short_backtrace::<std[617be2ca0a6fd877]::panicking::panic_handler::{closure#0}, !>
[INFO] [stdout]    9:     0x5fa9758e310d - __rustc[ea4f61d10b84890b]::rust_begin_unwind
[INFO] [stdout]   10:     0x5fa97591d11c - core[a373ad73a504971]::panicking::panic_fmt
[INFO] [stdout]   11:     0x5fa9758c4c19 - <&mut assert_cmd[92f3f43aa0f3e6a1]::cmd::Command as assert_cmd[92f3f43aa0f3e6a1]::assert::OutputAssertExt>::assert
[INFO] [stdout]   12:     0x5fa97587add6 - <cli[dce239e02a6c49bc]::test_check_invalid_file::{closure#0} as core[a373ad73a504971]::ops::function::FnOnce<()>>::call_once
[INFO] [stdout]   13:     0x5fa97587f36b - test[aada8e7e76ba119b]::__rust_begin_short_backtrace::<core[a373ad73a504971]::result::Result<(), alloc[2e1b2a31b91974c5]::string::String>, fn() -> core[a373ad73a504971]::result::Result<(), alloc[2e1b2a31b91974c5]::string::String>>
[INFO] [stdout]   14:     0x5fa97588c545 - test[aada8e7e76ba119b]::run_test::{closure#0}
[INFO] [stdout]   15:     0x5fa975885e34 - std[617be2ca0a6fd877]::sys::backtrace::__rust_begin_short_backtrace::<test[aada8e7e76ba119b]::run_test::{closure#1}, ()>
[INFO] [stdout]   16:     0x5fa97588f5d2 - <std[617be2ca0a6fd877]::thread::lifecycle::spawn_unchecked<test[aada8e7e76ba119b]::run_test::{closure#1}, ()>::{closure#1} as core[a373ad73a504971]::ops::function::FnOnce<()>>::call_once::{shim:vtable#0}
[INFO] [stdout]   17:     0x5fa975905def - <std[617be2ca0a6fd877]::sys::thread::unix::Thread>::new::thread_start
[INFO] [stdout]   18:     0x77d77f9c0dfa - <unknown>
[INFO] [stdout]   19:     0x77d77fa543d4 - clone
[INFO] [stdout]   20:                0x0 - <unknown>
[INFO] [stdout] 
[INFO] [stdout] ---- test_check_multiple_files stdout ----
[INFO] [stdout] 
[INFO] [stdout] thread 'test_check_multiple_files' (1545) panicked at /opt/rustwide/cargo-home/registry/src/index.crates.io-1949cf8c6b5b557f/assert_cmd-2.1.2/src/cmd.rs:659:17:
[INFO] [stdout] Failed to spawn Command { cmd: "/opt/rustwide/target/release/jasn" "check" "/opt/rustwide/workdir/examples/valid/basic.jasn" "/opt/rustwide/workdir/examples/valid/minimal.jasn", stdin: None, timeout: None }: No such file or directory (os error 2)
[INFO] [stdout] stack backtrace:
[INFO] [stdout]    0:     0x5fa975906971 - <<std[617be2ca0a6fd877]::sys::backtrace::BacktraceLock>::print::DisplayBacktrace as core[a373ad73a504971]::fmt::Display>::fmt
[INFO] [stdout]    1:     0x5fa97591c96a - core[a373ad73a504971]::fmt::write
[INFO] [stdout]    2:     0x5fa97590bf7c - <alloc[2e1b2a31b91974c5]::vec::Vec<u8> as core[a373ad73a504971]::io::write::Write>::write_fmt
[INFO] [stdout]    3:     0x5fa9758e2456 - std[617be2ca0a6fd877]::panicking::default_hook::{closure#0}
[INFO] [stdout]    4:     0x5fa9758feb49 - std[617be2ca0a6fd877]::panicking::default_hook
[INFO] [stdout]    5:     0x5fa97588bf20 - test[aada8e7e76ba119b]::test_main_inner::{closure#0}
[INFO] [stdout]    6:     0x5fa9758fed02 - std[617be2ca0a6fd877]::panicking::panic_with_hook
[INFO] [stdout]    7:     0x5fa9758e2502 - std[617be2ca0a6fd877]::panicking::panic_handler::{closure#0}
[INFO] [stdout]    8:     0x5fa9758dafd9 - std[617be2ca0a6fd877]::sys::backtrace::__rust_end_short_backtrace::<std[617be2ca0a6fd877]::panicking::panic_handler::{closure#0}, !>
[INFO] [stdout]    9:     0x5fa9758e310d - __rustc[ea4f61d10b84890b]::rust_begin_unwind
[INFO] [stdout]   10:     0x5fa97591d11c - core[a373ad73a504971]::panicking::panic_fmt
[INFO] [stdout]   11:     0x5fa9758c4c19 - <&mut assert_cmd[92f3f43aa0f3e6a1]::cmd::Command as assert_cmd[92f3f43aa0f3e6a1]::assert::OutputAssertExt>::assert
[INFO] [stdout]   12:     0x5fa97587c039 - <cli[dce239e02a6c49bc]::test_check_multiple_files::{closure#0} as core[a373ad73a504971]::ops::function::FnOnce<()>>::call_once
[INFO] [stdout]   13:     0x5fa97587f36b - test[aada8e7e76ba119b]::__rust_begin_short_backtrace::<core[a373ad73a504971]::result::Result<(), alloc[2e1b2a31b91974c5]::string::String>, fn() -> core[a373ad73a504971]::result::Result<(), alloc[2e1b2a31b91974c5]::string::String>>
[INFO] [stdout]   14:     0x5fa97588c545 - test[aada8e7e76ba119b]::run_test::{closure#0}
[INFO] [stdout]   15:     0x5fa975885e34 - std[617be2ca0a6fd877]::sys::backtrace::__rust_begin_short_backtrace::<test[aada8e7e76ba119b]::run_test::{closure#1}, ()>
[INFO] [stdout]   16:     0x5fa97588f5d2 - <std[617be2ca0a6fd877]::thread::lifecycle::spawn_unchecked<test[aada8e7e76ba119b]::run_test::{closure#1}, ()>::{closure#1} as core[a373ad73a504971]::ops::function::FnOnce<()>>::call_once::{shim:vtable#0}
[INFO] [stdout]   17:     0x5fa975905def - <std[617be2ca0a6fd877]::sys::thread::unix::Thread>::new::thread_start
[INFO] [stdout]   18:     0x77d77f9c0dfa - <unknown>
[INFO] [stdout]   19:     0x77d77fa543d4 - clone
[INFO] [stdout]   20:                0x0 - <unknown>
[INFO] [stdout] 
[INFO] [stdout] ---- test_check_stdin_explicit stdout ----
[INFO] [stdout] 
[INFO] [stdout] thread 'test_check_stdin_explicit' (1554) panicked at /opt/rustwide/cargo-home/registry/src/index.crates.io-1949cf8c6b5b557f/assert_cmd-2.1.2/src/cmd.rs:659:17:
[INFO] [stdout] Failed to spawn Command { cmd: "/opt/rustwide/target/release/jasn" "check" "-", stdin: Some("{\"test\": 123}"), timeout: None }: No such file or directory (os error 2)
[INFO] [stdout] stack backtrace:
[INFO] [stdout]    0:     0x5fa975906971 - <<std[617be2ca0a6fd877]::sys::backtrace::BacktraceLock>::print::DisplayBacktrace as core[a373ad73a504971]::fmt::Display>::fmt
[INFO] [stdout]    1:     0x5fa97591c96a - core[a373ad73a504971]::fmt::write
[INFO] [stdout]    2:     0x5fa97590bf7c - <alloc[2e1b2a31b91974c5]::vec::Vec<u8> as core[a373ad73a504971]::io::write::Write>::write_fmt
[INFO] [stdout]    3:     0x5fa9758e2456 - std[617be2ca0a6fd877]::panicking::default_hook::{closure#0}
[INFO] [stdout]    4:     0x5fa9758feb49 - std[617be2ca0a6fd877]::panicking::default_hook
[INFO] [stdout]    5:     0x5fa97588bf20 - test[aada8e7e76ba119b]::test_main_inner::{closure#0}
[INFO] [stdout]    6:     0x5fa9758fed02 - std[617be2ca0a6fd877]::panicking::panic_with_hook
[INFO] [stdout]    7:     0x5fa9758e2502 - std[617be2ca0a6fd877]::panicking::panic_handler::{closure#0}
[INFO] [stdout]    8:     0x5fa9758dafd9 - std[617be2ca0a6fd877]::sys::backtrace::__rust_end_short_backtrace::<std[617be2ca0a6fd877]::panicking::panic_handler::{closure#0}, !>
[INFO] [stdout]    9:     0x5fa9758e310d - __rustc[ea4f61d10b84890b]::rust_begin_unwind
[INFO] [stdout]   10:     0x5fa97591d11c - core[a373ad73a504971]::panicking::panic_fmt
[INFO] [stdout]   11:     0x5fa9758c4c19 - <&mut assert_cmd[92f3f43aa0f3e6a1]::cmd::Command as assert_cmd[92f3f43aa0f3e6a1]::assert::OutputAssertExt>::assert
[INFO] [stdout]   12:     0x5fa97587c347 - <cli[dce239e02a6c49bc]::test_check_stdin_explicit::{closure#0} as core[a373ad73a504971]::ops::function::FnOnce<()>>::call_once
[INFO] [stdout]   13:     0x5fa97587f36b - test[aada8e7e76ba119b]::__rust_begin_short_backtrace::<core[a373ad73a504971]::result::Result<(), alloc[2e1b2a31b91974c5]::string::String>, fn() -> core[a373ad73a504971]::result::Result<(), alloc[2e1b2a31b91974c5]::string::String>>
[INFO] [stdout]   14:     0x5fa97588c545 - test[aada8e7e76ba119b]::run_test::{closure#0}
[INFO] [stdout]   15:     0x5fa975885e34 - std[617be2ca0a6fd877]::sys::backtrace::__rust_begin_short_backtrace::<test[aada8e7e76ba119b]::run_test::{closure#1}, ()>
[INFO] [stdout]   16:     0x5fa97588f5d2 - <std[617be2ca0a6fd877]::thread::lifecycle::spawn_unchecked<test[aada8e7e76ba119b]::run_test::{closure#1}, ()>::{closure#1} as core[a373ad73a504971]::ops::function::FnOnce<()>>::call_once::{shim:vtable#0}
[INFO] [stdout]   17:     0x5fa975905def - <std[617be2ca0a6fd877]::sys::thread::unix::Thread>::new::thread_start
[INFO] [stdout]   18:     0x77d77f9c0dfa - <unknown>
[INFO] [stdout]   19:     0x77d77fa543d4 - clone
[INFO] [stdout]   20:                0x0 - <unknown>
[INFO] [stdout] 
[INFO] [stdout] ---- test_check_alias stdout ----
[INFO] [stdout] 
[INFO] [stdout] thread 'test_check_alias' (1543) panicked at /opt/rustwide/cargo-home/registry/src/index.crates.io-1949cf8c6b5b557f/assert_cmd-2.1.2/src/cmd.rs:659:17:
[INFO] [stdout] Failed to spawn Command { cmd: "/opt/rustwide/target/release/jasn" "chk" "/opt/rustwide/workdir/examples/valid/basic.jasn", stdin: None, timeout: None }: No such file or directory (os error 2)
[INFO] [stdout] stack backtrace:
[INFO] [stdout]    0:     0x5fa975906971 - <<std[617be2ca0a6fd877]::sys::backtrace::BacktraceLock>::print::DisplayBacktrace as core[a373ad73a504971]::fmt::Display>::fmt
[INFO] [stdout]    1:     0x5fa97591c96a - core[a373ad73a504971]::fmt::write
[INFO] [stdout]    2:     0x5fa97590bf7c - <alloc[2e1b2a31b91974c5]::vec::Vec<u8> as core[a373ad73a504971]::io::write::Write>::write_fmt
[INFO] [stdout]    3:     0x5fa9758e2456 - std[617be2ca0a6fd877]::panicking::default_hook::{closure#0}
[INFO] [stdout]    4:     0x5fa9758feb49 - std[617be2ca0a6fd877]::panicking::default_hook
[INFO] [stdout]    5:     0x5fa97588bf20 - test[aada8e7e76ba119b]::test_main_inner::{closure#0}
[INFO] [stdout]    6:     0x5fa9758fed02 - std[617be2ca0a6fd877]::panicking::panic_with_hook
[INFO] [stdout]    7:     0x5fa9758e2502 - std[617be2ca0a6fd877]::panicking::panic_handler::{closure#0}
[INFO] [stdout]    8:     0x5fa9758dafd9 - std[617be2ca0a6fd877]::sys::backtrace::__rust_end_short_backtrace::<std[617be2ca0a6fd877]::panicking::panic_handler::{closure#0}, !>
[INFO] [stdout]    9:     0x5fa9758e310d - __rustc[ea4f61d10b84890b]::rust_begin_unwind
[INFO] [stdout]   10:     0x5fa97591d11c - core[a373ad73a504971]::panicking::panic_fmt
[INFO] [stdout]   11:     0x5fa9758c4c19 - <&mut assert_cmd[92f3f43aa0f3e6a1]::cmd::Command as assert_cmd[92f3f43aa0f3e6a1]::assert::OutputAssertExt>::assert
[INFO] [stdout]   12:     0x5fa975878e66 - <cli[dce239e02a6c49bc]::test_check_alias::{closure#0} as core[a373ad73a504971]::ops::function::FnOnce<()>>::call_once
[INFO] [stdout]   13:     0x5fa97587f36b - test[aada8e7e76ba119b]::__rust_begin_short_backtrace::<core[a373ad73a504971]::result::Result<(), alloc[2e1b2a31b91974c5]::string::String>, fn() -> core[a373ad73a504971]::result::Result<(), alloc[2e1b2a31b91974c5]::string::String>>
[INFO] [stdout]   14:     0x5fa97588c545 - test[aada8e7e76ba119b]::run_test::{closure#0}
[INFO] [stdout]   15:     0x5fa975885e34 - std[617be2ca0a6fd877]::sys::backtrace::__rust_begin_short_backtrace::<test[aada8e7e76ba119b]::run_test::{closure#1}, ()>
[INFO] [stdout]   16:     0x5fa97588f5d2 - <std[617be2ca0a6fd877]::thread::lifecycle::spawn_unchecked<test[aada8e7e76ba119b]::run_test::{closure#1}, ()>::{closure#1} as core[a373ad73a504971]::ops::function::FnOnce<()>>::call_once::{shim:vtable#0}
[INFO] [stdout]   17:     0x5fa975905def - <std[617be2ca0a6fd877]::sys::thread::unix::Thread>::new::thread_start
[INFO] [stdout]   18:     0x77d77f9c0dfa - <unknown>
[INFO] [stdout]   19:     0x77d77fa543d4 - clone
[INFO] [stdout]   20:                0x0 - <unknown>
[INFO] [stdout] 
[INFO] [stdout] ---- test_check_stdin stdout ----
[INFO] [stdout] 
[INFO] [stdout] thread 'test_check_stdin' (1550) panicked at /opt/rustwide/cargo-home/registry/src/index.crates.io-1949cf8c6b5b557f/assert_cmd-2.1.2/src/cmd.rs:659:17:
[INFO] [stdout] Failed to spawn Command { cmd: "/opt/rustwide/target/release/jasn" "check", stdin: Some("{\"test\": 123}"), timeout: None }: No such file or directory (os error 2)
[INFO] [stdout] stack backtrace:
[INFO] [stdout]    0:     0x5fa975906971 - <<std[617be2ca0a6fd877]::sys::backtrace::BacktraceLock>::print::DisplayBacktrace as core[a373ad73a504971]::fmt::Display>::fmt
[INFO] [stdout]    1:     0x5fa97591c96a - core[a373ad73a504971]::fmt::write
[INFO] [stdout]    2:     0x5fa97590bf7c - <alloc[2e1b2a31b91974c5]::vec::Vec<u8> as core[a373ad73a504971]::io::write::Write>::write_fmt
[INFO] [stdout]    3:     0x5fa9758e2456 - std[617be2ca0a6fd877]::panicking::default_hook::{closure#0}
[INFO] [stdout]    4:     0x5fa9758feb49 - std[617be2ca0a6fd877]::panicking::default_hook
[INFO] [stdout]    5:     0x5fa97588bf20 - test[aada8e7e76ba119b]::test_main_inner::{closure#0}
[INFO] [stdout]    6:     0x5fa9758fed02 - std[617be2ca0a6fd877]::panicking::panic_with_hook
[INFO] [stdout]    7:     0x5fa9758e2502 - std[617be2ca0a6fd877]::panicking::panic_handler::{closure#0}
[INFO] [stdout]    8:     0x5fa9758dafd9 - std[617be2ca0a6fd877]::sys::backtrace::__rust_end_short_backtrace::<std[617be2ca0a6fd877]::panicking::panic_handler::{closure#0}, !>
[INFO] [stdout]    9:     0x5fa9758e310d - __rustc[ea4f61d10b84890b]::rust_begin_unwind
[INFO] [stdout]   10:     0x5fa97591d11c - core[a373ad73a504971]::panicking::panic_fmt
[INFO] [stdout]   11:     0x5fa9758c4c19 - <&mut assert_cmd[92f3f43aa0f3e6a1]::cmd::Command as assert_cmd[92f3f43aa0f3e6a1]::assert::OutputAssertExt>::assert
[INFO] [stdout]   12:     0x5fa97587913d - <cli[dce239e02a6c49bc]::test_check_stdin::{closure#0} as core[a373ad73a504971]::ops::function::FnOnce<()>>::call_once
[INFO] [stdout]   13:     0x5fa97587f36b - test[aada8e7e76ba119b]::__rust_begin_short_backtrace::<core[a373ad73a504971]::result::Result<(), alloc[2e1b2a31b91974c5]::string::String>, fn() -> core[a373ad73a504971]::result::Result<(), alloc[2e1b2a31b91974c5]::string::String>>
[INFO] [stdout]   14:     0x5fa97588c545 - test[aada8e7e76ba119b]::run_test::{closure#0}
[INFO] [stdout]   15:     0x5fa975885e34 - std[617be2ca0a6fd877]::sys::backtrace::__rust_begin_short_backtrace::<test[aada8e7e76ba119b]::run_test::{closure#1}, ()>
[INFO] [stdout]   16:     0x5fa97588f5d2 - <std[617be2ca0a6fd877]::thread::lifecycle::spawn_unchecked<test[aada8e7e76ba119b]::run_test::{closure#1}, ()>::{closure#1} as core[a373ad73a504971]::ops::function::FnOnce<()>>::call_once::{shim:vtable#0}
[INFO] [stdout]   17:     0x5fa975905def - <std[617be2ca0a6fd877]::sys::thread::unix::Thread>::new::thread_start
[INFO] [stdout]   18:     0x77d77f9c0dfa - <unknown>
[INFO] [stdout]   19:     0x77d77fa543d4 - clone
[INFO] [stdout]   20:                0x0 - <unknown>
[INFO] [stdout] 
[INFO] [stdout] ---- test_check_quiet_success stdout ----
[INFO] [stdout] 
[INFO] [stdout] thread 'test_check_quiet_success' (1549) panicked at /opt/rustwide/cargo-home/registry/src/index.crates.io-1949cf8c6b5b557f/assert_cmd-2.1.2/src/cmd.rs:659:17:
[INFO] [stdout] Failed to spawn Command { cmd: "/opt/rustwide/target/release/jasn" "check" "--quiet" "/opt/rustwide/workdir/examples/valid/basic.jasn", stdin: None, timeout: None }: No such file or directory (os error 2)
[INFO] [stdout] stack backtrace:
[INFO] [stdout]    0:     0x5fa975906971 - <<std[617be2ca0a6fd877]::sys::backtrace::BacktraceLock>::print::DisplayBacktrace as core[a373ad73a504971]::fmt::Display>::fmt
[INFO] [stdout]    1:     0x5fa97591c96a - core[a373ad73a504971]::fmt::write
[INFO] [stdout]    2:     0x5fa97590bf7c - <alloc[2e1b2a31b91974c5]::vec::Vec<u8> as core[a373ad73a504971]::io::write::Write>::write_fmt
[INFO] [stdout]    3:     0x5fa9758e2456 - std[617be2ca0a6fd877]::panicking::default_hook::{closure#0}
[INFO] [stdout]    4:     0x5fa9758feb49 - std[617be2ca0a6fd877]::panicking::default_hook
[INFO] [stdout]    5:     0x5fa97588bf20 - test[aada8e7e76ba119b]::test_main_inner::{closure#0}
[INFO] [stdout]    6:     0x5fa9758fed02 - std[617be2ca0a6fd877]::panicking::panic_with_hook
[INFO] [stdout]    7:     0x5fa9758e2502 - std[617be2ca0a6fd877]::panicking::panic_handler::{closure#0}
[INFO] [stdout]    8:     0x5fa9758dafd9 - std[617be2ca0a6fd877]::sys::backtrace::__rust_end_short_backtrace::<std[617be2ca0a6fd877]::panicking::panic_handler::{closure#0}, !>
[INFO] [stdout]    9:     0x5fa9758e310d - __rustc[ea4f61d10b84890b]::rust_begin_unwind
[INFO] [stdout]   10:     0x5fa97591d11c - core[a373ad73a504971]::panicking::panic_fmt
[INFO] [stdout]   11:     0x5fa9758c4c19 - <&mut assert_cmd[92f3f43aa0f3e6a1]::cmd::Command as assert_cmd[92f3f43aa0f3e6a1]::assert::OutputAssertExt>::assert
[INFO] [stdout]   12:     0x5fa97587bd10 - <cli[dce239e02a6c49bc]::test_check_quiet_success::{closure#0} as core[a373ad73a504971]::ops::function::FnOnce<()>>::call_once
[INFO] [stdout]   13:     0x5fa97587f36b - test[aada8e7e76ba119b]::__rust_begin_short_backtrace::<core[a373ad73a504971]::result::Result<(), alloc[2e1b2a31b91974c5]::string::String>, fn() -> core[a373ad73a504971]::result::Result<(), alloc[2e1b2a31b91974c5]::string::String>>
[INFO] [stdout]   14:     0x5fa97588c545 - test[aada8e7e76ba119b]::run_test::{closure#0}
[INFO] [stdout]   15:     0x5fa975885e34 - std[617be2ca0a6fd877]::sys::backtrace::__rust_begin_short_backtrace::<test[aada8e7e76ba119b]::run_test::{closure#1}, ()>
[INFO] [stdout]   16:     0x5fa97588f5d2 - <std[617be2ca0a6fd877]::thread::lifecycle::spawn_unchecked<test[aada8e7e76ba119b]::run_test::{closure#1}, ()>::{closure#1} as core[a373ad73a504971]::ops::function::FnOnce<()>>::call_once::{shim:vtable#0}
[INFO] [stdout]   17:     0x5fa975905def - <std[617be2ca0a6fd877]::sys::thread::unix::Thread>::new::thread_start
[INFO] [stdout]   18:     0x77d77f9c0dfa - <unknown>
[INFO] [stdout]   19:     0x77d77fa543d4 - clone
[INFO] [stdout]   20:                0x0 - <unknown>
[INFO] [stdout] 
[INFO] [stdout] ---- test_check_quiet_failure stdout ----
[INFO] [stdout] 
[INFO] [stdout] thread 'test_check_quiet_failure' (1548) panicked at /opt/rustwide/cargo-home/registry/src/index.crates.io-1949cf8c6b5b557f/assert_cmd-2.1.2/src/cmd.rs:659:17:
[INFO] [stdout] Failed to spawn Command { cmd: "/opt/rustwide/target/release/jasn" "check" "--quiet" "/opt/rustwide/workdir/examples/invalid/invalid_escape.jasn", stdin: None, timeout: None }: No such file or directory (os error 2)
[INFO] [stdout] stack backtrace:
[INFO] [stdout]    0:     0x5fa975906971 - <<std[617be2ca0a6fd877]::sys::backtrace::BacktraceLock>::print::DisplayBacktrace as core[a373ad73a504971]::fmt::Display>::fmt
[INFO] [stdout]    1:     0x5fa97591c96a - core[a373ad73a504971]::fmt::write
[INFO] [stdout]    2:     0x5fa97590bf7c - <alloc[2e1b2a31b91974c5]::vec::Vec<u8> as core[a373ad73a504971]::io::write::Write>::write_fmt
[INFO] [stdout]    3:     0x5fa9758e2456 - std[617be2ca0a6fd877]::panicking::default_hook::{closure#0}
[INFO] [stdout]    4:     0x5fa9758feb49 - std[617be2ca0a6fd877]::panicking::default_hook
[INFO] [stdout]    5:     0x5fa97588bf20 - test[aada8e7e76ba119b]::test_main_inner::{closure#0}
[INFO] [stdout]    6:     0x5fa9758fed02 - std[617be2ca0a6fd877]::panicking::panic_with_hook
[INFO] [stdout]    7:     0x5fa9758e2502 - std[617be2ca0a6fd877]::panicking::panic_handler::{closure#0}
[INFO] [stdout]    8:     0x5fa9758dafd9 - std[617be2ca0a6fd877]::sys::backtrace::__rust_end_short_backtrace::<std[617be2ca0a6fd877]::panicking::panic_handler::{closure#0}, !>
[INFO] [stdout]    9:     0x5fa9758e310d - __rustc[ea4f61d10b84890b]::rust_begin_unwind
[INFO] [stdout]   10:     0x5fa97591d11c - core[a373ad73a504971]::panicking::panic_fmt
[INFO] [stdout]   11:     0x5fa9758c4c19 - <&mut assert_cmd[92f3f43aa0f3e6a1]::cmd::Command as assert_cmd[92f3f43aa0f3e6a1]::assert::OutputAssertExt>::assert
[INFO] [stdout]   12:     0x5fa97587b9d0 - <cli[dce239e02a6c49bc]::test_check_quiet_failure::{closure#0} as core[a373ad73a504971]::ops::function::FnOnce<()>>::call_once
[INFO] [stdout]   13:     0x5fa97587f36b - test[aada8e7e76ba119b]::__rust_begin_short_backtrace::<core[a373ad73a504971]::result::Result<(), alloc[2e1b2a31b91974c5]::string::String>, fn() -> core[a373ad73a504971]::result::Result<(), alloc[2e1b2a31b91974c5]::string::String>>
[INFO] [stdout]   14:     0x5fa97588c545 - test[aada8e7e76ba119b]::run_test::{closure#0}
[INFO] [stdout]   15:     0x5fa975885e34 - std[617be2ca0a6fd877]::sys::backtrace::__rust_begin_short_backtrace::<test[aada8e7e76ba119b]::run_test::{closure#1}, ()>
[INFO] [stdout]   16:     0x5fa97588f5d2 - <std[617be2ca0a6fd877]::thread::lifecycle::spawn_unchecked<test[aada8e7e76ba119b]::run_test::{closure#1}, ()>::{closure#1} as core[a373ad73a504971]::ops::function::FnOnce<()>>::call_once::{shim:vtable#0}
[INFO] [stdout]   17:     0x5fa975905def - <std[617be2ca0a6fd877]::sys::thread::unix::Thread>::new::thread_start
[INFO] [stdout]   18:     0x77d77f9c0dfa - <unknown>
[INFO] [stdout]   19:     0x77d77fa543d4 - clone
[INFO] [stdout]   20:                0x0 - <unknown>
[INFO] [stdout] 
[INFO] [stdout] ---- test_format_check_invalid stdout ----
[INFO] [stdout] 
[INFO] [stdout] thread 'test_format_check_invalid' (1567) panicked at /opt/rustwide/cargo-home/registry/src/index.crates.io-1949cf8c6b5b557f/assert_cmd-2.1.2/src/cmd.rs:659:17:
[INFO] [stdout] Failed to spawn Command { cmd: "/opt/rustwide/target/release/jasn" "format" "--check-format", stdin: Some("{\"test\":123}"), timeout: None }: No such file or directory (os error 2)
[INFO] [stdout] stack backtrace:
[INFO] [stdout]    0:     0x5fa975906971 - <<std[617be2ca0a6fd877]::sys::backtrace::BacktraceLock>::print::DisplayBacktrace as core[a373ad73a504971]::fmt::Display>::fmt
[INFO] [stdout]    1:     0x5fa97591c96a - core[a373ad73a504971]::fmt::write
[INFO] [stdout]    2:     0x5fa97590bf7c - <alloc[2e1b2a31b91974c5]::vec::Vec<u8> as core[a373ad73a504971]::io::write::Write>::write_fmt
[INFO] [stdout]    3:     0x5fa9758e2456 - std[617be2ca0a6fd877]::panicking::default_hook::{closure#0}
[INFO] [stdout]    4:     0x5fa9758feb49 - std[617be2ca0a6fd877]::panicking::default_hook
[INFO] [stdout]    5:     0x5fa97588bf20 - test[aada8e7e76ba119b]::test_main_inner::{closure#0}
[INFO] [stdout]    6:     0x5fa9758fed02 - std[617be2ca0a6fd877]::panicking::panic_with_hook
[INFO] [stdout]    7:     0x5fa9758e2502 - std[617be2ca0a6fd877]::panicking::panic_handler::{closure#0}
[INFO] [stdout]    8:     0x5fa9758dafd9 - std[617be2ca0a6fd877]::sys::backtrace::__rust_end_short_backtrace::<std[617be2ca0a6fd877]::panicking::panic_handler::{closure#0}, !>
[INFO] [stdout]    9:     0x5fa9758e310d - __rustc[ea4f61d10b84890b]::rust_begin_unwind
[INFO] [stdout]   10:     0x5fa97591d11c - core[a373ad73a504971]::panicking::panic_fmt
[INFO] [stdout]   11:     0x5fa9758c4c19 - <&mut assert_cmd[92f3f43aa0f3e6a1]::cmd::Command as assert_cmd[92f3f43aa0f3e6a1]::assert::OutputAssertExt>::assert
[INFO] [stdout]   12:     0x5fa97587c607 - <cli[dce239e02a6c49bc]::test_format_check_invalid::{closure#0} as core[a373ad73a504971]::ops::function::FnOnce<()>>::call_once
[INFO] [stdout]   13:     0x5fa97587f36b - test[aada8e7e76ba119b]::__rust_begin_short_backtrace::<core[a373ad73a504971]::result::Result<(), alloc[2e1b2a31b91974c5]::string::String>, fn() -> core[a373ad73a504971]::result::Result<(), alloc[2e1b2a31b91974c5]::string::String>>
[INFO] [stdout]   14:     0x5fa97588c545 - test[aada8e7e76ba119b]::run_test::{closure#0}
[INFO] [stdout]   15:     0x5fa975885e34 - std[617be2ca0a6fd877]::sys::backtrace::__rust_begin_short_backtrace::<test[aada8e7e76ba119b]::run_test::{closure#1}, ()>
[INFO] [stdout]   16:     0x5fa97588f5d2 - <std[617be2ca0a6fd877]::thread::lifecycle::spawn_unchecked<test[aada8e7e76ba119b]::run_test::{closure#1}, ()>::{closure#1} as core[a373ad73a504971]::ops::function::FnOnce<()>>::call_once::{shim:vtable#0}
[INFO] [stdout]   17:     0x5fa975905def - <std[617be2ca0a6fd877]::sys::thread::unix::Thread>::new::thread_start
[INFO] [stdout]   18:     0x77d77f9c0dfa - <unknown>
[INFO] [stdout]   19:     0x77d77fa543d4 - clone
[INFO] [stdout]   20:                0x0 - <unknown>
[INFO] [stdout] 
[INFO] [stdout] ---- test_format_check_valid stdout ----
[INFO] [stdout] 
[INFO] [stdout] thread 'test_format_check_valid' (1568) panicked at tests/cli.rs:66:10:
[INFO] [stdout] called `Result::unwrap()` on an `Err` value: Os { code: 2, kind: NotFound, message: "No such file or directory" }
[INFO] [stdout] stack backtrace:
[INFO] [stdout]    0:     0x5fa975906971 - <<std[617be2ca0a6fd877]::sys::backtrace::BacktraceLock>::print::DisplayBacktrace as core[a373ad73a504971]::fmt::Display>::fmt
[INFO] [stdout]    1:     0x5fa97591c96a - core[a373ad73a504971]::fmt::write
[INFO] [stdout]    2:     0x5fa97590bf7c - <alloc[2e1b2a31b91974c5]::vec::Vec<u8> as core[a373ad73a504971]::io::write::Write>::write_fmt
[INFO] [stdout]    3:     0x5fa9758e2456 - std[617be2ca0a6fd877]::panicking::default_hook::{closure#0}
[INFO] [stdout]    4:     0x5fa9758feb49 - std[617be2ca0a6fd877]::panicking::default_hook
[INFO] [stdout]    5:     0x5fa97588bf20 - test[aada8e7e76ba119b]::test_main_inner::{closure#0}
[INFO] [stdout]    6:     0x5fa9758fed02 - std[617be2ca0a6fd877]::panicking::panic_with_hook
[INFO] [stdout]    7:     0x5fa9758e2502 - std[617be2ca0a6fd877]::panicking::panic_handler::{closure#0}
[INFO] [stdout]    8:     0x5fa9758dafd9 - std[617be2ca0a6fd877]::sys::backtrace::__rust_end_short_backtrace::<std[617be2ca0a6fd877]::panicking::panic_handler::{closure#0}, !>
[INFO] [stdout]    9:     0x5fa9758e310d - __rustc[ea4f61d10b84890b]::rust_begin_unwind
[INFO] [stdout]   10:     0x5fa97591d11c - core[a373ad73a504971]::panicking::panic_fmt
[INFO] [stdout]   11:     0x5fa97591cef2 - core[a373ad73a504971]::result::unwrap_failed
[INFO] [stdout]   12:     0x5fa97587b20a - <cli[dce239e02a6c49bc]::test_format_check_valid::{closure#0} as core[a373ad73a504971]::ops::function::FnOnce<()>>::call_once
[INFO] [stdout]   13:     0x5fa97587f36b - test[aada8e7e76ba119b]::__rust_begin_short_backtrace::<core[a373ad73a504971]::result::Result<(), alloc[2e1b2a31b91974c5]::string::String>, fn() -> core[a373ad73a504971]::result::Result<(), alloc[2e1b2a31b91974c5]::string::String>>
[INFO] [stdout]   14:     0x5fa97588c545 - test[aada8e7e76ba119b]::run_test::{closure#0}
[INFO] [stdout]   15:     0x5fa975885e34 - std[617be2ca0a6fd877]::sys::backtrace::__rust_begin_short_backtrace::<test[aada8e7e76ba119b]::run_test::{closure#1}, ()>
[INFO] [stdout]   16:     0x5fa97588f5d2 - <std[617be2ca0a6fd877]::thread::lifecycle::spawn_unchecked<test[aada8e7e76ba119b]::run_test::{closure#1}, ()>::{closure#1} as core[a373ad73a504971]::ops::function::FnOnce<()>>::call_once::{shim:vtable#0}
[INFO] [stdout]   17:     0x5fa975905def - <std[617be2ca0a6fd877]::sys::thread::unix::Thread>::new::thread_start
[INFO] [stdout]   18:     0x77d77f9c0dfa - <unknown>
[INFO] [stdout]   19:     0x77d77fa543d4 - clone
[INFO] [stdout]   20:                0x0 - <unknown>
[INFO] [stdout] 
[INFO] [stdout] ---- test_check_verbose stdout ----
[INFO] [stdout] 
[INFO] [stdout] thread 'test_check_verbose' (1559) panicked at /opt/rustwide/cargo-home/registry/src/index.crates.io-1949cf8c6b5b557f/assert_cmd-2.1.2/src/cmd.rs:659:17:
[INFO] [stdout] Failed to spawn Command { cmd: "/opt/rustwide/target/release/jasn" "check" "--verbose", stdin: Some("{\"test\": 123}"), timeout: None }: No such file or directory (os error 2)
[INFO] [stdout] stack backtrace:
[INFO] [stdout]    0:     0x5fa975906971 - <<std[617be2ca0a6fd877]::sys::backtrace::BacktraceLock>::print::DisplayBacktrace as core[a373ad73a504971]::fmt::Display>::fmt
[INFO] [stdout]    1:     0x5fa97591c96a - core[a373ad73a504971]::fmt::write
[INFO] [stdout]    2:     0x5fa97590bf7c - <alloc[2e1b2a31b91974c5]::vec::Vec<u8> as core[a373ad73a504971]::io::write::Write>::write_fmt
[INFO] [stdout]    3:     0x5fa9758e2456 - std[617be2ca0a6fd877]::panicking::default_hook::{closure#0}
[INFO] [stdout]    4:     0x5fa9758feb49 - std[617be2ca0a6fd877]::panicking::default_hook
[INFO] [stdout]    5:     0x5fa97588bf20 - test[aada8e7e76ba119b]::test_main_inner::{closure#0}
[INFO] [stdout]    6:     0x5fa9758fed02 - std[617be2ca0a6fd877]::panicking::panic_with_hook
[INFO] [stdout]    7:     0x5fa9758e2502 - std[617be2ca0a6fd877]::panicking::panic_handler::{closure#0}
[INFO] [stdout]    8:     0x5fa9758dafd9 - std[617be2ca0a6fd877]::sys::backtrace::__rust_end_short_backtrace::<std[617be2ca0a6fd877]::panicking::panic_handler::{closure#0}, !>
[INFO] [stdout]    9:     0x5fa9758e310d - __rustc[ea4f61d10b84890b]::rust_begin_unwind
[INFO] [stdout]   10:     0x5fa97591d11c - core[a373ad73a504971]::panicking::panic_fmt
[INFO] [stdout]   11:     0x5fa9758c4c19 - <&mut assert_cmd[92f3f43aa0f3e6a1]::cmd::Command as assert_cmd[92f3f43aa0f3e6a1]::assert::OutputAssertExt>::assert
[INFO] [stdout]   12:     0x5fa97587a037 - <cli[dce239e02a6c49bc]::test_check_verbose::{closure#0} as core[a373ad73a504971]::ops::function::FnOnce<()>>::call_once
[INFO] [stdout]   13:     0x5fa97587f36b - test[aada8e7e76ba119b]::__rust_begin_short_backtrace::<core[a373ad73a504971]::result::Result<(), alloc[2e1b2a31b91974c5]::string::String>, fn() -> core[a373ad73a504971]::result::Result<(), alloc[2e1b2a31b91974c5]::string::String>>
[INFO] [stdout]   14:     0x5fa97588c545 - test[aada8e7e76ba119b]::run_test::{closure#0}
[INFO] [stdout]   15:     0x5fa975885e34 - std[617be2ca0a6fd877]::sys::backtrace::__rust_begin_short_backtrace::<test[aada8e7e76ba119b]::run_test::{closure#1}, ()>
[INFO] [stdout]   16:     0x5fa97588f5d2 - <std[617be2ca0a6fd877]::thread::lifecycle::spawn_unchecked<test[aada8e7e76ba119b]::run_test::{closure#1}, ()>::{closure#1} as core[a373ad73a504971]::ops::function::FnOnce<()>>::call_once::{shim:vtable#0}
[INFO] [stdout]   17:     0x5fa975905def - <std[617be2ca0a6fd877]::sys::thread::unix::Thread>::new::thread_start
[INFO] [stdout]   18:     0x77d77f9c0dfa - <unknown>
[INFO] [stdout]   19:     0x77d77fa543d4 - clone
[INFO] [stdout]   20:                0x0 - <unknown>
[INFO] [stdout] 
[INFO] [stdout] ---- test_check_nonexistent_file stdout ----
[INFO] [stdout] 
[INFO] [stdout] thread 'test_check_nonexistent_file' (1546) panicked at /opt/rustwide/cargo-home/registry/src/index.crates.io-1949cf8c6b5b557f/assert_cmd-2.1.2/src/cmd.rs:659:17:
[INFO] [stdout] Failed to spawn Command { cmd: "/opt/rustwide/target/release/jasn" "check" "/nonexistent/file.jasn", stdin: None, timeout: None }: No such file or directory (os error 2)
[INFO] [stdout] stack backtrace:
[INFO] [stdout]    0:     0x5fa975906971 - <<std[617be2ca0a6fd877]::sys::backtrace::BacktraceLock>::print::DisplayBacktrace as core[a373ad73a504971]::fmt::Display>::fmt
[INFO] [stdout]    1:     0x5fa97591c96a - core[a373ad73a504971]::fmt::write
[INFO] [stdout]    2:     0x5fa97590bf7c - <alloc[2e1b2a31b91974c5]::vec::Vec<u8> as core[a373ad73a504971]::io::write::Write>::write_fmt
[INFO] [stdout]    3:     0x5fa9758e2456 - std[617be2ca0a6fd877]::panicking::default_hook::{closure#0}
[INFO] [stdout]    4:     0x5fa9758feb49 - std[617be2ca0a6fd877]::panicking::default_hook
[INFO] [stdout]    5:     0x5fa97588bf20 - test[aada8e7e76ba119b]::test_main_inner::{closure#0}
[INFO] [stdout]    6:     0x5fa9758fed02 - std[617be2ca0a6fd877]::panicking::panic_with_hook
[INFO] [stdout]    7:     0x5fa9758e2502 - std[617be2ca0a6fd877]::panicking::panic_handler::{closure#0}
[INFO] [stdout]    8:     0x5fa9758dafd9 - std[617be2ca0a6fd877]::sys::backtrace::__rust_end_short_backtrace::<std[617be2ca0a6fd877]::panicking::panic_handler::{closure#0}, !>
[INFO] [stdout]    9:     0x5fa9758e310d - __rustc[ea4f61d10b84890b]::rust_begin_unwind
[INFO] [stdout]   10:     0x5fa97591d11c - core[a373ad73a504971]::panicking::panic_fmt
[INFO] [stdout]   11:     0x5fa9758c4c19 - <&mut assert_cmd[92f3f43aa0f3e6a1]::cmd::Command as assert_cmd[92f3f43aa0f3e6a1]::assert::OutputAssertExt>::assert
[INFO] [stdout]   12:     0x5fa97587cfd3 - <cli[dce239e02a6c49bc]::test_check_nonexistent_file::{closure#0} as core[a373ad73a504971]::ops::function::FnOnce<()>>::call_once
[INFO] [stdout]   13:     0x5fa97587f36b - test[aada8e7e76ba119b]::__rust_begin_short_backtrace::<core[a373ad73a504971]::result::Result<(), alloc[2e1b2a31b91974c5]::string::String>, fn() -> core[a373ad73a504971]::result::Result<(), alloc[2e1b2a31b91974c5]::string::String>>
[INFO] [stdout]   14:     0x5fa97588c545 - test[aada8e7e76ba119b]::run_test::{closure#0}
[INFO] [stdout]   15:     0x5fa975885e34 - std[617be2ca0a6fd877]::sys::backtrace::__rust_begin_short_backtrace::<test[aada8e7e76ba119b]::run_test::{closure#1}, ()>
[INFO] [stdout]   16:     0x5fa97588f5d2 - <std[617be2ca0a6fd877]::thread::lifecycle::spawn_unchecked<test[aada8e7e76ba119b]::run_test::{closure#1}, ()>::{closure#1} as core[a373ad73a504971]::ops::function::FnOnce<()>>::call_once::{shim:vtable#0}
[INFO] [stdout]   17:     0x5fa975905def - <std[617be2ca0a6fd877]::sys::thread::unix::Thread>::new::thread_start
[INFO] [stdout]   18:     0x77d77f9c0dfa - <unknown>
[INFO] [stdout]   19:     0x77d77fa543d4 - clone
[INFO] [stdout]   20:                0x0 - <unknown>
[INFO] [stdout] 
[INFO] [stdout] ---- test_completions_bash stdout ----
[INFO] [stdout] 
[INFO] [stdout] thread 'test_completions_bash' (1561) panicked at /opt/rustwide/cargo-home/registry/src/index.crates.io-1949cf8c6b5b557f/assert_cmd-2.1.2/src/cmd.rs:659:17:
[INFO] [stdout] Failed to spawn Command { cmd: "/opt/rustwide/target/release/jasn" "completions" "bash", stdin: None, timeout: None }: No such file or directory (os error 2)
[INFO] [stdout] stack backtrace:
[INFO] [stdout]    0:     0x5fa975906971 - <<std[617be2ca0a6fd877]::sys::backtrace::BacktraceLock>::print::DisplayBacktrace as core[a373ad73a504971]::fmt::Display>::fmt
[INFO] [stdout]    1:     0x5fa97591c96a - core[a373ad73a504971]::fmt::write
[INFO] [stdout]    2:     0x5fa97590bf7c - <alloc[2e1b2a31b91974c5]::vec::Vec<u8> as core[a373ad73a504971]::io::write::Write>::write_fmt
[INFO] [stdout]    3:     0x5fa9758e2456 - std[617be2ca0a6fd877]::panicking::default_hook::{closure#0}
[INFO] [stdout]    4:     0x5fa9758feb49 - std[617be2ca0a6fd877]::panicking::default_hook
[INFO] [stdout]    5:     0x5fa97588bf20 - test[aada8e7e76ba119b]::test_main_inner::{closure#0}
[INFO] [stdout]    6:     0x5fa9758fed02 - std[617be2ca0a6fd877]::panicking::panic_with_hook
[INFO] [stdout]    7:     0x5fa9758e2502 - std[617be2ca0a6fd877]::panicking::panic_handler::{closure#0}
[INFO] [stdout]    8:     0x5fa9758dafd9 - std[617be2ca0a6fd877]::sys::backtrace::__rust_end_short_backtrace::<std[617be2ca0a6fd877]::panicking::panic_handler::{closure#0}, !>
[INFO] [stdout]    9:     0x5fa9758e310d - __rustc[ea4f61d10b84890b]::rust_begin_unwind
[INFO] [stdout]   10:     0x5fa97591d11c - core[a373ad73a504971]::panicking::panic_fmt
[INFO] [stdout]   11:     0x5fa9758c4c19 - <&mut assert_cmd[92f3f43aa0f3e6a1]::cmd::Command as assert_cmd[92f3f43aa0f3e6a1]::assert::OutputAssertExt>::assert
[INFO] [stdout]   12:     0x5fa97587aaf3 - <cli[dce239e02a6c49bc]::test_completions_bash::{closure#0} as core[a373ad73a504971]::ops::function::FnOnce<()>>::call_once
[INFO] [stdout]   13:     0x5fa97587f36b - test[aada8e7e76ba119b]::__rust_begin_short_backtrace::<core[a373ad73a504971]::result::Result<(), alloc[2e1b2a31b91974c5]::string::String>, fn() -> core[a373ad73a504971]::result::Result<(), alloc[2e1b2a31b91974c5]::string::String>>
[INFO] [stdout]   14:     0x5fa97588c545 - test[aada8e7e76ba119b]::run_test::{closure#0}
[INFO] [stdout]   15:     0x5fa975885e34 - std[617be2ca0a6fd877]::sys::backtrace::__rust_begin_short_backtrace::<test[aada8e7e76ba119b]::run_test::{closure#1}, ()>
[INFO] [stdout]   16:     0x5fa97588f5d2 - <std[617be2ca0a6fd877]::thread::lifecycle::spawn_unchecked<test[aada8e7e76ba119b]::run_test::{closure#1}, ()>::{closure#1} as core[a373ad73a504971]::ops::function::FnOnce<()>>::call_once::{shim:vtable#0}
[INFO] [stdout]   17:     0x5fa975905def - <std[617be2ca0a6fd877]::sys::thread::unix::Thread>::new::thread_start
[INFO] [stdout]   18:     0x77d77f9c0dfa - <unknown>
[INFO] [stdout]   19:     0x77d77fa543d4 - clone
[INFO] [stdout]   20:                0x0 - <unknown>
[INFO] [stdout] 
[INFO] [stdout] ---- test_completions_zsh stdout ----
[INFO] [stdout] 
[INFO] [stdout] thread 'test_completions_zsh' (1562) panicked at /opt/rustwide/cargo-home/registry/src/index.crates.io-1949cf8c6b5b557f/assert_cmd-2.1.2/src/cmd.rs:659:17:
[INFO] [stdout] Failed to spawn Command { cmd: "/opt/rustwide/target/release/jasn" "completions" "zsh", stdin: None, timeout: None }: No such file or directory (os error 2)
[INFO] [stdout] stack backtrace:
[INFO] [stdout]    0:     0x5fa975906971 - <<std[617be2ca0a6fd877]::sys::backtrace::BacktraceLock>::print::DisplayBacktrace as core[a373ad73a504971]::fmt::Display>::fmt
[INFO] [stdout]    1:     0x5fa97591c96a - core[a373ad73a504971]::fmt::write
[INFO] [stdout]    2:     0x5fa97590bf7c - <alloc[2e1b2a31b91974c5]::vec::Vec<u8> as core[a373ad73a504971]::io::write::Write>::write_fmt
[INFO] [stdout]    3:     0x5fa9758e2456 - std[617be2ca0a6fd877]::panicking::default_hook::{closure#0}
[INFO] [stdout]    4:     0x5fa9758feb49 - std[617be2ca0a6fd877]::panicking::default_hook
[INFO] [stdout]    5:     0x5fa97588bf20 - test[aada8e7e76ba119b]::test_main_inner::{closure#0}
[INFO] [stdout]    6:     0x5fa9758fed02 - std[617be2ca0a6fd877]::panicking::panic_with_hook
[INFO] [stdout]    7:     0x5fa9758e2502 - std[617be2ca0a6fd877]::panicking::panic_handler::{closure#0}
[INFO] [stdout]    8:     0x5fa9758dafd9 - std[617be2ca0a6fd877]::sys::backtrace::__rust_end_short_backtrace::<std[617be2ca0a6fd877]::panicking::panic_handler::{closure#0}, !>
[INFO] [stdout]    9:     0x5fa9758e310d - __rustc[ea4f61d10b84890b]::rust_begin_unwind
[INFO] [stdout]   10:     0x5fa97591d11c - core[a373ad73a504971]::panicking::panic_fmt
[INFO] [stdout]   11:     0x5fa9758c4c19 - <&mut assert_cmd[92f3f43aa0f3e6a1]::cmd::Command as assert_cmd[92f3f43aa0f3e6a1]::assert::OutputAssertExt>::assert
[INFO] [stdout]   12:     0x5fa97587a563 - <cli[dce239e02a6c49bc]::test_completions_zsh::{closure#0} as core[a373ad73a504971]::ops::function::FnOnce<()>>::call_once
[INFO] [stdout]   13:     0x5fa97587f36b - test[aada8e7e76ba119b]::__rust_begin_short_backtrace::<core[a373ad73a504971]::result::Result<(), alloc[2e1b2a31b91974c5]::string::String>, fn() -> core[a373ad73a504971]::result::Result<(), alloc[2e1b2a31b91974c5]::string::String>>
[INFO] [stdout]   14:     0x5fa97588c545 - test[aada8e7e76ba119b]::run_test::{closure#0}
[INFO] [stdout]   15:     0x5fa975885e34 - std[617be2ca0a6fd877]::sys::backtrace::__rust_begin_short_backtrace::<test[aada8e7e76ba119b]::run_test::{closure#1}, ()>
[INFO] [stdout]   16:     0x5fa97588f5d2 - <std[617be2ca0a6fd877]::thread::lifecycle::spawn_unchecked<test[aada8e7e76ba119b]::run_test::{closure#1}, ()>::{closure#1} as core[a373ad73a504971]::ops::function::FnOnce<()>>::call_once::{shim:vtable#0}
[INFO] [stdout]   17:     0x5fa975905def - <std[617be2ca0a6fd877]::sys::thread::unix::Thread>::new::thread_start
[INFO] [stdout]   18:     0x77d77f9c0dfa - <unknown>
[INFO] [stdout]   19:     0x77d77fa543d4 - clone
[INFO] [stdout]   20:                0x0 - <unknown>
[INFO] [stdout] 
[INFO] [stdout] ---- test_format_compact stdout ----
[INFO] [stdout] 
[INFO] [stdout] thread 'test_format_compact' (1569) panicked at /opt/rustwide/cargo-home/registry/src/index.crates.io-1949cf8c6b5b557f/assert_cmd-2.1.2/src/cmd.rs:659:17:
[INFO] [stdout] Failed to spawn Command { cmd: "/opt/rustwide/target/release/jasn" "format" "--compact", stdin: Some("{\"test\": 123}"), timeout: None }: No such file or directory (os error 2)
[INFO] [stdout] stack backtrace:
[INFO] [stdout]    0:     0x5fa975906971 - <<std[617be2ca0a6fd877]::sys::backtrace::BacktraceLock>::print::DisplayBacktrace as core[a373ad73a504971]::fmt::Display>::fmt
[INFO] [stdout]    1:     0x5fa97591c96a - core[a373ad73a504971]::fmt::write
[INFO] [stdout]    2:     0x5fa97590bf7c - <alloc[2e1b2a31b91974c5]::vec::Vec<u8> as core[a373ad73a504971]::io::write::Write>::write_fmt
[INFO] [stdout]    3:     0x5fa9758e2456 - std[617be2ca0a6fd877]::panicking::default_hook::{closure#0}
[INFO] [stdout]    4:     0x5fa9758feb49 - std[617be2ca0a6fd877]::panicking::default_hook
[INFO] [stdout]    5:     0x5fa97588bf20 - test[aada8e7e76ba119b]::test_main_inner::{closure#0}
[INFO] [stdout]    6:     0x5fa9758fed02 - std[617be2ca0a6fd877]::panicking::panic_with_hook
[INFO] [stdout]    7:     0x5fa9758e2502 - std[617be2ca0a6fd877]::panicking::panic_handler::{closure#0}
[INFO] [stdout]    8:     0x5fa9758dafd9 - std[617be2ca0a6fd877]::sys::backtrace::__rust_end_short_backtrace::<std[617be2ca0a6fd877]::panicking::panic_handler::{closure#0}, !>
[INFO] [stdout]    9:     0x5fa9758e310d - __rustc[ea4f61d10b84890b]::rust_begin_unwind
[INFO] [stdout]   10:     0x5fa97591d11c - core[a373ad73a504971]::panicking::panic_fmt
[INFO] [stdout]   11:     0x5fa9758c4c19 - <&mut assert_cmd[92f3f43aa0f3e6a1]::cmd::Command as assert_cmd[92f3f43aa0f3e6a1]::assert::OutputAssertExt>::assert
[INFO] [stdout]   12:     0x5fa97587a2f7 - <cli[dce239e02a6c49bc]::test_format_compact::{closure#0} as core[a373ad73a504971]::ops::function::FnOnce<()>>::call_once
[INFO] [stdout]   13:     0x5fa97587f36b - test[aada8e7e76ba119b]::__rust_begin_short_backtrace::<core[a373ad73a504971]::result::Result<(), alloc[2e1b2a31b91974c5]::string::String>, fn() -> core[a373ad73a504971]::result::Result<(), alloc[2e1b2a31b91974c5]::string::String>>
[INFO] [stdout]   14:     0x5fa97588c545 - test[aada8e7e76ba119b]::run_test::{closure#0}
[INFO] [stdout]   15:     0x5fa975885e34 - std[617be2ca0a6fd877]::sys::backtrace::__rust_begin_short_backtrace::<test[aada8e7e76ba119b]::run_test::{closure#1}, ()>
[INFO] [stdout]   16:     0x5fa97588f5d2 - <std[617be2ca0a6fd877]::thread::lifecycle::spawn_unchecked<test[aada8e7e76ba119b]::run_test::{closure#1}, ()>::{closure#1} as core[a373ad73a504971]::ops::function::FnOnce<()>>::call_once::{shim:vtable#0}
[INFO] [stdout]   17:     0x5fa975905def - <std[617be2ca0a6fd877]::sys::thread::unix::Thread>::new::thread_start
[INFO] [stdout]   18:     0x77d77f9c0dfa - <unknown>
[INFO] [stdout]   19:     0x77d77fa543d4 - clone
[INFO] [stdout]   20:                0x0 - <unknown>
[INFO] [stdout] 
[INFO] [stdout] ---- test_format_custom_options stdout ----
[INFO] [stdout] 
[INFO] [stdout] thread 'test_format_custom_options' (1570) panicked at /opt/rustwide/cargo-home/registry/src/index.crates.io-1949cf8c6b5b557f/assert_cmd-2.1.2/src/cmd.rs:659:17:
[INFO] [stdout] Failed to spawn Command { cmd: "/opt/rustwide/target/release/jasn" "format" "--quotes" "single" "--binary" "hex" "--quote-keys", stdin: Some("{\"test\": \"value\", \"data\": b64\"SGVsbG8=\"}"), timeout: None }: No such file or directory (os error 2)
[INFO] [stdout] stack backtrace:
[INFO] [stdout]    0:     0x5fa975906971 - <<std[617be2ca0a6fd877]::sys::backtrace::BacktraceLock>::print::DisplayBacktrace as core[a373ad73a504971]::fmt::Display>::fmt
[INFO] [stdout]    1:     0x5fa97591c96a - core[a373ad73a504971]::fmt::write
[INFO] [stdout]    2:     0x5fa97590bf7c - <alloc[2e1b2a31b91974c5]::vec::Vec<u8> as core[a373ad73a504971]::io::write::Write>::write_fmt
[INFO] [stdout]    3:     0x5fa9758e2456 - std[617be2ca0a6fd877]::panicking::default_hook::{closure#0}
[INFO] [stdout]    4:     0x5fa9758feb49 - std[617be2ca0a6fd877]::panicking::default_hook
[INFO] [stdout]    5:     0x5fa97588bf20 - test[aada8e7e76ba119b]::test_main_inner::{closure#0}
[INFO] [stdout]    6:     0x5fa9758fed02 - std[617be2ca0a6fd877]::panicking::panic_with_hook
[INFO] [stdout]    7:     0x5fa9758e2502 - std[617be2ca0a6fd877]::panicking::panic_handler::{closure#0}
[INFO] [stdout]    8:     0x5fa9758dafd9 - std[617be2ca0a6fd877]::sys::backtrace::__rust_end_short_backtrace::<std[617be2ca0a6fd877]::panicking::panic_handler::{closure#0}, !>
[INFO] [stdout]    9:     0x5fa9758e310d - __rustc[ea4f61d10b84890b]::rust_begin_unwind
[INFO] [stdout]   10:     0x5fa97591d11c - core[a373ad73a504971]::panicking::panic_fmt
[INFO] [stdout]   11:     0x5fa9758c4c19 - <&mut assert_cmd[92f3f43aa0f3e6a1]::cmd::Command as assert_cmd[92f3f43aa0f3e6a1]::assert::OutputAssertExt>::assert
[INFO] [stdout]   12:     0x5fa97587c938 - <cli[dce239e02a6c49bc]::test_format_custom_options::{closure#0} as core[a373ad73a504971]::ops::function::FnOnce<()>>::call_once
[INFO] [stdout]   13:     0x5fa97587f36b - test[aada8e7e76ba119b]::__rust_begin_short_backtrace::<core[a373ad73a504971]::result::Result<(), alloc[2e1b2a31b91974c5]::string::String>, fn() -> core[a373ad73a504971]::result::Result<(), alloc[2e1b2a31b91974c5]::string::String>>
[INFO] [stdout]   14:     0x5fa97588c545 - test[aada8e7e76ba119b]::run_test::{closure#0}
[INFO] [stdout]   15:     0x5fa975885e34 - std[617be2ca0a6fd877]::sys::backtrace::__rust_begin_short_backtrace::<test[aada8e7e76ba119b]::run_test::{closure#1}, ()>
[INFO] [stdout]   16:     0x5fa97588f5d2 - <std[617be2ca0a6fd877]::thread::lifecycle::spawn_unchecked<test[aada8e7e76ba119b]::run_test::{closure#1}, ()>::{closure#1} as core[a373ad73a504971]::ops::function::FnOnce<()>>::call_once::{shim:vtable#0}
[INFO] [stdout]   17:     0x5fa975905def - <std[617be2ca0a6fd877]::sys::thread::unix::Thread>::new::thread_start
[INFO] [stdout]   18:     0x77d77f9c0dfa - <unknown>
[INFO] [stdout]   19:     0x77d77fa543d4 - clone
[INFO] [stdout]   20:                0x0 - <unknown>
[INFO] [stdout] 
[INFO] [stdout] ---- test_format_file stdout ----
[INFO] [stdout] 
[INFO] [stdout] thread 'test_format_file' (1571) panicked at /opt/rustwide/cargo-home/registry/src/index.crates.io-1949cf8c6b5b557f/assert_cmd-2.1.2/src/cmd.rs:659:17:
[INFO] [stdout] Failed to spawn Command { cmd: "/opt/rustwide/target/release/jasn" "format" "/opt/rustwide/workdir/examples/valid/basic.jasn", stdin: None, timeout: None }: No such file or directory (os error 2)
[INFO] [stdout] stack backtrace:
[INFO] [stdout]    0:     0x5fa975906971 - <<std[617be2ca0a6fd877]::sys::backtrace::BacktraceLock>::print::DisplayBacktrace as core[a373ad73a504971]::fmt::Display>::fmt
[INFO] [stdout]    1:     0x5fa97591c96a - core[a373ad73a504971]::fmt::write
[INFO] [stdout]    2:     0x5fa97590bf7c - <alloc[2e1b2a31b91974c5]::vec::Vec<u8> as core[a373ad73a504971]::io::write::Write>::write_fmt
[INFO] [stdout]    3:     0x5fa9758e2456 - std[617be2ca0a6fd877]::panicking::default_hook::{closure#0}
[INFO] [stdout]    4:     0x5fa9758feb49 - std[617be2ca0a6fd877]::panicking::default_hook
[INFO] [stdout]    5:     0x5fa97588bf20 - test[aada8e7e76ba119b]::test_main_inner::{closure#0}
[INFO] [stdout]    6:     0x5fa9758fed02 - std[617be2ca0a6fd877]::panicking::panic_with_hook
[INFO] [stdout]    7:     0x5fa9758e2502 - std[617be2ca0a6fd877]::panicking::panic_handler::{closure#0}
[INFO] [stdout]    8:     0x5fa9758dafd9 - std[617be2ca0a6fd877]::sys::backtrace::__rust_end_short_backtrace::<std[617be2ca0a6fd877]::panicking::panic_handler::{closure#0}, !>
[INFO] [stdout]    9:     0x5fa9758e310d - __rustc[ea4f61d10b84890b]::rust_begin_unwind
[INFO] [stdout]   10:     0x5fa97591d11c - core[a373ad73a504971]::panicking::panic_fmt
[INFO] [stdout]   11:     0x5fa9758c4c19 - <&mut assert_cmd[92f3f43aa0f3e6a1]::cmd::Command as assert_cmd[92f3f43aa0f3e6a1]::assert::OutputAssertExt>::assert
[INFO] [stdout]   12:     0x5fa975879436 - <cli[dce239e02a6c49bc]::test_format_file::{closure#0} as core[a373ad73a504971]::ops::function::FnOnce<()>>::call_once
[INFO] [stdout]   13:     0x5fa97587f36b - test[aada8e7e76ba119b]::__rust_begin_short_backtrace::<core[a373ad73a504971]::result::Result<(), alloc[2e1b2a31b91974c5]::string::String>, fn() -> core[a373ad73a504971]::result::Result<(), alloc[2e1b2a31b91974c5]::string::String>>
[INFO] [stdout]   14:     0x5fa97588c545 - test[aada8e7e76ba119b]::run_test::{closure#0}
[INFO] [stdout]   15:     0x5fa975885e34 - std[617be2ca0a6fd877]::sys::backtrace::__rust_begin_short_backtrace::<test[aada8e7e76ba119b]::run_test::{closure#1}, ()>
[INFO] [stdout]   16:     0x5fa97588f5d2 - <std[617be2ca0a6fd877]::thread::lifecycle::spawn_unchecked<test[aada8e7e76ba119b]::run_test::{closure#1}, ()>::{closure#1} as core[a373ad73a504971]::ops::function::FnOnce<()>>::call_once::{shim:vtable#0}
[INFO] [stdout]   17:     0x5fa975905def - <std[617be2ca0a6fd877]::sys::thread::unix::Thread>::new::thread_start
[INFO] [stdout]   18:     0x77d77f9c0dfa - <unknown>
[INFO] [stdout]   19:     0x77d77fa543d4 - clone
[INFO] [stdout]   20:                0x0 - <unknown>
[INFO] [stdout] 
[INFO] [stdout] ---- test_format_output_stdout_explicit stdout ----
[INFO] [stdout] 
[INFO] [stdout] thread 'test_format_output_stdout_explicit' (1581) panicked at /opt/rustwide/cargo-home/registry/src/index.crates.io-1949cf8c6b5b557f/assert_cmd-2.1.2/src/cmd.rs:659:17:
[INFO] [stdout] Failed to spawn Command { cmd: "/opt/rustwide/target/release/jasn" "format" "-o" "-", stdin: Some("{\"test\": 123}"), timeout: None }: No such file or directory (os error 2)
[INFO] [stdout] stack backtrace:
[INFO] [stdout]    0:     0x5fa975906971 - <<std[617be2ca0a6fd877]::sys::backtrace::BacktraceLock>::print::DisplayBacktrace as core[a373ad73a504971]::fmt::Display>::fmt
[INFO] [stdout]    1:     0x5fa97591c96a - core[a373ad73a504971]::fmt::write
[INFO] [stdout]    2:     0x5fa97590bf7c - <alloc[2e1b2a31b91974c5]::vec::Vec<u8> as core[a373ad73a504971]::io::write::Write>::write_fmt
[INFO] [stdout]    3:     0x5fa9758e2456 - std[617be2ca0a6fd877]::panicking::default_hook::{closure#0}
[INFO] [stdout]    4:     0x5fa9758feb49 - std[617be2ca0a6fd877]::panicking::default_hook
[INFO] [stdout]    5:     0x5fa97588bf20 - test[aada8e7e76ba119b]::test_main_inner::{closure#0}
[INFO] [stdout]    6:     0x5fa9758fed02 - std[617be2ca0a6fd877]::panicking::panic_with_hook
[INFO] [stdout]    7:     0x5fa9758e2502 - std[617be2ca0a6fd877]::panicking::panic_handler::{closure#0}
[INFO] [stdout]    8:     0x5fa9758dafd9 - std[617be2ca0a6fd877]::sys::backtrace::__rust_end_short_backtrace::<std[617be2ca0a6fd877]::panicking::panic_handler::{closure#0}, !>
[INFO] [stdout]    9:     0x5fa9758e310d - __rustc[ea4f61d10b84890b]::rust_begin_unwind
[INFO] [stdout]   10:     0x5fa97591d11c - core[a373ad73a504971]::panicking::panic_fmt
[INFO] [stdout]   11:     0x5fa9758c4c19 - <&mut assert_cmd[92f3f43aa0f3e6a1]::cmd::Command as assert_cmd[92f3f43aa0f3e6a1]::assert::OutputAssertExt>::assert
[INFO] [stdout]   12:     0x5fa97587da81 - <cli[dce239e02a6c49bc]::test_format_output_stdout_explicit::{closure#0} as core[a373ad73a504971]::ops::function::FnOnce<()>>::call_once
[INFO] [stdout]   13:     0x5fa97587f36b - test[aada8e7e76ba119b]::__rust_begin_short_backtrace::<core[a373ad73a504971]::result::Result<(), alloc[2e1b2a31b91974c5]::string::String>, fn() -> core[a373ad73a504971]::result::Result<(), alloc[2e1b2a31b91974c5]::string::String>>
[INFO] [stdout]   14:     0x5fa97588c545 - test[aada8e7e76ba119b]::run_test::{closure#0}
[INFO] [stdout]   15:     0x5fa975885e34 - std[617be2ca0a6fd877]::sys::backtrace::__rust_begin_short_backtrace::<test[aada8e7e76ba119b]::run_test::{closure#1}, ()>
[INFO] [stdout]   16:     0x5fa97588f5d2 - <std[617be2ca0a6fd877]::thread::lifecycle::spawn_unchecked<test[aada8e7e76ba119b]::run_test::{closure#1}, ()>::{closure#1} as core[a373ad73a504971]::ops::function::FnOnce<()>>::call_once::{shim:vtable#0}
[INFO] [stdout]   17:     0x5fa975905def - <std[617be2ca0a6fd877]::sys::thread::unix::Thread>::new::thread_start
[INFO] [stdout]   18:     0x77d77f9c0dfa - <unknown>
[INFO] [stdout]   19:     0x77d77fa543d4 - clone
[INFO] [stdout]   20:                0x0 - <unknown>
[INFO] [stdout] 
[INFO] [stdout] ---- test_format_alias stdout ----
[INFO] [stdout] 
[INFO] [stdout] thread 'test_format_alias' (1566) panicked at /opt/rustwide/cargo-home/registry/src/index.crates.io-1949cf8c6b5b557f/assert_cmd-2.1.2/src/cmd.rs:659:17:
[INFO] [stdout] Failed to spawn Command { cmd: "/opt/rustwide/target/release/jasn" "fmt", stdin: Some("{\"test\": 123}"), timeout: None }: No such file or directory (os error 2)
[INFO] [stdout] stack backtrace:
[INFO] [stdout]    0:     0x5fa975906971 - <<std[617be2ca0a6fd877]::sys::backtrace::BacktraceLock>::print::DisplayBacktrace as core[a373ad73a504971]::fmt::Display>::fmt
[INFO] [stdout]    1:     0x5fa97591c96a - core[a373ad73a504971]::fmt::write
[INFO] [stdout]    2:     0x5fa97590bf7c - <alloc[2e1b2a31b91974c5]::vec::Vec<u8> as core[a373ad73a504971]::io::write::Write>::write_fmt
[INFO] [stdout]    3:     0x5fa9758e2456 - std[617be2ca0a6fd877]::panicking::default_hook::{closure#0}
[INFO] [stdout]    4:     0x5fa9758feb49 - std[617be2ca0a6fd877]::panicking::default_hook
[INFO] [stdout]    5:     0x5fa97588bf20 - test[aada8e7e76ba119b]::test_main_inner::{closure#0}
[INFO] [stdout]    6:     0x5fa9758fed02 - std[617be2ca0a6fd877]::panicking::panic_with_hook
[INFO] [stdout]    7:     0x5fa9758e2502 - std[617be2ca0a6fd877]::panicking::panic_handler::{closure#0}
[INFO] [stdout]    8:     0x5fa9758dafd9 - std[617be2ca0a6fd877]::sys::backtrace::__rust_end_short_backtrace::<std[617be2ca0a6fd877]::panicking::panic_handler::{closure#0}, !>
[INFO] [stdout]    9:     0x5fa9758e310d - __rustc[ea4f61d10b84890b]::rust_begin_unwind
[INFO] [stdout]   10:     0x5fa97591d11c - core[a373ad73a504971]::panicking::panic_fmt
[INFO] [stdout]   11:     0x5fa9758c4c19 - <&mut assert_cmd[92f3f43aa0f3e6a1]::cmd::Command as assert_cmd[92f3f43aa0f3e6a1]::assert::OutputAssertExt>::assert
[INFO] [stdout]   12:     0x5fa97587970d - <cli[dce239e02a6c49bc]::test_format_alias::{closure#0} as core[a373ad73a504971]::ops::function::FnOnce<()>>::call_once
[INFO] [stdout]   13:     0x5fa97587f36b - test[aada8e7e76ba119b]::__rust_begin_short_backtrace::<core[a373ad73a504971]::result::Result<(), alloc[2e1b2a31b91974c5]::string::String>, fn() -> core[a373ad73a504971]::result::Result<(), alloc[2e1b2a31b91974c5]::string::String>>
[INFO] [stdout]   14:     0x5fa97588c545 - test[aada8e7e76ba119b]::run_test::{closure#0}
[INFO] [stdout]   15:     0x5fa975885e34 - std[617be2ca0a6fd877]::sys::backtrace::__rust_begin_short_backtrace::<test[aada8e7e76ba119b]::run_test::{closure#1}, ()>
[INFO] [stdout]   16:     0x5fa97588f5d2 - <std[617be2ca0a6fd877]::thread::lifecycle::spawn_unchecked<test[aada8e7e76ba119b]::run_test::{closure#1}, ()>::{closure#1} as core[a373ad73a504971]::ops::function::FnOnce<()>>::call_once::{shim:vtable#0}
[INFO] [stdout]   17:     0x5fa975905def - <std[617be2ca0a6fd877]::sys::thread::unix::Thread>::new::thread_start
[INFO] [stdout]   18:     0x77d77f9c0dfa - <unknown>
[INFO] [stdout]   19:     0x77d77fa543d4 - clone
[INFO] [stdout]   20:                0x0 - <unknown>
[INFO] [stdout] 
[INFO] [stdout] ---- test_format_stdin stdout ----
[INFO] [stdout] 
[INFO] [stdout] thread 'test_format_stdin' (1584) panicked at /opt/rustwide/cargo-home/registry/src/index.crates.io-1949cf8c6b5b557f/assert_cmd-2.1.2/src/cmd.rs:659:17:
[INFO] [stdout] Failed to spawn Command { cmd: "/opt/rustwide/target/release/jasn" "format", stdin: Some("{\"test\": 123}"), timeout: None }: No such file or directory (os error 2)
[INFO] [stdout] stack backtrace:
[INFO] [stdout]    0:     0x5fa975906971 - <<std[617be2ca0a6fd877]::sys::backtrace::BacktraceLock>::print::DisplayBacktrace as core[a373ad73a504971]::fmt::Display>::fmt
[INFO] [stdout]    1:     0x5fa97591c96a - core[a373ad73a504971]::fmt::write
[INFO] [stdout]    2:     0x5fa97590bf7c - <alloc[2e1b2a31b91974c5]::vec::Vec<u8> as core[a373ad73a504971]::io::write::Write>::write_fmt
[INFO] [stdout]    3:     0x5fa9758e2456 - std[617be2ca0a6fd877]::panicking::default_hook::{closure#0}
[INFO] [stdout]    4:     0x5fa9758feb49 - std[617be2ca0a6fd877]::panicking::default_hook
[INFO] [stdout]    5:     0x5fa97588bf20 - test[aada8e7e76ba119b]::test_main_inner::{closure#0}
[INFO] [stdout]    6:     0x5fa9758fed02 - std[617be2ca0a6fd877]::panicking::panic_with_hook
[INFO] [stdout]    7:     0x5fa9758e2502 - std[617be2ca0a6fd877]::panicking::panic_handler::{closure#0}
[INFO] [stdout]    8:     0x5fa9758dafd9 - std[617be2ca0a6fd877]::sys::backtrace::__rust_end_short_backtrace::<std[617be2ca0a6fd877]::panicking::panic_handler::{closure#0}, !>
[INFO] [stdout]    9:     0x5fa9758e310d - __rustc[ea4f61d10b84890b]::rust_begin_unwind
[INFO] [stdout]   10:     0x5fa97591d11c - core[a373ad73a504971]::panicking::panic_fmt
[INFO] [stdout]   11:     0x5fa9758c4c19 - <&mut assert_cmd[92f3f43aa0f3e6a1]::cmd::Command as assert_cmd[92f3f43aa0f3e6a1]::assert::OutputAssertExt>::assert
[INFO] [stdout]   12:     0x5fa9758799ad - <cli[dce239e02a6c49bc]::test_format_stdin::{closure#0} as core[a373ad73a504971]::ops::function::FnOnce<()>>::call_once
[INFO] [stdout]   13:     0x5fa97587f36b - test[aada8e7e76ba119b]::__rust_begin_short_backtrace::<core[a373ad73a504971]::result::Result<(), alloc[2e1b2a31b91974c5]::string::String>, fn() -> core[a373ad73a504971]::result::Result<(), alloc[2e1b2a31b91974c5]::string::String>>
[INFO] [stdout]   14:     0x5fa97588c545 - test[aada8e7e76ba119b]::run_test::{closure#0}
[INFO] [stdout]   15:     0x5fa975885e34 - std[617be2ca0a6fd877]::sys::backtrace::__rust_begin_short_backtrace::<test[aada8e7e76ba119b]::run_test::{closure#1}, ()>
[INFO] [stdout]   16:     0x5fa97588f5d2 - <std[617be2ca0a6fd877]::thread::lifecycle::spawn_unchecked<test[aada8e7e76ba119b]::run_test::{closure#1}, ()>::{closure#1} as core[a373ad73a504971]::ops::function::FnOnce<()>>::call_once::{shim:vtable#0}
[INFO] [stdout]   17:     0x5fa975905def - <std[617be2ca0a6fd877]::sys::thread::unix::Thread>::new::thread_start
[INFO] [stdout]   18:     0x77d77f9c0dfa - <unknown>
[INFO] [stdout]   19:     0x77d77fa543d4 - clone
[INFO] [stdout]   20:                0x0 - <unknown>
[INFO] [stdout] 
[INFO] [stdout] ---- test_format_stdin_explicit stdout ----
[INFO] [stdout] 
[INFO] [stdout] thread 'test_format_stdin_explicit' (1585) panicked at /opt/rustwide/cargo-home/registry/src/index.crates.io-1949cf8c6b5b557f/assert_cmd-2.1.2/src/cmd.rs:659:17:
[INFO] [stdout] Failed to spawn Command { cmd: "/opt/rustwide/target/release/jasn" "format" "-", stdin: Some("{\"test\": 123}"), timeout: None }: No such file or directory (os error 2)
[INFO] [stdout] stack backtrace:
[INFO] [stdout]    0:     0x5fa975906971 - <<std[617be2ca0a6fd877]::sys::backtrace::BacktraceLock>::print::DisplayBacktrace as core[a373ad73a504971]::fmt::Display>::fmt
[INFO] [stdout]    1:     0x5fa97591c96a - core[a373ad73a504971]::fmt::write
[INFO] [stdout]    2:     0x5fa97590bf7c - <alloc[2e1b2a31b91974c5]::vec::Vec<u8> as core[a373ad73a504971]::io::write::Write>::write_fmt
[INFO] [stdout]    3:     0x5fa9758e2456 - std[617be2ca0a6fd877]::panicking::default_hook::{closure#0}
[INFO] [stdout]    4:     0x5fa9758feb49 - std[617be2ca0a6fd877]::panicking::default_hook
[INFO] [stdout]    5:     0x5fa97588bf20 - test[aada8e7e76ba119b]::test_main_inner::{closure#0}
[INFO] [stdout]    6:     0x5fa9758fed02 - std[617be2ca0a6fd877]::panicking::panic_with_hook
[INFO] [stdout]    7:     0x5fa9758e2502 - std[617be2ca0a6fd877]::panicking::panic_handler::{closure#0}
[INFO] [stdout]    8:     0x5fa9758dafd9 - std[617be2ca0a6fd877]::sys::backtrace::__rust_end_short_backtrace::<std[617be2ca0a6fd877]::panicking::panic_handler::{closure#0}, !>
[INFO] [stdout]    9:     0x5fa9758e310d - __rustc[ea4f61d10b84890b]::rust_begin_unwind
[INFO] [stdout]   10:     0x5fa97591d11c - core[a373ad73a504971]::panicking::panic_fmt
[INFO] [stdout]   11:     0x5fa9758c4c19 - <&mut assert_cmd[92f3f43aa0f3e6a1]::cmd::Command as assert_cmd[92f3f43aa0f3e6a1]::assert::OutputAssertExt>::assert
[INFO] [stdout]   12:     0x5fa97587cd67 - <cli[dce239e02a6c49bc]::test_format_stdin_explicit::{closure#0} as core[a373ad73a504971]::ops::function::FnOnce<()>>::call_once
[INFO] [stdout]   13:     0x5fa97587f36b - test[aada8e7e76ba119b]::__rust_begin_short_backtrace::<core[a373ad73a504971]::result::Result<(), alloc[2e1b2a31b91974c5]::string::String>, fn() -> core[a373ad73a504971]::result::Result<(), alloc[2e1b2a31b91974c5]::string::String>>
[INFO] [stdout]   14:     0x5fa97588c545 - test[aada8e7e76ba119b]::run_test::{closure#0}
[INFO] [stdout]   15:     0x5fa975885e34 - std[617be2ca0a6fd877]::sys::backtrace::__rust_begin_short_backtrace::<test[aada8e7e76ba119b]::run_test::{closure#1}, ()>
[INFO] [stdout]   16:     0x5fa97588f5d2 - <std[617be2ca0a6fd877]::thread::lifecycle::spawn_unchecked<test[aada8e7e76ba119b]::run_test::{closure#1}, ()>::{closure#1} as core[a373ad73a504971]::ops::function::FnOnce<()>>::call_once::{shim:vtable#0}
[INFO] [stdout]   17:     0x5fa975905def - <std[617be2ca0a6fd877]::sys::thread::unix::Thread>::new::thread_start
[INFO] [stdout]   18:     0x77d77f9c0dfa - <unknown>
[INFO] [stdout]   19:     0x77d77fa543d4 - clone
[INFO] [stdout]   20:                0x0 - <unknown>
[INFO] [stdout] 
[INFO] [stdout] ---- test_help_message stdout ----
[INFO] [stdout] 
[INFO] [stdout] thread 'test_help_message' (1587) panicked at /opt/rustwide/cargo-home/registry/src/index.crates.io-1949cf8c6b5b557f/assert_cmd-2.1.2/src/cmd.rs:659:17:
[INFO] [stdout] Failed to spawn Command { cmd: "/opt/rustwide/target/release/jasn" "--help", stdin: None, timeout: None }: No such file or directory (os error 2)
[INFO] [stdout] stack backtrace:
[INFO] [stdout]    0:     0x5fa975906971 - <<std[617be2ca0a6fd877]::sys::backtrace::BacktraceLock>::print::DisplayBacktrace as core[a373ad73a504971]::fmt::Display>::fmt
[INFO] [stdout]    1:     0x5fa97591c96a - core[a373ad73a504971]::fmt::write
[INFO] [stdout]    2:     0x5fa97590bf7c - <alloc[2e1b2a31b91974c5]::vec::Vec<u8> as core[a373ad73a504971]::io::write::Write>::write_fmt
[INFO] [stdout]    3:     0x5fa9758e2456 - std[617be2ca0a6fd877]::panicking::default_hook::{closure#0}
[INFO] [stdout]    4:     0x5fa9758feb49 - std[617be2ca0a6fd877]::panicking::default_hook
[INFO] [stdout]    5:     0x5fa97588bf20 - test[aada8e7e76ba119b]::test_main_inner::{closure#0}
[INFO] [stdout]    6:     0x5fa9758fed02 - std[617be2ca0a6fd877]::panicking::panic_with_hook
[INFO] [stdout]    7:     0x5fa9758e2502 - std[617be2ca0a6fd877]::panicking::panic_handler::{closure#0}
[INFO] [stdout]    8:     0x5fa9758dafd9 - std[617be2ca0a6fd877]::sys::backtrace::__rust_end_short_backtrace::<std[617be2ca0a6fd877]::panicking::panic_handler::{closure#0}, !>
[INFO] [stdout]    9:     0x5fa9758e310d - __rustc[ea4f61d10b84890b]::rust_begin_unwind
[INFO] [stdout]   10:     0x5fa97591d11c - core[a373ad73a504971]::panicking::panic_fmt
[INFO] [stdout]   11:     0x5fa9758c4c19 - <&mut assert_cmd[92f3f43aa0f3e6a1]::cmd::Command as assert_cmd[92f3f43aa0f3e6a1]::assert::OutputAssertExt>::assert
[INFO] [stdout]   12:     0x5fa975879bfc - <cli[dce239e02a6c49bc]::test_help_message::{closure#0} as core[a373ad73a504971]::ops::function::FnOnce<()>>::call_once
[INFO] [stdout]   13:     0x5fa97587f36b - test[aada8e7e76ba119b]::__rust_begin_short_backtrace::<core[a373ad73a504971]::result::Result<(), alloc[2e1b2a31b91974c5]::string::String>, fn() -> core[a373ad73a504971]::result::Result<(), alloc[2e1b2a31b91974c5]::string::String>>
[INFO] [stdout]   14:     0x5fa97588c545 - test[aada8e7e76ba119b]::run_test::{closure#0}
[INFO] [stdout]   15:     0x5fa975885e34 - std[617be2ca0a6fd877]::sys::backtrace::__rust_begin_short_backtrace::<test[aada8e7e76ba119b]::run_test::{closure#1}, ()>
[INFO] [stdout]   16:     0x5fa97588f5d2 - <std[617be2ca0a6fd877]::thread::lifecycle::spawn_unchecked<test[aada8e7e76ba119b]::run_test::{closure#1}, ()>::{closure#1} as core[a373ad73a504971]::ops::function::FnOnce<()>>::call_once::{shim:vtable#0}
[INFO] [stdout]   17:     0x5fa975905def - <std[617be2ca0a6fd877]::sys::thread::unix::Thread>::new::thread_start
[INFO] [stdout]   18:     0x77d77f9c0dfa - <unknown>
[INFO] [stdout]   19:     0x77d77fa543d4 - clone
[INFO] [stdout]   20:                0x0 - <unknown>
[INFO] [stdout] 
[INFO] [stdout] ---- test_version stdout ----
[INFO] [stdout] 
[INFO] [stdout] thread 'test_version' (1589) panicked at /opt/rustwide/cargo-home/registry/src/index.crates.io-1949cf8c6b5b557f/assert_cmd-2.1.2/src/cmd.rs:659:17:
[INFO] [stdout] Failed to spawn Command { cmd: "/opt/rustwide/target/release/jasn" "--version", stdin: None, timeout: None }: No such file or directory (os error 2)
[INFO] [stdout] stack backtrace:
[INFO] [stdout]    0:     0x5fa975906971 - <<std[617be2ca0a6fd877]::sys::backtrace::BacktraceLock>::print::DisplayBacktrace as core[a373ad73a504971]::fmt::Display>::fmt
[INFO] [stdout]    1:     0x5fa97591c96a - core[a373ad73a504971]::fmt::write
[INFO] [stdout]    2:     0x5fa97590bf7c - <alloc[2e1b2a31b91974c5]::vec::Vec<u8> as core[a373ad73a504971]::io::write::Write>::write_fmt
[INFO] [stdout]    3:     0x5fa9758e2456 - std[617be2ca0a6fd877]::panicking::default_hook::{closure#0}
[INFO] [stdout]    4:     0x5fa9758feb49 - std[617be2ca0a6fd877]::panicking::default_hook
[INFO] [stdout]    5:     0x5fa97588bf20 - test[aada8e7e76ba119b]::test_main_inner::{closure#0}
[INFO] [stdout]    6:     0x5fa9758fed02 - std[617be2ca0a6fd877]::panicking::panic_with_hook
[INFO] [stdout]    7:     0x5fa9758e2502 - std[617be2ca0a6fd877]::panicking::panic_handler::{closure#0}
[INFO] [stdout]    8:     0x5fa9758dafd9 - std[617be2ca0a6fd877]::sys::backtrace::__rust_end_short_backtrace::<std[617be2ca0a6fd877]::panicking::panic_handler::{closure#0}, !>
[INFO] [stdout]    9:     0x5fa9758e310d - __rustc[ea4f61d10b84890b]::rust_begin_unwind
[INFO] [stdout]   10:     0x5fa97591d11c - core[a373ad73a504971]::panicking::panic_fmt
[INFO] [stdout]   11:     0x5fa9758c4c19 - <&mut assert_cmd[92f3f43aa0f3e6a1]::cmd::Command as assert_cmd[92f3f43aa0f3e6a1]::assert::OutputAssertExt>::assert
[INFO] [stdout]   12:     0x5fa975878b89 - <cli[dce239e02a6c49bc]::test_version::{closure#0} as core[a373ad73a504971]::ops::function::FnOnce<()>>::call_once
[INFO] [stdout]   13:     0x5fa97587f36b - test[aada8e7e76ba119b]::__rust_begin_short_backtrace::<core[a373ad73a504971]::result::Result<(), alloc[2e1b2a31b91974c5]::string::String>, fn() -> core[a373ad73a504971]::result::Result<(), alloc[2e1b2a31b91974c5]::string::String>>
[INFO] [stdout]   14:     0x5fa97588c545 - test[aada8e7e76ba119b]::run_test::{closure#0}
[INFO] [stdout]   15:     0x5fa975885e34 - std[617be2ca0a6fd877]::sys::backtrace::__rust_begin_short_backtrace::<test[aada8e7e76ba119b]::run_test::{closure#1}, ()>
[INFO] [stdout]   16:     0x5fa97588f5d2 - <std[617be2ca0a6fd877]::thread::lifecycle::spawn_unchecked<test[aada8e7e76ba119b]::run_test::{closure#1}, ()>::{closure#1} as core[a373ad73a504971]::ops::function::FnOnce<()>>::call_once::{shim:vtable#0}
[INFO] [stdout]   17:     0x5fa975905def - <std[617be2ca0a6fd877]::sys::thread::unix::Thread>::new::thread_start
[INFO] [stdout]   18:     0x77d77f9c0dfa - <unknown>
[INFO] [stdout]   19:     0x77d77fa543d4 - clone
[INFO] [stdout]   20:                0x0 - <unknown>
[INFO] [stdout] 
[INFO] [stdout] ---- test_check_valid_file stdout ----
[INFO] [stdout] 
[INFO] [stdout] thread 'test_check_valid_file' (1557) panicked at /opt/rustwide/cargo-home/registry/src/index.crates.io-1949cf8c6b5b557f/assert_cmd-2.1.2/src/cmd.rs:659:17:
[INFO] [stdout] Failed to spawn Command { cmd: "/opt/rustwide/target/release/jasn" "check" "/opt/rustwide/workdir/examples/valid/basic.jasn", stdin: None, timeout: None }: No such file or directory (os error 2)
[INFO] [stdout] stack backtrace:
[INFO] [stdout]    0:     0x5fa975906971 - <<std[617be2ca0a6fd877]::sys::backtrace::BacktraceLock>::print::DisplayBacktrace as core[a373ad73a504971]::fmt::Display>::fmt
[INFO] [stdout]    1:     0x5fa97591c96a - core[a373ad73a504971]::fmt::write
[INFO] [stdout]    2:     0x5fa97590bf7c - <alloc[2e1b2a31b91974c5]::vec::Vec<u8> as core[a373ad73a504971]::io::write::Write>::write_fmt
[INFO] [stdout]    3:     0x5fa9758e2456 - std[617be2ca0a6fd877]::panicking::default_hook::{closure#0}
[INFO] [stdout]    4:     0x5fa9758feb49 - std[617be2ca0a6fd877]::panicking::default_hook
[INFO] [stdout]    5:     0x5fa97588bf20 - test[aada8e7e76ba119b]::test_main_inner::{closure#0}
[INFO] [stdout]    6:     0x5fa9758fed02 - std[617be2ca0a6fd877]::panicking::panic_with_hook
[INFO] [stdout]    7:     0x5fa9758e2502 - std[617be2ca0a6fd877]::panicking::panic_handler::{closure#0}
[INFO] [stdout]    8:     0x5fa9758dafd9 - std[617be2ca0a6fd877]::sys::backtrace::__rust_end_short_backtrace::<std[617be2ca0a6fd877]::panicking::panic_handler::{closure#0}, !>
[INFO] [stdout]    9:     0x5fa9758e310d - __rustc[ea4f61d10b84890b]::rust_begin_unwind
[INFO] [stdout]   10:     0x5fa97591d11c - core[a373ad73a504971]::panicking::panic_fmt
[INFO] [stdout]   11:     0x5fa9758c4c19 - <&mut assert_cmd[92f3f43aa0f3e6a1]::cmd::Command as assert_cmd[92f3f43aa0f3e6a1]::assert::OutputAssertExt>::assert
[INFO] [stdout]   12:     0x5fa97587a856 - <cli[dce239e02a6c49bc]::test_check_valid_file::{closure#0} as core[a373ad73a504971]::ops::function::FnOnce<()>>::call_once
[INFO] [stdout]   13:     0x5fa97587f36b - test[aada8e7e76ba119b]::__rust_begin_short_backtrace::<core[a373ad73a504971]::result::Result<(), alloc[2e1b2a31b91974c5]::string::String>, fn() -> core[a373ad73a504971]::result::Result<(), alloc[2e1b2a31b91974c5]::string::String>>
[INFO] [stdout]   14:     0x5fa97588c545 - test[aada8e7e76ba119b]::run_test::{closure#0}
[INFO] [stdout]   15:     0x5fa975885e34 - std[617be2ca0a6fd877]::sys::backtrace::__rust_begin_short_backtrace::<test[aada8e7e76ba119b]::run_test::{closure#1}, ()>
[INFO] [stdout]   16:     0x5fa97588f5d2 - <std[617be2ca0a6fd877]::thread::lifecycle::spawn_unchecked<test[aada8e7e76ba119b]::run_test::{closure#1}, ()>::{closure#1} as core[a373ad73a504971]::ops::function::FnOnce<()>>::call_once::{shim:vtable#0}
[INFO] [stdout]   17:     0x5fa975905def - <std[617be2ca0a6fd877]::sys::thread::unix::Thread>::new::thread_start
[INFO] [stdout]   18:     0x77d77f9c0dfa - <unknown>
[INFO] [stdout]   19:     0x77d77fa543d4 - clone
[INFO] [stdout]   20:                0x0 - <unknown>
[INFO] [stdout] 
[INFO] [stdout] ---- test_invalid_json_parse_error stdout ----
[INFO] [stdout] 
[INFO] [stdout] thread 'test_invalid_json_parse_error' (1588) panicked at /opt/rustwide/cargo-home/registry/src/index.crates.io-1949cf8c6b5b557f/assert_cmd-2.1.2/src/cmd.rs:659:17:
[INFO] [stdout] Failed to spawn Command { cmd: "/opt/rustwide/target/release/jasn" "format", stdin: Some("{\"test\": invalid}"), timeout: None }: No such file or directory (os error 2)
[INFO] [stdout] stack backtrace:
[INFO] [stdout]    0:     0x5fa975906971 - <<std[617be2ca0a6fd877]::sys::backtrace::BacktraceLock>::print::DisplayBacktrace as core[a373ad73a504971]::fmt::Display>::fmt
[INFO] [stdout]    1:     0x5fa97591c96a - core[a373ad73a504971]::fmt::write
[INFO] [stdout]    2:     0x5fa97590bf7c - <alloc[2e1b2a31b91974c5]::vec::Vec<u8> as core[a373ad73a504971]::io::write::Write>::write_fmt
[INFO] [stdout]    3:     0x5fa9758e2456 - std[617be2ca0a6fd877]::panicking::default_hook::{closure#0}
[INFO] [stdout]    4:     0x5fa9758feb49 - std[617be2ca0a6fd877]::panicking::default_hook
[INFO] [stdout]    5:     0x5fa97588bf20 - test[aada8e7e76ba119b]::test_main_inner::{closure#0}
[INFO] [stdout]    6:     0x5fa9758fed02 - std[617be2ca0a6fd877]::panicking::panic_with_hook
[INFO] [stdout]    7:     0x5fa9758e2502 - std[617be2ca0a6fd877]::panicking::panic_handler::{closure#0}
[INFO] [stdout]    8:     0x5fa9758dafd9 - std[617be2ca0a6fd877]::sys::backtrace::__rust_end_short_backtrace::<std[617be2ca0a6fd877]::panicking::panic_handler::{closure#0}, !>
[INFO] [stdout]    9:     0x5fa9758e310d - __rustc[ea4f61d10b84890b]::rust_begin_unwind
[INFO] [stdout]   10:     0x5fa97591d11c - core[a373ad73a504971]::panicking::panic_fmt
[INFO] [stdout]   11:     0x5fa9758c4c19 - <&mut assert_cmd[92f3f43aa0f3e6a1]::cmd::Command as assert_cmd[92f3f43aa0f3e6a1]::assert::OutputAssertExt>::assert
[INFO] [stdout]   12:     0x5fa97587d4ed - <cli[dce239e02a6c49bc]::test_invalid_json_parse_error::{closure#0} as core[a373ad73a504971]::ops::function::FnOnce<()>>::call_once
[INFO] [stdout]   13:     0x5fa97587f36b - test[aada8e7e76ba119b]::__rust_begin_short_backtrace::<core[a373ad73a504971]::result::Result<(), alloc[2e1b2a31b91974c5]::string::String>, fn() -> core[a373ad73a504971]::result::Result<(), alloc[2e1b2a31b91974c5]::string::String>>
[INFO] [stdout]   14:     0x5fa97588c545 - test[aada8e7e76ba119b]::run_test::{closure#0}
[INFO] [stdout]   15:     0x5fa975885e34 - std[617be2ca0a6fd877]::sys::backtrace::__rust_begin_short_backtrace::<test[aada8e7e76ba119b]::run_test::{closure#1}, ()>
[INFO] [stdout]   16:     0x5fa97588f5d2 - <std[617be2ca0a6fd877]::thread::lifecycle::spawn_unchecked<test[aada8e7e76ba119b]::run_test::{closure#1}, ()>::{closure#1} as core[a373ad73a504971]::ops::function::FnOnce<()>>::call_once::{shim:vtable#0}
[INFO] [stdout]   17:     0x5fa975905def - <std[617be2ca0a6fd877]::sys::thread::unix::Thread>::new::thread_start
[INFO] [stdout]   18:     0x77d77f9c0dfa - <unknown>
[INFO] [stdout]   19:     0x77d77fa543d4 - clone
[INFO] [stdout]   20:                0x0 - <unknown>
[INFO] [stdout] 
[INFO] [stdout] ---- test_format_no_trailing_commas stdout ----
[INFO] [stdout] 
[INFO] [stdout] thread 'test_format_no_trailing_commas' (1578) panicked at /opt/rustwide/cargo-home/registry/src/index.crates.io-1949cf8c6b5b557f/assert_cmd-2.1.2/src/cmd.rs:659:17:
[INFO] [stdout] Failed to spawn Command { cmd: "/opt/rustwide/target/release/jasn" "format" "--no-trailing-commas", stdin: Some("{\"test\": 123}"), timeout: None }: No such file or directory (os error 2)
[INFO] [stdout] stack backtrace:
[INFO] [stdout]    0:     0x5fa975906971 - <<std[617be2ca0a6fd877]::sys::backtrace::BacktraceLock>::print::DisplayBacktrace as core[a373ad73a504971]::fmt::Display>::fmt
[INFO] [stdout]    1:     0x5fa97591c96a - core[a373ad73a504971]::fmt::write
[INFO] [stdout]    2:     0x5fa97590bf7c - <alloc[2e1b2a31b91974c5]::vec::Vec<u8> as core[a373ad73a504971]::io::write::Write>::write_fmt
[INFO] [stdout]    3:     0x5fa9758e2456 - std[617be2ca0a6fd877]::panicking::default_hook::{closure#0}
[INFO] [stdout]    4:     0x5fa9758feb49 - std[617be2ca0a6fd877]::panicking::default_hook
[INFO] [stdout]    5:     0x5fa97588bf20 - test[aada8e7e76ba119b]::test_main_inner::{closure#0}
[INFO] [stdout]    6:     0x5fa9758fed02 - std[617be2ca0a6fd877]::panicking::panic_with_hook
[INFO] [stdout]    7:     0x5fa9758e2502 - std[617be2ca0a6fd877]::panicking::panic_handler::{closure#0}
[INFO] [stdout]    8:     0x5fa9758dafd9 - std[617be2ca0a6fd877]::sys::backtrace::__rust_end_short_backtrace::<std[617be2ca0a6fd877]::panicking::panic_handler::{closure#0}, !>
[INFO] [stdout]    9:     0x5fa9758e310d - __rustc[ea4f61d10b84890b]::rust_begin_unwind
[INFO] [stdout]   10:     0x5fa97591d11c - core[a373ad73a504971]::panicking::panic_fmt
[INFO] [stdout]   11:     0x5fa9758c4c19 - <&mut assert_cmd[92f3f43aa0f3e6a1]::cmd::Command as assert_cmd[92f3f43aa0f3e6a1]::assert::OutputAssertExt>::assert
[INFO] [stdout]   12:     0x5fa97587d7a7 - <cli[dce239e02a6c49bc]::test_format_no_trailing_commas::{closure#0} as core[a373ad73a504971]::ops::function::FnOnce<()>>::call_once
[INFO] [stdout]   13:     0x5fa97587f36b - test[aada8e7e76ba119b]::__rust_begin_short_backtrace::<core[a373ad73a504971]::result::Result<(), alloc[2e1b2a31b91974c5]::string::String>, fn() -> core[a373ad73a504971]::result::Result<(), alloc[2e1b2a31b91974c5]::string::String>>
[INFO] [stdout]   14:     0x5fa97588c545 - test[aada8e7e76ba119b]::run_test::{closure#0}
[INFO] [stdout]   15:     0x5fa975885e34 - std[617be2ca0a6fd877]::sys::backtrace::__rust_begin_short_backtrace::<test[aada8e7e76ba119b]::run_test::{closure#1}, ()>
[INFO] [stdout]   16:     0x5fa97588f5d2 - <std[617be2ca0a6fd877]::thread::lifecycle::spawn_unchecked<test[aada8e7e76ba119b]::run_test::{closure#1}, ()>::{closure#1} as core[a373ad73a504971]::ops::function::FnOnce<()>>::call_once::{shim:vtable#0}
[INFO] [stdout]   17:     0x5fa975905def - <std[617be2ca0a6fd877]::sys::thread::unix::Thread>::new::thread_start
[INFO] [stdout]   18:     0x77d77f9c0dfa - <unknown>
[INFO] [stdout]   19:     0x77d77fa543d4 - clone
[INFO] [stdout]   20:                0x0 - <unknown>
[INFO] [stdout] 
[INFO] [stdout] ---- test_format_nonexistent_file stdout ----
[INFO] [stdout] 
[INFO] [stdout] thread 'test_format_nonexistent_file' (1579) panicked at /opt/rustwide/cargo-home/registry/src/index.crates.io-1949cf8c6b5b557f/assert_cmd-2.1.2/src/cmd.rs:659:17:
[INFO] [stdout] Failed to spawn Command { cmd: "/opt/rustwide/target/release/jasn" "format" "/nonexistent/file.jasn", stdin: None, timeout: None }: No such file or directory (os error 2)
[INFO] [stdout] stack backtrace:
[INFO] [stdout]    0:     0x5fa975906971 - <<std[617be2ca0a6fd877]::sys::backtrace::BacktraceLock>::print::DisplayBacktrace as core[a373ad73a504971]::fmt::Display>::fmt
[INFO] [stdout]    1:     0x5fa97591c96a - core[a373ad73a504971]::fmt::write
[INFO] [stdout]    2:     0x5fa97590bf7c - <alloc[2e1b2a31b91974c5]::vec::Vec<u8> as core[a373ad73a504971]::io::write::Write>::write_fmt
[INFO] [stdout]    3:     0x5fa9758e2456 - std[617be2ca0a6fd877]::panicking::default_hook::{closure#0}
[INFO] [stdout]    4:     0x5fa9758feb49 - std[617be2ca0a6fd877]::panicking::default_hook
[INFO] [stdout]    5:     0x5fa97588bf20 - test[aada8e7e76ba119b]::test_main_inner::{closure#0}
[INFO] [stdout]    6:     0x5fa9758fed02 - std[617be2ca0a6fd877]::panicking::panic_with_hook
[INFO] [stdout]    7:     0x5fa9758e2502 - std[617be2ca0a6fd877]::panicking::panic_handler::{closure#0}
[INFO] [stdout]    8:     0x5fa9758dafd9 - std[617be2ca0a6fd877]::sys::backtrace::__rust_end_short_backtrace::<std[617be2ca0a6fd877]::panicking::panic_handler::{closure#0}, !>
[INFO] [stdout]    9:     0x5fa9758e310d - __rustc[ea4f61d10b84890b]::rust_begin_unwind
[INFO] [stdout]   10:     0x5fa97591d11c - core[a373ad73a504971]::panicking::panic_fmt
[INFO] [stdout]   11:     0x5fa9758c4c19 - <&mut assert_cmd[92f3f43aa0f3e6a1]::cmd::Command as assert_cmd[92f3f43aa0f3e6a1]::assert::OutputAssertExt>::assert
[INFO] [stdout]   12:     0x5fa97587d243 - <cli[dce239e02a6c49bc]::test_format_nonexistent_file::{closure#0} as core[a373ad73a504971]::ops::function::FnOnce<()>>::call_once
[INFO] [stdout]   13:     0x5fa97587f36b - test[aada8e7e76ba119b]::__rust_begin_short_backtrace::<core[a373ad73a504971]::result::Result<(), alloc[2e1b2a31b91974c5]::string::String>, fn() -> core[a373ad73a504971]::result::Result<(), alloc[2e1b2a31b91974c5]::string::String>>
[INFO] [stdout]   14:     0x5fa97588c545 - test[aada8e7e76ba119b]::run_test::{closure#0}
[INFO] [stdout]   15:     0x5fa975885e34 - std[617be2ca0a6fd877]::sys::backtrace::__rust_begin_short_backtrace::<test[aada8e7e76ba119b]::run_test::{closure#1}, ()>
[INFO] [stdout]   16:     0x5fa97588f5d2 - <std[617be2ca0a6fd877]::thread::lifecycle::spawn_unchecked<test[aada8e7e76ba119b]::run_test::{closure#1}, ()>::{closure#1} as core[a373ad73a504971]::ops::function::FnOnce<()>>::call_once::{shim:vtable#0}
[INFO] [stdout]   17:     0x5fa975905def - <std[617be2ca0a6fd877]::sys::thread::unix::Thread>::new::thread_start
[INFO] [stdout]   18:     0x77d77f9c0dfa - <unknown>
[INFO] [stdout]   19:     0x77d77fa543d4 - clone
[INFO] [stdout]   20:                0x0 - <unknown>
[INFO] [stdout] 
[INFO] [stdout] ---- test_format_output_file stdout ----
[INFO] [stdout] 
[INFO] [stdout] thread 'test_format_output_file' (1580) panicked at /opt/rustwide/cargo-home/registry/src/index.crates.io-1949cf8c6b5b557f/assert_cmd-2.1.2/src/cmd.rs:659:17:
[INFO] [stdout] Failed to spawn Command { cmd: "/opt/rustwide/target/release/jasn" "format" "-o" "/tmp/jasn_test_output.jasn", stdin: Some("{\"test\": 123}"), timeout: None }: No such file or directory (os error 2)
[INFO] [stdout] stack backtrace:
[INFO] [stdout]    0:     0x5fa975906971 - <<std[617be2ca0a6fd877]::sys::backtrace::BacktraceLock>::print::DisplayBacktrace as core[a373ad73a504971]::fmt::Display>::fmt
[INFO] [stdout]    1:     0x5fa97591c96a - core[a373ad73a504971]::fmt::write
[INFO] [stdout]    2:     0x5fa97590bf7c - <alloc[2e1b2a31b91974c5]::vec::Vec<u8> as core[a373ad73a504971]::io::write::Write>::write_fmt
[INFO] [stdout]    3:     0x5fa9758e2456 - std[617be2ca0a6fd877]::panicking::default_hook::{closure#0}
[INFO] [stdout]    4:     0x5fa9758feb49 - std[617be2ca0a6fd877]::panicking::default_hook
[INFO] [stdout]    5:     0x5fa97588bf20 - test[aada8e7e76ba119b]::test_main_inner::{closure#0}
[INFO] [stdout]    6:     0x5fa9758fed02 - std[617be2ca0a6fd877]::panicking::panic_with_hook
[INFO] [stdout]    7:     0x5fa9758e2502 - std[617be2ca0a6fd877]::panicking::panic_handler::{closure#0}
[INFO] [stdout]    8:     0x5fa9758dafd9 - std[617be2ca0a6fd877]::sys::backtrace::__rust_end_short_backtrace::<std[617be2ca0a6fd877]::panicking::panic_handler::{closure#0}, !>
[INFO] [stdout]    9:     0x5fa9758e310d - __rustc[ea4f61d10b84890b]::rust_begin_unwind
[INFO] [stdout]   10:     0x5fa97591d11c - core[a373ad73a504971]::panicking::panic_fmt
[INFO] [stdout]   11:     0x5fa9758c4c19 - <&mut assert_cmd[92f3f43aa0f3e6a1]::cmd::Command as assert_cmd[92f3f43aa0f3e6a1]::assert::OutputAssertExt>::assert
[INFO] [stdout]   12:     0x5fa97587b366 - <cli[dce239e02a6c49bc]::test_format_output_file::{closure#0} as core[a373ad73a504971]::ops::function::FnOnce<()>>::call_once
[INFO] [stdout]   13:     0x5fa97587f36b - test[aada8e7e76ba119b]::__rust_begin_short_backtrace::<core[a373ad73a504971]::result::Result<(), alloc[2e1b2a31b91974c5]::string::String>, fn() -> core[a373ad73a504971]::result::Result<(), alloc[2e1b2a31b91974c5]::string::String>>
[INFO] [stdout]   14:     0x5fa97588c545 - test[aada8e7e76ba119b]::run_test::{closure#0}
[INFO] [stdout]   15:     0x5fa975885e34 - std[617be2ca0a6fd877]::sys::backtrace::__rust_begin_short_backtrace::<test[aada8e7e76ba119b]::run_test::{closure#1}, ()>
[INFO] [stdout]   16:     0x5fa97588f5d2 - <std[617be2ca0a6fd877]::thread::lifecycle::spawn_unchecked<test[aada8e7e76ba119b]::run_test::{closure#1}, ()>::{closure#1} as core[a373ad73a504971]::ops::function::FnOnce<()>>::call_once::{shim:vtable#0}
[INFO] [stdout]   17:     0x5fa975905def - <std[617be2ca0a6fd877]::sys::thread::unix::Thread>::new::thread_start
[INFO] [stdout]   18:     0x77d77f9c0dfa - <unknown>
[INFO] [stdout]   19:     0x77d77fa543d4 - clone
[INFO] [stdout]   20:                0x0 - <unknown>
[INFO] [stdout] 
[INFO] [stdout] 
[INFO] [stdout] failures:
[INFO] [stdout]     test_check_alias
[INFO] [stdout]     test_check_invalid_file
[INFO] [stdout]     test_check_multiple_files
[INFO] [stdout]     test_check_nonexistent_file
[INFO] [stdout]     test_check_quiet_failure
[INFO] [stdout]     test_check_quiet_success
[INFO] [stdout]     test_check_stdin
[INFO] [stdout]     test_check_stdin_explicit
[INFO] [stdout]     test_check_valid_file
[INFO] [stdout]     test_check_verbose
[INFO] [stdout]     test_completions_bash
[INFO] [stdout]     test_completions_zsh
[INFO] [stdout]     test_format_alias
[INFO] [stdout]     test_format_check_invalid
[INFO] [stdout]     test_format_check_valid
[INFO] [stdout]     test_format_compact
[INFO] [stdout]     test_format_custom_options
[INFO] [stdout]     test_format_file
[INFO] [stdout]     test_format_no_trailing_commas
[INFO] [stdout]     test_format_nonexistent_file
[INFO] [stdout]     test_format_output_file
[INFO] [stdout]     test_format_output_stdout_explicit
[INFO] [stdout]     test_format_stdin
[INFO] [stdout]     test_format_stdin_explicit
[INFO] [stdout]     test_help_message
[INFO] [stdout]     test_invalid_json_parse_error
[INFO] [stdout]     test_version
[INFO] [stdout] 
[INFO] [stdout] test result: FAILED. 0 passed; 27 failed; 0 ignored; 0 measured; 0 filtered out; finished in 0.01s
[INFO] [stdout] 
[INFO] running `Command { std: "docker" "inspect" "de5e2204d4b96316cc23c4eeda34b4b0291ffd22ef8cebd9505976399610a131", kill_on_drop: false }`
[INFO] running `Command { std: "docker" "rm" "-f" "de5e2204d4b96316cc23c4eeda34b4b0291ffd22ef8cebd9505976399610a131", kill_on_drop: false }`
[INFO] [stdout] de5e2204d4b96316cc23c4eeda34b4b0291ffd22ef8cebd9505976399610a131
