[INFO] fetching crate jankensqlhub 1.4.0...
[INFO] testing jankensqlhub-1.4.0 against 1.99.0-beta.8+cargoflags=--release for beta-release-1.100-2
[INFO] extracting crate jankensqlhub 1.4.0 into /workspace/builds/worker-5-tc1/source
[INFO] started tweaking crates.io crate jankensqlhub 1.4.0
[INFO] removed 0 missing tests
[INFO] finished tweaking crates.io crate jankensqlhub 1.4.0
[INFO] tweaked toml for crates.io crate jankensqlhub 1.4.0 written to /workspace/builds/worker-5-tc1/source/Cargo.toml
[INFO] validating manifest of crates.io crate jankensqlhub 1.4.0 on toolchain 1.99.0-beta.8
[INFO] running `Command { std: CARGO_HOME="/workspace/cargo-home" RUSTUP_HOME="/workspace/rustup-home" "/workspace/cargo-home/bin/cargo" "+1.99.0-beta.8" "metadata" "--manifest-path" "Cargo.toml" "--no-deps", kill_on_drop: false }`
[INFO] crate crates.io crate jankensqlhub 1.4.0 already has a lockfile, it will not be regenerated
[INFO] running `Command { std: CARGO_HOME="/workspace/cargo-home" RUSTUP_HOME="/workspace/rustup-home" "/workspace/cargo-home/bin/cargo" "+1.99.0-beta.8" "fetch" "--manifest-path" "Cargo.toml", kill_on_drop: false }`
[INFO] [stderr]  Downloading crates ...
[INFO] [stderr]   Downloaded rusqlite v0.38.0
[INFO] [stderr]   Downloaded web-sys v0.3.90
[INFO] [stderr]   Downloaded libsqlite3-sys v0.36.0
[INFO] [stderr]   Downloaded sqlite-wasm-rs v0.5.2
[INFO] running `Command { std: "docker" "create" "-v" "/var/lib/crater-agent-workspace/builds/worker-5-tc1/source:/opt/rustwide/workdir:ro,Z" "-v" "/var/lib/crater-agent-workspace/builds/worker-5-tc1/target:/opt/rustwide/target:rw,Z" "-v" "/var/lib/crater-agent-workspace/cargo-home:/opt/rustwide/cargo-home:ro,Z" "-v" "/var/lib/crater-agent-workspace/rustup-home:/opt/rustwide/rustup-home:ro,Z" "-m" "1610612736" "--network" "none" "ghcr.io/rust-lang/crates-build-env/linux@sha256:77db811e55d90add9212f6832c23229e3de5f1c1f9905e8cb07319ea15df73ac" "sleep" "infinity", kill_on_drop: false }`
[INFO] [stdout] 3a8905af2342758d4314db64df7d390b84242bd0b29827606c9031fd19941de8
[INFO] running `Command { std: "docker" "start" "3a8905af2342758d4314db64df7d390b84242bd0b29827606c9031fd19941de8", kill_on_drop: false }`
[INFO] running `Command { std: "docker" "inspect" "3a8905af2342758d4314db64df7d390b84242bd0b29827606c9031fd19941de8", kill_on_drop: false }`
[INFO] running `Command { std: "docker" "exec" "-e" "SOURCE_DIR=/opt/rustwide/workdir" "-e" "CARGO_HOME=/opt/rustwide/cargo-home" "-e" "RUSTUP_HOME=/opt/rustwide/rustup-home" "-e" "CARGO_TARGET_DIR=/opt/rustwide/target" "-w" "/opt/rustwide/workdir" "--user" "0:0" "3a8905af2342758d4314db64df7d390b84242bd0b29827606c9031fd19941de8" "/opt/rustwide/cargo-home/bin/cargo" "+1.99.0-beta.8" "metadata" "--no-deps" "--format-version=1", kill_on_drop: false }`
[INFO] running `Command { std: "docker" "inspect" "3a8905af2342758d4314db64df7d390b84242bd0b29827606c9031fd19941de8", kill_on_drop: false }`
[INFO] running `Command { std: "docker" "exec" "-e" "SOURCE_DIR=/opt/rustwide/workdir" "-e" "CARGO_HOME=/opt/rustwide/cargo-home" "-e" "RUSTUP_HOME=/opt/rustwide/rustup-home" "-e" "CARGO_TARGET_DIR=/opt/rustwide/target" "-e" "CARGO_INCREMENTAL=0" "-e" "RUST_BACKTRACE=full" "-e" "RUSTFLAGS=--cap-lints=warn" "-e" "RUSTDOCFLAGS=--cap-lints=warn" "-w" "/opt/rustwide/workdir" "--user" "0:0" "3a8905af2342758d4314db64df7d390b84242bd0b29827606c9031fd19941de8" "/opt/rustwide/cargo-home/bin/cargo" "+1.99.0-beta.8" "build" "--frozen" "--message-format=json" "--release", kill_on_drop: false }`
[INFO] [stderr]    Compiling zerocopy v0.8.39
[INFO] [stderr]    Compiling serde_core v1.0.228
[INFO] [stderr]    Compiling syn v2.0.117
[INFO] [stderr]    Compiling libsqlite3-sys v0.36.0
[INFO] [stderr]    Compiling hashbrown v0.16.1
[INFO] [stderr]    Compiling parking_lot_core v0.9.12
[INFO] [stderr]    Compiling futures-task v0.3.32
[INFO] [stderr]    Compiling futures-util v0.3.32
[INFO] [stderr]    Compiling parking_lot v0.12.5
[INFO] [stderr]    Compiling hashlink v0.11.0
[INFO] [stderr]    Compiling rusqlite v0.38.0
[INFO] [stderr]    Compiling serde_json v1.0.149
[INFO] [stderr]    Compiling tokio-macros v2.6.0
[INFO] [stderr]    Compiling async-trait v0.1.89
[INFO] [stderr]    Compiling thiserror-impl v2.0.18
[INFO] [stderr]    Compiling serde_derive v1.0.228
[INFO] [stderr]    Compiling tokio v1.49.0
[INFO] [stderr]    Compiling thiserror v2.0.18
[INFO] [stderr]    Compiling ppv-lite86 v0.2.21
[INFO] [stderr]    Compiling rand_chacha v0.9.0
[INFO] [stderr]    Compiling rand v0.9.2
[INFO] [stderr]    Compiling serde v1.0.228
[INFO] [stderr]    Compiling postgres-protocol v0.6.10
[INFO] [stderr]    Compiling postgres-types v0.2.12
[INFO] [stderr]    Compiling tokio-util v0.7.18
[INFO] [stderr]    Compiling tokio-postgres v0.7.16
[INFO] [stderr]    Compiling jankensqlhub v1.4.0 (/opt/rustwide/workdir)
[INFO] [stderr]     Finished `release` profile [optimized] target(s) in 1m 00s
[INFO] running `Command { std: "docker" "inspect" "3a8905af2342758d4314db64df7d390b84242bd0b29827606c9031fd19941de8", kill_on_drop: false }`
[INFO] running `Command { std: "docker" "exec" "-e" "SOURCE_DIR=/opt/rustwide/workdir" "-e" "CARGO_HOME=/opt/rustwide/cargo-home" "-e" "RUSTUP_HOME=/opt/rustwide/rustup-home" "-e" "CARGO_TARGET_DIR=/opt/rustwide/target" "-e" "CARGO_INCREMENTAL=0" "-e" "RUST_BACKTRACE=full" "-e" "RUSTFLAGS=--cap-lints=warn" "-e" "RUSTDOCFLAGS=--cap-lints=warn" "-w" "/opt/rustwide/workdir" "--user" "0:0" "3a8905af2342758d4314db64df7d390b84242bd0b29827606c9031fd19941de8" "/opt/rustwide/cargo-home/bin/cargo" "+1.99.0-beta.8" "test" "--frozen" "--no-run" "--message-format=json" "--release", kill_on_drop: false }`
[INFO] [stderr]    Compiling jankensqlhub v1.4.0 (/opt/rustwide/workdir)
[INFO] [stderr]     Finished `release` profile [optimized] target(s) in 1m 13s
[INFO] running `Command { std: "docker" "inspect" "3a8905af2342758d4314db64df7d390b84242bd0b29827606c9031fd19941de8", kill_on_drop: false }`
[INFO] running `Command { std: "docker" "exec" "-e" "SOURCE_DIR=/opt/rustwide/workdir" "-e" "CARGO_HOME=/opt/rustwide/cargo-home" "-e" "RUSTUP_HOME=/opt/rustwide/rustup-home" "-e" "CARGO_TARGET_DIR=/opt/rustwide/target" "-e" "CARGO_INCREMENTAL=0" "-e" "RUST_BACKTRACE=full" "-e" "RUSTFLAGS=--cap-lints=warn" "-e" "RUSTDOCFLAGS=--cap-lints=warn" "-w" "/opt/rustwide/workdir" "--user" "0:0" "3a8905af2342758d4314db64df7d390b84242bd0b29827606c9031fd19941de8" "/opt/rustwide/cargo-home/bin/cargo" "+1.99.0-beta.8" "test" "--frozen" "--release", kill_on_drop: false }`
[INFO] [stderr]     Finished `release` profile [optimized] target(s) in 0.32s
[INFO] [stderr]      Running unittests src/lib.rs (/opt/rustwide/target/release/deps/jankensqlhub-1353cb04524d7f83)
[INFO] [stdout] 
[INFO] [stdout] running 48 tests
[INFO] [stdout] test parameters::tests::test_json_value_to_parameter_value_comma_list ... ok
[INFO] [stdout] test parameters::tests::test_json_value_to_parameter_value_list ... ok
[INFO] [stdout] test parameters::tests::test_json_value_to_parameter_value_blob ... ok
[INFO] [stdout] test parameter_constraints::tests::test_value_to_condition_key_non_primitive_error ... ok
[INFO] [stdout] test parameters::tests::test_json_value_to_parameter_value_boolean ... ok
[INFO] [stdout] test parameters::tests::test_json_value_to_parameter_value_float ... ok
[INFO] [stdout] test parameters::tests::test_json_value_to_parameter_value_integer ... ok
[INFO] [stdout] test parameters::tests::test_json_value_to_parameter_value_inferred ... ok
[INFO] [stdout] test parameters::tests::test_prepare_parameter_statement_generic_list_parameter_type_error ... ok
[INFO] [stdout] test parameters::tests::test_prepare_parameter_statement_generic_missing_parameter ... ok
[INFO] [stdout] test parameters::tests::test_json_value_to_parameter_value_string ... ok
[INFO] [stdout] test parameters::tests::test_json_value_to_parameter_value_table_name ... ok
[INFO] [stdout] test parameter_constraints::tests::test_validate_pattern_with_null_value ... ok
[INFO] [stdout] test runner_postgresql::tests::test_parameter_value_blob_to_postgresql_conversion ... ok
[INFO] [stdout] test runner_postgresql::tests::test_parameter_value_boolean_to_postgresql_conversion ... ok
[INFO] [stdout] test runner_postgresql::tests::test_parameter_value_float_to_postgresql_conversion ... ok
[INFO] [stdout] test runner_postgresql::tests::test_resolve_returns_dynamic_array_all_non_string_values ... ok
[INFO] [stdout] test runner_postgresql::tests::test_resolve_returns_dynamic_duplicate_fields ... ok
[INFO] [stdout] test runner_postgresql::tests::test_resolve_returns_dynamic_array_with_non_string_values ... ok
[INFO] [stdout] test runner_postgresql::tests::test_resolve_returns_dynamic_missing_parameter ... ok
[INFO] [stdout] test runner_postgresql::tests::test_resolve_returns_dynamic_empty_array ... ok
[INFO] [stdout] test runner_postgresql::tests::test_resolve_returns_dynamic_non_array_number ... ok
[INFO] [stdout] test runner_postgresql::tests::test_resolve_returns_dynamic_non_array_object ... ok
[INFO] [stdout] test runner_postgresql::tests::test_resolve_returns_dynamic_non_array_string ... ok
[INFO] [stdout] test runner_postgresql::tests::test_resolve_returns_dynamic_order_preserved ... ok
[INFO] [stdout] test runner_postgresql::tests::test_resolve_returns_dynamic_single_field ... ok
[INFO] [stdout] test runner_postgresql::tests::test_resolve_returns_dynamic_special_characters ... ok
[INFO] [stdout] test runner_postgresql::tests::test_resolve_returns_dynamic_unicode_field_names ... ok
[INFO] [stdout] test runner_postgresql::tests::test_resolve_returns_static_empty_list ... ok
[INFO] [stdout] test runner_postgresql::tests::test_resolve_returns_dynamic_valid_comma_list ... ok
[INFO] [stdout] test runner_postgresql::tests::test_resolve_returns_static_multiple_fields ... ok
[INFO] [stdout] test runner_postgresql::tests::test_resolve_returns_static_single_field ... ok
[INFO] [stdout] test parameters::tests::test_prepare_parameter_statement_generic_empty_list_error ... ok
[INFO] [stdout] test runner_postgresql::tests::test_resolve_returns_static_special_characters ... ok
[INFO] [stdout] test runner_postgresql::tests::test_resolve_returns_static_unicode_field_names ... ok
[INFO] [stdout] test parameters::tests::test_prepare_parameter_statement_generic_mixed_parameter_types ... ok
[INFO] [stdout] test runner_sqlite::tests::test_resolve_returns_dynamic_missing_parameter ... ok
[INFO] [stdout] test parameters::tests::test_prepare_parameter_statement_generic_list_parameters ... ok
[INFO] [stdout] test runner_sqlite::tests::test_resolve_returns_dynamic_non_array_number ... ok
[INFO] [stdout] test parameters::tests::test_prepare_parameter_statement_generic_basic_parameters ... ok
[INFO] [stdout] test runner_sqlite::tests::test_resolve_returns_dynamic_non_array_value ... ok
[INFO] [stdout] test parameters::tests::test_prepare_parameter_statement_generic_table_name_parameters ... ok
[INFO] [stdout] test runner_sqlite::tests::test_resolve_returns_dynamic_valid ... ok
[INFO] [stdout] test runner_sqlite::tests::test_resolve_returns_static ... ok
[INFO] [stdout] test runner_sqlite::tests::test_resolve_returns_static_empty ... ok
[INFO] [stdout] test runner_sqlite::tests::test_resolve_returns_dynamic_array_with_non_strings ... ok
[INFO] [stdout] test runner_sqlite::tests::test_resolve_returns_dynamic_empty_array ... ok
[INFO] [stderr]      Running tests/comma_list_tests.rs (/opt/rustwide/target/release/deps/comma_list_tests-b7ce0c97a186f644)
[INFO] [stdout] test runner_postgresql::tests::test_resolve_returns_dynamic_empty_strings ... ok
[INFO] [stdout] 
[INFO] [stdout] test result: ok. 48 passed; 0 failed; 0 ignored; 0 measured; 0 filtered out; finished in 0.02s
[INFO] [stdout] 
[INFO] [stdout] 
[INFO] [stdout] running 34 tests
[INFO] [stdout] test test_comma_list_conflict_with_regular_param ... ok
[INFO] [stdout] test test_comma_list_invalid_regex_pattern ... ok
[INFO] [stdout] test test_comma_list_invalid_table_name_with_special_chars ... ok
[INFO] [stdout] test test_comma_list_in_quotes_ignored ... ok
[INFO] [stdout] test test_comma_list_enum_and_table_name_validation ... ok
[INFO] [stdout] test test_comma_list_empty_array_error ... ok
[INFO] [stdout] test test_comma_list_invalid_empty_table_name ... ok
[INFO] [stdout] test test_comma_list_missing_parameter ... ok
[INFO] [stdout] test test_comma_list_multiple_occurrences ... ok
[INFO] [stdout] test test_comma_list_invalid_table_name_with_sql_injection ... ok
[INFO] [stdout] test test_comma_list_mixed_with_table_name_param ... ok
[INFO] [stdout] test test_comma_list_non_array_error ... ok
[INFO] [stdout] test test_comma_list_invalid_table_name_with_spaces ... ok
[INFO] [stdout] test test_comma_list_mixed_with_regular_params ... ok
[INFO] [stdout] test test_comma_list_multiple_tables_one_invalid ... ok
[INFO] [stdout] test test_comma_list_with_enum_constraint ... ok
[INFO] [stdout] test test_comma_list_table_name_with_underscores ... ok
[INFO] [stdout] test test_comma_list_single_element ... ok
[INFO] [stdout] test test_comma_list_with_enumif_constraint ... ok
[INFO] [stdout] test test_comma_list_with_enumif_fuzzy_matching ... ok
[INFO] [stdout] test test_comma_list_with_enumif_constraint_invalid_field ... ok
[INFO] [stdout] test test_comma_list_mixed_with_list_param ... ok
[INFO] [stdout] test test_comma_list_with_enumif_no_matching_condition ... ok
[INFO] [stdout] test test_comma_list_non_string_element_error ... ok
[INFO] [stdout] test test_comma_list_with_pattern_constraint ... ok
[INFO] [stdout] test test_comma_list_with_range_constraint_too_few ... ok
[INFO] [stdout] test test_comma_list_with_range_constraint_too_many ... ok
[INFO] [stdout] test test_comma_list_with_enumif_multiple_items_validation ... ok
[INFO] [stdout] test test_comma_list_with_range_constraint_max_boundary ... ok
[INFO] [stdout] test test_comma_list_with_range_constraint_min_boundary ... ok
[INFO] [stdout] test test_comma_list_with_range_constraint_valid ... ok
[INFO] [stdout] test test_comma_list_with_range_exact_count ... ok
[INFO] [stdout] test test_comma_list_table_names ... ok
[INFO] [stdout] test test_comma_list_select_fields ... ok
[INFO] [stdout] 
[INFO] [stdout] test result: ok. 34 passed; 0 failed; 0 ignored; 0 measured; 0 filtered out; finished in 0.04s
[INFO] [stdout] 
[INFO] [stdout] 
[INFO] [stdout] running 4 tests
[INFO] [stderr]      Running tests/comprehensive_tests_injection.rs (/opt/rustwide/target/release/deps/comprehensive_tests_injection-29ec004339cc9efd)
[INFO] [stdout] test test_sql_injection_protection_list_parameters ... ok
[INFO] [stdout] test test_sql_injection_protection_safe_name_parameter ... ok
[INFO] [stdout] test test_sql_injection_protection_id_parameter ... ok
[INFO] [stdout] test test_sql_injection_protection_name_parameter ... ok
[INFO] [stdout] 
[INFO] [stdout] test result: ok. 4 passed; 0 failed; 0 ignored; 0 measured; 0 filtered out; finished in 0.07s
[INFO] [stdout] 
[INFO] [stderr]      Running tests/comprehensive_tests_parameters.rs (/opt/rustwide/target/release/deps/comprehensive_tests_parameters-9324977a531edea7)
[INFO] [stdout] 
[INFO] [stdout] running 7 tests
[INFO] [stdout] test test_concatenated_table_name_parameters ... ok
[INFO] [stdout] test test_parameter_parsing_edge_cases ... ok
[INFO] [stdout] test test_extra_args_in_query_def ... ok
[INFO] [stdout] test test_extra_args_in_query_definitions ... ok
[INFO] [stdout] test test_multi_table_name_parameters ... ok
[INFO] [stdout] test test_mixed_used_and_unused_args ... ok
[INFO] [stdout] test test_list_parameter_functionality ... ok
[INFO] [stdout] 
[INFO] [stdout] test result: ok. 7 passed; 0 failed; 0 ignored; 0 measured; 0 filtered out; finished in 0.01s
[INFO] [stdout] 
[INFO] [stdout] 
[INFO] [stdout] running 3 tests
[INFO] [stderr]      Running tests/comprehensive_tests_sqlite.rs (/opt/rustwide/target/release/deps/comprehensive_tests_sqlite-7cdd6aa65882875e)
[INFO] [stdout] test test_sqlite_row_error_handling ... ok
[INFO] [stdout] test test_sqlite_real_nan_handling ... ok
[INFO] [stdout] test test_sqlite_missing_field_returns_null ... ok
[INFO] [stdout] 
[INFO] [stdout] test result: ok. 3 passed; 0 failed; 0 ignored; 0 measured; 0 filtered out; finished in 0.01s
[INFO] [stdout] 
[INFO] [stderr]      Running tests/comprehensive_tests_str_utils.rs (/opt/rustwide/target/release/deps/comprehensive_tests_str_utils-4ca1673d5918e0ef)
[INFO] [stdout] 
[INFO] [stdout] running 1 test
[INFO] [stdout] test test_str_utils_functionality ... ok
[INFO] [stdout] 
[INFO] [stdout] test result: ok. 1 passed; 0 failed; 0 ignored; 0 measured; 0 filtered out; finished in 0.00s
[INFO] [stdout] 
[INFO] [stderr]      Running tests/comprehensive_tests_transactions.rs (/opt/rustwide/target/release/deps/comprehensive_tests_transactions-21b179e8203f1990)
[INFO] [stdout] 
[INFO] [stdout] running 5 tests
[INFO] [stdout] test test_multi_statement_no_params ... ok
[INFO] [stdout] test test_multi_statement_table_name_parameters ... ok
[INFO] [stdout] test test_multi_statement_transaction_fixed_transfer ... ok
[INFO] [stdout] test test_multi_statement_transaction_with_params ... ok
[INFO] [stdout] test test_multi_statement_transaction_failure ... ok
[INFO] [stdout] 
[INFO] [stdout] test result: ok. 5 passed; 0 failed; 0 ignored; 0 measured; 0 filtered out; finished in 0.04s
[INFO] [stdout] 
[INFO] [stderr]      Running tests/dynamic_returns_tests.rs (/opt/rustwide/target/release/deps/dynamic_returns_tests-d8b792bbbbeeba81)
[INFO] [stdout] 
[INFO] [stdout] running 13 tests
[INFO] [stdout] test test_dynamic_returns_error_extra_characters ... ok
[INFO] [stdout] test test_dynamic_returns_all_fields ... ok
[INFO] [stdout] test test_dynamic_returns_runtime_missing_param ... ok
[INFO] [stdout] test test_dynamic_returns_error_param_not_found ... ok
[INFO] [stdout] test test_dynamic_returns_single_field ... ok
[INFO] [stdout] test test_dynamic_returns_different_param_values ... ok
[INFO] [stdout] test test_dynamic_returns_error_invalid_format ... ok
[INFO] [stdout] test test_dynamic_returns_error_not_comma_list ... ok
[INFO] [stdout] test test_dynamic_returns_basic ... ok
[INFO] [stdout] test test_dynamic_returns_with_constraint_validation ... ok
[INFO] [stdout] test test_dynamic_returns_with_filter ... ok
[INFO] [stdout] test test_static_returns_still_works ... ok
[INFO] [stdout] test test_empty_returns_still_works ... ok
[INFO] [stdout] 
[INFO] [stdout] test result: ok. 13 passed; 0 failed; 0 ignored; 0 measured; 0 filtered out; finished in 0.02s
[INFO] [stdout] 
[INFO] [stderr]      Running tests/enumif_tests_basic.rs (/opt/rustwide/target/release/deps/enumif_tests_basic-2fd406b23e47eb54)
[INFO] [stdout] 
[INFO] [stdout] running 4 tests
[INFO] [stdout] test test_enumif_constraint_validation ... ok
[INFO] [stdout] test test_enumif_enum_values_allow_any_string ... ok
[INFO] [stdout] test test_enumif_exact_match_allows_any_string ... ok
[INFO] [stdout] test test_enum_and_enumif_mutual_exclusion ... ok
[INFO] [stdout] 
[INFO] [stdout] test result: ok. 4 passed; 0 failed; 0 ignored; 0 measured; 0 filtered out; finished in 0.01s
[INFO] [stdout] 
[INFO] [stdout] 
[INFO] [stdout] running 8 tests
[INFO] [stderr]      Running tests/enumif_tests_fuzzy.rs (/opt/rustwide/target/release/deps/enumif_tests_fuzzy-4423080c672d5f56)
[INFO] [stdout] test test_enumif_fuzzy_invalid_pattern_name ... ok
[INFO] [stdout] test test_enumif_fuzzy_invalid_match_type ... ok
[INFO] [stdout] test test_enumif_fuzzy_mixed_exact_and_fuzzy ... ok
[INFO] [stdout] test test_enumif_fuzzy_end_match ... ok
[INFO] [stdout] test test_enumif_fuzzy_contain_match ... ok
[INFO] [stdout] test test_enumif_fuzzy_empty_pattern ... ok
[INFO] [stdout] test test_enumif_fuzzy_alphabetical_precedence ... ok
[INFO] [stdout] test test_enumif_fuzzy_start_match ... ok
[INFO] [stdout] 
[INFO] [stdout] test result: ok. 8 passed; 0 failed; 0 ignored; 0 measured; 0 filtered out; finished in 0.03s
[INFO] [stdout] 
[INFO] [stderr]      Running tests/enumif_tests_malformed.rs (/opt/rustwide/target/release/deps/enumif_tests_malformed-7aef20aa37ea8875)
[INFO] [stdout] 
[INFO] [stdout] running 1 test
[INFO] [stdout] test test_enumif_constraint_malformed_definition_errors ... ok
[INFO] [stdout] 
[INFO] [stdout] test result: ok. 1 passed; 0 failed; 0 ignored; 0 measured; 0 filtered out; finished in 0.01s
[INFO] [stdout] 
[INFO] [stderr]      Running tests/enumif_tests_multiple_conditions.rs (/opt/rustwide/target/release/deps/enumif_tests_multiple_conditions-4cbee6b54375c732)
[INFO] [stdout] 
[INFO] [stdout] running 1 test
[INFO] [stdout] test test_enumif_constraint_multiple_conditions_alphabetical ... ok
[INFO] [stdout] 
[INFO] [stdout] test result: ok. 1 passed; 0 failed; 0 ignored; 0 measured; 0 filtered out; finished in 0.01s
[INFO] [stdout] 
[INFO] [stderr]      Running tests/enumif_tests_no_match.rs (/opt/rustwide/target/release/deps/enumif_tests_no_match-75cf937a81a7cda9)
[INFO] [stdout] 
[INFO] [stdout] running 1 test
[INFO] [stdout] test test_enumif_constraint_no_matching_condition ... ok
[INFO] [stdout] 
[INFO] [stdout] test result: ok. 1 passed; 0 failed; 0 ignored; 0 measured; 0 filtered out; finished in 0.01s
[INFO] [stdout] 
[INFO] [stderr]      Running tests/enumif_tests_non_primitive.rs (/opt/rustwide/target/release/deps/enumif_tests_non_primitive-0b89f9936c22129e)
[INFO] [stdout] 
[INFO] [stdout] running 1 test
[INFO] [stdout] test test_enumif_constraint_non_primitive_conditional_parameter_validation_error ... ok
[INFO] [stdout] 
[INFO] [stdout] test result: ok. 1 passed; 0 failed; 0 ignored; 0 measured; 0 filtered out; finished in 0.01s
[INFO] [stdout] 
[INFO] [stderr]      Running tests/enumif_tests_primitive.rs (/opt/rustwide/target/release/deps/enumif_tests_primitive-ad9bd7555df213a3)
[INFO] [stdout] 
[INFO] [stdout] running 1 test
[INFO] [stdout] test test_enumif_primitive_conditional_parameter_validation ... ok
[INFO] [stdout] 
[INFO] [stdout] test result: ok. 1 passed; 0 failed; 0 ignored; 0 measured; 0 filtered out; finished in 0.02s
[INFO] [stdout] 
[INFO] [stderr]      Running tests/error_handling_parameter_validation_blob.rs (/opt/rustwide/target/release/deps/error_handling_parameter_validation_blob-5fd9a0ada07bc330)
[INFO] [stdout] 
[INFO] [stdout] running 1 test
[INFO] [stdout] test test_blob_parameter_validation ... ok
[INFO] [stdout] 
[INFO] [stdout] test result: ok. 1 passed; 0 failed; 0 ignored; 0 measured; 0 filtered out; finished in 0.01s
[INFO] [stdout] 
[INFO] [stdout] 
[INFO] [stderr]      Running tests/error_handling_parameter_validation_enum.rs (/opt/rustwide/target/release/deps/error_handling_parameter_validation_enum-3f1738bdc3e624e1)
[INFO] [stdout] running 1 test
[INFO] [stdout] test test_parameter_validation_enum ... ok
[INFO] [stdout] 
[INFO] [stdout] test result: ok. 1 passed; 0 failed; 0 ignored; 0 measured; 0 filtered out; finished in 0.01s
[INFO] [stdout] 
[INFO] [stderr]      Running tests/error_handling_parameter_validation_list.rs (/opt/rustwide/target/release/deps/error_handling_parameter_validation_list-2af768120f36b4e6)
[INFO] [stdout] 
[INFO] [stdout] running 2 tests
[INFO] [stdout] test test_list_parameter_constraint_validation_errors ... ok
[INFO] [stdout] test test_list_parameter_enumif_validation_errors ... ok
[INFO] [stdout] 
[INFO] [stdout] test result: ok. 2 passed; 0 failed; 0 ignored; 0 measured; 0 filtered out; finished in 0.01s
[INFO] [stdout] 
[INFO] [stderr]      Running tests/error_handling_parameter_validation_pattern.rs (/opt/rustwide/target/release/deps/error_handling_parameter_validation_pattern-b6468ace3d65104b)
[INFO] [stdout] 
[INFO] [stdout] running 3 tests
[INFO] [stdout] test test_parameter_validation_pattern_non_string ... ok
[INFO] [stdout] test test_parameter_validation_pattern ... ok
[INFO] [stdout] test test_parameter_validation_pattern_table_name ... ok
[INFO] [stdout] 
[INFO] [stdout] test result: ok. 3 passed; 0 failed; 0 ignored; 0 measured; 0 filtered out; finished in 0.02s
[INFO] [stdout] 
[INFO] [stderr]      Running tests/error_handling_parameter_validation_range.rs (/opt/rustwide/target/release/deps/error_handling_parameter_validation_range-cf43b30e54b25292)
[INFO] [stdout] 
[INFO] [stdout] running 5 tests
[INFO] [stdout] test test_parameter_validation_range_table_name ... ok
[INFO] [stdout] test test_parameter_validation_range_wrong_type ... ok
[INFO] [stdout] test test_parameter_validation_range_string ... ok
[INFO] [stdout] test test_parameter_validation_range_non_numeric ... ok
[INFO] [stdout] test test_parameter_validation_range ... ok
[INFO] [stdout] 
[INFO] [stdout] test result: ok. 5 passed; 0 failed; 0 ignored; 0 measured; 0 filtered out; finished in 0.02s
[INFO] [stdout] 
[INFO] [stdout] 
[INFO] [stderr]      Running tests/error_handling_parameter_validation_type.rs (/opt/rustwide/target/release/deps/error_handling_parameter_validation_type-861e2c40e8318119)
[INFO] [stdout] running 3 tests
[INFO] [stdout] test test_invalid_parameter_type_error ... ok
[INFO] [stdout] test test_parameter_type_mismatch ... ok
[INFO] [stdout] test test_sqlite_type_mismatch_errors ... ok
[INFO] [stdout] 
[INFO] [stdout] test result: ok. 3 passed; 0 failed; 0 ignored; 0 measured; 0 filtered out; finished in 0.02s
[INFO] [stdout] 
[INFO] [stderr]      Running tests/error_handling_query_definition.rs (/opt/rustwide/target/release/deps/error_handling_query_definition-bdaa5080509f74b6)
[INFO] [stdout] 
[INFO] [stdout] running 13 tests
[INFO] [stdout] test test_from_json_non_object_input ... ok
[INFO] [stdout] test test_from_json_query_definition_not_object ... ok
[INFO] [stdout] test test_invalid_json_input_from_json ... ok
[INFO] [stdout] test test_from_json_missing_query_field ... ok
[INFO] [stdout] test test_invalid_query_definition_structure_from_json ... ok
[INFO] [stdout] test test_transaction_keywords_error_from_sql ... ok
[INFO] [stdout] test test_parameter_name_conflict_error ... ok
[INFO] [stdout] test test_invalid_itemtype_definition_error ... ok
[INFO] [stdout] test test_parameter_validation_range_definition_errors ... ok
[INFO] [stdout] test test_query_not_found ... ok
[INFO] [stdout] test test_from_json_invalid_returns_field ... ok
[INFO] [stdout] test test_args_value_must_be_object_not_array ... ok
[INFO] [stdout] test test_from_json_returns_field_non_array_non_string ... ok
[INFO] [stdout] 
[INFO] [stdout] test result: ok. 13 passed; 0 failed; 0 ignored; 0 measured; 0 filtered out; finished in 0.02s
[INFO] [stdout] 
[INFO] [stderr]      Running tests/error_handling_runtime.rs (/opt/rustwide/target/release/deps/error_handling_runtime-d373dd645bb5f0d6)
[INFO] [stdout] 
[INFO] [stdout] running 5 tests
[INFO] [stdout] test test_io_error ... ok
[INFO] [stdout] test test_table_name_validation_error ... ok
[INFO] [stdout] test test_regex_error ... ok
[INFO] [stdout] test test_sqlite_sql_syntax_error ... ok
[INFO] [stderr]      Running tests/error_handling_utilities.rs (/opt/rustwide/target/release/deps/error_handling_utilities-14de05cb5bfcf639)
[INFO] [stdout] test test_table_name_parameter_security_and_validation ... ok
[INFO] [stdout] 
[INFO] [stdout] test result: ok. 5 passed; 0 failed; 0 ignored; 0 measured; 0 filtered out; finished in 0.01s
[INFO] [stdout] 
[INFO] [stdout] 
[INFO] [stdout] running 5 tests
[INFO] [stdout] test test_all_error_codes_are_present ... ok
[INFO] [stdout] test test_get_error_data ... ok
[INFO] [stdout] test test_get_error_info ... ok
[INFO] [stdout] test test_parameter_parsing_with_valid_parameters ... ok
[INFO] [stdout] test test_no_args_provided_for_parameter_in_sql ... ok
[INFO] [stdout] 
[INFO] [stdout] test result: ok. 5 passed; 0 failed; 0 ignored; 0 measured; 0 filtered out; finished in 0.01s
[INFO] [stdout] 
[INFO] [stderr]      Running tests/mvp_tests.rs (/opt/rustwide/target/release/deps/mvp_tests-ab512ba78a6c0990)
[INFO] [stdout] 
[INFO] [stdout] running 10 tests
[INFO] [stdout] test test_sqlite_blob_column_type ... ok
[INFO] [stdout] test test_loading_from_json_value ... ok
[INFO] [stdout] test test_boolean_params ... ok
[INFO] [stdout] test test_blob_parameter_basics ... ok
[INFO] [stdout] test test_table_name_column_syntax ... ok
[INFO] [stdout] test test_sqlite_select_all_no_params ... ok
[INFO] [stdout] test test_debug_sql_statements ... ok
[INFO] [stdout] test test_sqlite_insert_with_params ... ok
[INFO] [stdout] test test_sqlite_float_params ... ok
[INFO] [stdout] test test_sqlite_update_with_params ... ok
[INFO] [stdout] 
[INFO] [stdout] test result: ok. 10 passed; 0 failed; 0 ignored; 0 measured; 0 filtered out; finished in 0.06s
[INFO] [stdout] 
[INFO] [stderr]      Running tests/postgresql_env_setup.rs (/opt/rustwide/target/release/deps/postgresql_env_setup-5fbbe88e5abfa4a6)
[INFO] [stdout] 
[INFO] [stdout] running 2 tests
[INFO] [stdout] test tests::test_postgresql_database_setup ... ok
[INFO] [stdout] test tests::test_postgresql_basic_connectivity ... FAILED
[INFO] [stdout] 
[INFO] [stdout] failures:
[INFO] [stdout] 
[INFO] [stdout] ---- tests::test_postgresql_basic_connectivity stdout ----
[INFO] [stdout] 
[INFO] [stdout] thread 'tests::test_postgresql_basic_connectivity' (1735) panicked at tests/postgresql_env_setup.rs:11:14:
[INFO] [stdout] PostgreSQL test requires POSTGRES_CONNECTION_STRING environment variable. See op.md for setup instructions.: NotPresent
[INFO] [stdout] stack backtrace:
[INFO] [stdout]    0:     0x5cd03a76dbf1 - <<std[70759c8f55707aa4]::sys::backtrace::BacktraceLock>::print::DisplayBacktrace as core[df12db4294e9bfd3]::fmt::Display>::fmt
[INFO] [stdout]    1:     0x5cd03a7833fa - core[df12db4294e9bfd3]::fmt::write
[INFO] [stdout]    2:     0x5cd03a77254c - <alloc[2182bb758b4b3781]::vec::Vec<u8> as core[df12db4294e9bfd3]::io::write::Write>::write_fmt
[INFO] [stdout]    3:     0x5cd03a7490b6 - std[70759c8f55707aa4]::panicking::default_hook::{closure#0}
[INFO] [stdout]    4:     0x5cd03a765c59 - std[70759c8f55707aa4]::panicking::default_hook
[INFO] [stdout]    5:     0x5cd03a6ab100 - test[9d35eded1c95d3be]::test_main_inner::<test[9d35eded1c95d3be]::test_main_static::{closure#0}>::{closure#0}
[INFO] [stdout]    6:     0x5cd03a765f82 - std[70759c8f55707aa4]::panicking::panic_with_hook
[INFO] [stdout]    7:     0x5cd03a749162 - std[70759c8f55707aa4]::panicking::panic_handler::{closure#0}
[INFO] [stdout]    8:     0x5cd03a741e39 - std[70759c8f55707aa4]::sys::backtrace::__rust_end_short_backtrace::<std[70759c8f55707aa4]::panicking::panic_handler::{closure#0}, !>
[INFO] [stdout]    9:     0x5cd03a749f4d - __rustc[8fa7c3cbc660c2b3]::rust_begin_unwind
[INFO] [stdout]   10:     0x5cd03a783b5c - core[df12db4294e9bfd3]::panicking::panic_fmt
[INFO] [stdout]   11:     0x5cd03a783932 - core[df12db4294e9bfd3]::result::unwrap_failed
[INFO] [stdout]   12:     0x5cd03a6838bf - postgresql_env_setup[8e85a333d8f33a38]::tests::test_postgresql_basic_connectivity::{closure#0}
[INFO] [stdout]   13:     0x5cd03a692cf3 - <tokio[6df76d366adde5ed]::runtime::scheduler::current_thread::Context>::enter::<core[df12db4294e9bfd3]::task::poll::Poll<()>, <tokio[6df76d366adde5ed]::runtime::scheduler::current_thread::CoreGuard>::block_on<core[df12db4294e9bfd3]::pin::Pin<&mut core[df12db4294e9bfd3]::pin::Pin<&mut dyn core[df12db4294e9bfd3]::future::future::Future<Output = ()>>>>::{closure#0}::{closure#0}>
[INFO] [stdout]   14:     0x5cd03a69810c - <tokio[6df76d366adde5ed]::runtime::context::scoped::Scoped<tokio[6df76d366adde5ed]::runtime::scheduler::Context>>::set::<<tokio[6df76d366adde5ed]::runtime::scheduler::current_thread::CoreGuard>::enter<<tokio[6df76d366adde5ed]::runtime::scheduler::current_thread::CoreGuard>::block_on<core[df12db4294e9bfd3]::pin::Pin<&mut core[df12db4294e9bfd3]::pin::Pin<&mut dyn core[df12db4294e9bfd3]::future::future::Future<Output = ()>>>>::{closure#0}, core[df12db4294e9bfd3]::option::Option<()>>::{closure#0}, (alloc[2182bb758b4b3781]::boxed::Box<tokio[6df76d366adde5ed]::runtime::scheduler::current_thread::Core>, core[df12db4294e9bfd3]::option::Option<()>)>
[INFO] [stdout]   15:     0x5cd03a693247 - <tokio[6df76d366adde5ed]::runtime::scheduler::current_thread::CoreGuard>::block_on::<core[df12db4294e9bfd3]::pin::Pin<&mut core[df12db4294e9bfd3]::pin::Pin<&mut dyn core[df12db4294e9bfd3]::future::future::Future<Output = ()>>>>
[INFO] [stdout]   16:     0x5cd03a69d117 - tokio[6df76d366adde5ed]::runtime::context::runtime::enter_runtime::<<tokio[6df76d366adde5ed]::runtime::scheduler::current_thread::CurrentThread>::block_on<core[df12db4294e9bfd3]::pin::Pin<&mut dyn core[df12db4294e9bfd3]::future::future::Future<Output = ()>>>::{closure#0}, ()>
[INFO] [stdout]   17:     0x5cd03a699a55 - <tokio[6df76d366adde5ed]::runtime::runtime::Runtime>::block_on::<core[df12db4294e9bfd3]::pin::Pin<&mut dyn core[df12db4294e9bfd3]::future::future::Future<Output = ()>>>
[INFO] [stdout]   18:     0x5cd03a6864ab - postgresql_env_setup[8e85a333d8f33a38]::tests::test_postgresql_basic_connectivity
[INFO] [stdout]   19:     0x5cd03a695029 - <postgresql_env_setup[8e85a333d8f33a38]::tests::test_postgresql_basic_connectivity::{closure#0} as core[df12db4294e9bfd3]::ops::function::FnOnce<()>>::call_once
[INFO] [stdout]   20:     0x5cd03a69e3eb - test[9d35eded1c95d3be]::__rust_begin_short_backtrace::<core[df12db4294e9bfd3]::result::Result<(), alloc[2182bb758b4b3781]::string::String>, fn() -> core[df12db4294e9bfd3]::result::Result<(), alloc[2182bb758b4b3781]::string::String>>
[INFO] [stdout]   21:     0x5cd03a6aba55 - test[9d35eded1c95d3be]::run_test::{closure#0}
[INFO] [stdout]   22:     0x5cd03a6a5314 - std[70759c8f55707aa4]::sys::backtrace::__rust_begin_short_backtrace::<test[9d35eded1c95d3be]::run_test::{closure#1}, ()>
[INFO] [stdout]   23:     0x5cd03a6aebb2 - <std[70759c8f55707aa4]::thread::lifecycle::spawn_unchecked<test[9d35eded1c95d3be]::run_test::{closure#1}, ()>::{closure#1} as core[df12db4294e9bfd3]::ops::function::FnOnce<()>>::call_once::{shim:vtable#0}
[INFO] [stdout]   24:     0x5cd03a76d149 - <std[70759c8f55707aa4]::sys::thread::unix::Thread>::new::thread_start
[INFO] [stdout]   25:     0x77a92a703dfa - <unknown>
[INFO] [stdout]   26:     0x77a92a7973d4 - clone
[INFO] [stdout]   27:                0x0 - <unknown>
[INFO] [stdout] 
[INFO] [stdout] 
[INFO] [stdout] failures:
[INFO] [stdout]     tests::test_postgresql_basic_connectivity
[INFO] [stdout] 
[INFO] [stdout] test result: FAILED. 1 passed; 1 failed; 0 ignored; 0 measured; 0 filtered out; finished in 0.00s
[INFO] [stdout] 
[INFO] [stderr] error: test failed, to rerun pass `--test postgresql_env_setup`
[INFO] running `Command { std: "docker" "inspect" "3a8905af2342758d4314db64df7d390b84242bd0b29827606c9031fd19941de8", kill_on_drop: false }`
[INFO] running `Command { std: "docker" "rm" "-f" "3a8905af2342758d4314db64df7d390b84242bd0b29827606c9031fd19941de8", kill_on_drop: false }`
[INFO] [stdout] 3a8905af2342758d4314db64df7d390b84242bd0b29827606c9031fd19941de8
