[INFO] fetching crate jan-cli 0.27.0...
[INFO] testing jan-cli-0.27.0 against 1.99.0-beta.8+cargoflags=--release for beta-release-1.100-2
[INFO] extracting crate jan-cli 0.27.0 into /workspace/builds/worker-6-tc1/source
[INFO] started tweaking crates.io crate jan-cli 0.27.0
[INFO] removed 0 missing tests
[INFO] finished tweaking crates.io crate jan-cli 0.27.0
[INFO] tweaked toml for crates.io crate jan-cli 0.27.0 written to /workspace/builds/worker-6-tc1/source/Cargo.toml
[INFO] validating manifest of crates.io crate jan-cli 0.27.0 on toolchain 1.99.0-beta.8
[INFO] running `Command { std: CARGO_HOME="/workspace/cargo-home" RUSTUP_HOME="/workspace/rustup-home" "/workspace/cargo-home/bin/cargo" "+1.99.0-beta.8" "metadata" "--manifest-path" "Cargo.toml" "--no-deps", kill_on_drop: false }`
[INFO] crate crates.io crate jan-cli 0.27.0 already has a lockfile, it will not be regenerated
[INFO] running `Command { std: CARGO_HOME="/workspace/cargo-home" RUSTUP_HOME="/workspace/rustup-home" "/workspace/cargo-home/bin/cargo" "+1.99.0-beta.8" "fetch" "--manifest-path" "Cargo.toml", kill_on_drop: false }`
[INFO] running `Command { std: "docker" "create" "-v" "/var/lib/crater-agent-workspace/builds/worker-6-tc1/source:/opt/rustwide/workdir:ro,Z" "-v" "/var/lib/crater-agent-workspace/builds/worker-6-tc1/target:/opt/rustwide/target:rw,Z" "-v" "/var/lib/crater-agent-workspace/cargo-home:/opt/rustwide/cargo-home:ro,Z" "-v" "/var/lib/crater-agent-workspace/rustup-home:/opt/rustwide/rustup-home:ro,Z" "-m" "1610612736" "--network" "none" "ghcr.io/rust-lang/crates-build-env/linux@sha256:77db811e55d90add9212f6832c23229e3de5f1c1f9905e8cb07319ea15df73ac" "sleep" "infinity", kill_on_drop: false }`
[INFO] [stdout] 4b767c6a189879ebd5ba45987535bb316ee0bc5674d395389fe081503670fa69
[INFO] running `Command { std: "docker" "start" "4b767c6a189879ebd5ba45987535bb316ee0bc5674d395389fe081503670fa69", kill_on_drop: false }`
[INFO] running `Command { std: "docker" "inspect" "4b767c6a189879ebd5ba45987535bb316ee0bc5674d395389fe081503670fa69", kill_on_drop: false }`
[INFO] running `Command { std: "docker" "exec" "-e" "SOURCE_DIR=/opt/rustwide/workdir" "-e" "CARGO_HOME=/opt/rustwide/cargo-home" "-e" "RUSTUP_HOME=/opt/rustwide/rustup-home" "-e" "CARGO_TARGET_DIR=/opt/rustwide/target" "-w" "/opt/rustwide/workdir" "--user" "0:0" "4b767c6a189879ebd5ba45987535bb316ee0bc5674d395389fe081503670fa69" "/opt/rustwide/cargo-home/bin/cargo" "+1.99.0-beta.8" "metadata" "--no-deps" "--format-version=1", kill_on_drop: false }`
[INFO] running `Command { std: "docker" "inspect" "4b767c6a189879ebd5ba45987535bb316ee0bc5674d395389fe081503670fa69", kill_on_drop: false }`
[INFO] running `Command { std: "docker" "exec" "-e" "SOURCE_DIR=/opt/rustwide/workdir" "-e" "CARGO_HOME=/opt/rustwide/cargo-home" "-e" "RUSTUP_HOME=/opt/rustwide/rustup-home" "-e" "CARGO_TARGET_DIR=/opt/rustwide/target" "-e" "CARGO_INCREMENTAL=0" "-e" "RUST_BACKTRACE=full" "-e" "RUSTFLAGS=--cap-lints=warn" "-e" "RUSTDOCFLAGS=--cap-lints=warn" "-w" "/opt/rustwide/workdir" "--user" "0:0" "4b767c6a189879ebd5ba45987535bb316ee0bc5674d395389fe081503670fa69" "/opt/rustwide/cargo-home/bin/cargo" "+1.99.0-beta.8" "build" "--frozen" "--message-format=json" "--release", kill_on_drop: false }`
[INFO] [stderr]    Compiling find-msvc-tools v0.1.12
[INFO] [stderr]    Compiling smallvec v1.16.0
[INFO] [stderr]    Compiling syn v3.0.5
[INFO] [stderr]    Compiling syn v2.0.119
[INFO] [stderr]    Compiling mio v1.2.3
[INFO] [stderr]    Compiling futures-sink v0.3.34
[INFO] [stderr]    Compiling getrandom v0.2.17
[INFO] [stderr]    Compiling zerocopy v0.8.57
[INFO] [stderr]    Compiling futures-util v0.3.34
[INFO] [stderr]    Compiling cc v1.4.5
[INFO] [stderr]    Compiling crc32fast v1.5.1
[INFO] [stderr]    Compiling rustls v0.23.44
[INFO] [stderr]    Compiling futures-channel v0.3.34
[INFO] [stderr]    Compiling simd-adler32 v0.3.10
[INFO] [stderr]    Compiling tokio v1.53.1
[INFO] [stderr]    Compiling thiserror v2.0.20
[INFO] [stderr]    Compiling miniz_oxide v0.9.1
[INFO] [stderr]    Compiling indexmap v2.14.2
[INFO] [stderr]    Compiling ring v0.17.14
[INFO] [stderr]    Compiling libsqlite3-sys v0.30.1
[INFO] [stderr]    Compiling webpki-roots v1.0.9
[INFO] [stderr]    Compiling bumpalo v3.20.3
[INFO] [stderr]    Compiling synstructure v0.13.2
[INFO] [stderr]    Compiling zip v2.4.2
[INFO] [stderr]    Compiling clap_builder v4.6.6
[INFO] [stderr]    Compiling zopfli v0.8.3
[INFO] [stderr]    Compiling zerofrom-derive v0.1.7
[INFO] [stderr]    Compiling zerofrom v0.1.8
[INFO] [stderr]    Compiling yoke-derive v0.8.2
[INFO] [stderr]    Compiling ahash v0.8.12
[INFO] [stderr]    Compiling hashbrown v0.14.5
[INFO] [stderr]    Compiling yoke v0.8.3
[INFO] [stderr]    Compiling hyper v1.11.1
[INFO] [stderr]    Compiling displaydoc v0.2.7
[INFO] [stderr]    Compiling zerovec-derive v0.11.6
[INFO] [stderr]    Compiling serde_derive v1.0.229
[INFO] [stderr]    Compiling zerotrie v0.2.5
[INFO] [stderr]    Compiling thiserror-impl v2.0.20
[INFO] [stderr]    Compiling zerovec v0.11.8
[INFO] [stderr]    Compiling tinystr v0.8.4
[INFO] [stderr]    Compiling icu_locale_core v2.3.0
[INFO] [stderr]    Compiling potential_utf v0.1.6
[INFO] [stderr]    Compiling icu_collections v2.3.0
[INFO] [stderr]    Compiling hyper-util v0.1.20
[INFO] [stderr]    Compiling icu_provider v2.3.1
[INFO] [stderr]    Compiling serde v1.0.229
[INFO] [stderr]    Compiling icu_normalizer v2.3.0
[INFO] [stderr]    Compiling icu_properties v2.3.0
[INFO] [stderr]    Compiling tower v0.5.3
[INFO] [stderr]    Compiling serde_urlencoded v0.7.1
[INFO] [stderr]    Compiling hashlink v0.9.1
[INFO] [stderr]    Compiling clap_derive v4.6.4
[INFO] [stderr]    Compiling rustix v1.1.4
[INFO] [stderr]    Compiling idna_adapter v1.2.2
[INFO] [stderr]    Compiling idna v1.1.0
[INFO] [stderr]    Compiling dirs-sys v0.5.0
[INFO] [stderr]    Compiling url v2.5.8
[INFO] [stderr]    Compiling flate2 v1.1.10
[INFO] [stderr]    Compiling tower-http v0.6.11
[INFO] [stderr]    Compiling getrandom v0.4.3
[INFO] [stderr]    Compiling chrono v0.4.45
[INFO] [stderr]    Compiling tempfile v3.27.0
[INFO] [stderr]    Compiling serde_yaml v0.9.34+deprecated
[INFO] [stderr]    Compiling sha2 v0.11.0
[INFO] [stderr]    Compiling serde_json v1.0.151
[INFO] [stderr]    Compiling clap v4.6.6
[INFO] [stderr]    Compiling rustls-webpki v0.103.15
[INFO] [stderr]    Compiling dirs v7.0.0
[INFO] [stderr]    Compiling tokio-rustls v0.26.5
[INFO] [stderr]    Compiling hyper-rustls v0.27.9
[INFO] [stderr]    Compiling reqwest v0.12.28
[INFO] [stderr]    Compiling rusqlite v0.32.1
[INFO] [stderr]    Compiling jan-cli v0.27.0 (/opt/rustwide/workdir)
[INFO] [stderr]     Finished `release` profile [optimized] target(s) in 5m 08s
[INFO] running `Command { std: "docker" "inspect" "4b767c6a189879ebd5ba45987535bb316ee0bc5674d395389fe081503670fa69", kill_on_drop: false }`
[INFO] running `Command { std: "docker" "exec" "-e" "SOURCE_DIR=/opt/rustwide/workdir" "-e" "CARGO_HOME=/opt/rustwide/cargo-home" "-e" "RUSTUP_HOME=/opt/rustwide/rustup-home" "-e" "CARGO_TARGET_DIR=/opt/rustwide/target" "-e" "CARGO_INCREMENTAL=0" "-e" "RUST_BACKTRACE=full" "-e" "RUSTFLAGS=--cap-lints=warn" "-e" "RUSTDOCFLAGS=--cap-lints=warn" "-w" "/opt/rustwide/workdir" "--user" "0:0" "4b767c6a189879ebd5ba45987535bb316ee0bc5674d395389fe081503670fa69" "/opt/rustwide/cargo-home/bin/cargo" "+1.99.0-beta.8" "test" "--frozen" "--no-run" "--message-format=json" "--release", kill_on_drop: false }`
[INFO] [stderr]    Compiling regex-automata v0.4.18
[INFO] [stderr]    Compiling float-cmp v0.10.0
[INFO] [stderr]    Compiling assert_cmd v2.2.2
[INFO] [stderr]    Compiling normalize-line-endings v0.3.0
[INFO] [stderr]    Compiling wait-timeout v0.2.1
[INFO] [stderr]    Compiling regex v1.13.1
[INFO] [stderr]    Compiling bstr v1.13.1
[INFO] [stderr]    Compiling predicates v3.1.4
[INFO] [stderr]    Compiling jan-cli v0.27.0 (/opt/rustwide/workdir)
[INFO] [stderr]     Finished `release` profile [optimized] target(s) in 1m 04s
[INFO] running `Command { std: "docker" "inspect" "4b767c6a189879ebd5ba45987535bb316ee0bc5674d395389fe081503670fa69", kill_on_drop: false }`
[INFO] running `Command { std: "docker" "exec" "-e" "SOURCE_DIR=/opt/rustwide/workdir" "-e" "CARGO_HOME=/opt/rustwide/cargo-home" "-e" "RUSTUP_HOME=/opt/rustwide/rustup-home" "-e" "CARGO_TARGET_DIR=/opt/rustwide/target" "-e" "CARGO_INCREMENTAL=0" "-e" "RUST_BACKTRACE=full" "-e" "RUSTFLAGS=--cap-lints=warn" "-e" "RUSTDOCFLAGS=--cap-lints=warn" "-w" "/opt/rustwide/workdir" "--user" "0:0" "4b767c6a189879ebd5ba45987535bb316ee0bc5674d395389fe081503670fa69" "/opt/rustwide/cargo-home/bin/cargo" "+1.99.0-beta.8" "test" "--frozen" "--release", kill_on_drop: false }`
[INFO] [stderr]     Finished `release` profile [optimized] target(s) in 0.22s
[INFO] [stderr]      Running unittests src/lib.rs (/opt/rustwide/target/release/deps/jan_cli-47b654e97df865ef)
[INFO] [stdout] 
[INFO] [stdout] running 124 tests
[INFO] [stdout] test cmdtest::tests::quotes_apostrophes ... ok
[INFO] [stdout] test config::tests::detect_entry_honors_explicit_root ... ok
[INFO] [stdout] test config::tests::detect_entry_prefers_scripts_spec ... ok
[INFO] [stdout] test builtins::tests::alias_names_use_a_conservative_shell_identifier ... ok
[INFO] [stdout] test cron::tests::every_minute ... ok
[INFO] [stdout] test cron::tests::every_second ... ok
[INFO] [stdout] test builtins::tests::alias_command_quotes_every_argument ... ok
[INFO] [stdout] test cron::tests::every_100ms ... ok
[INFO] [stdout] test cron::tests::dow_sunday_aliases ... ok
[INFO] [stdout] test cron::tests::format_relative_parts ... ok
[INFO] [stdout] test cron::tests::specific_time ... ok
[INFO] [stdout] test cron::tests::parse_at_string ... ok
[INFO] [stdout] test cron::tests::parse_at_tick_string ... ok
[INFO] [stdout] test cron_daemon::tests::cached_schedule_matches_without_reparsing ... ok
[INFO] [stdout] test cron::tests::nickname_every_second ... ok
[INFO] [stdout] test cron::tests::nickname_hourly ... ok
[INFO] [stdout] test cron_daemon::tests::disabled_file_roundtrip ... ok
[INFO] [stdout] test cron::tests::step_hours ... ok
[INFO] [stdout] test cron::tests::next_after_rolls_to_tomorrow ... ok
[INFO] [stdout] test cron::tests::next_after_same_day ... ok
[INFO] [stdout] test cron_daemon::tests::job_gate_overlap_skip_counter ... ok
[INFO] [stdout] test cron_daemon::tests::job_gate_deferred_queue_drops_oldest ... ok
[INFO] [stdout] test cron_daemon::tests::systemd_unit_contains_execstart ... ok
[INFO] [stdout] test cron_daemon::tests::job_gate_defers_when_at_capacity ... ok
[INFO] [stdout] test deps::tests::check_private_env_reports_missing ... ok
[INFO] [stdout] test deps::tests::chain_env_later_overrides_earlier ... ok
[INFO] [stdout] test cron_daemon::tests::cached_entries_serialize_roundtrip ... ok
[INFO] [stdout] test deps::tests::cyclic_dependency_errors ... ok
[INFO] [stdout] test deps::tests::env_pass_conflicts_with_private ... ok
[INFO] [stdout] test deps::tests::explicit_paths_are_left_alone ... ok
[INFO] [stdout] test deps::tests::spec_path_cannot_shadow_inherited_program ... ok
[INFO] [stdout] test deps::tests::spec_path_supplies_programs_absent_from_inherited_path ... ok
[INFO] [stdout] test deps::tests::transitive_dependencies_prepended_in_order ... ok
[INFO] [stdout] test deps::tests::unresolvable_program_errors_before_spawn ... ok
[INFO] [stdout] test hostconfig::tests::collect_walks_nested_config ... ok
[INFO] [stdout] test hostconfig::tests::expand_home_rejects_outside ... ok
[INFO] [stdout] test hostconfig::tests::expand_home_accepts_tilde ... ok
[INFO] [stdout] test inputs::tests::choices_and_empty_optional ... ok
[INFO] [stdout] test inputs::tests::file_and_dir_existence ... ok
[INFO] [stdout] test inputs::tests::resolve_rejects_bad_url_before_ok ... ok
[INFO] [stdout] test inputs::tests::help_shows_type_and_choices ... ok
[INFO] [stdout] test deps::tests::fetch_pass_uses_fake_pass_on_path ... ok
[INFO] [stdout] test inputs::tests::type_check_table ... ok
[INFO] [stdout] test inputs::tests::validate_rejects_bad_default_and_enum_without_choices ... ok
[INFO] [stdout] test inputs::tests::interpolate_inputs ... ok
[INFO] [stdout] test inspect::tests::format_audit_ts_converts_unix_seconds ... ok
[INFO] [stdout] test inputs::tests::missing_required_errors ... ok
[INFO] [stdout] test inputs::tests::resolve_equals_and_passthrough_rest ... ok
[INFO] [stdout] test inputs::tests::resolve_required_and_default ... ok
[INFO] [stdout] test packages::tests::exact_maven_pins_accepted ... ok
[INFO] [stdout] test packages::tests::exact_npm_pins_accepted ... ok
[INFO] [stdout] test inspect::tests::strip_jan_cron_block_preserves_other_lines ... ok
[INFO] [stdout] test inputs::tests::yaml_type_and_choices_deserialize ... ok
[INFO] [stdout] test packages::tests::gradle_java_req_changes_hash ... ok
[INFO] [stdout] test packages::tests::exact_pins_accepted ... ok
[INFO] [stdout] test packages::tests::extract_java_version_from_output ... ok
[INFO] [stdout] test packages::tests::kotlin_type_name_from_path ... ok
[INFO] [stdout] test packages::tests::gradle_list_hash_stable_under_reorder ... ok
[INFO] [stdout] test packages::tests::kotlin_value_is_path_vs_inline ... ok
[INFO] [stdout] test packages::tests::list_and_requirements_differ ... ok
[INFO] [stdout] test packages::tests::list_hash_stable_under_reorder ... ok
[INFO] [stdout] test packages::tests::parse_age_duration_forms ... ok
[INFO] [stdout] test deps::tests::check_requires_reports_missing ... ok
[INFO] [stdout] test packages::tests::inject_jvm_classpath_inserts_cp ... ok
[INFO] [stdout] test packages::tests::unpinned_list_fails_canonicalization ... ok
[INFO] [stdout] test packages::tests::unpinned_maven_coords_rejected ... ok
[INFO] [stdout] test packages::tests::unpinned_npm_specs_rejected ... ok
[INFO] [stdout] test packages::tests::parse_byte_size_forms ... ok
[INFO] [stdout] test packages::tests::kotlin_package_prefix_reads_first_package ... ok
[INFO] [stdout] test packages::tests::pnpm_list_hash_stable_under_reorder ... ok
[INFO] [stdout] test inspect::tests::system_field_inherits_to_leaves ... ok
[INFO] [stdout] test inspect::tests::system_empty_clears_inheritance ... ok
[INFO] [stdout] test packages::tests::parse_min_version_constraint_forms ... ok
[INFO] [stdout] test ps::tests::parses_stat_comm_with_spaces ... ok
[INFO] [stdout] test ps::tests::selects_descendants_of_jan_roots ... ok
[INFO] [stdout] test inspect::tests::collects_run_leaves ... ok
[INFO] [stdout] test ps::tests::detects_jan_executable_basename ... ok
[INFO] [stdout] test packages::tests::unpinned_requirements_rejected ... ok
[INFO] [stdout] test remote::tests::looks_like_remote ... ok
[INFO] [stdout] test remote::tests::normalize_sha256_rejects_bad ... ok
[INFO] [stdout] test runtime_daemon::tests::worker_key_hash_stable ... ok
[INFO] [stdout] test remote::tests::sha256_hex_stable ... ok
[INFO] [stdout] test runtime_daemon::tests::runtime_enabled_default ... ok
[INFO] [stdout] test remote::tests::validate_member_rejects_traversal ... ok
[INFO] [stdout] test shell_emit::tests::header_matches_dialect ... ok
[INFO] [stdout] test spec_load::tests::computer_filter_keeps_unrestricted_nodes_without_registration ... ok
[INFO] [stdout] test spec_load::tests::computer_filter_drops_other_machine_branch ... ok
[INFO] [stdout] test spec_load::tests::include_rejects_symlink_escape ... ok
[INFO] [stdout] test remote::tests::fetch_verified_from_local_http ... ok
[INFO] [stdout] test remote::tests::extract_bundle_roundtrip ... ok
[INFO] [stdout] test spec_load::tests::exec_remote_requires_sha256 ... ok
[INFO] [stdout] test spec_load::tests::include_ref_deserializes_local_and_remote ... ok
[INFO] [stdout] test tests::aliases_names_require_jan_target ... ok
[INFO] [stdout] test spec_load::tests::os_filter_keeps_config_only_node ... ok
[INFO] [stdout] test tests::aliases_spec_deserializes_string_list_and_map ... ok
[INFO] [stdout] test tests::aliases_reject_unsafe_names ... ok
[INFO] [stdout] test tests::config_spec_deserializes_shell_path_inline_link_apply ... ok
[INFO] [stdout] test tests::config_spec_rejects_absolute_shell_path ... ok
[INFO] [stdout] test tests::config_spec_rejects_link_path_that_looks_like_file_contents ... ok
[INFO] [stdout] test spec_load::tests::os_filter_keeps_alias_only_node ... ok
[INFO] [stdout] test spec_load::tests::os_filter_drops_linux_only_branch ... ok
[INFO] [stdout] test spec_load::tests::include_rejects_absolute_and_parent_paths ... ok
[INFO] [stdout] test tests::format_help_lists_node_aliases_and_alias_only_children ... ok
[INFO] [stdout] test tests::examples_default_spec_validates ... ok
[INFO] [stdout] test tests::gherkin_test_names ... ok
[INFO] [stdout] test tests::language_exec_path_vs_inline_detection ... ok
[INFO] [stdout] test spec_load::tests::nested_include_resolves_from_use_root ... ok
[INFO] [stdout] test tests::shell_inline_c_needs_argv0_detects_bash_lc ... ok
[INFO] [stdout] test spec_load::tests::wrapper_aliases_merge_onto_include ... ok
[INFO] [stdout] test tests::shell_passthrough_argv0_skips_run_leaf ... ok
[INFO] [stdout] test tests::format_help_inlines_help_child_and_hides_help_leaf ... ok
[INFO] [stdout] test tests::format_help_lists_node_config ... ok
[INFO] [stdout] test tests::format_help_lists_config_only_children ... ok
[INFO] [stdout] test tests::validate_rejects_exec_with_children ... ok
[INFO] [stdout] test unifier_events::tests::parse_event_notice ... ok
[INFO] [stdout] test unifier_events::tests::parse_event_without_name ... ok
[INFO] [stdout] test unifier_events::tests::parse_mailbox_notice ... ok
[INFO] [stdout] test spec_load::tests::wrapper_computer_merge_onto_include ... FAILED
[INFO] [stdout] test unifier_events::tests::queue_caps_at_max_and_counts_drops ... ok
[INFO] [stdout] test unifier_events::tests::tick_notice_is_not_an_agent_wakeup ... ok
[INFO] [stdout] test yaml_closure::tests::closure_rejects_remote_include ... ok
[INFO] [stdout] test tests::merge_specs_adds_and_replaces_leaves ... ok
[INFO] [stdout] test yaml_closure::tests::closure_collects_root_and_nested_includes ... ok
[INFO] [stderr] error: test failed, to rerun pass `--lib`
[INFO] [stdout] test yaml_closure::tests::closure_packs_script_includes ... ok
[INFO] [stdout] 
[INFO] [stdout] failures:
[INFO] [stdout] 
[INFO] [stdout] ---- spec_load::tests::wrapper_computer_merge_onto_include stdout ----
[INFO] [stdout] 
[INFO] [stdout] thread 'spec_load::tests::wrapper_computer_merge_onto_include' (1988) panicked at src/spec_load.rs:850:33:
[INFO] [stdout] no entry found for key
[INFO] [stdout] stack backtrace:
[INFO] [stdout]    0:     0x601ae67d18d1 - <<std[70759c8f55707aa4]::sys::backtrace::BacktraceLock>::print::DisplayBacktrace as core[df12db4294e9bfd3]::fmt::Display>::fmt
[INFO] [stdout]    1:     0x601ae67e99ba - core[df12db4294e9bfd3]::fmt::write
[INFO] [stdout]    2:     0x601ae67d714c - <alloc[2182bb758b4b3781]::vec::Vec<u8> as core[df12db4294e9bfd3]::io::write::Write>::write_fmt
[INFO] [stdout]    3:     0x601ae67a7ec6 - std[70759c8f55707aa4]::panicking::default_hook::{closure#0}
[INFO] [stdout]    4:     0x601ae67c6e69 - std[70759c8f55707aa4]::panicking::default_hook
[INFO] [stdout]    5:     0x601ae6541c30 - test[9d35eded1c95d3be]::test_main_inner::<test[9d35eded1c95d3be]::test_main_static::{closure#0}>::{closure#0}
[INFO] [stdout]    6:     0x601ae67c7192 - std[70759c8f55707aa4]::panicking::panic_with_hook
[INFO] [stdout]    7:     0x601ae67a7f72 - std[70759c8f55707aa4]::panicking::panic_handler::{closure#0}
[INFO] [stdout]    8:     0x601ae67a0189 - std[70759c8f55707aa4]::sys::backtrace::__rust_end_short_backtrace::<std[70759c8f55707aa4]::panicking::panic_handler::{closure#0}, !>
[INFO] [stdout]    9:     0x601ae67a932d - __rustc[8fa7c3cbc660c2b3]::rust_begin_unwind
[INFO] [stdout]   10:     0x601ae67ea11c - core[df12db4294e9bfd3]::panicking::panic_fmt
[INFO] [stdout]   11:     0x601ae67e9e74 - core[df12db4294e9bfd3]::option::expect_failed
[INFO] [stdout]   12:     0x601ae6461534 - jan_cli[35ce2d02b2584f0]::spec_load::tests::wrapper_computer_merge_onto_include
[INFO] [stdout]   13:     0x601ae644d4e9 - <jan_cli[35ce2d02b2584f0]::spec_load::tests::wrapper_computer_merge_onto_include::{closure#0} as core[df12db4294e9bfd3]::ops::function::FnOnce<()>>::call_once
[INFO] [stdout]   14:     0x601ae6534f1b - test[9d35eded1c95d3be]::__rust_begin_short_backtrace::<core[df12db4294e9bfd3]::result::Result<(), alloc[2182bb758b4b3781]::string::String>, fn() -> core[df12db4294e9bfd3]::result::Result<(), alloc[2182bb758b4b3781]::string::String>>
[INFO] [stdout]   15:     0x601ae6542585 - test[9d35eded1c95d3be]::run_test::{closure#0}
[INFO] [stdout]   16:     0x601ae653be44 - std[70759c8f55707aa4]::sys::backtrace::__rust_begin_short_backtrace::<test[9d35eded1c95d3be]::run_test::{closure#1}, ()>
[INFO] [stdout]   17:     0x601ae65456e2 - <std[70759c8f55707aa4]::thread::lifecycle::spawn_unchecked<test[9d35eded1c95d3be]::run_test::{closure#1}, ()>::{closure#1} as core[df12db4294e9bfd3]::ops::function::FnOnce<()>>::call_once::{shim:vtable#0}
[INFO] [stdout]   18:     0x601ae67d0269 - <std[70759c8f55707aa4]::sys::thread::unix::Thread>::new::thread_start
[INFO] [stdout]   19:     0x75fbd66e5dfa - <unknown>
[INFO] [stdout]   20:     0x75fbd67793d4 - clone
[INFO] [stdout]   21:                0x0 - <unknown>
[INFO] [stdout] 
[INFO] [stdout] 
[INFO] [stdout] failures:
[INFO] [stdout]     spec_load::tests::wrapper_computer_merge_onto_include
[INFO] [stdout] 
[INFO] [stdout] test result: FAILED. 123 passed; 1 failed; 0 ignored; 0 measured; 0 filtered out; finished in 0.06s
[INFO] [stdout] 
[INFO] running `Command { std: "docker" "inspect" "4b767c6a189879ebd5ba45987535bb316ee0bc5674d395389fe081503670fa69", kill_on_drop: false }`
[INFO] running `Command { std: "docker" "rm" "-f" "4b767c6a189879ebd5ba45987535bb316ee0bc5674d395389fe081503670fa69", kill_on_drop: false }`
[INFO] [stdout] 4b767c6a189879ebd5ba45987535bb316ee0bc5674d395389fe081503670fa69
