[INFO] fetching crate jam-rs 0.9.10...
[INFO] testing jam-rs-0.9.10 against 1.99.0-beta.8+cargoflags=--release for beta-release-1.100-2
[INFO] extracting crate jam-rs 0.9.10 into /workspace/builds/worker-3-tc1/source
[INFO] started tweaking crates.io crate jam-rs 0.9.10
[INFO] finished tweaking crates.io crate jam-rs 0.9.10
[INFO] tweaked toml for crates.io crate jam-rs 0.9.10 written to /workspace/builds/worker-3-tc1/source/Cargo.toml
[INFO] validating manifest of crates.io crate jam-rs 0.9.10 on toolchain 1.99.0-beta.8
[INFO] running `Command { std: CARGO_HOME="/workspace/cargo-home" RUSTUP_HOME="/workspace/rustup-home" "/workspace/cargo-home/bin/cargo" "+1.99.0-beta.8" "metadata" "--manifest-path" "Cargo.toml" "--no-deps", kill_on_drop: false }`
[INFO] crate crates.io crate jam-rs 0.9.10 already has a lockfile, it will not be regenerated
[INFO] running `Command { std: CARGO_HOME="/workspace/cargo-home" RUSTUP_HOME="/workspace/rustup-home" "/workspace/cargo-home/bin/cargo" "+1.99.0-beta.8" "fetch" "--manifest-path" "Cargo.toml", kill_on_drop: false }`
[INFO] [stderr]     Updating crates.io index
[INFO] [stderr]  Downloading crates ...
[INFO] [stderr]   Downloaded xxhash-rust v0.8.15
[INFO] [stderr]   Downloaded xorf v0.12.0
[INFO] [stderr]   Downloaded unicode-ident v1.0.22
[INFO] [stderr]   Downloaded tikv-jemallocator v0.6.1
[INFO] [stderr]   Downloaded murmurhash3 v0.0.5
[INFO] [stderr]   Downloaded unit-prefix v0.5.2
[INFO] [stderr]   Downloaded page_size v0.6.0
[INFO] [stderr]   Downloaded clap_lex v0.7.7
[INFO] [stderr]   Downloaded fastmurmur3 v0.2.0
[INFO] [stderr]   Downloaded alloca v0.4.0
[INFO] [stderr]   Downloaded wasm-bindgen-macro v0.2.108
[INFO] [stderr]   Downloaded wasm-bindgen-shared v0.2.108
[INFO] [stderr]   Downloaded buffer-redux v1.1.0
[INFO] [stderr]   Downloaded criterion-plot v0.8.2
[INFO] [stderr]   Downloaded zmij v1.0.19
[INFO] [stderr]   Downloaded bzip2 v0.4.4
[INFO] [stderr]   Downloaded liblzma v0.3.6
[INFO] [stderr]   Downloaded memmap2 v0.9.9
[INFO] [stderr]   Downloaded jamhash v0.1.2
[INFO] [stderr]   Downloaded wasm-bindgen v0.2.108
[INFO] [stderr]   Downloaded console v0.16.2
[INFO] [stderr]   Downloaded clap v4.5.57
[INFO] [stderr]   Downloaded anyhow v1.0.101
[INFO] [stderr]   Downloaded tempfile v3.24.0
[INFO] [stderr]   Downloaded bitflags v2.10.0
[INFO] [stderr]   Downloaded indicatif v0.18.3
[INFO] [stderr]   Downloaded wasm-bindgen-macro-support v0.2.108
[INFO] [stderr]   Downloaded js-sys v0.3.85
[INFO] [stderr]   Downloaded cc v1.2.55
[INFO] [stderr]   Downloaded bumpalo v3.19.1
[INFO] [stderr]   Downloaded crossfire v3.0.4
[INFO] [stderr]   Downloaded zerocopy-derive v0.8.39
[INFO] [stderr]   Downloaded roaring v0.11.3
[INFO] [stderr]   Downloaded criterion v0.8.2
[INFO] [stderr]   Downloaded clap_builder v4.5.57
[INFO] [stderr]   Downloaded syn v2.0.114
[INFO] [stderr]   Downloaded zerocopy v0.8.39
[INFO] [stderr]   Downloaded regex-syntax v0.8.9
[INFO] [stderr]   Downloaded needletail v0.6.3
[INFO] [stderr]   Downloaded rustix v1.1.3
[INFO] [stderr]   Downloaded bzip2-sys v0.1.13+1.0.8
[INFO] [stderr]   Downloaded web-sys v0.3.85
[INFO] [stderr]   Downloaded libc v0.2.180
[INFO] [stderr]   Downloaded tikv-jemalloc-sys v0.6.1+5.3.0-1-ge13ca993e8ccb9ba9847cc330696e02839f328f7
[INFO] [stderr]   Downloaded liblzma-sys v0.3.13
[INFO] [stderr]   Downloaded linux-raw-sys v0.11.0
[INFO] running `Command { std: "docker" "create" "-v" "/var/lib/crater-agent-workspace/builds/worker-3-tc1/source:/opt/rustwide/workdir:ro,Z" "-v" "/var/lib/crater-agent-workspace/builds/worker-3-tc1/target:/opt/rustwide/target:rw,Z" "-v" "/var/lib/crater-agent-workspace/cargo-home:/opt/rustwide/cargo-home:ro,Z" "-v" "/var/lib/crater-agent-workspace/rustup-home:/opt/rustwide/rustup-home:ro,Z" "-m" "1610612736" "--network" "none" "ghcr.io/rust-lang/crates-build-env/linux@sha256:77db811e55d90add9212f6832c23229e3de5f1c1f9905e8cb07319ea15df73ac" "sleep" "infinity", kill_on_drop: false }`
[INFO] [stdout] 4be81be93af960d7266769e8c5cd0ee4f2576fe135114e26ff14fd7719da65b0
[INFO] running `Command { std: "docker" "start" "4be81be93af960d7266769e8c5cd0ee4f2576fe135114e26ff14fd7719da65b0", kill_on_drop: false }`
[INFO] running `Command { std: "docker" "inspect" "4be81be93af960d7266769e8c5cd0ee4f2576fe135114e26ff14fd7719da65b0", kill_on_drop: false }`
[INFO] running `Command { std: "docker" "exec" "-e" "SOURCE_DIR=/opt/rustwide/workdir" "-e" "CARGO_HOME=/opt/rustwide/cargo-home" "-e" "RUSTUP_HOME=/opt/rustwide/rustup-home" "-e" "CARGO_TARGET_DIR=/opt/rustwide/target" "-w" "/opt/rustwide/workdir" "--user" "0:0" "4be81be93af960d7266769e8c5cd0ee4f2576fe135114e26ff14fd7719da65b0" "/opt/rustwide/cargo-home/bin/cargo" "+1.99.0-beta.8" "metadata" "--no-deps" "--format-version=1", kill_on_drop: false }`
[INFO] running `Command { std: "docker" "inspect" "4be81be93af960d7266769e8c5cd0ee4f2576fe135114e26ff14fd7719da65b0", kill_on_drop: false }`
[INFO] running `Command { std: "docker" "exec" "-e" "SOURCE_DIR=/opt/rustwide/workdir" "-e" "CARGO_HOME=/opt/rustwide/cargo-home" "-e" "RUSTUP_HOME=/opt/rustwide/rustup-home" "-e" "CARGO_TARGET_DIR=/opt/rustwide/target" "-e" "CARGO_INCREMENTAL=0" "-e" "RUST_BACKTRACE=full" "-e" "RUSTFLAGS=--cap-lints=warn" "-e" "RUSTDOCFLAGS=--cap-lints=warn" "-w" "/opt/rustwide/workdir" "--user" "0:0" "4be81be93af960d7266769e8c5cd0ee4f2576fe135114e26ff14fd7719da65b0" "/opt/rustwide/cargo-home/bin/cargo" "+1.99.0-beta.8" "build" "--frozen" "--message-format=json" "--release", kill_on_drop: false }`
[INFO] [stderr]    Compiling libc v0.2.180
[INFO] [stderr]    Compiling find-msvc-tools v0.1.9
[INFO] [stderr]    Compiling shlex v1.3.0
[INFO] [stderr]    Compiling pkg-config v0.3.32
[INFO] [stderr]    Compiling cfg-if v1.0.4
[INFO] [stderr]    Compiling proc-macro2 v1.0.106
[INFO] [stderr]    Compiling quote v1.0.44
[INFO] [stderr]    Compiling unicode-ident v1.0.22
[INFO] [stderr]    Compiling crossbeam-utils v0.8.21
[INFO] [stderr]    Compiling serde_core v1.0.228
[INFO] [stderr]    Compiling zerocopy v0.8.39
[INFO] [stderr]    Compiling parking_lot_core v0.9.12
[INFO] [stderr]    Compiling utf8parse v0.2.2
[INFO] [stderr]    Compiling scopeguard v1.2.0
[INFO] [stderr]    Compiling zstd-safe v7.2.4
[INFO] [stderr]    Compiling crc32fast v1.5.0
[INFO] [stderr]    Compiling once_cell v1.21.3
[INFO] [stderr]    Compiling smallvec v1.15.1
[INFO] [stderr]    Compiling anstyle-parse v0.2.7
[INFO] [stderr]    Compiling lock_api v0.4.14
[INFO] [stderr]    Compiling portable-atomic v1.13.1
[INFO] [stderr]    Compiling libm v0.2.16
[INFO] [stderr]    Compiling rayon-core v1.13.0
[INFO] [stderr]    Compiling serde v1.0.228
[INFO] [stderr]    Compiling adler2 v2.0.1
[INFO] [stderr]    Compiling memchr v2.8.0
[INFO] [stderr]    Compiling rustix v1.1.3
[INFO] [stderr]    Compiling zmij v1.0.19
[INFO] [stderr]    Compiling is_terminal_polyfill v1.70.2
[INFO] [stderr]    Compiling colorchoice v1.0.4
[INFO] [stderr]    Compiling anstyle v1.0.13
[INFO] [stderr]    Compiling anstyle-query v1.1.5
[INFO] [stderr]    Compiling simd-adler32 v0.3.8
[INFO] [stderr]    Compiling getrandom v0.3.4
[INFO] [stderr]    Compiling heck v0.5.0
[INFO] [stderr]    Compiling bitflags v2.10.0
[INFO] [stderr]    Compiling linux-raw-sys v0.11.0
[INFO] [stderr]    Compiling serde_json v1.0.149
[INFO] [stderr]    Compiling crossbeam-epoch v0.9.18
[INFO] [stderr]    Compiling miniz_oxide v0.8.9
[INFO] [stderr]    Compiling strsim v0.11.1
[INFO] [stderr]    Compiling unicode-width v0.2.2
[INFO] [stderr]    Compiling syn v2.0.114
[INFO] [stderr]    Compiling clap_lex v0.7.7
[INFO] [stderr]    Compiling anstream v0.6.21
[INFO] [stderr]    Compiling thiserror v2.0.18
[INFO] [stderr]    Compiling anyhow v1.0.101
[INFO] [stderr]    Compiling crossbeam-deque v0.8.6
[INFO] [stderr]    Compiling clap_builder v4.5.57
[INFO] [stderr]    Compiling bytecount v0.6.9
[INFO] [stderr]    Compiling unit-prefix v0.5.2
[INFO] [stderr]    Compiling flate2 v1.1.9
[INFO] [stderr]    Compiling fastrand v2.3.0
[INFO] [stderr]    Compiling either v1.15.0
[INFO] [stderr]    Compiling buffer-redux v1.1.0
[INFO] [stderr]    Compiling futures-core v0.3.31
[INFO] [stderr]    Compiling hashbrown v0.14.5
[INFO] [stderr]    Compiling itoa v1.0.17
[INFO] [stderr]    Compiling rayon v1.11.0
[INFO] [stderr]    Compiling getrandom v0.2.17
[INFO] [stderr]    Compiling jobserver v0.1.34
[INFO] [stderr]    Compiling rand_core v0.6.4
[INFO] [stderr]    Compiling parking_lot v0.12.5
[INFO] [stderr]    Compiling console v0.16.2
[INFO] [stderr]    Compiling memmap2 v0.9.9
[INFO] [stderr]    Compiling cc v1.2.55
[INFO] [stderr]    Compiling jamhash v0.1.2
[INFO] [stderr]    Compiling crossfire v3.0.4
[INFO] [stderr]    Compiling indicatif v0.18.3
[INFO] [stderr]    Compiling dashmap v6.1.0
[INFO] [stderr]    Compiling zstd-sys v2.0.16+zstd.1.5.7
[INFO] [stderr]    Compiling liblzma-sys v0.3.13
[INFO] [stderr]    Compiling bzip2-sys v0.1.13+1.0.8
[INFO] [stderr]    Compiling tikv-jemalloc-sys v0.6.1+5.3.0-1-ge13ca993e8ccb9ba9847cc330696e02839f328f7
[INFO] [stderr]    Compiling bzip2 v0.4.4
[INFO] [stderr]    Compiling serde_bytes v0.11.19
[INFO] [stderr]    Compiling tempfile v3.24.0
[INFO] [stderr]    Compiling liblzma v0.3.6
[INFO] [stderr]    Compiling serde_derive v1.0.228
[INFO] [stderr]    Compiling clap_derive v4.5.55
[INFO] [stderr]    Compiling thiserror-impl v2.0.18
[INFO] [stderr]    Compiling bytemuck_derive v1.10.2
[INFO] [stderr]    Compiling ppv-lite86 v0.2.21
[INFO] [stderr]    Compiling rand_chacha v0.3.1
[INFO] [stderr]    Compiling rand v0.8.5
[INFO] [stderr]    Compiling clap v4.5.57
[INFO] [stderr]    Compiling bytemuck v1.25.0
[INFO] [stderr]    Compiling xorf v0.12.0
[INFO] [stderr]    Compiling zstd v0.13.3
[INFO] [stderr]    Compiling needletail v0.6.3
[INFO] [stderr]    Compiling tikv-jemallocator v0.6.1
[INFO] [stderr]    Compiling jam-rs v0.9.10 (/opt/rustwide/workdir)
[INFO] [stderr]     Finished `release` profile [optimized] target(s) in 2m 56s
[INFO] running `Command { std: "docker" "inspect" "4be81be93af960d7266769e8c5cd0ee4f2576fe135114e26ff14fd7719da65b0", kill_on_drop: false }`
[INFO] running `Command { std: "docker" "exec" "-e" "SOURCE_DIR=/opt/rustwide/workdir" "-e" "CARGO_HOME=/opt/rustwide/cargo-home" "-e" "RUSTUP_HOME=/opt/rustwide/rustup-home" "-e" "CARGO_TARGET_DIR=/opt/rustwide/target" "-e" "CARGO_INCREMENTAL=0" "-e" "RUST_BACKTRACE=full" "-e" "RUSTFLAGS=--cap-lints=warn" "-e" "RUSTDOCFLAGS=--cap-lints=warn" "-w" "/opt/rustwide/workdir" "--user" "0:0" "4be81be93af960d7266769e8c5cd0ee4f2576fe135114e26ff14fd7719da65b0" "/opt/rustwide/cargo-home/bin/cargo" "+1.99.0-beta.8" "test" "--frozen" "--no-run" "--message-format=json" "--release", kill_on_drop: false }`
[INFO] [stderr]    Compiling libc v0.2.180
[INFO] [stderr]    Compiling cfg-if v1.0.4
[INFO] [stderr]    Compiling zerocopy v0.8.39
[INFO] [stderr]    Compiling serde_core v1.0.228
[INFO] [stderr]    Compiling serde v1.0.228
[INFO] [stderr]    Compiling getrandom v0.3.4
[INFO] [stderr]    Compiling memchr v2.8.0
[INFO] [stderr]    Compiling utf8parse v0.2.2
[INFO] [stderr]    Compiling anstyle v1.0.13
[INFO] [stderr]    Compiling is_terminal_polyfill v1.70.2
[INFO] [stderr]    Compiling crossbeam-utils v0.8.21
[INFO] [stderr]    Compiling anstyle-query v1.1.5
[INFO] [stderr]    Compiling either v1.15.0
[INFO] [stderr]    Compiling scopeguard v1.2.0
[INFO] [stderr]    Compiling zerocopy-derive v0.8.39
[INFO] [stderr]    Compiling once_cell v1.21.3
[INFO] [stderr]    Compiling colorchoice v1.0.4
[INFO] [stderr]    Compiling anstyle-parse v0.2.7
[INFO] [stderr]    Compiling smallvec v1.15.1
[INFO] [stderr]    Compiling autocfg v1.5.0
[INFO] [stderr]    Compiling lock_api v0.4.14
[INFO] [stderr]    Compiling zstd-sys v2.0.16+zstd.1.5.7
[INFO] [stderr]    Compiling zmij v1.0.19
[INFO] [stderr]    Compiling simd-adler32 v0.3.8
[INFO] [stderr]    Compiling adler2 v2.0.1
[INFO] [stderr]    Compiling clap_lex v0.7.7
[INFO] [stderr]    Compiling itoa v1.0.17
[INFO] [stderr]    Compiling anstream v0.6.21
[INFO] [stderr]    Compiling strsim v0.11.1
[INFO] [stderr]    Compiling miniz_oxide v0.8.9
[INFO] [stderr]    Compiling zstd-safe v7.2.4
[INFO] [stderr]    Compiling bzip2-sys v0.1.13+1.0.8
[INFO] [stderr]    Compiling crc32fast v1.5.0
[INFO] [stderr]    Compiling alloca v0.4.0
[INFO] [stderr]    Compiling bitflags v2.10.0
[INFO] [stderr]    Compiling ciborium-io v0.2.2
[INFO] [stderr]    Compiling num-traits v0.2.19
[INFO] [stderr]    Compiling linux-raw-sys v0.11.0
[INFO] [stderr]    Compiling regex-syntax v0.8.9
[INFO] [stderr]    Compiling unicode-width v0.2.2
[INFO] [stderr]    Compiling clap_builder v4.5.57
[INFO] [stderr]    Compiling plotters-backend v0.3.7
[INFO] [stderr]    Compiling buffer-redux v1.1.0
[INFO] [stderr]    Compiling bytemuck v1.25.0
[INFO] [stderr]    Compiling itertools v0.13.0
[INFO] [stderr]    Compiling zstd v0.13.3
[INFO] [stderr]    Compiling portable-atomic v1.13.1
[INFO] [stderr]    Compiling libm v0.2.16
[INFO] [stderr]    Compiling rustix v1.1.3
[INFO] [stderr]    Compiling crossbeam-epoch v0.9.18
[INFO] [stderr]    Compiling flate2 v1.1.9
[INFO] [stderr]    Compiling plotters-svg v0.3.7
[INFO] [stderr]    Compiling unit-prefix v0.5.2
[INFO] [stderr]    Compiling futures-core v0.3.31
[INFO] [stderr]    Compiling crossbeam-deque v0.8.6
[INFO] [stderr]    Compiling cast v0.3.0
[INFO] [stderr]    Compiling bytecount v0.6.9
[INFO] [stderr]    Compiling rayon-core v1.13.0
[INFO] [stderr]    Compiling getrandom v0.2.17
[INFO] [stderr]    Compiling parking_lot_core v0.9.12
[INFO] [stderr]    Compiling liblzma-sys v0.3.13
[INFO] [stderr]    Compiling console v0.16.2
[INFO] [stderr]    Compiling tikv-jemalloc-sys v0.6.1+5.3.0-1-ge13ca993e8ccb9ba9847cc330696e02839f328f7
[INFO] [stderr]    Compiling rand_core v0.6.4
[INFO] [stderr]    Compiling liblzma v0.3.6
[INFO] [stderr]    Compiling rand_core v0.9.5
[INFO] [stderr]    Compiling bzip2 v0.4.4
[INFO] [stderr]    Compiling same-file v1.0.6
[INFO] [stderr]    Compiling hashbrown v0.14.5
[INFO] [stderr]    Compiling fastrand v2.3.0
[INFO] [stderr]    Compiling plotters v0.3.7
[INFO] [stderr]    Compiling walkdir v2.5.0
[INFO] [stderr]    Compiling parking_lot v0.12.5
[INFO] [stderr]    Compiling needletail v0.6.3
[INFO] [stderr]    Compiling tikv-jemallocator v0.6.1
[INFO] [stderr]    Compiling memmap2 v0.9.9
[INFO] [stderr]    Compiling indicatif v0.18.3
[INFO] [stderr]    Compiling crossfire v3.0.4
[INFO] [stderr]    Compiling rayon v1.11.0
[INFO] [stderr]    Compiling dashmap v6.1.0
[INFO] [stderr]    Compiling page_size v0.6.0
[INFO] [stderr]    Compiling thiserror v2.0.18
[INFO] [stderr]    Compiling anyhow v1.0.101
[INFO] [stderr]    Compiling regex-automata v0.4.14
[INFO] [stderr]    Compiling oorandom v11.1.5
[INFO] [stderr]    Compiling jamhash v0.1.2
[INFO] [stderr]    Compiling anes v0.1.6
[INFO] [stderr]    Compiling byteorder v1.5.0
[INFO] [stderr]    Compiling fastmurmur3 v0.2.0
[INFO] [stderr]    Compiling foldhash v0.2.0
[INFO] [stderr]    Compiling murmurhash3 v0.0.5
[INFO] [stderr]    Compiling xxhash-rust v0.8.15
[INFO] [stderr]    Compiling tempfile v3.24.0
[INFO] [stderr]    Compiling roaring v0.11.3
[INFO] [stderr]    Compiling criterion-plot v0.8.2
[INFO] [stderr]    Compiling clap v4.5.57
[INFO] [stderr]    Compiling serde_json v1.0.149
[INFO] [stderr]    Compiling serde_bytes v0.11.19
[INFO] [stderr]    Compiling regex v1.12.3
[INFO] [stderr]    Compiling tinytemplate v1.2.1
[INFO] [stderr]    Compiling ppv-lite86 v0.2.21
[INFO] [stderr]    Compiling half v2.7.1
[INFO] [stderr]    Compiling ciborium-ll v0.2.2
[INFO] [stderr]    Compiling ciborium v0.2.2
[INFO] [stderr]    Compiling rand_chacha v0.3.1
[INFO] [stderr]    Compiling rand_chacha v0.9.0
[INFO] [stderr]    Compiling rand v0.9.2
[INFO] [stderr]    Compiling rand v0.8.5
[INFO] [stderr]    Compiling criterion v0.8.2
[INFO] [stderr]    Compiling xorf v0.12.0
[INFO] [stderr]    Compiling jam-rs v0.9.10 (/opt/rustwide/workdir)
[INFO] [stderr]     Finished `release` profile [optimized] target(s) in 1m 37s
[INFO] running `Command { std: "docker" "inspect" "4be81be93af960d7266769e8c5cd0ee4f2576fe135114e26ff14fd7719da65b0", kill_on_drop: false }`
[INFO] running `Command { std: "docker" "exec" "-e" "SOURCE_DIR=/opt/rustwide/workdir" "-e" "CARGO_HOME=/opt/rustwide/cargo-home" "-e" "RUSTUP_HOME=/opt/rustwide/rustup-home" "-e" "CARGO_TARGET_DIR=/opt/rustwide/target" "-e" "CARGO_INCREMENTAL=0" "-e" "RUST_BACKTRACE=full" "-e" "RUSTFLAGS=--cap-lints=warn" "-e" "RUSTDOCFLAGS=--cap-lints=warn" "-w" "/opt/rustwide/workdir" "--user" "0:0" "4be81be93af960d7266769e8c5cd0ee4f2576fe135114e26ff14fd7719da65b0" "/opt/rustwide/cargo-home/bin/cargo" "+1.99.0-beta.8" "test" "--frozen" "--release", kill_on_drop: false }`
[INFO] [stderr]     Finished `release` profile [optimized] target(s) in 0.31s
[INFO] [stderr]      Running unittests src/lib.rs (/opt/rustwide/target/release/deps/jam_rs-dcb800b3bd4999ff)
[INFO] [stdout] 
[INFO] [stdout] running 106 tests
[INFO] [stdout] test bias::tests::test_cms_basic ... ok
[INFO] [stdout] test format::tests::test_entry_bucket_id ... ok
[INFO] [stdout] test core_utils::tests::test_passes_entropy_filter ... ok
[INFO] [stdout] test bias::tests::test_hash_bias_table_build ... ok
[INFO] [stdout] test core_utils::tests::test_shannon_entropy ... ok
[INFO] [stdout] test format::tests::test_bucket_id ... ok
[INFO] [stdout] test bias::tests::test_hash_bias_table_bytes_roundtrip ... ok
[INFO] [stdout] test format::tests::test_bucket_id_distribution ... ok
[INFO] [stdout] test bias::tests::test_cms_collision_handling ... ok
[INFO] [stdout] test bias::tests::test_passes_filter ... ok
[INFO] [stdout] test format::tests::test_struct_sizes ... ok
[INFO] [stdout] test io::tests::test_entry_roundtrip ... ok
[INFO] [stdout] test format::tests::test_header_validate_zero_threshold ... ok
[INFO] [stdout] test format::tests::test_entry_ordering ... ok
[INFO] [stdout] test bias::tests::test_raw_hash_counts_build ... ok
[INFO] [stdout] test io::tests::test_entry_writer ... ok
[INFO] [stdout] test bias::tests::test_create_unified ... ok
[INFO] [stdout] test core_utils::tests::test_entropy_edge_cases ... ok
[INFO] [stdout] test bias::tests::test_maximize_fold_enrichment ... ok
[INFO] [stdout] test format::tests::test_header_validate_valid ... ok
[INFO] [stdout] test io::tests::test_extract_unique_hashes ... ok
[INFO] [stdout] test format::tests::test_header_validate_bad_magic ... ok
[INFO] [stdout] test format::tests::test_header_validate_bad_version ... ok
[INFO] [stdout] test bias::tests::test_hash_bias_table_save_load ... ok
[INFO] [stdout] test query::tests::test_from_inputs_integration_with_query_engine ... FAILED
[INFO] [stdout] test query::tests::test_from_inputs_buckets_sorted ... FAILED
[INFO] [stdout] test query::tests::test_from_fasta_uses_db_parameters ... FAILED
[INFO] [stdout] test query::tests::test_from_inputs_multiple_fasta ... FAILED
[INFO] [stdout] test query::tests::test_from_inputs_jam_parameter_mismatch_propagates ... FAILED
[INFO] [stdout] test query::tests::test_from_fasta_non_singleton ... FAILED
[INFO] [stdout] test query::tests::test_from_inputs_jam_detection_by_extension ... FAILED
[INFO] [stdout] test query::tests::test_from_fasta_integration_with_query_engine ... FAILED
[INFO] [stdout] test query::tests::test_from_inputs_single_fasta ... FAILED
[INFO] [stdout] test query::tests::test_from_inputs_single_jam ... FAILED
[INFO] [stdout] test query::tests::test_from_inputs_query_sizes_preserved ... FAILED
[INFO] [stdout] test query::tests::test_from_inputs_empty ... FAILED
[INFO] [stdout] test query::tests::test_from_inputs_propagates_errors ... FAILED
[INFO] [stdout] test query::tests::test_from_inputs_multiple_fasta_singleton ... FAILED
[INFO] [stdout] test query::tests::test_from_fasta_deduplication ... FAILED
[INFO] [stdout] test query::tests::test_from_fasta_short_sequences_skipped ... FAILED
[INFO] [stdout] test query::tests::test_from_jam_kmer_size_mismatch ... FAILED
[INFO] [stdout] test query::tests::test_from_jam_success ... FAILED
[INFO] [stdout] test query::tests::test_query_empty ... FAILED
[INFO] [stdout] test query::tests::test_from_fasta_singleton ... FAILED
[INFO] [stdout] test query::tests::test_from_jam_preserves_bucketization ... FAILED
[INFO] [stdout] test query::tests::test_from_jam_empty_source ... FAILED
[INFO] [stdout] test query::tests::test_query_fasta_non_singleton ... FAILED
[INFO] [stdout] test query::tests::test_query_sketch_bucket_accessor ... ok
[INFO] [stdout] test query::tests::test_query_result_helpers ... ok
[INFO] [stdout] test query::tests::test_query_fasta_singleton ... FAILED
[INFO] [stdout] test query::tests::test_from_inputs_mixed_fasta_and_jam ... FAILED
[INFO] [stdout] test query::tests::test_query_engine_open ... FAILED
[INFO] [stdout] test query::tests::test_from_jam_query_sizes_correct ... FAILED
[INFO] [stdout] test query::tests::test_from_jam_threshold_mismatch ... FAILED
[INFO] [stdout] test query::tests::test_query_sketch_bucket_out_of_bounds - should panic ... ok
[INFO] [stdout] test query::tests::test_from_jam_multiple_samples ... FAILED
[INFO] [stdout] test query::tests::test_query_fasta_file_not_found ... FAILED
[INFO] [stdout] test query::tests::test_query_sketch_default ... ok
[INFO] [stdout] test query::tests::test_query_basic ... FAILED
[INFO] [stdout] test query::tests::test_query_sketch_new ... ok
[INFO] [stdout] test query::tests::test_query_sketch_total_entries ... ok
[INFO] [stdout] test reader::tests::test_reader_nonexistent_hash ... FAILED
[INFO] [stdout] test query::tests::test_query_sketch_sample_count ... ok
[INFO] [stdout] test query::tests::test_query_sketch_multiple_samples ... FAILED
[INFO] [stdout] test query::tests::test_query_sketch_with_populated_fields ... ok
[INFO] [stdout] test query::tests::test_query_nonexistent ... FAILED
[INFO] [stdout] test query::tests::test_query_sketch_empty ... FAILED
[INFO] [stdout] test query::tests::test_from_inputs_sample_id_renumbering ... FAILED
[INFO] [stdout] test sketch::tests::test_channel_capacity_calculation ... ok
[INFO] [stdout] test sketch::tests::test_scan_fasta_boundaries ... ok
[INFO] [stdout] test sketch::tests::test_scan_fastq_boundaries ... ok
[INFO] [stdout] test sketch::tests::test_is_compressed ... ok
[INFO] [stdout] test sketch::tests::test_mmap_slice_reader ... ok
[INFO] [stdout] test sketch::tests::test_fscale_zero_errors ... ok
[INFO] [stdout] test sketch::tests::test_kmer_size_validation ... FAILED
[INFO] [stdout] test sketch::tests::test_scan_fastq_boundaries_at_followed_by_at_skipped ... ok
[INFO] [stdout] test sketch::tests::test_scan_fastq_boundaries_at_in_quality ... ok
[INFO] [stdout] test sketch::tests::test_scan_fastq_boundaries_iupac_codes ... ok
[INFO] [stdout] test sketch::tests::test_scan_fastq_boundaries_wrapped ... ok
[INFO] [stdout] test query::tests::test_query_sketch_no_matches ... FAILED
[INFO] [stdout] test query::tests::test_query_sketch_single_sample ... FAILED
[INFO] [stdout] test query::tests::test_query_filtered ... FAILED
[INFO] [stdout] test query::tests::test_query_sketch_containment_calculation ... FAILED
[INFO] [stdout] test reader::tests::test_reader_multiple_samples ... FAILED
[INFO] [stdout] test reader::tests::test_reader_open ... FAILED
[INFO] [stdout] test reader::tests::test_reader_search ... FAILED
[INFO] [stdout] test sketch::tests::test_tiny_file_errors ... ok
[INFO] [stdout] test sketch::tests::test_sketch_basic ... FAILED
[INFO] [stdout] test sketch::tests::test_sketch_fracmin_filters ... FAILED
[INFO] [stdout] test sketch::tests::test_sketch_singleton ... FAILED
[INFO] [stdout] test writer::tests::test_build_multiple_files ... FAILED
[INFO] [stdout] test sketch::tests::test_sketch_multiple_files ... FAILED
[INFO] [stdout] test reader::tests::test_reader_bucket_entries ... FAILED
[INFO] [stdout] test writer::tests::test_compact_basic ... FAILED
[INFO] [stdout] test writer::tests::test_build_without_bias_table ... FAILED
[INFO] [stdout] test writer::tests::test_build_singleton_mode ... FAILED
[INFO] [stdout] test writer::tests::test_compact_header_validation ... FAILED
[INFO] [stdout] test writer::tests::test_build_basic ... FAILED
[INFO] [stdout] test writer::tests::test_build_with_bias_table ... FAILED
[INFO] [stdout] test writer::tests::test_build_with_entropy_filter ... FAILED
[INFO] [stdout] test writer::tests::test_compact_empty_buckets ... FAILED
[INFO] [stdout] test query::tests::test_from_fasta_sorted_buckets ... ok
[INFO] [stdout] test query::tests::test_from_fasta_file_not_found ... ok
[INFO] [stdout] test writer::tests::test_compact_entry_sorting ... ok
[INFO] [stdout] test query::tests::test_from_fasta_bucketization ... ok
[INFO] [stderr] error: test failed, to rerun pass `--lib`
[INFO] [stderr] 
[INFO] [stderr] Caused by:
[INFO] [stderr]   process didn't exit successfully: `/opt/rustwide/target/release/deps/jam_rs-dcb800b3bd4999ff` (signal: 9, SIGKILL: kill)
[INFO] running `Command { std: "docker" "inspect" "4be81be93af960d7266769e8c5cd0ee4f2576fe135114e26ff14fd7719da65b0", kill_on_drop: false }`
[INFO] running `Command { std: "docker" "rm" "-f" "4be81be93af960d7266769e8c5cd0ee4f2576fe135114e26ff14fd7719da65b0", kill_on_drop: false }`
[INFO] [stdout] 4be81be93af960d7266769e8c5cd0ee4f2576fe135114e26ff14fd7719da65b0
