[INFO] fetching crate jake 0.10.1...
[INFO] testing jake-0.10.1 against 1.99.0-beta.8+cargoflags=--release for beta-release-1.100-2
[INFO] extracting crate jake 0.10.1 into /workspace/builds/worker-4-tc1/source
[INFO] started tweaking crates.io crate jake 0.10.1
[INFO] finished tweaking crates.io crate jake 0.10.1
[INFO] tweaked toml for crates.io crate jake 0.10.1 written to /workspace/builds/worker-4-tc1/source/Cargo.toml
[INFO] validating manifest of crates.io crate jake 0.10.1 on toolchain 1.99.0-beta.8
[INFO] running `Command { std: CARGO_HOME="/workspace/cargo-home" RUSTUP_HOME="/workspace/rustup-home" "/workspace/cargo-home/bin/cargo" "+1.99.0-beta.8" "metadata" "--manifest-path" "Cargo.toml" "--no-deps", kill_on_drop: false }`
[INFO] crate crates.io crate jake 0.10.1 already has a lockfile, it will not be regenerated
[INFO] running `Command { std: CARGO_HOME="/workspace/cargo-home" RUSTUP_HOME="/workspace/rustup-home" "/workspace/cargo-home/bin/cargo" "+1.99.0-beta.8" "fetch" "--manifest-path" "Cargo.toml", kill_on_drop: false }`
[INFO] [stderr]     Updating crates.io index
[INFO] [stderr]  Downloading crates ...
[INFO] [stderr]   Downloaded serial_test v3.4.0
[INFO] [stderr]   Downloaded serial_test_derive v3.4.0
[INFO] [stderr]   Downloaded toml_parser v1.0.8+spec-1.1.0
[INFO] [stderr]   Downloaded sdd v3.0.10
[INFO] [stderr]   Downloaded toml v1.0.1+spec-1.1.0
[INFO] [stderr]   Downloaded scc v2.4.0
[INFO] running `Command { std: "docker" "create" "-v" "/var/lib/crater-agent-workspace/builds/worker-4-tc1/source:/opt/rustwide/workdir:ro,Z" "-v" "/var/lib/crater-agent-workspace/builds/worker-4-tc1/target:/opt/rustwide/target:rw,Z" "-v" "/var/lib/crater-agent-workspace/cargo-home:/opt/rustwide/cargo-home:ro,Z" "-v" "/var/lib/crater-agent-workspace/rustup-home:/opt/rustwide/rustup-home:ro,Z" "-m" "1610612736" "--network" "none" "ghcr.io/rust-lang/crates-build-env/linux@sha256:77db811e55d90add9212f6832c23229e3de5f1c1f9905e8cb07319ea15df73ac" "sleep" "infinity", kill_on_drop: false }`
[INFO] [stdout] c8e39f00e92e262dd76ef4e21b0292a753723a8c152c42b97c3749b42baeb907
[INFO] running `Command { std: "docker" "start" "c8e39f00e92e262dd76ef4e21b0292a753723a8c152c42b97c3749b42baeb907", kill_on_drop: false }`
[INFO] running `Command { std: "docker" "inspect" "c8e39f00e92e262dd76ef4e21b0292a753723a8c152c42b97c3749b42baeb907", kill_on_drop: false }`
[INFO] running `Command { std: "docker" "exec" "-e" "SOURCE_DIR=/opt/rustwide/workdir" "-e" "CARGO_HOME=/opt/rustwide/cargo-home" "-e" "RUSTUP_HOME=/opt/rustwide/rustup-home" "-e" "CARGO_TARGET_DIR=/opt/rustwide/target" "-w" "/opt/rustwide/workdir" "--user" "0:0" "c8e39f00e92e262dd76ef4e21b0292a753723a8c152c42b97c3749b42baeb907" "/opt/rustwide/cargo-home/bin/cargo" "+1.99.0-beta.8" "metadata" "--no-deps" "--format-version=1", kill_on_drop: false }`
[INFO] running `Command { std: "docker" "inspect" "c8e39f00e92e262dd76ef4e21b0292a753723a8c152c42b97c3749b42baeb907", kill_on_drop: false }`
[INFO] running `Command { std: "docker" "exec" "-e" "SOURCE_DIR=/opt/rustwide/workdir" "-e" "CARGO_HOME=/opt/rustwide/cargo-home" "-e" "RUSTUP_HOME=/opt/rustwide/rustup-home" "-e" "CARGO_TARGET_DIR=/opt/rustwide/target" "-e" "CARGO_INCREMENTAL=0" "-e" "RUST_BACKTRACE=full" "-e" "RUSTFLAGS=--cap-lints=warn" "-e" "RUSTDOCFLAGS=--cap-lints=warn" "-w" "/opt/rustwide/workdir" "--user" "0:0" "c8e39f00e92e262dd76ef4e21b0292a753723a8c152c42b97c3749b42baeb907" "/opt/rustwide/cargo-home/bin/cargo" "+1.99.0-beta.8" "build" "--frozen" "--message-format=json" "--release", kill_on_drop: false }`
[INFO] [stderr]    Compiling unicode-ident v1.0.23
[INFO] [stderr]    Compiling quote v1.0.44
[INFO] [stderr]    Compiling anstyle v1.0.13
[INFO] [stderr]    Compiling anstyle-parse v0.2.7
[INFO] [stderr]    Compiling colorchoice v1.0.4
[INFO] [stderr]    Compiling hashbrown v0.16.1
[INFO] [stderr]    Compiling clap_lex v1.0.0
[INFO] [stderr]    Compiling anyhow v1.0.101
[INFO] [stderr]    Compiling proc-macro2 v1.0.106
[INFO] [stderr]    Compiling winnow v0.7.14
[INFO] [stderr]    Compiling serde v1.0.228
[INFO] [stderr]    Compiling anstream v0.6.21
[INFO] [stderr]    Compiling serde_spanned v1.0.4
[INFO] [stderr]    Compiling toml_datetime v1.0.0+spec-1.1.0
[INFO] [stderr]    Compiling memchr v2.8.0
[INFO] [stderr]    Compiling itoa v1.0.17
[INFO] [stderr]    Compiling toml_writer v1.0.6+spec-1.1.0
[INFO] [stderr]    Compiling clap_builder v4.5.58
[INFO] [stderr]    Compiling dotenv v0.15.0
[INFO] [stderr]    Compiling syn v2.0.115
[INFO] [stderr]    Compiling indexmap v2.13.0
[INFO] [stderr]    Compiling serde_json v1.0.149
[INFO] [stderr]    Compiling toml_parser v1.0.8+spec-1.1.0
[INFO] [stderr]    Compiling toml v1.0.1+spec-1.1.0
[INFO] [stderr]    Compiling clap_derive v4.5.55
[INFO] [stderr]    Compiling clap v4.5.58
[INFO] [stderr]    Compiling jake v0.10.1 (/opt/rustwide/workdir)
[INFO] [stderr]     Finished `release` profile [optimized] target(s) in 44.70s
[INFO] running `Command { std: "docker" "inspect" "c8e39f00e92e262dd76ef4e21b0292a753723a8c152c42b97c3749b42baeb907", kill_on_drop: false }`
[INFO] running `Command { std: "docker" "exec" "-e" "SOURCE_DIR=/opt/rustwide/workdir" "-e" "CARGO_HOME=/opt/rustwide/cargo-home" "-e" "RUSTUP_HOME=/opt/rustwide/rustup-home" "-e" "CARGO_TARGET_DIR=/opt/rustwide/target" "-e" "CARGO_INCREMENTAL=0" "-e" "RUST_BACKTRACE=full" "-e" "RUSTFLAGS=--cap-lints=warn" "-e" "RUSTDOCFLAGS=--cap-lints=warn" "-w" "/opt/rustwide/workdir" "--user" "0:0" "c8e39f00e92e262dd76ef4e21b0292a753723a8c152c42b97c3749b42baeb907" "/opt/rustwide/cargo-home/bin/cargo" "+1.99.0-beta.8" "test" "--frozen" "--no-run" "--message-format=json" "--release", kill_on_drop: false }`
[INFO] [stderr]    Compiling libc v0.2.182
[INFO] [stderr]    Compiling sdd v3.0.10
[INFO] [stderr]    Compiling futures-util v0.3.32
[INFO] [stderr]    Compiling serial_test_derive v3.4.0
[INFO] [stderr]    Compiling once_cell v1.21.3
[INFO] [stderr]    Compiling scc v2.4.0
[INFO] [stderr]    Compiling parking_lot_core v0.9.12
[INFO] [stderr]    Compiling parking_lot v0.12.5
[INFO] [stderr]    Compiling futures-executor v0.3.32
[INFO] [stderr]    Compiling serial_test v3.4.0
[INFO] [stderr]    Compiling jake v0.10.1 (/opt/rustwide/workdir)
[INFO] [stderr]     Finished `release` profile [optimized] target(s) in 16.39s
[INFO] running `Command { std: "docker" "inspect" "c8e39f00e92e262dd76ef4e21b0292a753723a8c152c42b97c3749b42baeb907", kill_on_drop: false }`
[INFO] running `Command { std: "docker" "exec" "-e" "SOURCE_DIR=/opt/rustwide/workdir" "-e" "CARGO_HOME=/opt/rustwide/cargo-home" "-e" "RUSTUP_HOME=/opt/rustwide/rustup-home" "-e" "CARGO_TARGET_DIR=/opt/rustwide/target" "-e" "CARGO_INCREMENTAL=0" "-e" "RUST_BACKTRACE=full" "-e" "RUSTFLAGS=--cap-lints=warn" "-e" "RUSTDOCFLAGS=--cap-lints=warn" "-w" "/opt/rustwide/workdir" "--user" "0:0" "c8e39f00e92e262dd76ef4e21b0292a753723a8c152c42b97c3749b42baeb907" "/opt/rustwide/cargo-home/bin/cargo" "+1.99.0-beta.8" "test" "--frozen" "--release", kill_on_drop: false }`
[INFO] [stderr]     Finished `release` profile [optimized] target(s) in 0.06s
[INFO] [stderr]      Running unittests src/main.rs (/opt/rustwide/target/release/deps/jake-9f501ef3347a3480)
[INFO] [stdout] 
[INFO] [stdout] running 51 tests
[INFO] [stdout] test env_vars::tests::test_resolve_dotenv_path_subdir ... ok
[INFO] [stdout] test initialize::tests::test_parse_tasks ... ok
[INFO] [stdout] test initialize::tests::test_parse_tasks_no_commas ... ok
[INFO] [stdout] test initialize::tests::test_write_jakefile ... FAILED
[INFO] [stdout] test env_vars::tests::test_dotenv_to_hashmap ... ok
[INFO] [stdout] hello
[INFO] [stdout] test load::tests::test_command_execution ... ok
[INFO] [stdout] test load::tests::test_circular_deps_detection ... ok
[INFO] [stdout] hello
[INFO] [stdout] test load::tests::test_command_load_dotenv_variable ... ok
[INFO] [stdout] test load::tests::test_cwd_resolves_to_none ... ok
[INFO] [stdout] ciao
[INFO] [stdout] test load::tests::test_command_execution_from_str ... ok
[INFO] [stdout] hello back
[INFO] [stdout] hello
[INFO] [stdout] bye
[INFO] [stdout] test load::tests::test_command_execution_with_deps ... ok
[INFO] [stdout] test load::tests::test_command_execution_task_not_found ... ok
[INFO] [stdout] test load::tests::test_dependency_wrong_command_syntax ... ok
[INFO] [stdout] test load::tests::test_command_execution_no_command ... ok
[INFO] [stdout] test load::tests::test_dependency_wrong_type ... ok
[INFO] [stdout] test load::tests::test_dependency_not_found ... ok
[INFO] [stdout] test load::tests::test_dry_run_executor_command ... ok
[INFO] [stdout] test load::tests::test_dry_run_executor_default_command ... ok
[INFO] [stdout] test load::tests::test_fails_on_non_zero_exit_code ... ok
[INFO] [stdout] test load::tests::test_command_execution_wrong_command ... ok
[INFO] [stdout] test env_vars::tests::test_resolve_dotenv_path_current_dir ... ok
[INFO] [stdout] test load::tests::test_parse_jakefile ... ok
[INFO] [stdout] test load::tests::test_resolve_jakefile_path_subdir ... ok
[INFO] [stdout] test load::tests::test_resolves_cwd_from_path ... ok
[INFO] [stdout] test load::tests::test_list_jakefile_tasks ... ok
[INFO] [stdout] test load::tests::test_script_execution_unsupported_lang ... ok
[INFO] [stdout] test load::tests::test_resolve_jakefile_path_current_dir ... ok
[INFO] [stdout] test load::tests::test_default_command_with_default ... ok
[INFO] [stdout] test package_json::tests::test_extract_executables ... ok
[INFO] [stdout] test package_json::tests::test_get_script_command_failure ... ok
[INFO] [stdout] test package_json::tests::test_get_script_command_success ... ok
[INFO] [stdout] test load::tests::test_mock_command_execution ... FAILED
[INFO] [stdout] test load::tests::test_script_execution_error ... ok
[INFO] [stdout] test package_json::tests::test_command_execution ... ok
[INFO] [stdout] test load::tests::test_mock_script_execution ... FAILED
[INFO] [stdout] test package_json::tests::test_load_scripts_no_scripts ... ok
[INFO] [stdout] test package_json::tests::test_load_scripts_not_json_map ... ok
[INFO] [stdout] hello
[INFO] [stdout] test load::tests::test_default_command_first_key ... ok
[INFO] [stdout] test package_json::tests::test_load_package_json ... ok
[INFO] [stdout] test package_json::tests::test_load_package_json_array ... ok
[INFO] [stdout] test package_json::tests::test_load_scripts_invalid_script ... ok
[INFO] [stdout] test package_json::tests::test_resolve_command_executables_with_global_exec ... ok
[INFO] [stdout] test package_json::tests::test_resolve_command_executables_with_local_exec ... ok
[INFO] [stdout] test package_json::tests::test_resolve_package_json_current_dir ... ok
[INFO] [stdout] test package_json::tests::test_dry_run_command_execution ... ok
[INFO] [stdout] test package_json::tests::test_load_scripts_success ... ok
[INFO] [stdout] test package_json::tests::test_mock_command_execution ... FAILED
[INFO] [stdout] test package_json::tests::test_resolve_command_executables ... ok
[INFO] [stdout] test package_json::tests::test_resolve_command_executables_dedups ... ok
[INFO] [stdout] test package_json::tests::test_resolve_package_json_subdir ... ok
[INFO] [stdout] test load::tests::test_command_execution_unexpected_format ... ok
[INFO] [stdout] 
[INFO] [stdout] failures:
[INFO] [stdout] 
[INFO] [stdout] ---- initialize::tests::test_write_jakefile stdout ----
[INFO] [stdout] 
[INFO] [stdout] thread 'initialize::tests::test_write_jakefile' (757) panicked at src/initialize.rs:66:62:
[INFO] [stdout] Should be able to write file: Read-only file system (os error 30)
[INFO] [stdout] 
[INFO] [stdout] Stack backtrace:
[INFO] [stdout]    0: <anyhow::Error as core::convert::From<core::io::error::Error>>::from
[INFO] [stdout]    1: jake::initialize::write_jakefile
[INFO] [stdout]    2: <jake::initialize::tests::test_write_jakefile::{closure#0} as core::ops::function::FnOnce<()>>::call_once
[INFO] [stdout]    3: serial_test::serial_code_lock::local_serial_core
[INFO] [stdout]    4: <jake::initialize::tests::test_write_jakefile::{closure#0} as core::ops::function::FnOnce<()>>::call_once
[INFO] [stdout]    5: test::__rust_begin_short_backtrace::<core::result::Result<(), alloc::string::String>, fn() -> core::result::Result<(), alloc::string::String>>
[INFO] [stdout]    6: test::run_test::{closure#0}
[INFO] [stdout]    7: std::sys::backtrace::__rust_begin_short_backtrace::<test::run_test::{closure#1}, ()>
[INFO] [stdout]    8: <std::thread::lifecycle::spawn_unchecked<test::run_test::{closure#1}, ()>::{closure#1} as core::ops::function::FnOnce<()>>::call_once::{shim:vtable#0}
[INFO] [stdout]    9: <std::sys::thread::unix::Thread>::new::thread_start
[INFO] [stdout]   10: <unknown>
[INFO] [stdout]   11: clone
[INFO] [stdout] stack backtrace:
[INFO] [stdout]    0:     0x563ad3b894c1 - <<std[70759c8f55707aa4]::sys::backtrace::BacktraceLock>::print::DisplayBacktrace as core[df12db4294e9bfd3]::fmt::Display>::fmt
[INFO] [stdout]    1:     0x563ad3b9f55a - core[df12db4294e9bfd3]::fmt::write
[INFO] [stdout]    2:     0x563ad3b8e0ec - <alloc[2182bb758b4b3781]::vec::Vec<u8> as core[df12db4294e9bfd3]::io::write::Write>::write_fmt
[INFO] [stdout]    3:     0x563ad3b64386 - std[70759c8f55707aa4]::panicking::default_hook::{closure#0}
[INFO] [stdout]    4:     0x563ad3b811a9 - std[70759c8f55707aa4]::panicking::default_hook
[INFO] [stdout]    5:     0x563ad3adfbd0 - test[9d35eded1c95d3be]::test_main_inner::<test[9d35eded1c95d3be]::test_main_static::{closure#0}>::{closure#0}
[INFO] [stdout]    6:     0x563ad3b81362 - std[70759c8f55707aa4]::panicking::panic_with_hook
[INFO] [stdout]    7:     0x563ad3b64432 - std[70759c8f55707aa4]::panicking::panic_handler::{closure#0}
[INFO] [stdout]    8:     0x563ad3b5c7c9 - std[70759c8f55707aa4]::sys::backtrace::__rust_end_short_backtrace::<std[70759c8f55707aa4]::panicking::panic_handler::{closure#0}, !>
[INFO] [stdout]    9:     0x563ad3b651dd - __rustc[8fa7c3cbc660c2b3]::rust_begin_unwind
[INFO] [stdout]   10:     0x563ad3b9fccc - core[df12db4294e9bfd3]::panicking::panic_fmt
[INFO] [stdout]   11:     0x563ad3b9faa2 - core[df12db4294e9bfd3]::result::unwrap_failed
[INFO] [stdout]   12:     0x563ad3acc863 - <jake[c37534e261ddc3b4]::initialize::tests::test_write_jakefile::{closure#0} as core[df12db4294e9bfd3]::ops::function::FnOnce<()>>::call_once
[INFO] [stdout]   13:     0x563ad3b38e23 - serial_test[442eca41a7b55b6b]::serial_code_lock::local_serial_core
[INFO] [stdout]   14:     0x563ad3acf93d - <jake[c37534e261ddc3b4]::initialize::tests::test_write_jakefile::{closure#0} as core[df12db4294e9bfd3]::ops::function::FnOnce<()>>::call_once
[INFO] [stdout]   15:     0x563ad3ad2ebb - test[9d35eded1c95d3be]::__rust_begin_short_backtrace::<core[df12db4294e9bfd3]::result::Result<(), alloc[2182bb758b4b3781]::string::String>, fn() -> core[df12db4294e9bfd3]::result::Result<(), alloc[2182bb758b4b3781]::string::String>>
[INFO] [stdout]   16:     0x563ad3ae0525 - test[9d35eded1c95d3be]::run_test::{closure#0}
[INFO] [stdout]   17:     0x563ad3ad9de4 - std[70759c8f55707aa4]::sys::backtrace::__rust_begin_short_backtrace::<test[9d35eded1c95d3be]::run_test::{closure#1}, ()>
[INFO] [stdout]   18:     0x563ad3ae3682 - <std[70759c8f55707aa4]::thread::lifecycle::spawn_unchecked<test[9d35eded1c95d3be]::run_test::{closure#1}, ()>::{closure#1} as core[df12db4294e9bfd3]::ops::function::FnOnce<()>>::call_once::{shim:vtable#0}
[INFO] [stdout]   19:     0x563ad3b88809 - <std[70759c8f55707aa4]::sys::thread::unix::Thread>::new::thread_start
[INFO] [stdout]   20:     0x7118002d8dfa - <unknown>
[INFO] [stdout]   21:     0x71180036c3d4 - clone
[INFO] [stdout]   22:                0x0 - <unknown>
[INFO] [stdout] 
[INFO] [stdout] ---- load::tests::test_mock_command_execution stdout ----
[INFO] [stdout] 
[INFO] [stdout] thread 'load::tests::test_mock_command_execution' (783) panicked at src/load.rs:358:9:
[INFO] [stdout] assertion failed: result.is_ok()
[INFO] [stdout] stack backtrace:
[INFO] [stdout]    0:     0x563ad3b894c1 - <<std[70759c8f55707aa4]::sys::backtrace::BacktraceLock>::print::DisplayBacktrace as core[df12db4294e9bfd3]::fmt::Display>::fmt
[INFO] [stdout]    1:     0x563ad3b9f55a - core[df12db4294e9bfd3]::fmt::write
[INFO] [stdout]    2:     0x563ad3b8e0ec - <alloc[2182bb758b4b3781]::vec::Vec<u8> as core[df12db4294e9bfd3]::io::write::Write>::write_fmt
[INFO] [stdout]    3:     0x563ad3b64386 - std[70759c8f55707aa4]::panicking::default_hook::{closure#0}
[INFO] [stdout]    4:     0x563ad3b811a9 - std[70759c8f55707aa4]::panicking::default_hook
[INFO] [stdout]    5:     0x563ad3adfbd0 - test[9d35eded1c95d3be]::test_main_inner::<test[9d35eded1c95d3be]::test_main_static::{closure#0}>::{closure#0}
[INFO] [stdout]    6:     0x563ad3b81362 - std[70759c8f55707aa4]::panicking::panic_with_hook
[INFO] [stdout]    7:     0x563ad3b64464 - std[70759c8f55707aa4]::panicking::panic_handler::{closure#0}
[INFO] [stdout]    8:     0x563ad3b5c7c9 - std[70759c8f55707aa4]::sys::backtrace::__rust_end_short_backtrace::<std[70759c8f55707aa4]::panicking::panic_handler::{closure#0}, !>
[INFO] [stdout]    9:     0x563ad3b651dd - __rustc[8fa7c3cbc660c2b3]::rust_begin_unwind
[INFO] [stdout]   10:     0x563ad3b9fccc - core[df12db4294e9bfd3]::panicking::panic_fmt
[INFO] [stdout]   11:     0x563ad3b9fc92 - core[df12db4294e9bfd3]::panicking::panic
[INFO] [stdout]   12:     0x563ad3ab2316 - <jake[c37534e261ddc3b4]::load::tests::test_mock_command_execution::{closure#0} as core[df12db4294e9bfd3]::ops::function::FnOnce<()>>::call_once
[INFO] [stdout]   13:     0x563ad3b38e23 - serial_test[442eca41a7b55b6b]::serial_code_lock::local_serial_core
[INFO] [stdout]   14:     0x563ad3ad047d - <jake[c37534e261ddc3b4]::load::tests::test_mock_command_execution::{closure#0} as core[df12db4294e9bfd3]::ops::function::FnOnce<()>>::call_once
[INFO] [stdout]   15:     0x563ad3ad2ebb - test[9d35eded1c95d3be]::__rust_begin_short_backtrace::<core[df12db4294e9bfd3]::result::Result<(), alloc[2182bb758b4b3781]::string::String>, fn() -> core[df12db4294e9bfd3]::result::Result<(), alloc[2182bb758b4b3781]::string::String>>
[INFO] [stdout]   16:     0x563ad3ae0525 - test[9d35eded1c95d3be]::run_test::{closure#0}
[INFO] [stdout]   17:     0x563ad3ad9de4 - std[70759c8f55707aa4]::sys::backtrace::__rust_begin_short_backtrace::<test[9d35eded1c95d3be]::run_test::{closure#1}, ()>
[INFO] [stdout]   18:     0x563ad3ae3682 - <std[70759c8f55707aa4]::thread::lifecycle::spawn_unchecked<test[9d35eded1c95d3be]::run_test::{closure#1}, ()>::{closure#1} as core[df12db4294e9bfd3]::ops::function::FnOnce<()>>::call_once::{shim:vtable#0}
[INFO] [stdout]   19:     0x563ad3b88809 - <std[70759c8f55707aa4]::sys::thread::unix::Thread>::new::thread_start
[INFO] [stdout]   20:     0x7118002d8dfa - <unknown>
[INFO] [stdout]   21:     0x71180036c3d4 - clone
[INFO] [stdout]   22:                0x0 - <unknown>
[INFO] [stdout] 
[INFO] [stdout] ---- load::tests::test_mock_script_execution stdout ----
[INFO] [stdout] 
[INFO] [stdout] thread 'load::tests::test_mock_script_execution' (785) panicked at src/load.rs:422:9:
[INFO] [stdout] assertion failed: result.is_ok()
[INFO] [stdout] stack backtrace:
[INFO] [stdout]    0:     0x563ad3b894c1 - <<std[70759c8f55707aa4]::sys::backtrace::BacktraceLock>::print::DisplayBacktrace as core[df12db4294e9bfd3]::fmt::Display>::fmt
[INFO] [stdout]    1:     0x563ad3b9f55a - core[df12db4294e9bfd3]::fmt::write
[INFO] [stdout]    2:     0x563ad3b8e0ec - <alloc[2182bb758b4b3781]::vec::Vec<u8> as core[df12db4294e9bfd3]::io::write::Write>::write_fmt
[INFO] [stdout]    3:     0x563ad3b64386 - std[70759c8f55707aa4]::panicking::default_hook::{closure#0}
[INFO] [stdout]    4:     0x563ad3b811a9 - std[70759c8f55707aa4]::panicking::default_hook
[INFO] [stdout]    5:     0x563ad3adfbd0 - test[9d35eded1c95d3be]::test_main_inner::<test[9d35eded1c95d3be]::test_main_static::{closure#0}>::{closure#0}
[INFO] [stdout]    6:     0x563ad3b81362 - std[70759c8f55707aa4]::panicking::panic_with_hook
[INFO] [stdout]    7:     0x563ad3b64464 - std[70759c8f55707aa4]::panicking::panic_handler::{closure#0}
[INFO] [stdout]    8:     0x563ad3b5c7c9 - std[70759c8f55707aa4]::sys::backtrace::__rust_end_short_backtrace::<std[70759c8f55707aa4]::panicking::panic_handler::{closure#0}, !>
[INFO] [stdout]    9:     0x563ad3b651dd - __rustc[8fa7c3cbc660c2b3]::rust_begin_unwind
[INFO] [stdout]   10:     0x563ad3b9fccc - core[df12db4294e9bfd3]::panicking::panic_fmt
[INFO] [stdout]   11:     0x563ad3b9fc92 - core[df12db4294e9bfd3]::panicking::panic
[INFO] [stdout]   12:     0x563ad3ab1bfe - <jake[c37534e261ddc3b4]::load::tests::test_mock_script_execution::{closure#0} as core[df12db4294e9bfd3]::ops::function::FnOnce<()>>::call_once
[INFO] [stdout]   13:     0x563ad3b38e23 - serial_test[442eca41a7b55b6b]::serial_code_lock::local_serial_core
[INFO] [stdout]   14:     0x563ad3ad03fd - <jake[c37534e261ddc3b4]::load::tests::test_mock_script_execution::{closure#0} as core[df12db4294e9bfd3]::ops::function::FnOnce<()>>::call_once
[INFO] [stdout]   15:     0x563ad3ad2ebb - test[9d35eded1c95d3be]::__rust_begin_short_backtrace::<core[df12db4294e9bfd3]::result::Result<(), alloc[2182bb758b4b3781]::string::String>, fn() -> core[df12db4294e9bfd3]::result::Result<(), alloc[2182bb758b4b3781]::string::String>>
[INFO] [stdout]   16:     0x563ad3ae0525 - test[9d35eded1c95d3be]::run_test::{closure#0}
[INFO] [stdout]   17:     0x563ad3ad9de4 - std[70759c8f55707aa4]::sys::backtrace::__rust_begin_short_backtrace::<test[9d35eded1c95d3be]::run_test::{closure#1}, ()>
[INFO] [stdout]   18:     0x563ad3ae3682 - <std[70759c8f55707aa4]::thread::lifecycle::spawn_unchecked<test[9d35eded1c95d3be]::run_test::{closure#1}, ()>::{closure#1} as core[df12db4294e9bfd3]::ops::function::FnOnce<()>>::call_once::{shim:vtable#0}
[INFO] [stdout]   19:     0x563ad3b88809 - <std[70759c8f55707aa4]::sys::thread::unix::Thread>::new::thread_start
[INFO] [stdout]   20:     0x7118002d8dfa - <unknown>
[INFO] [stdout]   21:     0x71180036c3d4 - clone
[INFO] [stdout]   22:                0x0 - <unknown>
[INFO] [stdout] 
[INFO] [stdout] ---- package_json::tests::test_mock_command_execution stdout ----
[INFO] [stdout] 
[INFO] [stdout] thread 'package_json::tests::test_mock_command_execution' (807) panicked at src/package_json.rs:330:9:
[INFO] [stdout] assertion failed: result.is_ok()
[INFO] [stdout] stack backtrace:
[INFO] [stdout]    0:     0x563ad3b894c1 - <<std[70759c8f55707aa4]::sys::backtrace::BacktraceLock>::print::DisplayBacktrace as core[df12db4294e9bfd3]::fmt::Display>::fmt
[INFO] [stdout]    1:     0x563ad3b9f55a - core[df12db4294e9bfd3]::fmt::write
[INFO] [stdout]    2:     0x563ad3b8e0ec - <alloc[2182bb758b4b3781]::vec::Vec<u8> as core[df12db4294e9bfd3]::io::write::Write>::write_fmt
[INFO] [stdout]    3:     0x563ad3b64386 - std[70759c8f55707aa4]::panicking::default_hook::{closure#0}
[INFO] [stdout]    4:     0x563ad3b811a9 - std[70759c8f55707aa4]::panicking::default_hook
[INFO] [stdout]    5:     0x563ad3adfbd0 - test[9d35eded1c95d3be]::test_main_inner::<test[9d35eded1c95d3be]::test_main_static::{closure#0}>::{closure#0}
[INFO] [stdout]    6:     0x563ad3b81362 - std[70759c8f55707aa4]::panicking::panic_with_hook
[INFO] [stdout]    7:     0x563ad3b64464 - std[70759c8f55707aa4]::panicking::panic_handler::{closure#0}
[INFO] [stdout]    8:     0x563ad3b5c7c9 - std[70759c8f55707aa4]::sys::backtrace::__rust_end_short_backtrace::<std[70759c8f55707aa4]::panicking::panic_handler::{closure#0}, !>
[INFO] [stdout]    9:     0x563ad3b651dd - __rustc[8fa7c3cbc660c2b3]::rust_begin_unwind
[INFO] [stdout]   10:     0x563ad3b9fccc - core[df12db4294e9bfd3]::panicking::panic_fmt
[INFO] [stdout]   11:     0x563ad3b9fc92 - core[df12db4294e9bfd3]::panicking::panic
[INFO] [stdout]   12:     0x563ad3abecec - <jake[c37534e261ddc3b4]::package_json::tests::test_mock_command_execution::{closure#0} as core[df12db4294e9bfd3]::ops::function::FnOnce<()>>::call_once
[INFO] [stdout]   13:     0x563ad3b38e23 - serial_test[442eca41a7b55b6b]::serial_code_lock::local_serial_core
[INFO] [stdout]   14:     0x563ad3acfb7d - <jake[c37534e261ddc3b4]::package_json::tests::test_mock_command_execution::{closure#0} as core[df12db4294e9bfd3]::ops::function::FnOnce<()>>::call_once
[INFO] [stdout]   15:     0x563ad3ad2ebb - test[9d35eded1c95d3be]::__rust_begin_short_backtrace::<core[df12db4294e9bfd3]::result::Result<(), alloc[2182bb758b4b3781]::string::String>, fn() -> core[df12db4294e9bfd3]::result::Result<(), alloc[2182bb758b4b3781]::string::String>>
[INFO] [stdout]   16:     0x563ad3ae0525 - test[9d35eded1c95d3be]::run_test::{closure#0}
[INFO] [stdout]   17:     0x563ad3ad9de4 - std[70759c8f55707aa4]::sys::backtrace::__rust_begin_short_backtrace::<test[9d35eded1c95d3be]::run_test::{closure#1}, ()>
[INFO] [stdout]   18:     0x563ad3ae3682 - <std[70759c8f55707aa4]::thread::lifecycle::spawn_unchecked<test[9d35eded1c95d3be]::run_test::{closure#1}, ()>::{closure#1} as core[df12db4294e9bfd3]::ops::function::FnOnce<()>>::call_once::{shim:vtable#0}
[INFO] [stdout]   19:     0x563ad3b88809 - <std[70759c8f55707aa4]::sys::thread::unix::Thread>::new::thread_start
[INFO] [stdout]   20:     0x7118002d8dfa - <unknown>
[INFO] [stdout]   21:     0x71180036c3d4 - clone
[INFO] [stdout]   22:                0x0 - <unknown>
[INFO] [stdout] 
[INFO] [stdout] 
[INFO] [stdout] failures:
[INFO] [stdout]     initialize::tests::test_write_jakefile
[INFO] [stdout]     load::tests::test_mock_command_execution
[INFO] [stdout]     load::tests::test_mock_script_execution
[INFO] [stdout]     package_json::tests::test_mock_command_execution
[INFO] [stdout] 
[INFO] [stdout] test result: FAILED. 47 passed; 4 failed; 0 ignored; 0 measured; 0 filtered out; finished in 1.15s
[INFO] [stdout] 
[INFO] [stderr] error: test failed, to rerun pass `--bin jake`
[INFO] running `Command { std: "docker" "inspect" "c8e39f00e92e262dd76ef4e21b0292a753723a8c152c42b97c3749b42baeb907", kill_on_drop: false }`
[INFO] running `Command { std: "docker" "rm" "-f" "c8e39f00e92e262dd76ef4e21b0292a753723a8c152c42b97c3749b42baeb907", kill_on_drop: false }`
[INFO] [stdout] c8e39f00e92e262dd76ef4e21b0292a753723a8c152c42b97c3749b42baeb907
