[INFO] fetching crate izihawa_lru_time_cache 0.12.0...
[INFO] testing izihawa_lru_time_cache-0.12.0 against 1.100.0-beta.1+cargoflags=--release for beta-release-1.100-2
[INFO] extracting crate izihawa_lru_time_cache 0.12.0 into /workspace/builds/worker-3-tc2/source
[INFO] started tweaking crates.io crate izihawa_lru_time_cache 0.12.0
[INFO] finished tweaking crates.io crate izihawa_lru_time_cache 0.12.0
[INFO] tweaked toml for crates.io crate izihawa_lru_time_cache 0.12.0 written to /workspace/builds/worker-3-tc2/source/Cargo.toml
[INFO] validating manifest of crates.io crate izihawa_lru_time_cache 0.12.0 on toolchain 1.100.0-beta.1
[INFO] running `Command { std: CARGO_HOME="/workspace/cargo-home" RUSTUP_HOME="/workspace/rustup-home" "/workspace/cargo-home/bin/cargo" "+1.100.0-beta.1" "metadata" "--manifest-path" "Cargo.toml" "--no-deps", kill_on_drop: false }`
[INFO] running `Command { std: CARGO_HOME="/workspace/cargo-home" RUSTUP_HOME="/workspace/rustup-home" "/workspace/cargo-home/bin/cargo" "+1.100.0-beta.1" "generate-lockfile" "--manifest-path" "Cargo.toml", kill_on_drop: false }`
[INFO] [stderr]     Updating crates.io index
[INFO] [stderr]      Locking 41 packages to highest compatible versions
[INFO] [stderr]       Adding rand v0.6.5 (available: v0.10.3)
[INFO] running `Command { std: CARGO_HOME="/workspace/cargo-home" RUSTUP_HOME="/workspace/rustup-home" "/workspace/cargo-home/bin/cargo" "+1.100.0-beta.1" "fetch" "--manifest-path" "Cargo.toml", kill_on_drop: false }`
[INFO] [stderr] warning: Cargo.toml: `default_features` is deprecated in favor of `default-features` and will not work in the 2024 edition
[INFO] [stderr] (in the `instant` dependency)
[INFO] [stderr] warning: `izihawa_lru_time_cache` (manifest) generated 1 warning
[INFO] running `Command { std: "docker" "create" "-v" "/var/lib/crater-agent-workspace/builds/worker-3-tc2/source:/opt/rustwide/workdir:ro,Z" "-v" "/var/lib/crater-agent-workspace/builds/worker-3-tc2/target:/opt/rustwide/target:rw,Z" "-v" "/var/lib/crater-agent-workspace/cargo-home:/opt/rustwide/cargo-home:ro,Z" "-v" "/var/lib/crater-agent-workspace/rustup-home:/opt/rustwide/rustup-home:ro,Z" "-m" "1610612736" "--network" "none" "ghcr.io/rust-lang/crates-build-env/linux@sha256:77db811e55d90add9212f6832c23229e3de5f1c1f9905e8cb07319ea15df73ac" "sleep" "infinity", kill_on_drop: false }`
[INFO] [stdout] 7b1c6bf2d15169f4096077f8baa18ad33414b94147474e01f095c70bd6bb3f33
[INFO] running `Command { std: "docker" "start" "7b1c6bf2d15169f4096077f8baa18ad33414b94147474e01f095c70bd6bb3f33", kill_on_drop: false }`
[INFO] running `Command { std: "docker" "inspect" "7b1c6bf2d15169f4096077f8baa18ad33414b94147474e01f095c70bd6bb3f33", kill_on_drop: false }`
[INFO] running `Command { std: "docker" "exec" "-e" "SOURCE_DIR=/opt/rustwide/workdir" "-e" "CARGO_HOME=/opt/rustwide/cargo-home" "-e" "RUSTUP_HOME=/opt/rustwide/rustup-home" "-e" "CARGO_TARGET_DIR=/opt/rustwide/target" "-w" "/opt/rustwide/workdir" "--user" "0:0" "7b1c6bf2d15169f4096077f8baa18ad33414b94147474e01f095c70bd6bb3f33" "/opt/rustwide/cargo-home/bin/cargo" "+1.100.0-beta.1" "metadata" "--no-deps" "--format-version=1", kill_on_drop: false }`
[INFO] running `Command { std: "docker" "inspect" "7b1c6bf2d15169f4096077f8baa18ad33414b94147474e01f095c70bd6bb3f33", kill_on_drop: false }`
[INFO] running `Command { std: "docker" "exec" "-e" "SOURCE_DIR=/opt/rustwide/workdir" "-e" "CARGO_HOME=/opt/rustwide/cargo-home" "-e" "RUSTUP_HOME=/opt/rustwide/rustup-home" "-e" "CARGO_TARGET_DIR=/opt/rustwide/target" "-e" "CARGO_INCREMENTAL=0" "-e" "RUST_BACKTRACE=full" "-e" "RUSTFLAGS=--cap-lints=warn" "-e" "RUSTDOCFLAGS=--cap-lints=warn" "-w" "/opt/rustwide/workdir" "--user" "0:0" "7b1c6bf2d15169f4096077f8baa18ad33414b94147474e01f095c70bd6bb3f33" "/opt/rustwide/cargo-home/bin/cargo" "+1.100.0-beta.1" "build" "--frozen" "--message-format=json" "--release", kill_on_drop: false }`
[INFO] [stderr] warning: Cargo.toml: `default_features` is deprecated in favor of `default-features` and will not work in the 2024 edition
[INFO] [stderr] (in the `instant` dependency)
[INFO] [stderr] warning: `izihawa_lru_time_cache` (manifest) generated 1 warning
[INFO] [stderr]    Compiling instant v0.1.13
[INFO] [stderr]    Compiling izihawa_lru_time_cache v0.12.0 (/opt/rustwide/workdir)
[INFO] [stdout] warning: lint `box_pointers` has been removed: it does not detect other kinds of allocations, and existed only for historical reasons
[INFO] [stdout]   --> src/lib.rs:79:5
[INFO] [stdout]    |
[INFO] [stdout] 79 |     box_pointers,
[INFO] [stdout]    |     ^^^^^^^^^^^^
[INFO] [stdout]    |
[INFO] [stdout] note: the lint level is defined here
[INFO] [stdout]   --> src/lib.rs:68:5
[INFO] [stdout]    |
[INFO] [stdout] 68 |     warnings
[INFO] [stdout]    |     ^^^^^^^^
[INFO] [stdout]    = note: `#[warn(renamed_and_removed_lints)]` implied by `#[warn(warnings)]`
[INFO] [stdout] 
[INFO] [stdout] 
[INFO] [stdout] warning: use of deprecated module `std::usize`: all constants in this module replaced by associated constants on the type
[INFO] [stdout]   --> src/lib.rs:92:10
[INFO] [stdout]    |
[INFO] [stdout] 92 | use std::usize;
[INFO] [stdout]    |          ^^^^^
[INFO] [stdout]    |
[INFO] [stdout] note: the lint level is defined here
[INFO] [stdout]   --> src/lib.rs:52:5
[INFO] [stdout]    |
[INFO] [stdout] 52 |     deprecated,
[INFO] [stdout]    |     ^^^^^^^^^^
[INFO] [stdout] 
[INFO] [stdout] 
[INFO] [stdout] warning: use of deprecated constant `std::usize::MAX`: replaced by the `MAX` associated constant on this type
[INFO] [stdout]    --> src/lib.rs:143:30
[INFO] [stdout]     |
[INFO] [stdout] 143 |             capacity: usize::MAX,
[INFO] [stdout]     |                              ^^^
[INFO] [stdout] 
[INFO] [stdout] 
[INFO] [stderr]     Finished `release` profile [optimized] target(s) in 0.41s
[INFO] running `Command { std: "docker" "inspect" "7b1c6bf2d15169f4096077f8baa18ad33414b94147474e01f095c70bd6bb3f33", kill_on_drop: false }`
[INFO] running `Command { std: "docker" "exec" "-e" "SOURCE_DIR=/opt/rustwide/workdir" "-e" "CARGO_HOME=/opt/rustwide/cargo-home" "-e" "RUSTUP_HOME=/opt/rustwide/rustup-home" "-e" "CARGO_TARGET_DIR=/opt/rustwide/target" "-e" "CARGO_INCREMENTAL=0" "-e" "RUST_BACKTRACE=full" "-e" "RUSTFLAGS=--cap-lints=warn" "-e" "RUSTDOCFLAGS=--cap-lints=warn" "-w" "/opt/rustwide/workdir" "--user" "0:0" "7b1c6bf2d15169f4096077f8baa18ad33414b94147474e01f095c70bd6bb3f33" "/opt/rustwide/cargo-home/bin/cargo" "+1.100.0-beta.1" "test" "--frozen" "--no-run" "--message-format=json" "--release", kill_on_drop: false }`
[INFO] [stderr] warning: Cargo.toml: `default_features` is deprecated in favor of `default-features` and will not work in the 2024 edition
[INFO] [stderr] (in the `instant` dependency)
[INFO] [stderr] warning: `izihawa_lru_time_cache` (manifest) generated 1 warning
[INFO] [stderr]    Compiling autocfg v0.1.8
[INFO] [stderr]    Compiling rand_core v0.4.3
[INFO] [stderr]    Compiling libc v0.2.191
[INFO] [stdout] warning: lint `box_pointers` has been removed: it does not detect other kinds of allocations, and existed only for historical reasons
[INFO] [stdout]   --> src/lib.rs:79:5
[INFO] [stdout]    |
[INFO] [stdout] 79 |     box_pointers,
[INFO] [stdout]    |     ^^^^^^^^^^^^
[INFO] [stdout]    |
[INFO] [stdout] note: the lint level is defined here
[INFO] [stdout]   --> src/lib.rs:68:5
[INFO] [stdout]    |
[INFO] [stdout] 68 |     warnings
[INFO] [stdout]    |     ^^^^^^^^
[INFO] [stdout]    = note: `#[warn(renamed_and_removed_lints)]` implied by `#[warn(warnings)]`
[INFO] [stdout] 
[INFO] [stdout] 
[INFO] [stdout] warning: use of deprecated module `std::usize`: all constants in this module replaced by associated constants on the type
[INFO] [stdout]   --> src/lib.rs:92:10
[INFO] [stdout]    |
[INFO] [stdout] 92 | use std::usize;
[INFO] [stdout]    |          ^^^^^
[INFO] [stdout]    |
[INFO] [stdout] note: the lint level is defined here
[INFO] [stdout]   --> src/lib.rs:52:5
[INFO] [stdout]    |
[INFO] [stdout] 52 |     deprecated,
[INFO] [stdout]    |     ^^^^^^^^^^
[INFO] [stdout] 
[INFO] [stdout] 
[INFO] [stdout] warning: use of deprecated constant `std::usize::MAX`: replaced by the `MAX` associated constant on this type
[INFO] [stdout]    --> src/lib.rs:143:30
[INFO] [stdout]     |
[INFO] [stdout] 143 |             capacity: usize::MAX,
[INFO] [stdout]     |                              ^^^
[INFO] [stdout] 
[INFO] [stdout] 
[INFO] [stderr]    Compiling rand_pcg v0.1.2
[INFO] [stderr]    Compiling rand_chacha v0.1.1
[INFO] [stderr]    Compiling rand v0.6.5
[INFO] [stderr]    Compiling rand_core v0.3.2
[INFO] [stderr]    Compiling rand_jitter v0.1.4
[INFO] [stderr]    Compiling rand_xorshift v0.1.1
[INFO] [stderr]    Compiling rand_isaac v0.1.1
[INFO] [stderr]    Compiling rand_hc v0.1.0
[INFO] [stderr]    Compiling rand_os v0.1.3
[INFO] [stderr]    Compiling izihawa_lru_time_cache v0.12.0 (/opt/rustwide/workdir)
[INFO] [stdout] warning: lint `box_pointers` has been removed: it does not detect other kinds of allocations, and existed only for historical reasons
[INFO] [stdout]   --> src/lib.rs:79:5
[INFO] [stdout]    |
[INFO] [stdout] 79 |     box_pointers,
[INFO] [stdout]    |     ^^^^^^^^^^^^
[INFO] [stdout]    |
[INFO] [stdout] note: the lint level is defined here
[INFO] [stdout]   --> src/lib.rs:68:5
[INFO] [stdout]    |
[INFO] [stdout] 68 |     warnings
[INFO] [stdout]    |     ^^^^^^^^
[INFO] [stdout]    = note: `#[warn(renamed_and_removed_lints)]` implied by `#[warn(warnings)]`
[INFO] [stdout] 
[INFO] [stdout] 
[INFO] [stdout] warning: unnecessary qualification
[INFO] [stdout]    --> src/lib.rs:514:29
[INFO] [stdout]     |
[INFO] [stdout] 514 |         let mut lru_cache = super::LruCache::<usize, usize>::with_capacity(size);
[INFO] [stdout]     |                             ^^^^^^^^^^^^^^^^^^^^^^^^^^^^^^^^^^^^^^^^^^^^^^
[INFO] [stdout]     |
[INFO] [stdout]     = note: `#[warn(unused_qualifications)]` implied by `#[warn(warnings)]`
[INFO] [stdout] help: remove the unnecessary path segments
[INFO] [stdout]     |
[INFO] [stdout] 514 -         let mut lru_cache = super::LruCache::<usize, usize>::with_capacity(size);
[INFO] [stdout] 514 +         let mut lru_cache = LruCache::<usize, usize>::with_capacity(size);
[INFO] [stdout]     |
[INFO] [stdout] 
[INFO] [stdout] 
[INFO] [stdout] warning: unnecessary qualification
[INFO] [stdout]    --> src/lib.rs:537:29
[INFO] [stdout]     |
[INFO] [stdout] 537 |         let mut lru_cache = super::LruCache::<usize, usize>::with_expiry_duration(time_to_live);
[INFO] [stdout]     |                             ^^^^^^^^^^^^^^^^^^^^^^^^^^^^^^^^^^^^^^^^^^^^^^^^^^^^^
[INFO] [stdout]     |
[INFO] [stdout] help: remove the unnecessary path segments
[INFO] [stdout]     |
[INFO] [stdout] 537 -         let mut lru_cache = super::LruCache::<usize, usize>::with_expiry_duration(time_to_live);
[INFO] [stdout] 537 +         let mut lru_cache = LruCache::<usize, usize>::with_expiry_duration(time_to_live);
[INFO] [stdout]     |
[INFO] [stdout] 
[INFO] [stdout] 
[INFO] [stdout] warning: unnecessary qualification
[INFO] [stdout]    --> src/lib.rs:565:29
[INFO] [stdout]     |
[INFO] [stdout] 565 |         let mut lru_cache = super::LruCache::<usize, usize>::with_expiry_duration(time_to_live);
[INFO] [stdout]     |                             ^^^^^^^^^^^^^^^^^^^^^^^^^^^^^^^^^^^^^^^^^^^^^^^^^^^^^
[INFO] [stdout]     |
[INFO] [stdout] help: remove the unnecessary path segments
[INFO] [stdout]     |
[INFO] [stdout] 565 -         let mut lru_cache = super::LruCache::<usize, usize>::with_expiry_duration(time_to_live);
[INFO] [stdout] 565 +         let mut lru_cache = LruCache::<usize, usize>::with_expiry_duration(time_to_live);
[INFO] [stdout]     |
[INFO] [stdout] 
[INFO] [stdout] 
[INFO] [stdout] warning: unnecessary qualification
[INFO] [stdout]    --> src/lib.rs:582:13
[INFO] [stdout]     |
[INFO] [stdout] 582 |             super::LruCache::<usize, usize>::with_expiry_duration_and_capacity(time_to_live, size);
[INFO] [stdout]     |             ^^^^^^^^^^^^^^^^^^^^^^^^^^^^^^^^^^^^^^^^^^^^^^^^^^^^^^^^^^^^^^^^^^
[INFO] [stdout]     |
[INFO] [stdout] help: remove the unnecessary path segments
[INFO] [stdout]     |
[INFO] [stdout] 582 -             super::LruCache::<usize, usize>::with_expiry_duration_and_capacity(time_to_live, size);
[INFO] [stdout] 582 +             LruCache::<usize, usize>::with_expiry_duration_and_capacity(time_to_live, size);
[INFO] [stdout]     |
[INFO] [stdout] 
[INFO] [stdout] 
[INFO] [stdout] warning: unnecessary qualification
[INFO] [stdout]    --> src/lib.rs:615:13
[INFO] [stdout]     |
[INFO] [stdout] 615 |             super::LruCache::<Temp, usize>::with_expiry_duration_and_capacity(time_to_live, size);
[INFO] [stdout]     |             ^^^^^^^^^^^^^^^^^^^^^^^^^^^^^^^^^^^^^^^^^^^^^^^^^^^^^^^^^^^^^^^^^
[INFO] [stdout]     |
[INFO] [stdout] help: remove the unnecessary path segments
[INFO] [stdout]     |
[INFO] [stdout] 615 -             super::LruCache::<Temp, usize>::with_expiry_duration_and_capacity(time_to_live, size);
[INFO] [stdout] 615 +             LruCache::<Temp, usize>::with_expiry_duration_and_capacity(time_to_live, size);
[INFO] [stdout]     |
[INFO] [stdout] 
[INFO] [stdout] 
[INFO] [stdout] warning: unnecessary qualification
[INFO] [stdout]    --> src/lib.rs:842:33
[INFO] [stdout]     |
[INFO] [stdout] 842 |             let mut lru_cache = super::LruCache::<usize, usize>::with_expiry_duration(time_to_live);
[INFO] [stdout]     |                                 ^^^^^^^^^^^^^^^^^^^^^^^^^^^^^^^^^^^^^^^^^^^^^^^^^^^^^
[INFO] [stdout]     |
[INFO] [stdout] help: remove the unnecessary path segments
[INFO] [stdout]     |
[INFO] [stdout] 842 -             let mut lru_cache = super::LruCache::<usize, usize>::with_expiry_duration(time_to_live);
[INFO] [stdout] 842 +             let mut lru_cache = LruCache::<usize, usize>::with_expiry_duration(time_to_live);
[INFO] [stdout]     |
[INFO] [stdout] 
[INFO] [stdout] 
[INFO] [stdout] warning: unnecessary qualification
[INFO] [stdout]    --> src/lib.rs:857:33
[INFO] [stdout]     |
[INFO] [stdout] 857 |             let mut lru_cache = super::LruCache::<usize, usize>::with_expiry_duration(time_to_live);
[INFO] [stdout]     |                                 ^^^^^^^^^^^^^^^^^^^^^^^^^^^^^^^^^^^^^^^^^^^^^^^^^^^^^
[INFO] [stdout]     |
[INFO] [stdout] help: remove the unnecessary path segments
[INFO] [stdout]     |
[INFO] [stdout] 857 -             let mut lru_cache = super::LruCache::<usize, usize>::with_expiry_duration(time_to_live);
[INFO] [stdout] 857 +             let mut lru_cache = LruCache::<usize, usize>::with_expiry_duration(time_to_live);
[INFO] [stdout]     |
[INFO] [stdout] 
[INFO] [stdout] 
[INFO] [stdout] warning: unnecessary qualification
[INFO] [stdout]    --> src/lib.rs:873:33
[INFO] [stdout]     |
[INFO] [stdout] 873 |             let mut lru_cache = super::LruCache::<usize, usize>::with_expiry_duration(time_to_live);
[INFO] [stdout]     |                                 ^^^^^^^^^^^^^^^^^^^^^^^^^^^^^^^^^^^^^^^^^^^^^^^^^^^^^
[INFO] [stdout]     |
[INFO] [stdout] help: remove the unnecessary path segments
[INFO] [stdout]     |
[INFO] [stdout] 873 -             let mut lru_cache = super::LruCache::<usize, usize>::with_expiry_duration(time_to_live);
[INFO] [stdout] 873 +             let mut lru_cache = LruCache::<usize, usize>::with_expiry_duration(time_to_live);
[INFO] [stdout]     |
[INFO] [stdout] 
[INFO] [stdout] 
[INFO] [stdout] warning: unnecessary qualification
[INFO] [stdout]    --> src/lib.rs:898:29
[INFO] [stdout]     |
[INFO] [stdout] 898 |         let mut lru_cache = super::LruCache::<usize, usize>::with_expiry_duration(time_to_live);
[INFO] [stdout]     |                             ^^^^^^^^^^^^^^^^^^^^^^^^^^^^^^^^^^^^^^^^^^^^^^^^^^^^^
[INFO] [stdout]     |
[INFO] [stdout] help: remove the unnecessary path segments
[INFO] [stdout]     |
[INFO] [stdout] 898 -         let mut lru_cache = super::LruCache::<usize, usize>::with_expiry_duration(time_to_live);
[INFO] [stdout] 898 +         let mut lru_cache = LruCache::<usize, usize>::with_expiry_duration(time_to_live);
[INFO] [stdout]     |
[INFO] [stdout] 
[INFO] [stdout] 
[INFO] [stdout] warning: unnecessary qualification
[INFO] [stdout]    --> src/lib.rs:914:29
[INFO] [stdout]     |
[INFO] [stdout] 914 |         let mut lru_cache = super::LruCache::<String, usize>::with_capacity(1);
[INFO] [stdout]     |                             ^^^^^^^^^^^^^^^^^^^^^^^^^^^^^^^^^^^^^^^^^^^^^^^
[INFO] [stdout]     |
[INFO] [stdout] help: remove the unnecessary path segments
[INFO] [stdout]     |
[INFO] [stdout] 914 -         let mut lru_cache = super::LruCache::<String, usize>::with_capacity(1);
[INFO] [stdout] 914 +         let mut lru_cache = LruCache::<String, usize>::with_capacity(1);
[INFO] [stdout]     |
[INFO] [stdout] 
[INFO] [stdout] 
[INFO] [stdout] warning: use of deprecated module `std::usize`: all constants in this module replaced by associated constants on the type
[INFO] [stdout]   --> src/lib.rs:92:10
[INFO] [stdout]    |
[INFO] [stdout] 92 | use std::usize;
[INFO] [stdout]    |          ^^^^^
[INFO] [stdout]    |
[INFO] [stdout] note: the lint level is defined here
[INFO] [stdout]   --> src/lib.rs:52:5
[INFO] [stdout]    |
[INFO] [stdout] 52 |     deprecated,
[INFO] [stdout]    |     ^^^^^^^^^^
[INFO] [stdout] 
[INFO] [stdout] 
[INFO] [stdout] warning: use of deprecated constant `std::usize::MAX`: replaced by the `MAX` associated constant on this type
[INFO] [stdout]    --> src/lib.rs:143:30
[INFO] [stdout]     |
[INFO] [stdout] 143 |             capacity: usize::MAX,
[INFO] [stdout]     |                              ^^^
[INFO] [stdout] 
[INFO] [stdout] 
[INFO] [stderr]     Finished `release` profile [optimized] target(s) in 7.69s
[INFO] running `Command { std: "docker" "inspect" "7b1c6bf2d15169f4096077f8baa18ad33414b94147474e01f095c70bd6bb3f33", kill_on_drop: false }`
[INFO] running `Command { std: "docker" "exec" "-e" "SOURCE_DIR=/opt/rustwide/workdir" "-e" "CARGO_HOME=/opt/rustwide/cargo-home" "-e" "RUSTUP_HOME=/opt/rustwide/rustup-home" "-e" "CARGO_TARGET_DIR=/opt/rustwide/target" "-e" "CARGO_INCREMENTAL=0" "-e" "RUST_BACKTRACE=full" "-e" "RUSTFLAGS=--cap-lints=warn" "-e" "RUSTDOCFLAGS=--cap-lints=warn" "-w" "/opt/rustwide/workdir" "--user" "0:0" "7b1c6bf2d15169f4096077f8baa18ad33414b94147474e01f095c70bd6bb3f33" "/opt/rustwide/cargo-home/bin/cargo" "+1.100.0-beta.1" "test" "--frozen" "--release", kill_on_drop: false }`
[INFO] [stderr] warning: Cargo.toml: `default_features` is deprecated in favor of `default-features` and will not work in the 2024 edition
[INFO] [stderr] (in the `instant` dependency)
[INFO] [stderr] warning: `izihawa_lru_time_cache` (manifest) generated 1 warning
[INFO] [stderr] warning: lint `box_pointers` has been removed: it does not detect other kinds of allocations, and existed only for historical reasons
[INFO] [stderr]   --> src/lib.rs:79:5
[INFO] [stderr]    |
[INFO] [stderr] 79 |     box_pointers,
[INFO] [stderr]    |     ^^^^^^^^^^^^
[INFO] [stderr]    |
[INFO] [stderr] note: the lint level is defined here
[INFO] [stderr]   --> src/lib.rs:68:5
[INFO] [stderr]    |
[INFO] [stderr] 68 |     warnings
[INFO] [stderr]    |     ^^^^^^^^
[INFO] [stderr]    = note: `#[warn(renamed_and_removed_lints)]` implied by `#[warn(warnings)]`
[INFO] [stderr] 
[INFO] [stderr] warning: use of deprecated module `std::usize`: all constants in this module replaced by associated constants on the type
[INFO] [stderr]   --> src/lib.rs:92:10
[INFO] [stderr]    |
[INFO] [stderr] 92 | use std::usize;
[INFO] [stderr]    |          ^^^^^
[INFO] [stderr]    |
[INFO] [stderr] note: the lint level is defined here
[INFO] [stderr]   --> src/lib.rs:52:5
[INFO] [stderr]    |
[INFO] [stderr] 52 |     deprecated,
[INFO] [stderr]    |     ^^^^^^^^^^
[INFO] [stderr] 
[INFO] [stderr] warning: use of deprecated constant `std::usize::MAX`: replaced by the `MAX` associated constant on this type
[INFO] [stderr]    --> src/lib.rs:143:30
[INFO] [stderr]     |
[INFO] [stderr] 143 |             capacity: usize::MAX,
[INFO] [stderr]     |                              ^^^
[INFO] [stderr] 
[INFO] [stderr] warning: `izihawa_lru_time_cache` (lib) generated 3 warnings
[INFO] [stderr] warning: unnecessary qualification
[INFO] [stderr]    --> src/lib.rs:514:29
[INFO] [stderr]     |
[INFO] [stderr] 514 |         let mut lru_cache = super::LruCache::<usize, usize>::with_capacity(size);
[INFO] [stderr]     |                             ^^^^^^^^^^^^^^^^^^^^^^^^^^^^^^^^^^^^^^^^^^^^^^
[INFO] [stderr]     |
[INFO] [stderr]     = note: `#[warn(unused_qualifications)]` implied by `#[warn(warnings)]`
[INFO] [stderr] help: remove the unnecessary path segments
[INFO] [stderr]     |
[INFO] [stderr] 514 -         let mut lru_cache = super::LruCache::<usize, usize>::with_capacity(size);
[INFO] [stderr] 514 +         let mut lru_cache = LruCache::<usize, usize>::with_capacity(size);
[INFO] [stderr]     |
[INFO] [stderr] 
[INFO] [stderr] warning: unnecessary qualification
[INFO] [stderr]    --> src/lib.rs:537:29
[INFO] [stderr]     |
[INFO] [stderr] 537 |         let mut lru_cache = super::LruCache::<usize, usize>::with_expiry_duration(time_to_live);
[INFO] [stderr]     |                             ^^^^^^^^^^^^^^^^^^^^^^^^^^^^^^^^^^^^^^^^^^^^^^^^^^^^^
[INFO] [stderr]     |
[INFO] [stderr] help: remove the unnecessary path segments
[INFO] [stderr]     |
[INFO] [stderr] 537 -         let mut lru_cache = super::LruCache::<usize, usize>::with_expiry_duration(time_to_live);
[INFO] [stderr] 537 +         let mut lru_cache = LruCache::<usize, usize>::with_expiry_duration(time_to_live);
[INFO] [stderr]     |
[INFO] [stderr] 
[INFO] [stderr] warning: unnecessary qualification
[INFO] [stderr]    --> src/lib.rs:565:29
[INFO] [stderr]     |
[INFO] [stderr] 565 |         let mut lru_cache = super::LruCache::<usize, usize>::with_expiry_duration(time_to_live);
[INFO] [stderr]     |                             ^^^^^^^^^^^^^^^^^^^^^^^^^^^^^^^^^^^^^^^^^^^^^^^^^^^^^
[INFO] [stderr]     |
[INFO] [stderr] help: remove the unnecessary path segments
[INFO] [stderr]     |
[INFO] [stderr] 565 -         let mut lru_cache = super::LruCache::<usize, usize>::with_expiry_duration(time_to_live);
[INFO] [stderr] 565 +         let mut lru_cache = LruCache::<usize, usize>::with_expiry_duration(time_to_live);
[INFO] [stderr]     |
[INFO] [stderr] 
[INFO] [stderr] warning: unnecessary qualification
[INFO] [stderr]    --> src/lib.rs:582:13
[INFO] [stderr]     |
[INFO] [stderr] 582 |             super::LruCache::<usize, usize>::with_expiry_duration_and_capacity(time_to_live, size);
[INFO] [stderr]     |             ^^^^^^^^^^^^^^^^^^^^^^^^^^^^^^^^^^^^^^^^^^^^^^^^^^^^^^^^^^^^^^^^^^
[INFO] [stderr]     |
[INFO] [stderr] help: remove the unnecessary path segments
[INFO] [stderr]     |
[INFO] [stderr] 582 -             super::LruCache::<usize, usize>::with_expiry_duration_and_capacity(time_to_live, size);
[INFO] [stderr] 582 +             LruCache::<usize, usize>::with_expiry_duration_and_capacity(time_to_live, size);
[INFO] [stderr]     |
[INFO] [stderr] 
[INFO] [stderr] warning: unnecessary qualification
[INFO] [stderr]    --> src/lib.rs:615:13
[INFO] [stderr]     |
[INFO] [stderr] 615 |             super::LruCache::<Temp, usize>::with_expiry_duration_and_capacity(time_to_live, size);
[INFO] [stderr]     |             ^^^^^^^^^^^^^^^^^^^^^^^^^^^^^^^^^^^^^^^^^^^^^^^^^^^^^^^^^^^^^^^^^
[INFO] [stderr]     |
[INFO] [stderr] help: remove the unnecessary path segments
[INFO] [stderr]     |
[INFO] [stderr] 615 -             super::LruCache::<Temp, usize>::with_expiry_duration_and_capacity(time_to_live, size);
[INFO] [stderr] 615 +             LruCache::<Temp, usize>::with_expiry_duration_and_capacity(time_to_live, size);
[INFO] [stderr]     |
[INFO] [stderr] 
[INFO] [stderr] warning: unnecessary qualification
[INFO] [stderr]    --> src/lib.rs:842:33
[INFO] [stderr]     |
[INFO] [stderr] 842 |             let mut lru_cache = super::LruCache::<usize, usize>::with_expiry_duration(time_to_live);
[INFO] [stderr]     |                                 ^^^^^^^^^^^^^^^^^^^^^^^^^^^^^^^^^^^^^^^^^^^^^^^^^^^^^
[INFO] [stderr]     |
[INFO] [stderr] help: remove the unnecessary path segments
[INFO] [stderr]     |
[INFO] [stderr] 842 -             let mut lru_cache = super::LruCache::<usize, usize>::with_expiry_duration(time_to_live);
[INFO] [stderr] 842 +             let mut lru_cache = LruCache::<usize, usize>::with_expiry_duration(time_to_live);
[INFO] [stderr]     |
[INFO] [stderr] 
[INFO] [stderr] warning: unnecessary qualification
[INFO] [stderr]    --> src/lib.rs:857:33
[INFO] [stderr]     |
[INFO] [stderr] 857 |             let mut lru_cache = super::LruCache::<usize, usize>::with_expiry_duration(time_to_live);
[INFO] [stderr]     |                                 ^^^^^^^^^^^^^^^^^^^^^^^^^^^^^^^^^^^^^^^^^^^^^^^^^^^^^
[INFO] [stderr]     |
[INFO] [stderr] help: remove the unnecessary path segments
[INFO] [stderr]     |
[INFO] [stderr] 857 -             let mut lru_cache = super::LruCache::<usize, usize>::with_expiry_duration(time_to_live);
[INFO] [stderr] 857 +             let mut lru_cache = LruCache::<usize, usize>::with_expiry_duration(time_to_live);
[INFO] [stderr]     |
[INFO] [stderr] 
[INFO] [stderr] warning: unnecessary qualification
[INFO] [stderr]    --> src/lib.rs:873:33
[INFO] [stderr]     |
[INFO] [stderr] 873 |             let mut lru_cache = super::LruCache::<usize, usize>::with_expiry_duration(time_to_live);
[INFO] [stderr]     |                                 ^^^^^^^^^^^^^^^^^^^^^^^^^^^^^^^^^^^^^^^^^^^^^^^^^^^^^
[INFO] [stderr]     |
[INFO] [stderr] help: remove the unnecessary path segments
[INFO] [stderr]     |
[INFO] [stderr] 873 -             let mut lru_cache = super::LruCache::<usize, usize>::with_expiry_duration(time_to_live);
[INFO] [stderr] 873 +             let mut lru_cache = LruCache::<usize, usize>::with_expiry_duration(time_to_live);
[INFO] [stderr]     |
[INFO] [stderr] 
[INFO] [stderr] warning: unnecessary qualification
[INFO] [stderr]    --> src/lib.rs:898:29
[INFO] [stderr]     |
[INFO] [stderr] 898 |         let mut lru_cache = super::LruCache::<usize, usize>::with_expiry_duration(time_to_live);
[INFO] [stderr]     |                             ^^^^^^^^^^^^^^^^^^^^^^^^^^^^^^^^^^^^^^^^^^^^^^^^^^^^^
[INFO] [stderr]     |
[INFO] [stderr] help: remove the unnecessary path segments
[INFO] [stderr]     |
[INFO] [stderr] 898 -         let mut lru_cache = super::LruCache::<usize, usize>::with_expiry_duration(time_to_live);
[INFO] [stderr] 898 +         let mut lru_cache = LruCache::<usize, usize>::with_expiry_duration(time_to_live);
[INFO] [stderr]     |
[INFO] [stderr] 
[INFO] [stderr] warning: unnecessary qualification
[INFO] [stderr]    --> src/lib.rs:914:29
[INFO] [stderr]     |
[INFO] [stderr] 914 |         let mut lru_cache = super::LruCache::<String, usize>::with_capacity(1);
[INFO] [stderr]     |                             ^^^^^^^^^^^^^^^^^^^^^^^^^^^^^^^^^^^^^^^^^^^^^^^
[INFO] [stderr]     |
[INFO] [stderr] help: remove the unnecessary path segments
[INFO] [stderr]     |
[INFO] [stderr] 914 -         let mut lru_cache = super::LruCache::<String, usize>::with_capacity(1);
[INFO] [stderr] 914 +         let mut lru_cache = LruCache::<String, usize>::with_capacity(1);
[INFO] [stderr]     |
[INFO] [stderr] 
[INFO] [stderr] warning: `izihawa_lru_time_cache` (lib test) generated 13 warnings (3 duplicates) (run `cargo fix --lib -p izihawa_lru_time_cache --tests` to apply 10 suggestions)
[INFO] [stderr]     Finished `release` profile [optimized] target(s) in 0.10s
[INFO] [stderr]      Running unittests src/lib.rs (/opt/rustwide/target/release/build/izihawa_lru_time_cache/a7fa31a7dfaefd28/out/izihawa_lru_time_cache-a7fa31a7dfaefd28)
[INFO] [stdout] 
[INFO] [stdout] running 24 tests
[INFO] [stdout] test test::iter::it_moves_traversed_items_to_the_top_of_the_cache ... ok
[INFO] [stdout] test test::deref_coercions ... ok
[INFO] [stdout] test test::iter::it_returns_none_when_cache_is_empty ... ok
[INFO] [stdout] test test::iter::it_yields_the_most_recent_items_first ... FAILED
[INFO] [stdout] test test::notify_iter::it_returns_none_when_cache_is_empty ... ok
[INFO] [stdout] test test::notify_iter::it_yields_the_most_recent_items_first ... FAILED
[INFO] [stdout] test test::peek_iter::it_doesnt_modify_entry_update_time ... ok
[INFO] [stdout] test test::peek_iter::it_yields_cached_entries_in_most_recently_used_order ... ok
[INFO] [stdout] test test::iter::it_removes_expired_items ... ok
[INFO] [stdout] test test::iter::it_updates_item_timestamps_of_traversed_items ... ok
[INFO] [stdout] test test::remove_expired::it_removes_expired_entries_from_the_map ... ok
[INFO] [stdout] test test::remove_expired::it_removes_expired_entries_from_the_list ... ok
[INFO] [stdout] test test::size_only ... ok
[INFO] [stdout] test test::remove_expired::it_returns_expired_entries ... ok
[INFO] [stdout] test test::notify_insert::it_removes_expired_entries ... ok
[INFO] [stdout] test test::notify_insert::it_returns_removed_expired_entries ... ok
[INFO] [stdout] test test::notify_iter::it_removes_expired_items ... ok
[INFO] [stdout] test test::notify_iter::it_produces_expired_and_valid_entries ... ok
[INFO] [stdout] test test::time_and_size ... ok
[INFO] [stdout] test test::time_only_check ... ok
[INFO] [stdout] test test::time_size_struct_value ... ok
[INFO] [stdout] test test::time_only ... ok
[INFO] [stdout] test test::peek_iter::it_yields_only_unexpired_entries ... ok
[INFO] [stderr] error: test failed, to rerun pass `--lib`
[INFO] [stdout] test test::update_time_check ... ok
[INFO] [stdout] 
[INFO] [stdout] failures:
[INFO] [stdout] 
[INFO] [stdout] ---- test::iter::it_yields_the_most_recent_items_first stdout ----
[INFO] [stdout] 
[INFO] [stdout] thread 'test::iter::it_yields_the_most_recent_items_first' (376) panicked at src/lib.rs:736:13:
[INFO] [stdout] assertion `left == right` failed
[INFO] [stdout]   left: [(3, 1), (3, 3), (0, 0), (2, 2)]
[INFO] [stdout]  right: [(1, 1), (3, 3), (0, 0), (2, 2)]
[INFO] [stdout] stack backtrace:
[INFO] [stdout]    0:     0x63d30f26e6a1 - <<std[617be2ca0a6fd877]::sys::backtrace::BacktraceLock>::print::DisplayBacktrace as core[a373ad73a504971]::fmt::Display>::fmt
[INFO] [stdout]    1:     0x63d30f282a5a - core[a373ad73a504971]::fmt::write
[INFO] [stdout]    2:     0x63d30f272a1c - <alloc[2e1b2a31b91974c5]::vec::Vec<u8> as core[a373ad73a504971]::io::write::Write>::write_fmt
[INFO] [stdout]    3:     0x63d30f24aa46 - std[617be2ca0a6fd877]::panicking::default_hook::{closure#0}
[INFO] [stdout]    4:     0x63d30f266c79 - std[617be2ca0a6fd877]::panicking::default_hook
[INFO] [stdout]    5:     0x63d30f1ff360 - test[aada8e7e76ba119b]::test_main_inner::{closure#0}
[INFO] [stdout]    6:     0x63d30f266e32 - std[617be2ca0a6fd877]::panicking::panic_with_hook
[INFO] [stdout]    7:     0x63d30f24aaf2 - std[617be2ca0a6fd877]::panicking::panic_handler::{closure#0}
[INFO] [stdout]    8:     0x63d30f2437d9 - std[617be2ca0a6fd877]::sys::backtrace::__rust_end_short_backtrace::<std[617be2ca0a6fd877]::panicking::panic_handler::{closure#0}, !>
[INFO] [stdout]    9:     0x63d30f24b6fd - __rustc[ea4f61d10b84890b]::rust_begin_unwind
[INFO] [stdout]   10:     0x63d30f28318c - core[a373ad73a504971]::panicking::panic_fmt
[INFO] [stdout]   11:     0x63d30f2830a3 - core[a373ad73a504971]::panicking::assert_failed_inner
[INFO] [stdout]   12:     0x63d30f1e9dd9 - core[a373ad73a504971]::panicking::assert_failed::<alloc[2e1b2a31b91974c5]::vec::Vec<(&usize, &usize)>, alloc[2e1b2a31b91974c5]::vec::Vec<(&usize, &usize)>>
[INFO] [stdout]   13:     0x63d30f1e8afa - <izihawa_lru_time_cache[ff747330f9b7062b]::test::iter::it_yields_the_most_recent_items_first::{closure#0} as core[a373ad73a504971]::ops::function::FnOnce<()>>::call_once
[INFO] [stdout]   14:     0x63d30f1f27ab - test[aada8e7e76ba119b]::__rust_begin_short_backtrace::<core[a373ad73a504971]::result::Result<(), alloc[2e1b2a31b91974c5]::string::String>, fn() -> core[a373ad73a504971]::result::Result<(), alloc[2e1b2a31b91974c5]::string::String>>
[INFO] [stdout]   15:     0x63d30f1ff985 - test[aada8e7e76ba119b]::run_test::{closure#0}
[INFO] [stdout]   16:     0x63d30f1f9274 - std[617be2ca0a6fd877]::sys::backtrace::__rust_begin_short_backtrace::<test[aada8e7e76ba119b]::run_test::{closure#1}, ()>
[INFO] [stdout]   17:     0x63d30f202a12 - <std[617be2ca0a6fd877]::thread::lifecycle::spawn_unchecked<test[aada8e7e76ba119b]::run_test::{closure#1}, ()>::{closure#1} as core[a373ad73a504971]::ops::function::FnOnce<()>>::call_once::{shim:vtable#0}
[INFO] [stdout]   18:     0x63d30f26deff - <std[617be2ca0a6fd877]::sys::thread::unix::Thread>::new::thread_start
[INFO] [stdout]   19:     0x747a4c52edfa - <unknown>
[INFO] [stdout]   20:     0x747a4c5c23d4 - clone
[INFO] [stdout]   21:                0x0 - <unknown>
[INFO] [stdout] 
[INFO] [stdout] ---- test::notify_iter::it_yields_the_most_recent_items_first stdout ----
[INFO] [stdout] 
[INFO] [stdout] thread 'test::notify_iter::it_yields_the_most_recent_items_first' (382) panicked at src/lib.rs:784:13:
[INFO] [stdout] assertion `left == right` failed
[INFO] [stdout]   left: [(3, 1), (3, 3), (0, 0), (2, 2)]
[INFO] [stdout]  right: [(1, 1), (3, 3), (0, 0), (2, 2)]
[INFO] [stdout] stack backtrace:
[INFO] [stdout]    0:     0x63d30f26e6a1 - <<std[617be2ca0a6fd877]::sys::backtrace::BacktraceLock>::print::DisplayBacktrace as core[a373ad73a504971]::fmt::Display>::fmt
[INFO] [stdout]    1:     0x63d30f282a5a - core[a373ad73a504971]::fmt::write
[INFO] [stdout]    2:     0x63d30f272a1c - <alloc[2e1b2a31b91974c5]::vec::Vec<u8> as core[a373ad73a504971]::io::write::Write>::write_fmt
[INFO] [stdout]    3:     0x63d30f24aa46 - std[617be2ca0a6fd877]::panicking::default_hook::{closure#0}
[INFO] [stdout]    4:     0x63d30f266c79 - std[617be2ca0a6fd877]::panicking::default_hook
[INFO] [stdout]    5:     0x63d30f1ff360 - test[aada8e7e76ba119b]::test_main_inner::{closure#0}
[INFO] [stdout]    6:     0x63d30f266e32 - std[617be2ca0a6fd877]::panicking::panic_with_hook
[INFO] [stdout]    7:     0x63d30f24aaf2 - std[617be2ca0a6fd877]::panicking::panic_handler::{closure#0}
[INFO] [stdout]    8:     0x63d30f2437d9 - std[617be2ca0a6fd877]::sys::backtrace::__rust_end_short_backtrace::<std[617be2ca0a6fd877]::panicking::panic_handler::{closure#0}, !>
[INFO] [stdout]    9:     0x63d30f24b6fd - __rustc[ea4f61d10b84890b]::rust_begin_unwind
[INFO] [stdout]   10:     0x63d30f28318c - core[a373ad73a504971]::panicking::panic_fmt
[INFO] [stdout]   11:     0x63d30f2830a3 - core[a373ad73a504971]::panicking::assert_failed_inner
[INFO] [stdout]   12:     0x63d30f1e9dd9 - core[a373ad73a504971]::panicking::assert_failed::<alloc[2e1b2a31b91974c5]::vec::Vec<(&usize, &usize)>, alloc[2e1b2a31b91974c5]::vec::Vec<(&usize, &usize)>>
[INFO] [stdout]   13:     0x63d30f1ed262 - <izihawa_lru_time_cache[ff747330f9b7062b]::test::notify_iter::it_yields_the_most_recent_items_first::{closure#0} as core[a373ad73a504971]::ops::function::FnOnce<()>>::call_once
[INFO] [stdout]   14:     0x63d30f1f27ab - test[aada8e7e76ba119b]::__rust_begin_short_backtrace::<core[a373ad73a504971]::result::Result<(), alloc[2e1b2a31b91974c5]::string::String>, fn() -> core[a373ad73a504971]::result::Result<(), alloc[2e1b2a31b91974c5]::string::String>>
[INFO] [stdout]   15:     0x63d30f1ff985 - test[aada8e7e76ba119b]::run_test::{closure#0}
[INFO] [stdout]   16:     0x63d30f1f9274 - std[617be2ca0a6fd877]::sys::backtrace::__rust_begin_short_backtrace::<test[aada8e7e76ba119b]::run_test::{closure#1}, ()>
[INFO] [stdout]   17:     0x63d30f202a12 - <std[617be2ca0a6fd877]::thread::lifecycle::spawn_unchecked<test[aada8e7e76ba119b]::run_test::{closure#1}, ()>::{closure#1} as core[a373ad73a504971]::ops::function::FnOnce<()>>::call_once::{shim:vtable#0}
[INFO] [stdout]   18:     0x63d30f26deff - <std[617be2ca0a6fd877]::sys::thread::unix::Thread>::new::thread_start
[INFO] [stdout]   19:     0x747a4c52edfa - <unknown>
[INFO] [stdout]   20:     0x747a4c5c23d4 - clone
[INFO] [stdout]   21:                0x0 - <unknown>
[INFO] [stdout] 
[INFO] [stdout] 
[INFO] [stdout] failures:
[INFO] [stdout]     test::iter::it_yields_the_most_recent_items_first
[INFO] [stdout]     test::notify_iter::it_yields_the_most_recent_items_first
[INFO] [stdout] 
[INFO] [stdout] test result: FAILED. 22 passed; 2 failed; 0 ignored; 0 measured; 0 filtered out; finished in 1.16s
[INFO] [stdout] 
[INFO] running `Command { std: "docker" "inspect" "7b1c6bf2d15169f4096077f8baa18ad33414b94147474e01f095c70bd6bb3f33", kill_on_drop: false }`
[INFO] running `Command { std: "docker" "rm" "-f" "7b1c6bf2d15169f4096077f8baa18ad33414b94147474e01f095c70bd6bb3f33", kill_on_drop: false }`
[INFO] [stdout] 7b1c6bf2d15169f4096077f8baa18ad33414b94147474e01f095c70bd6bb3f33
