[INFO] fetching crate itools-macros 0.0.1...
[INFO] testing itools-macros-0.0.1 against 1.100.0-beta.1+cargoflags=--release for beta-release-1.100-2
[INFO] extracting crate itools-macros 0.0.1 into /workspace/builds/worker-0-tc2/source
[INFO] started tweaking crates.io crate itools-macros 0.0.1
[INFO] finished tweaking crates.io crate itools-macros 0.0.1
[INFO] tweaked toml for crates.io crate itools-macros 0.0.1 written to /workspace/builds/worker-0-tc2/source/Cargo.toml
[INFO] validating manifest of crates.io crate itools-macros 0.0.1 on toolchain 1.100.0-beta.1
[INFO] running `Command { std: CARGO_HOME="/workspace/cargo-home" RUSTUP_HOME="/workspace/rustup-home" "/workspace/cargo-home/bin/cargo" "+1.100.0-beta.1" "metadata" "--manifest-path" "Cargo.toml" "--no-deps", kill_on_drop: false }`
[INFO] crate crates.io crate itools-macros 0.0.1 already has a lockfile, it will not be regenerated
[INFO] running `Command { std: CARGO_HOME="/workspace/cargo-home" RUSTUP_HOME="/workspace/rustup-home" "/workspace/cargo-home/bin/cargo" "+1.100.0-beta.1" "fetch" "--manifest-path" "Cargo.toml", kill_on_drop: false }`
[INFO] running `Command { std: "docker" "create" "-v" "/var/lib/crater-agent-workspace/builds/worker-0-tc2/source:/opt/rustwide/workdir:ro,Z" "-v" "/var/lib/crater-agent-workspace/builds/worker-0-tc2/target:/opt/rustwide/target:rw,Z" "-v" "/var/lib/crater-agent-workspace/cargo-home:/opt/rustwide/cargo-home:ro,Z" "-v" "/var/lib/crater-agent-workspace/rustup-home:/opt/rustwide/rustup-home:ro,Z" "-m" "1610612736" "--network" "none" "ghcr.io/rust-lang/crates-build-env/linux@sha256:77db811e55d90add9212f6832c23229e3de5f1c1f9905e8cb07319ea15df73ac" "sleep" "infinity", kill_on_drop: false }`
[INFO] [stdout] 975b55b654dac03b4b1a0432aa06455f11a1e3d49f1f1c06c6178e5d11b3ce57
[INFO] running `Command { std: "docker" "start" "975b55b654dac03b4b1a0432aa06455f11a1e3d49f1f1c06c6178e5d11b3ce57", kill_on_drop: false }`
[INFO] running `Command { std: "docker" "inspect" "975b55b654dac03b4b1a0432aa06455f11a1e3d49f1f1c06c6178e5d11b3ce57", kill_on_drop: false }`
[INFO] running `Command { std: "docker" "exec" "-e" "SOURCE_DIR=/opt/rustwide/workdir" "-e" "CARGO_HOME=/opt/rustwide/cargo-home" "-e" "RUSTUP_HOME=/opt/rustwide/rustup-home" "-e" "CARGO_TARGET_DIR=/opt/rustwide/target" "-w" "/opt/rustwide/workdir" "--user" "0:0" "975b55b654dac03b4b1a0432aa06455f11a1e3d49f1f1c06c6178e5d11b3ce57" "/opt/rustwide/cargo-home/bin/cargo" "+1.100.0-beta.1" "metadata" "--no-deps" "--format-version=1", kill_on_drop: false }`
[INFO] running `Command { std: "docker" "inspect" "975b55b654dac03b4b1a0432aa06455f11a1e3d49f1f1c06c6178e5d11b3ce57", kill_on_drop: false }`
[INFO] running `Command { std: "docker" "exec" "-e" "SOURCE_DIR=/opt/rustwide/workdir" "-e" "CARGO_HOME=/opt/rustwide/cargo-home" "-e" "RUSTUP_HOME=/opt/rustwide/rustup-home" "-e" "CARGO_TARGET_DIR=/opt/rustwide/target" "-e" "CARGO_INCREMENTAL=0" "-e" "RUST_BACKTRACE=full" "-e" "RUSTFLAGS=--cap-lints=warn" "-e" "RUSTDOCFLAGS=--cap-lints=warn" "-w" "/opt/rustwide/workdir" "--user" "0:0" "975b55b654dac03b4b1a0432aa06455f11a1e3d49f1f1c06c6178e5d11b3ce57" "/opt/rustwide/cargo-home/bin/cargo" "+1.100.0-beta.1" "build" "--frozen" "--message-format=json" "--release", kill_on_drop: false }`
[INFO] [stderr]    Compiling syn v2.0.117
[INFO] [stderr]    Compiling itools-macros v0.0.1 (/opt/rustwide/workdir)
[INFO] [stderr]     Finished `release` profile [optimized] target(s) in 7.63s
[INFO] running `Command { std: "docker" "inspect" "975b55b654dac03b4b1a0432aa06455f11a1e3d49f1f1c06c6178e5d11b3ce57", kill_on_drop: false }`
[INFO] running `Command { std: "docker" "exec" "-e" "SOURCE_DIR=/opt/rustwide/workdir" "-e" "CARGO_HOME=/opt/rustwide/cargo-home" "-e" "RUSTUP_HOME=/opt/rustwide/rustup-home" "-e" "CARGO_TARGET_DIR=/opt/rustwide/target" "-e" "CARGO_INCREMENTAL=0" "-e" "RUST_BACKTRACE=full" "-e" "RUSTFLAGS=--cap-lints=warn" "-e" "RUSTDOCFLAGS=--cap-lints=warn" "-w" "/opt/rustwide/workdir" "--user" "0:0" "975b55b654dac03b4b1a0432aa06455f11a1e3d49f1f1c06c6178e5d11b3ce57" "/opt/rustwide/cargo-home/bin/cargo" "+1.100.0-beta.1" "test" "--frozen" "--no-run" "--message-format=json" "--release", kill_on_drop: false }`
[INFO] [stderr]    Compiling itools-macros v0.0.1 (/opt/rustwide/workdir)
[INFO] [stderr]     Finished `release` profile [optimized] target(s) in 0.63s
[INFO] running `Command { std: "docker" "inspect" "975b55b654dac03b4b1a0432aa06455f11a1e3d49f1f1c06c6178e5d11b3ce57", kill_on_drop: false }`
[INFO] running `Command { std: "docker" "exec" "-e" "SOURCE_DIR=/opt/rustwide/workdir" "-e" "CARGO_HOME=/opt/rustwide/cargo-home" "-e" "RUSTUP_HOME=/opt/rustwide/rustup-home" "-e" "CARGO_TARGET_DIR=/opt/rustwide/target" "-e" "CARGO_INCREMENTAL=0" "-e" "RUST_BACKTRACE=full" "-e" "RUSTFLAGS=--cap-lints=warn" "-e" "RUSTDOCFLAGS=--cap-lints=warn" "-w" "/opt/rustwide/workdir" "--user" "0:0" "975b55b654dac03b4b1a0432aa06455f11a1e3d49f1f1c06c6178e5d11b3ce57" "/opt/rustwide/cargo-home/bin/cargo" "+1.100.0-beta.1" "test" "--frozen" "--release", kill_on_drop: false }`
[INFO] [stderr]     Finished `release` profile [optimized] target(s) in 0.03s
[INFO] [stderr]      Running unittests src/lib.rs (/opt/rustwide/target/release/build/itools-macros/6b4546d42397f076/out/itools_macros-6b4546d42397f076)
[INFO] [stderr]    Doc-tests itools_macros
[INFO] [stdout] 
[INFO] [stdout] running 0 tests
[INFO] [stdout] 
[INFO] [stdout] test result: ok. 0 passed; 0 failed; 0 ignored; 0 measured; 0 filtered out; finished in 0.00s
[INFO] [stdout] 
[INFO] [stdout] 
[INFO] [stdout] running 3 tests
[INFO] [stdout] test src/lib.rs - command (line 17) ... FAILED
[INFO] [stdout] test src/lib.rs - error (line 56) ... FAILED
[INFO] [stderr] error: doctest failed, to rerun pass `--doc`
[INFO] [stdout] test src/lib.rs - t (line 373) ... FAILED
[INFO] [stdout] 
[INFO] [stdout] failures:
[INFO] [stdout] 
[INFO] [stdout] ---- src/lib.rs - command (line 17) stdout ----
[INFO] [stdout] error[E0433]: cannot find `Command` in `itools_macros`
[INFO] [stdout]   --> src/lib.rs:19:18
[INFO] [stdout]    |
[INFO] [stdout] 19 | #[itools_macros::Command]
[INFO] [stdout]    |                  ^^^^^^^ could not find `Command` in `itools_macros`
[INFO] [stdout] 
[INFO] [stdout] error[E0433]: cannot find `Command` in `itools_macros`
[INFO] [stdout]   --> src/lib.rs:25:18
[INFO] [stdout]    |
[INFO] [stdout] 25 | #[itools_macros::Command]
[INFO] [stdout]    |                  ^^^^^^^ could not find `Command` in `itools_macros`
[INFO] [stdout] 
[INFO] [stdout] error: aborting due to 2 previous errors
[INFO] [stdout] 
[INFO] [stdout] For more information about this error, try `rustc --explain E0433`.
[INFO] [stdout] Couldn't compile the test.
[INFO] [stdout] ---- src/lib.rs - error (line 56) stdout ----
[INFO] [stdout] error[E0433]: cannot find `Error` in `itools_macros`
[INFO] [stdout]   --> src/lib.rs:58:18
[INFO] [stdout]    |
[INFO] [stdout] 58 | #[itools_macros::Error]
[INFO] [stdout]    |                  ^^^^^ could not find `Error` in `itools_macros`
[INFO] [stdout] 
[INFO] [stdout] error: cannot find attribute `error` in this scope
[INFO] [stdout]   --> src/lib.rs:61:7
[INFO] [stdout]    |
[INFO] [stdout] 61 |     #[error("network_error")]
[INFO] [stdout]    |       ^^^^^
[INFO] [stdout] 
[INFO] [stdout] error: cannot find attribute `error` in this scope
[INFO] [stdout]   --> src/lib.rs:64:7
[INFO] [stdout]    |
[INFO] [stdout] 64 |     #[error("file_not_found")]
[INFO] [stdout]    |       ^^^^^
[INFO] [stdout] 
[INFO] [stdout] error: aborting due to 3 previous errors
[INFO] [stdout] 
[INFO] [stdout] For more information about this error, try `rustc --explain E0433`.
[INFO] [stdout] Couldn't compile the test.
[INFO] [stdout] ---- src/lib.rs - t (line 373) stdout ----
[INFO] [stdout] error: cannot find macro `t` in this scope
[INFO] [stdout]    --> src/lib.rs:375:16
[INFO] [stdout]     |
[INFO] [stdout] 375 | let greeting = t!("hello");
[INFO] [stdout]     |                ^
[INFO] [stdout] 
[INFO] [stdout] error: cannot find macro `t` in this scope
[INFO] [stdout]    --> src/lib.rs:378:16
[INFO] [stdout]     |
[INFO] [stdout] 378 | let greeting = t!("greeting", &[("name", "World")]);
[INFO] [stdout]     |                ^
[INFO] [stdout] 
[INFO] [stdout] error: aborting due to 2 previous errors
[INFO] [stdout] 
[INFO] [stdout] Couldn't compile the test.
[INFO] [stdout] 
[INFO] [stdout] failures:
[INFO] [stdout]     src/lib.rs - command (line 17)
[INFO] [stdout]     src/lib.rs - error (line 56)
[INFO] [stdout]     src/lib.rs - t (line 373)
[INFO] [stdout] 
[INFO] [stdout] test result: FAILED. 0 passed; 3 failed; 0 ignored; 0 measured; 0 filtered out; finished in 0.12s
[INFO] [stdout] 
[INFO] [stdout] all doctests ran in 0.20s; merged doctests compilation took 0.08s
[INFO] running `Command { std: "docker" "inspect" "975b55b654dac03b4b1a0432aa06455f11a1e3d49f1f1c06c6178e5d11b3ce57", kill_on_drop: false }`
[INFO] running `Command { std: "docker" "rm" "-f" "975b55b654dac03b4b1a0432aa06455f11a1e3d49f1f1c06c6178e5d11b3ce57", kill_on_drop: false }`
[INFO] [stdout] 975b55b654dac03b4b1a0432aa06455f11a1e3d49f1f1c06c6178e5d11b3ce57
