[INFO] fetching crate ithmb-cli 1.9.5...
[INFO] testing ithmb-cli-1.9.5 against 1.100.0-beta.1+cargoflags=--release for beta-release-1.100-2
[INFO] extracting crate ithmb-cli 1.9.5 into /workspace/builds/worker-0-tc2/source
[INFO] started tweaking crates.io crate ithmb-cli 1.9.5
[INFO] removed 0 missing tests
[INFO] finished tweaking crates.io crate ithmb-cli 1.9.5
[INFO] tweaked toml for crates.io crate ithmb-cli 1.9.5 written to /workspace/builds/worker-0-tc2/source/Cargo.toml
[INFO] validating manifest of crates.io crate ithmb-cli 1.9.5 on toolchain 1.100.0-beta.1
[INFO] running `Command { std: CARGO_HOME="/workspace/cargo-home" RUSTUP_HOME="/workspace/rustup-home" "/workspace/cargo-home/bin/cargo" "+1.100.0-beta.1" "metadata" "--manifest-path" "Cargo.toml" "--no-deps", kill_on_drop: false }`
[INFO] crate crates.io crate ithmb-cli 1.9.5 already has a lockfile, it will not be regenerated
[INFO] running `Command { std: CARGO_HOME="/workspace/cargo-home" RUSTUP_HOME="/workspace/rustup-home" "/workspace/cargo-home/bin/cargo" "+1.100.0-beta.1" "fetch" "--manifest-path" "Cargo.toml", kill_on_drop: false }`
[INFO] [stderr] warning: `package.homepage` is redundant with `package.repository`
[INFO] [stderr]   --> Cargo.toml:50:12
[INFO] [stderr]    |
[INFO] [stderr] 50 | homepage = "https://github.com/B67687/Ithmb-Codec"
[INFO] [stderr]    |            ^^^^^^^^^^^^^^^^^^^^^^^^^^^^^^^^^^^^^^^
[INFO] [stderr] ...
[INFO] [stderr] 55 | repository = "https://github.com/B67687/Ithmb-Codec"
[INFO] [stderr]    |              ---------------------------------------
[INFO] [stderr]    |
[INFO] [stderr]    = note: `cargo::redundant_homepage` is set to `warn` by default
[INFO] [stderr] help: consider removing `package.homepage`
[INFO] [stderr] warning: `ithmb-cli` (manifest) generated 1 warning
[INFO] running `Command { std: "docker" "create" "-v" "/var/lib/crater-agent-workspace/builds/worker-0-tc2/source:/opt/rustwide/workdir:ro,Z" "-v" "/var/lib/crater-agent-workspace/builds/worker-0-tc2/target:/opt/rustwide/target:rw,Z" "-v" "/var/lib/crater-agent-workspace/cargo-home:/opt/rustwide/cargo-home:ro,Z" "-v" "/var/lib/crater-agent-workspace/rustup-home:/opt/rustwide/rustup-home:ro,Z" "-m" "1610612736" "--network" "none" "ghcr.io/rust-lang/crates-build-env/linux@sha256:77db811e55d90add9212f6832c23229e3de5f1c1f9905e8cb07319ea15df73ac" "sleep" "infinity", kill_on_drop: false }`
[INFO] [stdout] accf701ddb26a165152109c1f2e9ff9661e361715a11a903e537176e1e325d6f
[INFO] running `Command { std: "docker" "start" "accf701ddb26a165152109c1f2e9ff9661e361715a11a903e537176e1e325d6f", kill_on_drop: false }`
[INFO] running `Command { std: "docker" "inspect" "accf701ddb26a165152109c1f2e9ff9661e361715a11a903e537176e1e325d6f", kill_on_drop: false }`
[INFO] running `Command { std: "docker" "exec" "-e" "SOURCE_DIR=/opt/rustwide/workdir" "-e" "CARGO_HOME=/opt/rustwide/cargo-home" "-e" "RUSTUP_HOME=/opt/rustwide/rustup-home" "-e" "CARGO_TARGET_DIR=/opt/rustwide/target" "-w" "/opt/rustwide/workdir" "--user" "0:0" "accf701ddb26a165152109c1f2e9ff9661e361715a11a903e537176e1e325d6f" "/opt/rustwide/cargo-home/bin/cargo" "+1.100.0-beta.1" "metadata" "--no-deps" "--format-version=1", kill_on_drop: false }`
[INFO] running `Command { std: "docker" "inspect" "accf701ddb26a165152109c1f2e9ff9661e361715a11a903e537176e1e325d6f", kill_on_drop: false }`
[INFO] running `Command { std: "docker" "exec" "-e" "SOURCE_DIR=/opt/rustwide/workdir" "-e" "CARGO_HOME=/opt/rustwide/cargo-home" "-e" "RUSTUP_HOME=/opt/rustwide/rustup-home" "-e" "CARGO_TARGET_DIR=/opt/rustwide/target" "-e" "CARGO_INCREMENTAL=0" "-e" "RUST_BACKTRACE=full" "-e" "RUSTFLAGS=--cap-lints=warn" "-e" "RUSTDOCFLAGS=--cap-lints=warn" "-w" "/opt/rustwide/workdir" "--user" "0:0" "accf701ddb26a165152109c1f2e9ff9661e361715a11a903e537176e1e325d6f" "/opt/rustwide/cargo-home/bin/cargo" "+1.100.0-beta.1" "build" "--frozen" "--message-format=json" "--release", kill_on_drop: false }`
[INFO] [stderr] warning: `package.homepage` is redundant with `package.repository`
[INFO] [stderr]   --> Cargo.toml:50:12
[INFO] [stderr]    |
[INFO] [stderr] 50 | homepage = "https://github.com/B67687/Ithmb-Codec"
[INFO] [stderr]    |            ^^^^^^^^^^^^^^^^^^^^^^^^^^^^^^^^^^^^^^^
[INFO] [stderr] ...
[INFO] [stderr] 55 | repository = "https://github.com/B67687/Ithmb-Codec"
[INFO] [stderr]    |              ---------------------------------------
[INFO] [stderr]    |
[INFO] [stderr]    = note: `cargo::redundant_homepage` is set to `warn` by default
[INFO] [stderr] help: consider removing `package.homepage`
[INFO] [stderr] warning: `ithmb-cli` (manifest) generated 1 warning
[INFO] [stderr]    Compiling either v1.17.0
[INFO] [stderr]    Compiling thiserror-impl v2.0.19
[INFO] [stderr]    Compiling clap_derive v4.6.4
[INFO] [stderr]    Compiling clap_builder v4.6.5
[INFO] [stderr]    Compiling png v0.18.1
[INFO] [stderr]    Compiling rayon v1.12.0
[INFO] [stderr]    Compiling thiserror v2.0.19
[INFO] [stderr]    Compiling jpeg-decoder v0.3.2
[INFO] [stderr]    Compiling clap v4.6.5
[INFO] [stderr]    Compiling ithmb-core v1.9.6
[INFO] [stderr]    Compiling ithmb-cli v1.9.5 (/opt/rustwide/workdir)
[INFO] [stderr]     Finished `release` profile [optimized] target(s) in 18.05s
[INFO] running `Command { std: "docker" "inspect" "accf701ddb26a165152109c1f2e9ff9661e361715a11a903e537176e1e325d6f", kill_on_drop: false }`
[INFO] running `Command { std: "docker" "exec" "-e" "SOURCE_DIR=/opt/rustwide/workdir" "-e" "CARGO_HOME=/opt/rustwide/cargo-home" "-e" "RUSTUP_HOME=/opt/rustwide/rustup-home" "-e" "CARGO_TARGET_DIR=/opt/rustwide/target" "-e" "CARGO_INCREMENTAL=0" "-e" "RUST_BACKTRACE=full" "-e" "RUSTFLAGS=--cap-lints=warn" "-e" "RUSTDOCFLAGS=--cap-lints=warn" "-w" "/opt/rustwide/workdir" "--user" "0:0" "accf701ddb26a165152109c1f2e9ff9661e361715a11a903e537176e1e325d6f" "/opt/rustwide/cargo-home/bin/cargo" "+1.100.0-beta.1" "test" "--frozen" "--no-run" "--message-format=json" "--release", kill_on_drop: false }`
[INFO] [stderr] warning: `package.homepage` is redundant with `package.repository`
[INFO] [stderr]   --> Cargo.toml:50:12
[INFO] [stderr]    |
[INFO] [stderr] 50 | homepage = "https://github.com/B67687/Ithmb-Codec"
[INFO] [stderr]    |            ^^^^^^^^^^^^^^^^^^^^^^^^^^^^^^^^^^^^^^^
[INFO] [stderr] ...
[INFO] [stderr] 55 | repository = "https://github.com/B67687/Ithmb-Codec"
[INFO] [stderr]    |              ---------------------------------------
[INFO] [stderr]    |
[INFO] [stderr]    = note: `cargo::redundant_homepage` is set to `warn` by default
[INFO] [stderr] help: consider removing `package.homepage`
[INFO] [stderr] warning: `ithmb-cli` (manifest) generated 1 warning
[INFO] [stderr]    Compiling ithmb-cli v1.9.5 (/opt/rustwide/workdir)
[INFO] [stderr]     Finished `release` profile [optimized] target(s) in 1.47s
[INFO] running `Command { std: "docker" "inspect" "accf701ddb26a165152109c1f2e9ff9661e361715a11a903e537176e1e325d6f", kill_on_drop: false }`
[INFO] running `Command { std: "docker" "exec" "-e" "SOURCE_DIR=/opt/rustwide/workdir" "-e" "CARGO_HOME=/opt/rustwide/cargo-home" "-e" "RUSTUP_HOME=/opt/rustwide/rustup-home" "-e" "CARGO_TARGET_DIR=/opt/rustwide/target" "-e" "CARGO_INCREMENTAL=0" "-e" "RUST_BACKTRACE=full" "-e" "RUSTFLAGS=--cap-lints=warn" "-e" "RUSTDOCFLAGS=--cap-lints=warn" "-w" "/opt/rustwide/workdir" "--user" "0:0" "accf701ddb26a165152109c1f2e9ff9661e361715a11a903e537176e1e325d6f" "/opt/rustwide/cargo-home/bin/cargo" "+1.100.0-beta.1" "test" "--frozen" "--release", kill_on_drop: false }`
[INFO] [stderr] warning: `package.homepage` is redundant with `package.repository`
[INFO] [stderr]   --> Cargo.toml:50:12
[INFO] [stderr]    |
[INFO] [stderr] 50 | homepage = "https://github.com/B67687/Ithmb-Codec"
[INFO] [stderr]    |            ^^^^^^^^^^^^^^^^^^^^^^^^^^^^^^^^^^^^^^^
[INFO] [stderr] ...
[INFO] [stderr] 55 | repository = "https://github.com/B67687/Ithmb-Codec"
[INFO] [stderr]    |              ---------------------------------------
[INFO] [stderr]    |
[INFO] [stderr]    = note: `cargo::redundant_homepage` is set to `warn` by default
[INFO] [stderr] help: consider removing `package.homepage`
[INFO] [stderr] warning: `ithmb-cli` (manifest) generated 1 warning
[INFO] [stderr]     Finished `release` profile [optimized] target(s) in 0.14s
[INFO] [stderr]      Running unittests src/main.rs (/opt/rustwide/target/release/build/ithmb-cli/e7227e3dbcfa0f98/out/ithmb-e7227e3dbcfa0f98)
[INFO] [stdout] 
[INFO] [stdout] running 11 tests
[INFO] [stdout] test tests::f_filename_format_id_parses_f_names ... ok
[INFO] [stdout] test tests::jpeg_extracted_bytes_are_whole_file ... ok
[INFO] [stdout] test tests::file_too_small_errors ... ok
[INFO] [stdout] test tests::unknown_format_errors ... ok
[INFO] [stdout] test tests::payload_smaller_than_frame_size_is_single_frame ... ok
[INFO] [stdout] test tests::prefixless_f_file_multi_frame_layout ... ok
[INFO] [stdout] test tests::f_filename_format_id_rejects_other_names ... ok
[INFO] [stdout] test tests::extracted_bytes_prepend_prefix ... ok
[INFO] [stdout] test tests::prefixed_multi_frame_layout ... ok
[INFO] [stdout] test tests::single_frame_layouts ... ok
[INFO] [stdout] test tests::jpeg_stream_is_single_frame ... ok
[INFO] [stdout] 
[INFO] [stdout] test result: ok. 11 passed; 0 failed; 0 ignored; 0 measured; 0 filtered out; finished in 0.01s
[INFO] [stdout] 
[INFO] [stderr]      Running tests/cli.rs (/opt/rustwide/target/release/build/ithmb-cli/3e7fbe4370d0b5ea/out/cli-3e7fbe4370d0b5ea)
[INFO] [stdout] 
[INFO] [stdout] running 21 tests
[INFO] [stdout] test auto_output_to_png_with_explicit_path ... FAILED
[INFO] [stdout] test frame_count_on_multi_frame_f_file ... FAILED
[INFO] [stdout] test extract_all_on_single_frame_sample ... FAILED
[INFO] [stdout] test extract_all_on_multi_frame_f_file ... FAILED
[INFO] [stdout] test decode_to_png ... FAILED
[INFO] [stdout] test extract_all_overwrites_existing_outputs ... FAILED
[INFO] [stdout] test decode_raw_bgra ... FAILED
[INFO] [stdout] test frame_count_on_single_frame_sample ... FAILED
[INFO] [stdout] test info_on_sample ... FAILED
[INFO] [stdout] test info_on_jpeg_t_prefix ... FAILED
[INFO] [stdout] test frame_count_unknown_format_errors ... ok
[INFO] [stdout] test help_flag ... ok
[INFO] [stdout] test extract_all_on_prefixed_multi_frame ... ok
[INFO] [stdout] test raw_explicit_format ... FAILED
[INFO] [stdout] test list_profiles ... ok
[INFO] [stdout] test raw_short_flag ... FAILED
[INFO] [stdout] test nonexistent_file_shows_error ... ok
[INFO] [stdout] test frame_count_on_multi_frame_prefixed_file ... ok
[INFO] [stdout] test version_flag ... ok
[INFO] [stdout] test missing_input_shows_error ... ok
[INFO] [stdout] test frame_count_and_extract_all_on_short_payload ... ok
[INFO] [stdout] 
[INFO] [stdout] failures:
[INFO] [stdout] 
[INFO] [stdout] ---- auto_output_to_png_with_explicit_path stdout ----
[INFO] [stdout] 
[INFO] [stdout] thread 'auto_output_to_png_with_explicit_path' (480) panicked at tests/cli.rs:233:5:
[INFO] [stdout] assertion failed: sample.exists()
[INFO] [stdout] stack backtrace:
[INFO] [stdout]    0:     0x621662eeb0a1 - <<std[617be2ca0a6fd877]::sys::backtrace::BacktraceLock>::print::DisplayBacktrace as core[a373ad73a504971]::fmt::Display>::fmt
[INFO] [stdout]    1:     0x621662efff5a - core[a373ad73a504971]::fmt::write
[INFO] [stdout]    2:     0x621662eef58c - <alloc[2e1b2a31b91974c5]::vec::Vec<u8> as core[a373ad73a504971]::io::write::Write>::write_fmt
[INFO] [stdout]    3:     0x621662ec5386 - std[617be2ca0a6fd877]::panicking::default_hook::{closure#0}
[INFO] [stdout]    4:     0x621662ee2369 - std[617be2ca0a6fd877]::panicking::default_hook
[INFO] [stdout]    5:     0x621662e74990 - test[aada8e7e76ba119b]::test_main_inner::{closure#0}
[INFO] [stdout]    6:     0x621662ee2522 - std[617be2ca0a6fd877]::panicking::panic_with_hook
[INFO] [stdout]    7:     0x621662ec5464 - std[617be2ca0a6fd877]::panicking::panic_handler::{closure#0}
[INFO] [stdout]    8:     0x621662ebddf9 - std[617be2ca0a6fd877]::sys::backtrace::__rust_end_short_backtrace::<std[617be2ca0a6fd877]::panicking::panic_handler::{closure#0}, !>
[INFO] [stdout]    9:     0x621662ec603d - __rustc[ea4f61d10b84890b]::rust_begin_unwind
[INFO] [stdout]   10:     0x621662f0068c - core[a373ad73a504971]::panicking::panic_fmt
[INFO] [stdout]   11:     0x621662f00652 - core[a373ad73a504971]::panicking::panic
[INFO] [stdout]   12:     0x621662e6560e - <cli[846f845a888bb055]::auto_output_to_png_with_explicit_path::{closure#0} as core[a373ad73a504971]::ops::function::FnOnce<()>>::call_once
[INFO] [stdout]   13:     0x621662e67ddb - test[aada8e7e76ba119b]::__rust_begin_short_backtrace::<core[a373ad73a504971]::result::Result<(), alloc[2e1b2a31b91974c5]::string::String>, fn() -> core[a373ad73a504971]::result::Result<(), alloc[2e1b2a31b91974c5]::string::String>>
[INFO] [stdout]   14:     0x621662e74fb5 - test[aada8e7e76ba119b]::run_test::{closure#0}
[INFO] [stdout]   15:     0x621662e6e8a4 - std[617be2ca0a6fd877]::sys::backtrace::__rust_begin_short_backtrace::<test[aada8e7e76ba119b]::run_test::{closure#1}, ()>
[INFO] [stdout]   16:     0x621662e78042 - <std[617be2ca0a6fd877]::thread::lifecycle::spawn_unchecked<test[aada8e7e76ba119b]::run_test::{closure#1}, ()>::{closure#1} as core[a373ad73a504971]::ops::function::FnOnce<()>>::call_once::{shim:vtable#0}
[INFO] [stdout]   17:     0x621662eea34f - <std[617be2ca0a6fd877]::sys::thread::unix::Thread>::new::thread_start
[INFO] [stdout]   18:     0x7401aa61cdfa - <unknown>
[INFO] [stdout]   19:     0x7401aa6b03d4 - clone
[INFO] [stdout]   20:                0x0 - <unknown>
[INFO] [stdout] 
[INFO] [stdout] ---- frame_count_on_multi_frame_f_file stdout ----
[INFO] [stdout] 
[INFO] [stdout] thread 'frame_count_on_multi_frame_f_file' (488) panicked at tests/cli.rs:273:5:
[INFO] [stdout] fixture not found: "/opt/crates/ithmb-core/tests/fixtures/golden/F1061_1.ithmb"
[INFO] [stdout] stack backtrace:
[INFO] [stdout]    0:     0x621662eeb0a1 - <<std[617be2ca0a6fd877]::sys::backtrace::BacktraceLock>::print::DisplayBacktrace as core[a373ad73a504971]::fmt::Display>::fmt
[INFO] [stdout]    1:     0x621662efff5a - core[a373ad73a504971]::fmt::write
[INFO] [stdout]    2:     0x621662eef58c - <alloc[2e1b2a31b91974c5]::vec::Vec<u8> as core[a373ad73a504971]::io::write::Write>::write_fmt
[INFO] [stdout]    3:     0x621662ec5386 - std[617be2ca0a6fd877]::panicking::default_hook::{closure#0}
[INFO] [stdout]    4:     0x621662ee2369 - std[617be2ca0a6fd877]::panicking::default_hook
[INFO] [stdout]    5:     0x621662e74990 - test[aada8e7e76ba119b]::test_main_inner::{closure#0}
[INFO] [stdout]    6:     0x621662ee2522 - std[617be2ca0a6fd877]::panicking::panic_with_hook
[INFO] [stdout]    7:     0x621662ec5432 - std[617be2ca0a6fd877]::panicking::panic_handler::{closure#0}
[INFO] [stdout]    8:     0x621662ebddf9 - std[617be2ca0a6fd877]::sys::backtrace::__rust_end_short_backtrace::<std[617be2ca0a6fd877]::panicking::panic_handler::{closure#0}, !>
[INFO] [stdout]    9:     0x621662ec603d - __rustc[ea4f61d10b84890b]::rust_begin_unwind
[INFO] [stdout]   10:     0x621662f0068c - core[a373ad73a504971]::panicking::panic_fmt
[INFO] [stdout]   11:     0x621662e63c9b - <cli[846f845a888bb055]::frame_count_on_multi_frame_f_file::{closure#0} as core[a373ad73a504971]::ops::function::FnOnce<()>>::call_once
[INFO] [stdout]   12:     0x621662e67ddb - test[aada8e7e76ba119b]::__rust_begin_short_backtrace::<core[a373ad73a504971]::result::Result<(), alloc[2e1b2a31b91974c5]::string::String>, fn() -> core[a373ad73a504971]::result::Result<(), alloc[2e1b2a31b91974c5]::string::String>>
[INFO] [stdout]   13:     0x621662e74fb5 - test[aada8e7e76ba119b]::run_test::{closure#0}
[INFO] [stdout]   14:     0x621662e6e8a4 - std[617be2ca0a6fd877]::sys::backtrace::__rust_begin_short_backtrace::<test[aada8e7e76ba119b]::run_test::{closure#1}, ()>
[INFO] [stdout]   15:     0x621662e78042 - <std[617be2ca0a6fd877]::thread::lifecycle::spawn_unchecked<test[aada8e7e76ba119b]::run_test::{closure#1}, ()>::{closure#1} as core[a373ad73a504971]::ops::function::FnOnce<()>>::call_once::{shim:vtable#0}
[INFO] [stdout]   16:     0x621662eea34f - <std[617be2ca0a6fd877]::sys::thread::unix::Thread>::new::thread_start
[INFO] [stdout]   17:     0x7401aa61cdfa - <unknown>
[INFO] [stdout]   18:     0x7401aa6b03d4 - clone
[INFO] [stdout]   19:                0x0 - <unknown>
[INFO] [stdout] 
[INFO] [stdout] ---- extract_all_on_single_frame_sample stdout ----
[INFO] [stdout] 
[INFO] [stdout] thread 'extract_all_on_single_frame_sample' (485) panicked at tests/cli.rs:357:36:
[INFO] [stdout] called `Result::unwrap()` on an `Err` value: Os { code: 2, kind: NotFound, message: "No such file or directory" }
[INFO] [stdout] stack backtrace:
[INFO] [stdout]    0:     0x621662eeb0a1 - <<std[617be2ca0a6fd877]::sys::backtrace::BacktraceLock>::print::DisplayBacktrace as core[a373ad73a504971]::fmt::Display>::fmt
[INFO] [stdout]    1:     0x621662efff5a - core[a373ad73a504971]::fmt::write
[INFO] [stdout]    2:     0x621662eef58c - <alloc[2e1b2a31b91974c5]::vec::Vec<u8> as core[a373ad73a504971]::io::write::Write>::write_fmt
[INFO] [stdout]    3:     0x621662ec5386 - std[617be2ca0a6fd877]::panicking::default_hook::{closure#0}
[INFO] [stdout]    4:     0x621662ee2369 - std[617be2ca0a6fd877]::panicking::default_hook
[INFO] [stdout]    5:     0x621662e74990 - test[aada8e7e76ba119b]::test_main_inner::{closure#0}
[INFO] [stdout]    6:     0x621662ee2522 - std[617be2ca0a6fd877]::panicking::panic_with_hook
[INFO] [stdout]    7:     0x621662ec5432 - std[617be2ca0a6fd877]::panicking::panic_handler::{closure#0}
[INFO] [stdout]    8:     0x621662ebddf9 - std[617be2ca0a6fd877]::sys::backtrace::__rust_end_short_backtrace::<std[617be2ca0a6fd877]::panicking::panic_handler::{closure#0}, !>
[INFO] [stdout]    9:     0x621662ec603d - __rustc[ea4f61d10b84890b]::rust_begin_unwind
[INFO] [stdout]   10:     0x621662f0068c - core[a373ad73a504971]::panicking::panic_fmt
[INFO] [stdout]   11:     0x621662f00462 - core[a373ad73a504971]::result::unwrap_failed
[INFO] [stdout]   12:     0x621662e6447f - <cli[846f845a888bb055]::extract_all_on_single_frame_sample::{closure#0} as core[a373ad73a504971]::ops::function::FnOnce<()>>::call_once
[INFO] [stdout]   13:     0x621662e67ddb - test[aada8e7e76ba119b]::__rust_begin_short_backtrace::<core[a373ad73a504971]::result::Result<(), alloc[2e1b2a31b91974c5]::string::String>, fn() -> core[a373ad73a504971]::result::Result<(), alloc[2e1b2a31b91974c5]::string::String>>
[INFO] [stdout]   14:     0x621662e74fb5 - test[aada8e7e76ba119b]::run_test::{closure#0}
[INFO] [stdout]   15:     0x621662e6e8a4 - std[617be2ca0a6fd877]::sys::backtrace::__rust_begin_short_backtrace::<test[aada8e7e76ba119b]::run_test::{closure#1}, ()>
[INFO] [stdout]   16:     0x621662e78042 - <std[617be2ca0a6fd877]::thread::lifecycle::spawn_unchecked<test[aada8e7e76ba119b]::run_test::{closure#1}, ()>::{closure#1} as core[a373ad73a504971]::ops::function::FnOnce<()>>::call_once::{shim:vtable#0}
[INFO] [stdout]   17:     0x621662eea34f - <std[617be2ca0a6fd877]::sys::thread::unix::Thread>::new::thread_start
[INFO] [stdout]   18:     0x7401aa61cdfa - <unknown>
[INFO] [stdout]   19:     0x7401aa6b03d4 - clone
[INFO] [stdout]   20:                0x0 - <unknown>
[INFO] [stdout] 
[INFO] [stdout] ---- extract_all_on_multi_frame_f_file stdout ----
[INFO] [stdout] 
[INFO] [stdout] thread 'extract_all_on_multi_frame_f_file' (483) panicked at tests/cli.rs:308:37:
[INFO] [stdout] called `Result::unwrap()` on an `Err` value: Os { code: 2, kind: NotFound, message: "No such file or directory" }
[INFO] [stdout] stack backtrace:
[INFO] [stdout]    0:     0x621662eeb0a1 - <<std[617be2ca0a6fd877]::sys::backtrace::BacktraceLock>::print::DisplayBacktrace as core[a373ad73a504971]::fmt::Display>::fmt
[INFO] [stdout]    1:     0x621662efff5a - core[a373ad73a504971]::fmt::write
[INFO] [stdout]    2:     0x621662eef58c - <alloc[2e1b2a31b91974c5]::vec::Vec<u8> as core[a373ad73a504971]::io::write::Write>::write_fmt
[INFO] [stdout]    3:     0x621662ec5386 - std[617be2ca0a6fd877]::panicking::default_hook::{closure#0}
[INFO] [stdout]    4:     0x621662ee2369 - std[617be2ca0a6fd877]::panicking::default_hook
[INFO] [stdout]    5:     0x621662e74990 - test[aada8e7e76ba119b]::test_main_inner::{closure#0}
[INFO] [stdout]    6:     0x621662ee2522 - std[617be2ca0a6fd877]::panicking::panic_with_hook
[INFO] [stdout]    7:     0x621662ec5432 - std[617be2ca0a6fd877]::panicking::panic_handler::{closure#0}
[INFO] [stdout]    8:     0x621662ebddf9 - std[617be2ca0a6fd877]::sys::backtrace::__rust_end_short_backtrace::<std[617be2ca0a6fd877]::panicking::panic_handler::{closure#0}, !>
[INFO] [stdout]    9:     0x621662ec603d - __rustc[ea4f61d10b84890b]::rust_begin_unwind
[INFO] [stdout]   10:     0x621662f0068c - core[a373ad73a504971]::panicking::panic_fmt
[INFO] [stdout]   11:     0x621662f00462 - core[a373ad73a504971]::result::unwrap_failed
[INFO] [stdout]   12:     0x621662e63723 - <cli[846f845a888bb055]::extract_all_on_multi_frame_f_file::{closure#0} as core[a373ad73a504971]::ops::function::FnOnce<()>>::call_once
[INFO] [stdout]   13:     0x621662e67ddb - test[aada8e7e76ba119b]::__rust_begin_short_backtrace::<core[a373ad73a504971]::result::Result<(), alloc[2e1b2a31b91974c5]::string::String>, fn() -> core[a373ad73a504971]::result::Result<(), alloc[2e1b2a31b91974c5]::string::String>>
[INFO] [stdout]   14:     0x621662e74fb5 - test[aada8e7e76ba119b]::run_test::{closure#0}
[INFO] [stdout]   15:     0x621662e6e8a4 - std[617be2ca0a6fd877]::sys::backtrace::__rust_begin_short_backtrace::<test[aada8e7e76ba119b]::run_test::{closure#1}, ()>
[INFO] [stdout]   16:     0x621662e78042 - <std[617be2ca0a6fd877]::thread::lifecycle::spawn_unchecked<test[aada8e7e76ba119b]::run_test::{closure#1}, ()>::{closure#1} as core[a373ad73a504971]::ops::function::FnOnce<()>>::call_once::{shim:vtable#0}
[INFO] [stdout]   17:     0x621662eea34f - <std[617be2ca0a6fd877]::sys::thread::unix::Thread>::new::thread_start
[INFO] [stdout]   18:     0x7401aa61cdfa - <unknown>
[INFO] [stdout]   19:     0x7401aa6b03d4 - clone
[INFO] [stdout]   20:                0x0 - <unknown>
[INFO] [stdout] 
[INFO] [stdout] ---- decode_to_png stdout ----
[INFO] [stdout] 
[INFO] [stdout] thread 'decode_to_png' (482) panicked at tests/cli.rs:156:5:
[INFO] [stdout] sample file not found: "/opt/samples/synthetic/sample.ithmb"
[INFO] [stdout] stack backtrace:
[INFO] [stdout]    0:     0x621662eeb0a1 - <<std[617be2ca0a6fd877]::sys::backtrace::BacktraceLock>::print::DisplayBacktrace as core[a373ad73a504971]::fmt::Display>::fmt
[INFO] [stdout]    1:     0x621662efff5a - core[a373ad73a504971]::fmt::write
[INFO] [stdout]    2:     0x621662eef58c - <alloc[2e1b2a31b91974c5]::vec::Vec<u8> as core[a373ad73a504971]::io::write::Write>::write_fmt
[INFO] [stdout]    3:     0x621662ec5386 - std[617be2ca0a6fd877]::panicking::default_hook::{closure#0}
[INFO] [stdout]    4:     0x621662ee2369 - std[617be2ca0a6fd877]::panicking::default_hook
[INFO] [stdout]    5:     0x621662e74990 - test[aada8e7e76ba119b]::test_main_inner::{closure#0}
[INFO] [stdout]    6:     0x621662ee2522 - std[617be2ca0a6fd877]::panicking::panic_with_hook
[INFO] [stdout]    7:     0x621662ec5432 - std[617be2ca0a6fd877]::panicking::panic_handler::{closure#0}
[INFO] [stdout]    8:     0x621662ebddf9 - std[617be2ca0a6fd877]::sys::backtrace::__rust_end_short_backtrace::<std[617be2ca0a6fd877]::panicking::panic_handler::{closure#0}, !>
[INFO] [stdout]    9:     0x621662ec603d - __rustc[ea4f61d10b84890b]::rust_begin_unwind
[INFO] [stdout]   10:     0x621662f0068c - core[a373ad73a504971]::panicking::panic_fmt
[INFO] [stdout]   11:     0x621662e6167e - <cli[846f845a888bb055]::decode_to_png::{closure#0} as core[a373ad73a504971]::ops::function::FnOnce<()>>::call_once
[INFO] [stdout]   12:     0x621662e67ddb - test[aada8e7e76ba119b]::__rust_begin_short_backtrace::<core[a373ad73a504971]::result::Result<(), alloc[2e1b2a31b91974c5]::string::String>, fn() -> core[a373ad73a504971]::result::Result<(), alloc[2e1b2a31b91974c5]::string::String>>
[INFO] [stdout]   13:     0x621662e74fb5 - test[aada8e7e76ba119b]::run_test::{closure#0}
[INFO] [stdout]   14:     0x621662e6e8a4 - std[617be2ca0a6fd877]::sys::backtrace::__rust_begin_short_backtrace::<test[aada8e7e76ba119b]::run_test::{closure#1}, ()>
[INFO] [stdout]   15:     0x621662e78042 - <std[617be2ca0a6fd877]::thread::lifecycle::spawn_unchecked<test[aada8e7e76ba119b]::run_test::{closure#1}, ()>::{closure#1} as core[a373ad73a504971]::ops::function::FnOnce<()>>::call_once::{shim:vtable#0}
[INFO] [stdout]   16:     0x621662eea34f - <std[617be2ca0a6fd877]::sys::thread::unix::Thread>::new::thread_start
[INFO] [stdout]   17:     0x7401aa61cdfa - <unknown>
[INFO] [stdout]   18:     0x7401aa6b03d4 - clone
[INFO] [stdout]   19:                0x0 - <unknown>
[INFO] [stdout] 
[INFO] [stdout] ---- extract_all_overwrites_existing_outputs stdout ----
[INFO] [stdout] 
[INFO] [stdout] thread 'extract_all_overwrites_existing_outputs' (486) panicked at tests/cli.rs:375:59:
[INFO] [stdout] called `Result::unwrap()` on an `Err` value: Os { code: 2, kind: NotFound, message: "No such file or directory" }
[INFO] [stdout] stack backtrace:
[INFO] [stdout]    0:     0x621662eeb0a1 - <<std[617be2ca0a6fd877]::sys::backtrace::BacktraceLock>::print::DisplayBacktrace as core[a373ad73a504971]::fmt::Display>::fmt
[INFO] [stdout]    1:     0x621662efff5a - core[a373ad73a504971]::fmt::write
[INFO] [stdout]    2:     0x621662eef58c - <alloc[2e1b2a31b91974c5]::vec::Vec<u8> as core[a373ad73a504971]::io::write::Write>::write_fmt
[INFO] [stdout]    3:     0x621662ec5386 - std[617be2ca0a6fd877]::panicking::default_hook::{closure#0}
[INFO] [stdout]    4:     0x621662ee2369 - std[617be2ca0a6fd877]::panicking::default_hook
[INFO] [stdout]    5:     0x621662e74990 - test[aada8e7e76ba119b]::test_main_inner::{closure#0}
[INFO] [stdout]    6:     0x621662ee2522 - std[617be2ca0a6fd877]::panicking::panic_with_hook
[INFO] [stdout]    7:     0x621662ec5432 - std[617be2ca0a6fd877]::panicking::panic_handler::{closure#0}
[INFO] [stdout]    8:     0x621662ebddf9 - std[617be2ca0a6fd877]::sys::backtrace::__rust_end_short_backtrace::<std[617be2ca0a6fd877]::panicking::panic_handler::{closure#0}, !>
[INFO] [stdout]    9:     0x621662ec603d - __rustc[ea4f61d10b84890b]::rust_begin_unwind
[INFO] [stdout]   10:     0x621662f0068c - core[a373ad73a504971]::panicking::panic_fmt
[INFO] [stdout]   11:     0x621662f00462 - core[a373ad73a504971]::result::unwrap_failed
[INFO] [stdout]   12:     0x621662e65ec8 - <cli[846f845a888bb055]::extract_all_overwrites_existing_outputs::{closure#0} as core[a373ad73a504971]::ops::function::FnOnce<()>>::call_once
[INFO] [stdout]   13:     0x621662e67ddb - test[aada8e7e76ba119b]::__rust_begin_short_backtrace::<core[a373ad73a504971]::result::Result<(), alloc[2e1b2a31b91974c5]::string::String>, fn() -> core[a373ad73a504971]::result::Result<(), alloc[2e1b2a31b91974c5]::string::String>>
[INFO] [stdout]   14:     0x621662e74fb5 - test[aada8e7e76ba119b]::run_test::{closure#0}
[INFO] [stdout]   15:     0x621662e6e8a4 - std[617be2ca0a6fd877]::sys::backtrace::__rust_begin_short_backtrace::<test[aada8e7e76ba119b]::run_test::{closure#1}, ()>
[INFO] [stdout]   16:     0x621662e78042 - <std[617be2ca0a6fd877]::thread::lifecycle::spawn_unchecked<test[aada8e7e76ba119b]::run_test::{closure#1}, ()>::{closure#1} as core[a373ad73a504971]::ops::function::FnOnce<()>>::call_once::{shim:vtable#0}
[INFO] [stdout]   17:     0x621662eea34f - <std[617be2ca0a6fd877]::sys::thread::unix::Thread>::new::thread_start
[INFO] [stdout]   18:     0x7401aa61cdfa - <unknown>
[INFO] [stdout]   19:     0x7401aa6b03d4 - clone
[INFO] [stdout]   20:                0x0 - <unknown>
[INFO] [stdout] 
[INFO] [stdout] ---- decode_raw_bgra stdout ----
[INFO] [stdout] 
[INFO] [stdout] thread 'decode_raw_bgra' (481) panicked at tests/cli.rs:170:5:
[INFO] [stdout] sample file not found: "/opt/samples/synthetic/sample.ithmb"
[INFO] [stdout] stack backtrace:
[INFO] [stdout]    0:     0x621662eeb0a1 - <<std[617be2ca0a6fd877]::sys::backtrace::BacktraceLock>::print::DisplayBacktrace as core[a373ad73a504971]::fmt::Display>::fmt
[INFO] [stdout]    1:     0x621662efff5a - core[a373ad73a504971]::fmt::write
[INFO] [stdout]    2:     0x621662eef58c - <alloc[2e1b2a31b91974c5]::vec::Vec<u8> as core[a373ad73a504971]::io::write::Write>::write_fmt
[INFO] [stdout]    3:     0x621662ec5386 - std[617be2ca0a6fd877]::panicking::default_hook::{closure#0}
[INFO] [stdout]    4:     0x621662ee2369 - std[617be2ca0a6fd877]::panicking::default_hook
[INFO] [stdout]    5:     0x621662e74990 - test[aada8e7e76ba119b]::test_main_inner::{closure#0}
[INFO] [stdout]    6:     0x621662ee2522 - std[617be2ca0a6fd877]::panicking::panic_with_hook
[INFO] [stdout]    7:     0x621662ec5432 - std[617be2ca0a6fd877]::panicking::panic_handler::{closure#0}
[INFO] [stdout]    8:     0x621662ebddf9 - std[617be2ca0a6fd877]::sys::backtrace::__rust_end_short_backtrace::<std[617be2ca0a6fd877]::panicking::panic_handler::{closure#0}, !>
[INFO] [stdout]    9:     0x621662ec603d - __rustc[ea4f61d10b84890b]::rust_begin_unwind
[INFO] [stdout]   10:     0x621662f0068c - core[a373ad73a504971]::panicking::panic_fmt
[INFO] [stdout]   11:     0x621662e624c0 - <cli[846f845a888bb055]::decode_raw_bgra::{closure#0} as core[a373ad73a504971]::ops::function::FnOnce<()>>::call_once
[INFO] [stdout]   12:     0x621662e67ddb - test[aada8e7e76ba119b]::__rust_begin_short_backtrace::<core[a373ad73a504971]::result::Result<(), alloc[2e1b2a31b91974c5]::string::String>, fn() -> core[a373ad73a504971]::result::Result<(), alloc[2e1b2a31b91974c5]::string::String>>
[INFO] [stdout]   13:     0x621662e74fb5 - test[aada8e7e76ba119b]::run_test::{closure#0}
[INFO] [stdout]   14:     0x621662e6e8a4 - std[617be2ca0a6fd877]::sys::backtrace::__rust_begin_short_backtrace::<test[aada8e7e76ba119b]::run_test::{closure#1}, ()>
[INFO] [stdout]   15:     0x621662e78042 - <std[617be2ca0a6fd877]::thread::lifecycle::spawn_unchecked<test[aada8e7e76ba119b]::run_test::{closure#1}, ()>::{closure#1} as core[a373ad73a504971]::ops::function::FnOnce<()>>::call_once::{shim:vtable#0}
[INFO] [stdout]   16:     0x621662eea34f - <std[617be2ca0a6fd877]::sys::thread::unix::Thread>::new::thread_start
[INFO] [stdout]   17:     0x7401aa61cdfa - <unknown>
[INFO] [stdout]   18:     0x7401aa6b03d4 - clone
[INFO] [stdout]   19:                0x0 - <unknown>
[INFO] [stdout] 
[INFO] [stdout] ---- frame_count_on_single_frame_sample stdout ----
[INFO] [stdout] 
[INFO] [stdout] thread 'frame_count_on_single_frame_sample' (490) panicked at tests/cli.rs:263:5:
[INFO] [stdout] sample file not found: "/opt/samples/synthetic/sample.ithmb"
[INFO] [stdout] stack backtrace:
[INFO] [stdout]    0:     0x621662eeb0a1 - <<std[617be2ca0a6fd877]::sys::backtrace::BacktraceLock>::print::DisplayBacktrace as core[a373ad73a504971]::fmt::Display>::fmt
[INFO] [stdout]    1:     0x621662efff5a - core[a373ad73a504971]::fmt::write
[INFO] [stdout]    2:     0x621662eef58c - <alloc[2e1b2a31b91974c5]::vec::Vec<u8> as core[a373ad73a504971]::io::write::Write>::write_fmt
[INFO] [stdout]    3:     0x621662ec5386 - std[617be2ca0a6fd877]::panicking::default_hook::{closure#0}
[INFO] [stdout]    4:     0x621662ee2369 - std[617be2ca0a6fd877]::panicking::default_hook
[INFO] [stdout]    5:     0x621662e74990 - test[aada8e7e76ba119b]::test_main_inner::{closure#0}
[INFO] [stdout]    6:     0x621662ee2522 - std[617be2ca0a6fd877]::panicking::panic_with_hook
[INFO] [stdout]    7:     0x621662ec5432 - std[617be2ca0a6fd877]::panicking::panic_handler::{closure#0}
[INFO] [stdout]    8:     0x621662ebddf9 - std[617be2ca0a6fd877]::sys::backtrace::__rust_end_short_backtrace::<std[617be2ca0a6fd877]::panicking::panic_handler::{closure#0}, !>
[INFO] [stdout]    9:     0x621662ec603d - __rustc[ea4f61d10b84890b]::rust_begin_unwind
[INFO] [stdout]   10:     0x621662f0068c - core[a373ad73a504971]::panicking::panic_fmt
[INFO] [stdout]   11:     0x621662e64976 - <cli[846f845a888bb055]::frame_count_on_single_frame_sample::{closure#0} as core[a373ad73a504971]::ops::function::FnOnce<()>>::call_once
[INFO] [stdout]   12:     0x621662e67ddb - test[aada8e7e76ba119b]::__rust_begin_short_backtrace::<core[a373ad73a504971]::result::Result<(), alloc[2e1b2a31b91974c5]::string::String>, fn() -> core[a373ad73a504971]::result::Result<(), alloc[2e1b2a31b91974c5]::string::String>>
[INFO] [stdout]   13:     0x621662e74fb5 - test[aada8e7e76ba119b]::run_test::{closure#0}
[INFO] [stdout]   14:     0x621662e6e8a4 - std[617be2ca0a6fd877]::sys::backtrace::__rust_begin_short_backtrace::<test[aada8e7e76ba119b]::run_test::{closure#1}, ()>
[INFO] [stdout]   15:     0x621662e78042 - <std[617be2ca0a6fd877]::thread::lifecycle::spawn_unchecked<test[aada8e7e76ba119b]::run_test::{closure#1}, ()>::{closure#1} as core[a373ad73a504971]::ops::function::FnOnce<()>>::call_once::{shim:vtable#0}
[INFO] [stdout]   16:     0x621662eea34f - <std[617be2ca0a6fd877]::sys::thread::unix::Thread>::new::thread_start
[INFO] [stdout]   17:     0x7401aa61cdfa - <unknown>
[INFO] [stdout]   18:     0x7401aa6b03d4 - clone
[INFO] [stdout]   19:                0x0 - <unknown>
[INFO] [stdout] 
[INFO] [stdout] ---- info_on_sample stdout ----
[INFO] [stdout] 
[INFO] [stdout] thread 'info_on_sample' (499) panicked at tests/cli.rs:140:5:
[INFO] [stdout] sample file not found: "/opt/samples/synthetic/sample.ithmb"
[INFO] [stdout] stack backtrace:
[INFO] [stdout]    0:     0x621662eeb0a1 - <<std[617be2ca0a6fd877]::sys::backtrace::BacktraceLock>::print::DisplayBacktrace as core[a373ad73a504971]::fmt::Display>::fmt
[INFO] [stdout]    1:     0x621662efff5a - core[a373ad73a504971]::fmt::write
[INFO] [stdout]    2:     0x621662eef58c - <alloc[2e1b2a31b91974c5]::vec::Vec<u8> as core[a373ad73a504971]::io::write::Write>::write_fmt
[INFO] [stdout]    3:     0x621662ec5386 - std[617be2ca0a6fd877]::panicking::default_hook::{closure#0}
[INFO] [stdout]    4:     0x621662ee2369 - std[617be2ca0a6fd877]::panicking::default_hook
[INFO] [stdout]    5:     0x621662e74990 - test[aada8e7e76ba119b]::test_main_inner::{closure#0}
[INFO] [stdout]    6:     0x621662ee2522 - std[617be2ca0a6fd877]::panicking::panic_with_hook
[INFO] [stdout]    7:     0x621662ec5432 - std[617be2ca0a6fd877]::panicking::panic_handler::{closure#0}
[INFO] [stdout]    8:     0x621662ebddf9 - std[617be2ca0a6fd877]::sys::backtrace::__rust_end_short_backtrace::<std[617be2ca0a6fd877]::panicking::panic_handler::{closure#0}, !>
[INFO] [stdout]    9:     0x621662ec603d - __rustc[ea4f61d10b84890b]::rust_begin_unwind
[INFO] [stdout]   10:     0x621662f0068c - core[a373ad73a504971]::panicking::panic_fmt
[INFO] [stdout]   11:     0x621662e61d93 - <cli[846f845a888bb055]::info_on_sample::{closure#0} as core[a373ad73a504971]::ops::function::FnOnce<()>>::call_once
[INFO] [stdout]   12:     0x621662e67ddb - test[aada8e7e76ba119b]::__rust_begin_short_backtrace::<core[a373ad73a504971]::result::Result<(), alloc[2e1b2a31b91974c5]::string::String>, fn() -> core[a373ad73a504971]::result::Result<(), alloc[2e1b2a31b91974c5]::string::String>>
[INFO] [stdout]   13:     0x621662e74fb5 - test[aada8e7e76ba119b]::run_test::{closure#0}
[INFO] [stdout]   14:     0x621662e6e8a4 - std[617be2ca0a6fd877]::sys::backtrace::__rust_begin_short_backtrace::<test[aada8e7e76ba119b]::run_test::{closure#1}, ()>
[INFO] [stdout]   15:     0x621662e78042 - <std[617be2ca0a6fd877]::thread::lifecycle::spawn_unchecked<test[aada8e7e76ba119b]::run_test::{closure#1}, ()>::{closure#1} as core[a373ad73a504971]::ops::function::FnOnce<()>>::call_once::{shim:vtable#0}
[INFO] [stdout]   16:     0x621662eea34f - <std[617be2ca0a6fd877]::sys::thread::unix::Thread>::new::thread_start
[INFO] [stdout]   17:     0x7401aa61cdfa - <unknown>
[INFO] [stdout]   18:     0x7401aa6b03d4 - clone
[INFO] [stdout]   19:                0x0 - <unknown>
[INFO] [stdout] 
[INFO] [stdout] ---- info_on_jpeg_t_prefix stdout ----
[INFO] [stdout] 
[INFO] [stdout] thread 'info_on_jpeg_t_prefix' (498) panicked at tests/cli.rs:221:5:
[INFO] [stdout] sample not found
[INFO] [stdout] stack backtrace:
[INFO] [stdout]    0:     0x621662eeb0a1 - <<std[617be2ca0a6fd877]::sys::backtrace::BacktraceLock>::print::DisplayBacktrace as core[a373ad73a504971]::fmt::Display>::fmt
[INFO] [stdout]    1:     0x621662efff5a - core[a373ad73a504971]::fmt::write
[INFO] [stdout]    2:     0x621662eef58c - <alloc[2e1b2a31b91974c5]::vec::Vec<u8> as core[a373ad73a504971]::io::write::Write>::write_fmt
[INFO] [stdout]    3:     0x621662ec5386 - std[617be2ca0a6fd877]::panicking::default_hook::{closure#0}
[INFO] [stdout]    4:     0x621662ee2369 - std[617be2ca0a6fd877]::panicking::default_hook
[INFO] [stdout]    5:     0x621662e74990 - test[aada8e7e76ba119b]::test_main_inner::{closure#0}
[INFO] [stdout]    6:     0x621662ee2522 - std[617be2ca0a6fd877]::panicking::panic_with_hook
[INFO] [stdout]    7:     0x621662ec5464 - std[617be2ca0a6fd877]::panicking::panic_handler::{closure#0}
[INFO] [stdout]    8:     0x621662ebddf9 - std[617be2ca0a6fd877]::sys::backtrace::__rust_end_short_backtrace::<std[617be2ca0a6fd877]::panicking::panic_handler::{closure#0}, !>
[INFO] [stdout]    9:     0x621662ec603d - __rustc[ea4f61d10b84890b]::rust_begin_unwind
[INFO] [stdout]   10:     0x621662f0068c - core[a373ad73a504971]::panicking::panic_fmt
[INFO] [stdout]   11:     0x621662e62cd6 - <cli[846f845a888bb055]::info_on_jpeg_t_prefix::{closure#0} as core[a373ad73a504971]::ops::function::FnOnce<()>>::call_once
[INFO] [stdout]   12:     0x621662e67ddb - test[aada8e7e76ba119b]::__rust_begin_short_backtrace::<core[a373ad73a504971]::result::Result<(), alloc[2e1b2a31b91974c5]::string::String>, fn() -> core[a373ad73a504971]::result::Result<(), alloc[2e1b2a31b91974c5]::string::String>>
[INFO] [stdout]   13:     0x621662e74fb5 - test[aada8e7e76ba119b]::run_test::{closure#0}
[INFO] [stdout]   14:     0x621662e6e8a4 - std[617be2ca0a6fd877]::sys::backtrace::__rust_begin_short_backtrace::<test[aada8e7e76ba119b]::run_test::{closure#1}, ()>
[INFO] [stdout]   15:     0x621662e78042 - <std[617be2ca0a6fd877]::thread::lifecycle::spawn_unchecked<test[aada8e7e76ba119b]::run_test::{closure#1}, ()>::{closure#1} as core[a373ad73a504971]::ops::function::FnOnce<()>>::call_once::{shim:vtable#0}
[INFO] [stdout]   16:     0x621662eea34f - <std[617be2ca0a6fd877]::sys::thread::unix::Thread>::new::thread_start
[INFO] [stdout]   17:     0x7401aa61cdfa - <unknown>
[INFO] [stdout]   18:     0x7401aa6b03d4 - clone
[INFO] [stdout]   19:                0x0 - <unknown>
[INFO] [stdout] 
[INFO] [stdout] ---- raw_explicit_format stdout ----
[INFO] [stdout] 
[INFO] [stdout] thread 'raw_explicit_format' (504) panicked at tests/cli.rs:185:5:
[INFO] [stdout] sample file not found: "/opt/samples/synthetic/sample.ithmb"
[INFO] [stdout] stack backtrace:
[INFO] [stdout]    0:     0x621662eeb0a1 - <<std[617be2ca0a6fd877]::sys::backtrace::BacktraceLock>::print::DisplayBacktrace as core[a373ad73a504971]::fmt::Display>::fmt
[INFO] [stdout]    1:     0x621662efff5a - core[a373ad73a504971]::fmt::write
[INFO] [stdout]    2:     0x621662eef58c - <alloc[2e1b2a31b91974c5]::vec::Vec<u8> as core[a373ad73a504971]::io::write::Write>::write_fmt
[INFO] [stdout]    3:     0x621662ec5386 - std[617be2ca0a6fd877]::panicking::default_hook::{closure#0}
[INFO] [stdout]    4:     0x621662ee2369 - std[617be2ca0a6fd877]::panicking::default_hook
[INFO] [stdout]    5:     0x621662e74990 - test[aada8e7e76ba119b]::test_main_inner::{closure#0}
[INFO] [stdout]    6:     0x621662ee2522 - std[617be2ca0a6fd877]::panicking::panic_with_hook
[INFO] [stdout]    7:     0x621662ec5432 - std[617be2ca0a6fd877]::panicking::panic_handler::{closure#0}
[INFO] [stdout]    8:     0x621662ebddf9 - std[617be2ca0a6fd877]::sys::backtrace::__rust_end_short_backtrace::<std[617be2ca0a6fd877]::panicking::panic_handler::{closure#0}, !>
[INFO] [stdout]    9:     0x621662ec603d - __rustc[ea4f61d10b84890b]::rust_begin_unwind
[INFO] [stdout]   10:     0x621662f0068c - core[a373ad73a504971]::panicking::panic_fmt
[INFO] [stdout]   11:     0x621662e62980 - <cli[846f845a888bb055]::raw_explicit_format::{closure#0} as core[a373ad73a504971]::ops::function::FnOnce<()>>::call_once
[INFO] [stdout]   12:     0x621662e67ddb - test[aada8e7e76ba119b]::__rust_begin_short_backtrace::<core[a373ad73a504971]::result::Result<(), alloc[2e1b2a31b91974c5]::string::String>, fn() -> core[a373ad73a504971]::result::Result<(), alloc[2e1b2a31b91974c5]::string::String>>
[INFO] [stdout]   13:     0x621662e74fb5 - test[aada8e7e76ba119b]::run_test::{closure#0}
[INFO] [stdout]   14:     0x621662e6e8a4 - std[617be2ca0a6fd877]::sys::backtrace::__rust_begin_short_backtrace::<test[aada8e7e76ba119b]::run_test::{closure#1}, ()>
[INFO] [stdout]   15:     0x621662e78042 - <std[617be2ca0a6fd877]::thread::lifecycle::spawn_unchecked<test[aada8e7e76ba119b]::run_test::{closure#1}, ()>::{closure#1} as core[a373ad73a504971]::ops::function::FnOnce<()>>::call_once::{shim:vtable#0}
[INFO] [stdout]   16:     0x621662eea34f - <std[617be2ca0a6fd877]::sys::thread::unix::Thread>::new::thread_start
[INFO] [stdout]   17:     0x7401aa61cdfa - <unknown>
[INFO] [stdout]   18:     0x7401aa6b03d4 - clone
[INFO] [stdout]   19:                0x0 - <unknown>
[INFO] [stdout] 
[INFO] [stdout] ---- raw_short_flag stdout ----
[INFO] [stdout] 
[INFO] [stdout] thread 'raw_short_flag' (505) panicked at tests/cli.rs:81:5:
[INFO] [stdout] expected success, got exit=Some(1)
[INFO] [stdout] stdout: 
[INFO] [stdout] stderr: Error: failed to read '/opt/samples/synthetic/sample.ithmb'
[INFO] [stdout] 
[INFO] [stdout] Caused by:
[INFO] [stdout]     No such file or directory (os error 2)
[INFO] [stdout] 
[INFO] [stdout] Stack backtrace:
[INFO] [stdout]    0: <core::io::error::Error as anyhow::context::ext::StdError>::ext_context::<alloc::string::String>
[INFO] [stdout]    1: <core::result::Result<alloc::vec::Vec<u8>, core::io::error::Error> as anyhow::Context<alloc::vec::Vec<u8>, core::io::error::Error>>::with_context::<alloc::string::String, ithmb::print_frame_count::{closure#0}>
[INFO] [stdout]    2: ithmb::main
[INFO] [stdout]    3: std::sys::backtrace::__rust_begin_short_backtrace::<fn() -> core::result::Result<(), anyhow::Error>, core::result::Result<(), anyhow::Error>>
[INFO] [stdout]    4: std::rt::lang_start::<core::result::Result<(), anyhow::Error>>::{closure#0}
[INFO] [stdout]    5: std::rt::lang_start_internal
[INFO] [stdout]    6: main
[INFO] [stdout]    7: <unknown>
[INFO] [stdout]    8: __libc_start_main
[INFO] [stdout]    9: _start
[INFO] [stdout] 
[INFO] [stdout] stack backtrace:
[INFO] [stdout]    0:     0x621662eeb0a1 - <<std[617be2ca0a6fd877]::sys::backtrace::BacktraceLock>::print::DisplayBacktrace as core[a373ad73a504971]::fmt::Display>::fmt
[INFO] [stdout]    1:     0x621662efff5a - core[a373ad73a504971]::fmt::write
[INFO] [stdout]    2:     0x621662eef58c - <alloc[2e1b2a31b91974c5]::vec::Vec<u8> as core[a373ad73a504971]::io::write::Write>::write_fmt
[INFO] [stdout]    3:     0x621662ec5386 - std[617be2ca0a6fd877]::panicking::default_hook::{closure#0}
[INFO] [stdout]    4:     0x621662ee2369 - std[617be2ca0a6fd877]::panicking::default_hook
[INFO] [stdout]    5:     0x621662e74990 - test[aada8e7e76ba119b]::test_main_inner::{closure#0}
[INFO] [stdout]    6:     0x621662ee2522 - std[617be2ca0a6fd877]::panicking::panic_with_hook
[INFO] [stdout]    7:     0x621662ec5432 - std[617be2ca0a6fd877]::panicking::panic_handler::{closure#0}
[INFO] [stdout]    8:     0x621662ebddf9 - std[617be2ca0a6fd877]::sys::backtrace::__rust_end_short_backtrace::<std[617be2ca0a6fd877]::panicking::panic_handler::{closure#0}, !>
[INFO] [stdout]    9:     0x621662ec603d - __rustc[ea4f61d10b84890b]::rust_begin_unwind
[INFO] [stdout]   10:     0x621662f0068c - core[a373ad73a504971]::panicking::panic_fmt
[INFO] [stdout]   11:     0x621662e602ba - cli[846f845a888bb055]::assert_ok
[INFO] [stdout]   12:     0x621662e61fa9 - <cli[846f845a888bb055]::raw_short_flag::{closure#0} as core[a373ad73a504971]::ops::function::FnOnce<()>>::call_once
[INFO] [stdout]   13:     0x621662e67ddb - test[aada8e7e76ba119b]::__rust_begin_short_backtrace::<core[a373ad73a504971]::result::Result<(), alloc[2e1b2a31b91974c5]::string::String>, fn() -> core[a373ad73a504971]::result::Result<(), alloc[2e1b2a31b91974c5]::string::String>>
[INFO] [stdout]   14:     0x621662e74fb5 - test[aada8e7e76ba119b]::run_test::{closure#0}
[INFO] [stdout]   15:     0x621662e6e8a4 - std[617be2ca0a6fd877]::sys::backtrace::__rust_begin_short_backtrace::<test[aada8e7e76ba119b]::run_test::{closure#1}, ()>
[INFO] [stdout]   16:     0x621662e78042 - <std[617be2ca0a6fd877]::thread::lifecycle::spawn_unchecked<test[aada8e7e76ba119b]::run_test::{closure#1}, ()>::{closure#1} as core[a373ad73a504971]::ops::function::FnOnce<()>>::call_once::{shim:vtable#0}
[INFO] [stdout]   17:     0x621662eea34f - <std[617be2ca0a6fd877]::sys::thread::unix::Thread>::new::thread_start
[INFO] [stdout]   18:     0x7401aa61cdfa - <unknown>
[INFO] [stdout]   19:     0x7401aa6b03d4 - clone
[INFO] [stdout]   20:                0x0 - <unknown>
[INFO] [stdout] 
[INFO] [stdout] 
[INFO] [stdout] failures:
[INFO] [stdout]     auto_output_to_png_with_explicit_path
[INFO] [stdout]     decode_raw_bgra
[INFO] [stdout]     decode_to_png
[INFO] [stdout]     extract_all_on_multi_frame_f_file
[INFO] [stdout]     extract_all_on_single_frame_sample
[INFO] [stdout]     extract_all_overwrites_existing_outputs
[INFO] [stdout]     frame_count_on_multi_frame_f_file
[INFO] [stdout]     frame_count_on_single_frame_sample
[INFO] [stdout]     info_on_jpeg_t_prefix
[INFO] [stdout]     info_on_sample
[INFO] [stdout]     raw_explicit_format
[INFO] [stdout]     raw_short_flag
[INFO] [stdout] 
[INFO] [stdout] test result: FAILED. 9 passed; 12 failed; 0 ignored; 0 measured; 0 filtered out; finished in 0.02s
[INFO] [stdout] 
[INFO] [stderr] error: test failed, to rerun pass `--test cli`
[INFO] running `Command { std: "docker" "inspect" "accf701ddb26a165152109c1f2e9ff9661e361715a11a903e537176e1e325d6f", kill_on_drop: false }`
[INFO] running `Command { std: "docker" "rm" "-f" "accf701ddb26a165152109c1f2e9ff9661e361715a11a903e537176e1e325d6f", kill_on_drop: false }`
[INFO] [stdout] accf701ddb26a165152109c1f2e9ff9661e361715a11a903e537176e1e325d6f
