[INFO] fetching crate itex 1.3.5...
[INFO] testing itex-1.3.5 against 1.99.0-beta.8+cargoflags=--release for beta-release-1.100-2
[INFO] extracting crate itex 1.3.5 into /workspace/builds/worker-5-tc1/source
[INFO] started tweaking crates.io crate itex 1.3.5
[INFO] finished tweaking crates.io crate itex 1.3.5
[INFO] tweaked toml for crates.io crate itex 1.3.5 written to /workspace/builds/worker-5-tc1/source/Cargo.toml
[INFO] validating manifest of crates.io crate itex 1.3.5 on toolchain 1.99.0-beta.8
[INFO] running `Command { std: CARGO_HOME="/workspace/cargo-home" RUSTUP_HOME="/workspace/rustup-home" "/workspace/cargo-home/bin/cargo" "+1.99.0-beta.8" "metadata" "--manifest-path" "Cargo.toml" "--no-deps", kill_on_drop: false }`
[INFO] crate crates.io crate itex 1.3.5 already has a lockfile, it will not be regenerated
[INFO] running `Command { std: CARGO_HOME="/workspace/cargo-home" RUSTUP_HOME="/workspace/rustup-home" "/workspace/cargo-home/bin/cargo" "+1.99.0-beta.8" "fetch" "--manifest-path" "Cargo.toml", kill_on_drop: false }`
[INFO] [stderr]  Downloading crates ...
[INFO] [stderr]   Downloaded winnow v0.4.7
[INFO] [stderr]   Downloaded toml_datetime v0.6.2
[INFO] [stderr]   Downloaded serde_spanned v0.6.2
[INFO] [stderr]   Downloaded quote v1.0.28
[INFO] [stderr]   Downloaded proc-macro2 v1.0.60
[INFO] [stderr]   Downloaded tempfile v3.6.0
[INFO] [stderr]   Downloaded toml v0.7.4
[INFO] [stderr]   Downloaded serde_derive v1.0.164
[INFO] [stderr]   Downloaded unicode-ident v1.0.9
[INFO] [stderr]   Downloaded clap v4.3.4
[INFO] [stderr]   Downloaded flate2 v1.0.26
[INFO] [stderr]   Downloaded serde v1.0.164
[INFO] [stderr]   Downloaded url v2.4.0
[INFO] [stderr]   Downloaded openssl-sys v0.9.88
[INFO] [stderr]   Downloaded toml_edit v0.19.10
[INFO] [stderr]   Downloaded base64 v0.21.2
[INFO] [stderr]   Downloaded bumpalo v3.13.0
[INFO] [stderr]   Downloaded serde_json v1.0.97
[INFO] [stderr]   Downloaded clap_builder v4.3.4
[INFO] [stderr]   Downloaded openssl v0.10.54
[INFO] [stderr]   Downloaded syn v2.0.18
[INFO] [stderr]   Downloaded rustix v0.37.20
[INFO] [stderr]   Downloaded tokio v1.28.2
[INFO] [stderr]   Downloaded libc v0.2.146
[INFO] running `Command { std: "docker" "create" "-v" "/var/lib/crater-agent-workspace/builds/worker-5-tc1/source:/opt/rustwide/workdir:ro,Z" "-v" "/var/lib/crater-agent-workspace/builds/worker-5-tc1/target:/opt/rustwide/target:rw,Z" "-v" "/var/lib/crater-agent-workspace/cargo-home:/opt/rustwide/cargo-home:ro,Z" "-v" "/var/lib/crater-agent-workspace/rustup-home:/opt/rustwide/rustup-home:ro,Z" "-m" "1610612736" "--network" "none" "ghcr.io/rust-lang/crates-build-env/linux@sha256:77db811e55d90add9212f6832c23229e3de5f1c1f9905e8cb07319ea15df73ac" "sleep" "infinity", kill_on_drop: false }`
[INFO] [stdout] d2a56f7a72e5273d2c5708dfc36ccbc9d46e1d41bcfc5b0836bb832c53d3db80
[INFO] running `Command { std: "docker" "start" "d2a56f7a72e5273d2c5708dfc36ccbc9d46e1d41bcfc5b0836bb832c53d3db80", kill_on_drop: false }`
[INFO] running `Command { std: "docker" "inspect" "d2a56f7a72e5273d2c5708dfc36ccbc9d46e1d41bcfc5b0836bb832c53d3db80", kill_on_drop: false }`
[INFO] running `Command { std: "docker" "exec" "-e" "SOURCE_DIR=/opt/rustwide/workdir" "-e" "CARGO_HOME=/opt/rustwide/cargo-home" "-e" "RUSTUP_HOME=/opt/rustwide/rustup-home" "-e" "CARGO_TARGET_DIR=/opt/rustwide/target" "-w" "/opt/rustwide/workdir" "--user" "0:0" "d2a56f7a72e5273d2c5708dfc36ccbc9d46e1d41bcfc5b0836bb832c53d3db80" "/opt/rustwide/cargo-home/bin/cargo" "+1.99.0-beta.8" "metadata" "--no-deps" "--format-version=1", kill_on_drop: false }`
[INFO] running `Command { std: "docker" "inspect" "d2a56f7a72e5273d2c5708dfc36ccbc9d46e1d41bcfc5b0836bb832c53d3db80", kill_on_drop: false }`
[INFO] running `Command { std: "docker" "exec" "-e" "SOURCE_DIR=/opt/rustwide/workdir" "-e" "CARGO_HOME=/opt/rustwide/cargo-home" "-e" "RUSTUP_HOME=/opt/rustwide/rustup-home" "-e" "CARGO_TARGET_DIR=/opt/rustwide/target" "-e" "CARGO_INCREMENTAL=0" "-e" "RUST_BACKTRACE=full" "-e" "RUSTFLAGS=--cap-lints=warn" "-e" "RUSTDOCFLAGS=--cap-lints=warn" "-w" "/opt/rustwide/workdir" "--user" "0:0" "d2a56f7a72e5273d2c5708dfc36ccbc9d46e1d41bcfc5b0836bb832c53d3db80" "/opt/rustwide/cargo-home/bin/cargo" "+1.99.0-beta.8" "build" "--frozen" "--message-format=json" "--release", kill_on_drop: false }`
[INFO] [stderr]    Compiling libc v0.2.146
[INFO] [stderr]    Compiling proc-macro2 v1.0.60
[INFO] [stderr]    Compiling unicode-ident v1.0.9
[INFO] [stderr]    Compiling quote v1.0.28
[INFO] [stderr]    Compiling autocfg v1.1.0
[INFO] [stderr]    Compiling cfg-if v1.0.0
[INFO] [stderr]    Compiling once_cell v1.18.0
[INFO] [stderr]    Compiling bitflags v1.3.2
[INFO] [stderr]    Compiling pin-project-lite v0.2.9
[INFO] [stderr]    Compiling cc v1.0.79
[INFO] [stderr]    Compiling pkg-config v0.3.27
[INFO] [stderr]    Compiling futures-core v0.3.28
[INFO] [stderr]    Compiling serde v1.0.164
[INFO] [stderr]    Compiling bytes v1.4.0
[INFO] [stderr]    Compiling itoa v1.0.6
[INFO] [stderr]    Compiling io-lifetimes v1.0.11
[INFO] [stderr]    Compiling hashbrown v0.12.3
[INFO] [stderr]    Compiling memchr v2.5.0
[INFO] [stderr]    Compiling futures-task v0.3.28
[INFO] [stderr]    Compiling rustix v0.37.20
[INFO] [stderr]    Compiling tracing-core v0.1.31
[INFO] [stderr]    Compiling fnv v1.0.7
[INFO] [stderr]    Compiling openssl v0.10.54
[INFO] [stderr]    Compiling foreign-types-shared v0.1.1
[INFO] [stderr]    Compiling futures-util v0.3.28
[INFO] [stderr]    Compiling foreign-types v0.3.2
[INFO] [stderr]    Compiling futures-sink v0.3.28
[INFO] [stderr]    Compiling httparse v1.8.0
[INFO] [stderr]    Compiling pin-utils v0.1.0
[INFO] [stderr]    Compiling native-tls v0.2.11
[INFO] [stderr]    Compiling linux-raw-sys v0.3.8
[INFO] [stderr]    Compiling futures-io v0.3.28
[INFO] [stderr]    Compiling http v0.2.9
[INFO] [stderr]    Compiling indexmap v1.9.3
[INFO] [stderr]    Compiling tokio v1.28.2
[INFO] [stderr]    Compiling slab v0.4.8
[INFO] [stderr]    Compiling futures-channel v0.3.28
[INFO] [stderr]    Compiling tinyvec_macros v0.1.1
[INFO] [stderr]    Compiling openssl-probe v0.1.5
[INFO] [stderr]    Compiling log v0.4.19
[INFO] [stderr]    Compiling tinyvec v1.6.0
[INFO] [stderr]    Compiling utf8parse v0.2.1
[INFO] [stderr]    Compiling try-lock v0.2.4
[INFO] [stderr]    Compiling crc32fast v1.3.2
[INFO] [stderr]    Compiling syn v2.0.18
[INFO] [stderr]    Compiling tracing v0.1.37
[INFO] [stderr]    Compiling percent-encoding v2.3.0
[INFO] [stderr]    Compiling anstyle-parse v0.2.0
[INFO] [stderr]    Compiling form_urlencoded v1.2.0
[INFO] [stderr]    Compiling want v0.3.1
[INFO] [stderr]    Compiling anstyle v1.0.0
[INFO] [stderr]    Compiling colorchoice v1.0.0
[INFO] [stderr]    Compiling tower-service v0.3.2
[INFO] [stderr]    Compiling httpdate v1.0.2
[INFO] [stderr]    Compiling anstyle-query v1.0.0
[INFO] [stderr]    Compiling ryu v1.0.13
[INFO] [stderr]    Compiling unicode-bidi v0.3.13
[INFO] [stderr]    Compiling adler v1.0.2
[INFO] [stderr]    Compiling strsim v0.10.0
[INFO] [stderr]    Compiling heck v0.4.1
[INFO] [stderr]    Compiling winnow v0.4.7
[INFO] [stderr]    Compiling miniz_oxide v0.7.1
[INFO] [stderr]    Compiling clap_lex v0.5.0
[INFO] [stderr]    Compiling serde_json v1.0.97
[INFO] [stderr]    Compiling encoding_rs v0.8.32
[INFO] [stderr]    Compiling mime v0.3.17
[INFO] [stderr]    Compiling flate2 v1.0.26
[INFO] [stderr]    Compiling ipnet v2.7.2
[INFO] [stderr]    Compiling byteorder v1.4.3
[INFO] [stderr]    Compiling lazy_static v1.4.0
[INFO] [stderr]    Compiling base64 v0.21.2
[INFO] [stderr]    Compiling zip v0.6.6
[INFO] [stderr]    Compiling openssl-sys v0.9.88
[INFO] [stderr]    Compiling socket2 v0.4.9
[INFO] [stderr]    Compiling mio v0.8.8
[INFO] [stderr]    Compiling num_cpus v1.15.0
[INFO] [stderr]    Compiling console v0.15.7
[INFO] [stderr]    Compiling http-body v0.4.5
[INFO] [stderr]    Compiling unicode-normalization v0.1.22
[INFO] [stderr]    Compiling idna v0.4.0
[INFO] [stderr]    Compiling url v2.4.0
[INFO] [stderr]    Compiling is-terminal v0.4.7
[INFO] [stderr]    Compiling anstream v0.3.2
[INFO] [stderr]    Compiling clap_builder v4.3.4
[INFO] [stderr]    Compiling serde_derive v1.0.164
[INFO] [stderr]    Compiling openssl-macros v0.1.1
[INFO] [stderr]    Compiling clap_derive v4.3.2
[INFO] [stderr]    Compiling tokio-util v0.7.8
[INFO] [stderr]    Compiling h2 v0.3.19
[INFO] [stderr]    Compiling clap v4.3.4
[INFO] [stderr]    Compiling tokio-native-tls v0.3.1
[INFO] [stderr]    Compiling hyper v0.14.26
[INFO] [stderr]    Compiling toml_datetime v0.6.2
[INFO] [stderr]    Compiling serde_spanned v0.6.2
[INFO] [stderr]    Compiling serde_urlencoded v0.7.1
[INFO] [stderr]    Compiling toml_edit v0.19.10
[INFO] [stderr]    Compiling hyper-tls v0.5.0
[INFO] [stderr]    Compiling reqwest v0.11.18
[INFO] [stderr]    Compiling toml v0.7.4
[INFO] [stderr]    Compiling itex v1.3.5 (/opt/rustwide/workdir)
[INFO] [stdout] warning: unused import: `Args`
[INFO] [stdout]  --> src/cli.rs:1:16
[INFO] [stdout]   |
[INFO] [stdout] 1 | pub use clap::{Args, Parser, Subcommand};
[INFO] [stdout]   |                ^^^^
[INFO] [stdout]   |
[INFO] [stdout]   = note: `#[warn(unused_imports)]` (part of `#[warn(unused)]`) on by default
[INFO] [stdout] 
[INFO] [stdout] 
[INFO] [stdout] warning: field `id` is never read
[INFO] [stdout]   --> src/init/template_info.rs:10:9
[INFO] [stdout]    |
[INFO] [stdout]  7 | pub struct TemplateInfo {
[INFO] [stdout]    |            ------------ field in this struct
[INFO] [stdout] ...
[INFO] [stdout] 10 |     pub id: i64,
[INFO] [stdout]    |         ^^
[INFO] [stdout]    |
[INFO] [stdout]    = note: `#[warn(dead_code)]` (part of `#[warn(unused)]`) on by default
[INFO] [stdout] 
[INFO] [stdout] 
[INFO] [stderr]     Finished `release` profile [optimized] target(s) in 1m 00s
[INFO] [stderr] warning: the following packages contain code that will be rejected by a future version of Rust: openssl v0.10.54
[INFO] [stderr] note: to see what the problems were, use the option `--future-incompat-report`, or run `cargo report future-incompatibilities --id 3`
[INFO] running `Command { std: "docker" "inspect" "d2a56f7a72e5273d2c5708dfc36ccbc9d46e1d41bcfc5b0836bb832c53d3db80", kill_on_drop: false }`
[INFO] running `Command { std: "docker" "exec" "-e" "SOURCE_DIR=/opt/rustwide/workdir" "-e" "CARGO_HOME=/opt/rustwide/cargo-home" "-e" "RUSTUP_HOME=/opt/rustwide/rustup-home" "-e" "CARGO_TARGET_DIR=/opt/rustwide/target" "-e" "CARGO_INCREMENTAL=0" "-e" "RUST_BACKTRACE=full" "-e" "RUSTFLAGS=--cap-lints=warn" "-e" "RUSTDOCFLAGS=--cap-lints=warn" "-w" "/opt/rustwide/workdir" "--user" "0:0" "d2a56f7a72e5273d2c5708dfc36ccbc9d46e1d41bcfc5b0836bb832c53d3db80" "/opt/rustwide/cargo-home/bin/cargo" "+1.99.0-beta.8" "test" "--frozen" "--no-run" "--message-format=json" "--release", kill_on_drop: false }`
[INFO] [stderr]    Compiling itex v1.3.5 (/opt/rustwide/workdir)
[INFO] [stdout] warning: unused import: `Args`
[INFO] [stdout]  --> src/cli.rs:1:16
[INFO] [stdout]   |
[INFO] [stdout] 1 | pub use clap::{Args, Parser, Subcommand};
[INFO] [stdout]   |                ^^^^
[INFO] [stdout]   |
[INFO] [stdout]   = note: `#[warn(unused_imports)]` (part of `#[warn(unused)]`) on by default
[INFO] [stdout] 
[INFO] [stdout] 
[INFO] [stderr]     Finished `release` profile [optimized] target(s) in 29.67s
[INFO] [stderr] warning: the following packages contain code that will be rejected by a future version of Rust: openssl v0.10.54
[INFO] [stderr] note: to see what the problems were, use the option `--future-incompat-report`, or run `cargo report future-incompatibilities --id 3`
[INFO] running `Command { std: "docker" "inspect" "d2a56f7a72e5273d2c5708dfc36ccbc9d46e1d41bcfc5b0836bb832c53d3db80", kill_on_drop: false }`
[INFO] running `Command { std: "docker" "exec" "-e" "SOURCE_DIR=/opt/rustwide/workdir" "-e" "CARGO_HOME=/opt/rustwide/cargo-home" "-e" "RUSTUP_HOME=/opt/rustwide/rustup-home" "-e" "CARGO_TARGET_DIR=/opt/rustwide/target" "-e" "CARGO_INCREMENTAL=0" "-e" "RUST_BACKTRACE=full" "-e" "RUSTFLAGS=--cap-lints=warn" "-e" "RUSTDOCFLAGS=--cap-lints=warn" "-w" "/opt/rustwide/workdir" "--user" "0:0" "d2a56f7a72e5273d2c5708dfc36ccbc9d46e1d41bcfc5b0836bb832c53d3db80" "/opt/rustwide/cargo-home/bin/cargo" "+1.99.0-beta.8" "test" "--frozen" "--release", kill_on_drop: false }`
[INFO] [stderr] warning: unused import: `Args`
[INFO] [stderr]  --> src/cli.rs:1:16
[INFO] [stderr]   |
[INFO] [stderr] 1 | pub use clap::{Args, Parser, Subcommand};
[INFO] [stderr]   |                ^^^^
[INFO] [stderr]   |
[INFO] [stderr]   = note: `#[warn(unused_imports)]` (part of `#[warn(unused)]`) on by default
[INFO] [stderr] 
[INFO] [stderr] warning: `itex` (bin "itex" test) generated 1 warning (run `cargo fix --bin "itex" -p itex --tests` to apply 1 suggestion)
[INFO] [stderr]     Finished `release` profile [optimized] target(s) in 0.16s
[INFO] [stderr] warning: the following packages contain code that will be rejected by a future version of Rust: openssl v0.10.54
[INFO] [stderr] note: to see what the problems were, use the option `--future-incompat-report`, or run `cargo report future-incompatibilities --id 3`
[INFO] [stderr]      Running unittests src/main.rs (/opt/rustwide/target/release/deps/itex-f65091ba6eef31e3)
[INFO] [stdout] 
[INFO] [stdout] running 15 tests
[INFO] [stdout] test builder::tests::build_with_bibfile ... ignored, texlive
[INFO] [stdout] test init::tests::template_info ... ok
[INFO] [stdout] test settings::tests::settings_folder_contains_extension ... ok
[INFO] [stdout] test settings::tests::settings_folder_doesnt_contain_extension ... ok
[INFO] [stdout] test init::tests::list_templates ... ok
[INFO] [stdout] test settings::tests::settings_get ... ok
[INFO] [stdout] test init::tests::default_config ... FAILED
[INFO] [stdout] test init::template_info::test::toml_file ... ok
[INFO] [stdout] test builder::tests::test_ignore_file ... ok
[INFO] [stdout] test settings::tests::settings_set_without_value - should panic ... ok
[INFO] [stdout] test settings::tests::test_set_without_setting - should panic ... ok
[INFO] [stdout] test settings::tests::settings_set_invalid_setting - should panic ... ok
[INFO] [stderr] error: test failed, to rerun pass `--bin itex`
[INFO] [stdout] test settings::tests::settings_set_tex_filename ... FAILED
[INFO] [stdout] test settings::tests::settings_set_with_dotfile ... FAILED
[INFO] [stdout] test settings::tests::settings_set ... FAILED
[INFO] [stdout] 
[INFO] [stdout] failures:
[INFO] [stdout] 
[INFO] [stdout] ---- init::tests::default_config stdout ----
[INFO] [stdout] Could not create itex-build.toml file
[INFO] [stdout] Error copying file
[INFO] [stdout] 
[INFO] [stdout] thread 'init::tests::default_config' (1765) panicked at src/init/mod.rs:166:9:
[INFO] [stdout] assertion failed: out_dir.with_file_name("main.tex").is_file()
[INFO] [stdout] stack backtrace:
[INFO] [stdout]    0:     0x5e10750ce6b5 - <unknown>
[INFO] [stdout]    1:     0x5e10750170c4 - <unknown>
[INFO] [stdout]    2:     0x5e10750cdd5b - <unknown>
[INFO] [stdout]    3:     0x5e10750cd959 - <unknown>
[INFO] [stdout]    4:     0x5e10750cd5da - <unknown>
[INFO] [stdout]    5:     0x5e10750cd113 - <unknown>
[INFO] [stdout]    6:     0x5e10750f3502 - <unknown>
[INFO] [stdout]    7:     0x5e10750f3489 - <unknown>
[INFO] [stdout]    8:     0x5e10750f398c - <unknown>
[INFO] [stdout]    9:     0x5e1075016f5b - <unknown>
[INFO] [stdout]   10:     0x5e1075018b91 - <unknown>
[INFO] [stdout]   11:     0x5e107505ea7c - <unknown>
[INFO] [stdout]   12:     0x5e107510d43b - <unknown>
[INFO] [stdout]   13:     0x5e1075109942 - <unknown>
[INFO] [stdout]   14:     0x5e107510916c - <unknown>
[INFO] [stdout]   15:     0x5e107512370c - <unknown>
[INFO] [stdout]   16:     0x5e10750f4fba - <unknown>
[INFO] [stdout]   17:     0x773490027dfa - <unknown>
[INFO] [stdout]   18:     0x7734900bb3d4 - clone
[INFO] [stdout]   19:                0x0 - <unknown>
[INFO] [stdout] 
[INFO] [stdout] ---- settings::tests::settings_set_tex_filename stdout ----
[INFO] [stdout] Failed to write to .itex-build.toml
[INFO] [stdout] tex_filename = main  (default: No default)
[INFO] [stdout] 
[INFO] [stdout] thread 'settings::tests::settings_set_tex_filename' (1773) panicked at src/settings.rs:294:9:
[INFO] [stdout] assertion `left == right` failed
[INFO] [stdout]   left: "main"
[INFO] [stdout]  right: "Hello"
[INFO] [stdout] stack backtrace:
[INFO] [stdout]    0:     0x5e10750ce6b5 - <unknown>
[INFO] [stdout]    1:     0x5e10750170c4 - <unknown>
[INFO] [stdout]    2:     0x5e10750cdd5b - <unknown>
[INFO] [stdout]    3:     0x5e10750cd959 - <unknown>
[INFO] [stdout]    4:     0x5e10750cd5da - <unknown>
[INFO] [stdout]    5:     0x5e10750cd113 - <unknown>
[INFO] [stdout]    6:     0x5e10750f34d1 - <unknown>
[INFO] [stdout]    7:     0x5e10750f3489 - <unknown>
[INFO] [stdout]    8:     0x5e10750f398c - <unknown>
[INFO] [stdout]    9:     0x5e1075016f5b - <unknown>
[INFO] [stdout]   10:     0x5e1075016e81 - <unknown>
[INFO] [stdout]   11:     0x5e1075057072 - <unknown>
[INFO] [stdout]   12:     0x5e107505d653 - <unknown>
[INFO] [stdout]   13:     0x5e107510d43b - <unknown>
[INFO] [stdout]   14:     0x5e1075109942 - <unknown>
[INFO] [stdout]   15:     0x5e107510916c - <unknown>
[INFO] [stdout]   16:     0x5e107512370c - <unknown>
[INFO] [stdout]   17:     0x5e10750f4fba - <unknown>
[INFO] [stdout]   18:     0x773490027dfa - <unknown>
[INFO] [stdout]   19:     0x7734900bb3d4 - clone
[INFO] [stdout]   20:                0x0 - <unknown>
[INFO] [stdout] 
[INFO] [stdout] ---- settings::tests::settings_set_with_dotfile stdout ----
[INFO] [stdout] Failed to write to .itex-build.toml
[INFO] [stdout] default_filename = main  (default: main)
[INFO] [stdout] 
[INFO] [stdout] thread 'settings::tests::settings_set_with_dotfile' (1774) panicked at src/settings.rs:315:9:
[INFO] [stdout] assertion `left == right` failed
[INFO] [stdout]   left: "main"
[INFO] [stdout]  right: "Hello"
[INFO] [stdout] stack backtrace:
[INFO] [stdout]    0:     0x5e10750ce6b5 - <unknown>
[INFO] [stdout]    1:     0x5e10750170c4 - <unknown>
[INFO] [stdout]    2:     0x5e10750cdd5b - <unknown>
[INFO] [stdout]    3:     0x5e10750cd959 - <unknown>
[INFO] [stdout]    4:     0x5e10750cd5da - <unknown>
[INFO] [stdout]    5:     0x5e10750cd113 - <unknown>
[INFO] [stdout]    6:     0x5e10750f34d1 - <unknown>
[INFO] [stdout]    7:     0x5e10750f3489 - <unknown>
[INFO] [stdout]    8:     0x5e10750f398c - <unknown>
[INFO] [stdout]    9:     0x5e1075016f5b - <unknown>
[INFO] [stdout]   10:     0x5e1075016e81 - <unknown>
[INFO] [stdout]   11:     0x5e1075057072 - <unknown>
[INFO] [stdout]   12:     0x5e107505d1e4 - <unknown>
[INFO] [stdout]   13:     0x5e107510d43b - <unknown>
[INFO] [stdout]   14:     0x5e1075109942 - <unknown>
[INFO] [stdout]   15:     0x5e107510916c - <unknown>
[INFO] [stdout]   16:     0x5e107512370c - <unknown>
[INFO] [stdout]   17:     0x5e10750f4fba - <unknown>
[INFO] [stdout]   18:     0x773490027dfa - <unknown>
[INFO] [stdout]   19:     0x7734900bb3d4 - clone
[INFO] [stdout]   20:                0x0 - <unknown>
[INFO] [stdout] 
[INFO] [stdout] ---- settings::tests::settings_set stdout ----
[INFO] [stdout] Failed to write to .itex-build.toml
[INFO] [stdout] default_filename = main  (default: main)
[INFO] [stdout] 
[INFO] [stdout] thread 'settings::tests::settings_set' (1771) panicked at src/settings.rs:272:9:
[INFO] [stdout] assertion `left == right` failed
[INFO] [stdout]   left: "main"
[INFO] [stdout]  right: "Hello"
[INFO] [stdout] stack backtrace:
[INFO] [stdout]    0:     0x5e10750ce6b5 - <unknown>
[INFO] [stdout]    1:     0x5e10750170c4 - <unknown>
[INFO] [stdout]    2:     0x5e10750cdd5b - <unknown>
[INFO] [stdout]    3:     0x5e10750cd959 - <unknown>
[INFO] [stdout]    4:     0x5e10750cd5da - <unknown>
[INFO] [stdout]    5:     0x5e10750cd113 - <unknown>
[INFO] [stdout]    6:     0x5e10750f34d1 - <unknown>
[INFO] [stdout]    7:     0x5e10750f3489 - <unknown>
[INFO] [stdout]    8:     0x5e10750f398c - <unknown>
[INFO] [stdout]    9:     0x5e1075016f5b - <unknown>
[INFO] [stdout]   10:     0x5e1075016e81 - <unknown>
[INFO] [stdout]   11:     0x5e1075057072 - <unknown>
[INFO] [stdout]   12:     0x5e107505db43 - <unknown>
[INFO] [stdout]   13:     0x5e107510d43b - <unknown>
[INFO] [stdout]   14:     0x5e1075109942 - <unknown>
[INFO] [stdout]   15:     0x5e107510916c - <unknown>
[INFO] [stdout]   16:     0x5e107512370c - <unknown>
[INFO] [stdout]   17:     0x5e10750f4fba - <unknown>
[INFO] [stdout]   18:     0x773490027dfa - <unknown>
[INFO] [stdout]   19:     0x7734900bb3d4 - clone
[INFO] [stdout]   20:                0x0 - <unknown>
[INFO] [stdout] 
[INFO] [stdout] 
[INFO] [stdout] failures:
[INFO] [stdout]     init::tests::default_config
[INFO] [stdout]     settings::tests::settings_set
[INFO] [stdout]     settings::tests::settings_set_tex_filename
[INFO] [stdout]     settings::tests::settings_set_with_dotfile
[INFO] [stdout] 
[INFO] [stdout] test result: FAILED. 10 passed; 4 failed; 1 ignored; 0 measured; 0 filtered out; finished in 0.02s
[INFO] [stdout] 
[INFO] running `Command { std: "docker" "inspect" "d2a56f7a72e5273d2c5708dfc36ccbc9d46e1d41bcfc5b0836bb832c53d3db80", kill_on_drop: false }`
[INFO] running `Command { std: "docker" "rm" "-f" "d2a56f7a72e5273d2c5708dfc36ccbc9d46e1d41bcfc5b0836bb832c53d3db80", kill_on_drop: false }`
[INFO] [stdout] d2a56f7a72e5273d2c5708dfc36ccbc9d46e1d41bcfc5b0836bb832c53d3db80
