[INFO] fetching crate itchio-api 0.3.0...
[INFO] testing itchio-api-0.3.0 against 1.99.0-beta.8+cargoflags=--release for beta-release-1.100-2
[INFO] extracting crate itchio-api 0.3.0 into /workspace/builds/worker-2-tc1/source
[INFO] started tweaking crates.io crate itchio-api 0.3.0
[INFO] finished tweaking crates.io crate itchio-api 0.3.0
[INFO] tweaked toml for crates.io crate itchio-api 0.3.0 written to /workspace/builds/worker-2-tc1/source/Cargo.toml
[INFO] validating manifest of crates.io crate itchio-api 0.3.0 on toolchain 1.99.0-beta.8
[INFO] running `Command { std: CARGO_HOME="/workspace/cargo-home" RUSTUP_HOME="/workspace/rustup-home" "/workspace/cargo-home/bin/cargo" "+1.99.0-beta.8" "metadata" "--manifest-path" "Cargo.toml" "--no-deps", kill_on_drop: false }`
[INFO] crate crates.io crate itchio-api 0.3.0 already has a lockfile, it will not be regenerated
[INFO] running `Command { std: CARGO_HOME="/workspace/cargo-home" RUSTUP_HOME="/workspace/rustup-home" "/workspace/cargo-home/bin/cargo" "+1.99.0-beta.8" "fetch" "--manifest-path" "Cargo.toml", kill_on_drop: false }`
[INFO] [stderr]  Downloading crates ...
[INFO] [stderr]   Downloaded zmij v1.0.19
[INFO] [stderr]   Downloaded aws-lc-rs v1.15.4
[INFO] [stderr]   Downloaded aws-lc-sys v0.37.0
[INFO] running `Command { std: "docker" "create" "-v" "/var/lib/crater-agent-workspace/builds/worker-2-tc1/source:/opt/rustwide/workdir:ro,Z" "-v" "/var/lib/crater-agent-workspace/builds/worker-2-tc1/target:/opt/rustwide/target:rw,Z" "-v" "/var/lib/crater-agent-workspace/cargo-home:/opt/rustwide/cargo-home:ro,Z" "-v" "/var/lib/crater-agent-workspace/rustup-home:/opt/rustwide/rustup-home:ro,Z" "-m" "1610612736" "--network" "none" "ghcr.io/rust-lang/crates-build-env/linux@sha256:77db811e55d90add9212f6832c23229e3de5f1c1f9905e8cb07319ea15df73ac" "sleep" "infinity", kill_on_drop: false }`
[INFO] [stdout] be1af49db08348d61296f5917beaa13348965a3f8bb09907b0e9b72b8299824c
[INFO] running `Command { std: "docker" "start" "be1af49db08348d61296f5917beaa13348965a3f8bb09907b0e9b72b8299824c", kill_on_drop: false }`
[INFO] running `Command { std: "docker" "inspect" "be1af49db08348d61296f5917beaa13348965a3f8bb09907b0e9b72b8299824c", kill_on_drop: false }`
[INFO] running `Command { std: "docker" "exec" "-e" "SOURCE_DIR=/opt/rustwide/workdir" "-e" "CARGO_HOME=/opt/rustwide/cargo-home" "-e" "RUSTUP_HOME=/opt/rustwide/rustup-home" "-e" "CARGO_TARGET_DIR=/opt/rustwide/target" "-w" "/opt/rustwide/workdir" "--user" "0:0" "be1af49db08348d61296f5917beaa13348965a3f8bb09907b0e9b72b8299824c" "/opt/rustwide/cargo-home/bin/cargo" "+1.99.0-beta.8" "metadata" "--no-deps" "--format-version=1", kill_on_drop: false }`
[INFO] running `Command { std: "docker" "inspect" "be1af49db08348d61296f5917beaa13348965a3f8bb09907b0e9b72b8299824c", kill_on_drop: false }`
[INFO] running `Command { std: "docker" "exec" "-e" "SOURCE_DIR=/opt/rustwide/workdir" "-e" "CARGO_HOME=/opt/rustwide/cargo-home" "-e" "RUSTUP_HOME=/opt/rustwide/rustup-home" "-e" "CARGO_TARGET_DIR=/opt/rustwide/target" "-e" "CARGO_INCREMENTAL=0" "-e" "RUST_BACKTRACE=full" "-e" "RUSTFLAGS=--cap-lints=warn" "-e" "RUSTDOCFLAGS=--cap-lints=warn" "-w" "/opt/rustwide/workdir" "--user" "0:0" "be1af49db08348d61296f5917beaa13348965a3f8bb09907b0e9b72b8299824c" "/opt/rustwide/cargo-home/bin/cargo" "+1.99.0-beta.8" "build" "--frozen" "--message-format=json" "--release", kill_on_drop: false }`
[INFO] [stderr]    Compiling quote v1.0.44
[INFO] [stderr]    Compiling proc-macro2 v1.0.106
[INFO] [stderr]    Compiling libc v0.2.180
[INFO] [stderr]    Compiling aws-lc-rs v1.15.4
[INFO] [stderr]    Compiling rustls-pki-types v1.14.0
[INFO] [stderr]    Compiling http v1.4.0
[INFO] [stderr]    Compiling rustls v0.23.36
[INFO] [stderr]    Compiling zmij v1.0.19
[INFO] [stderr]    Compiling bitflags v2.10.0
[INFO] [stderr]    Compiling iri-string v0.7.10
[INFO] [stderr]    Compiling memchr v2.8.0
[INFO] [stderr]    Compiling syn v2.0.114
[INFO] [stderr]    Compiling rustls-native-certs v0.8.3
[INFO] [stderr]    Compiling http-body v1.0.1
[INFO] [stderr]    Compiling http-body-util v0.1.3
[INFO] [stderr]    Compiling jobserver v0.1.34
[INFO] [stderr]    Compiling serde_json v1.0.149
[INFO] [stderr]    Compiling cc v1.2.55
[INFO] [stderr]    Compiling socket2 v0.6.2
[INFO] [stderr]    Compiling mio v1.1.1
[INFO] [stderr]    Compiling tokio v1.49.0
[INFO] [stderr]    Compiling cmake v0.1.57
[INFO] [stderr]    Compiling aws-lc-sys v0.37.0
[INFO] [stderr]    Compiling synstructure v0.13.2
[INFO] [stderr]    Compiling zerovec-derive v0.11.2
[INFO] [stderr]    Compiling displaydoc v0.2.5
[INFO] [stderr]    Compiling serde_derive v1.0.228
[INFO] [stderr]    Compiling thiserror-impl v2.0.18
[INFO] [stderr]    Compiling zerofrom-derive v0.1.6
[INFO] [stderr]    Compiling yoke-derive v0.8.1
[INFO] [stderr]    Compiling zerofrom v0.1.6
[INFO] [stderr]    Compiling yoke v0.8.1
[INFO] [stderr]    Compiling zerovec v0.11.5
[INFO] [stderr]    Compiling zerotrie v0.2.3
[INFO] [stderr]    Compiling thiserror v2.0.18
[INFO] [stderr]    Compiling tinystr v0.8.2
[INFO] [stderr]    Compiling potential_utf v0.1.4
[INFO] [stderr]    Compiling icu_locale_core v2.1.1
[INFO] [stderr]    Compiling icu_collections v2.1.1
[INFO] [stderr]    Compiling serde v1.0.228
[INFO] [stderr]    Compiling icu_provider v2.1.1
[INFO] [stderr]    Compiling icu_normalizer v2.1.1
[INFO] [stderr]    Compiling icu_properties v2.1.2
[INFO] [stderr]    Compiling hyper v1.8.1
[INFO] [stderr]    Compiling tower v0.5.3
[INFO] [stderr]    Compiling chrono v0.4.43
[INFO] [stderr]    Compiling tower-http v0.6.8
[INFO] [stderr]    Compiling idna_adapter v1.2.1
[INFO] [stderr]    Compiling idna v1.1.0
[INFO] [stderr]    Compiling hyper-util v0.1.20
[INFO] [stderr]    Compiling url v2.5.8
[INFO] [stderr]    Compiling rustls-webpki v0.103.9
[INFO] [stderr]    Compiling tokio-rustls v0.26.4
[INFO] [stderr]    Compiling rustls-platform-verifier v0.6.2
[INFO] [stderr]    Compiling hyper-rustls v0.27.7
[INFO] [stderr]    Compiling reqwest v0.13.2
[INFO] [stderr]    Compiling itchio-api v0.3.0 (/opt/rustwide/workdir)
[INFO] [stderr]     Finished `release` profile [optimized] target(s) in 3m 14s
[INFO] running `Command { std: "docker" "inspect" "be1af49db08348d61296f5917beaa13348965a3f8bb09907b0e9b72b8299824c", kill_on_drop: false }`
[INFO] running `Command { std: "docker" "exec" "-e" "SOURCE_DIR=/opt/rustwide/workdir" "-e" "CARGO_HOME=/opt/rustwide/cargo-home" "-e" "RUSTUP_HOME=/opt/rustwide/rustup-home" "-e" "CARGO_TARGET_DIR=/opt/rustwide/target" "-e" "CARGO_INCREMENTAL=0" "-e" "RUST_BACKTRACE=full" "-e" "RUSTFLAGS=--cap-lints=warn" "-e" "RUSTDOCFLAGS=--cap-lints=warn" "-w" "/opt/rustwide/workdir" "--user" "0:0" "be1af49db08348d61296f5917beaa13348965a3f8bb09907b0e9b72b8299824c" "/opt/rustwide/cargo-home/bin/cargo" "+1.99.0-beta.8" "test" "--frozen" "--no-run" "--message-format=json" "--release", kill_on_drop: false }`
[INFO] [stderr]    Compiling syn v2.0.114
[INFO] [stderr]    Compiling dotenv v0.15.0
[INFO] [stderr]    Compiling synstructure v0.13.2
[INFO] [stderr]    Compiling zerofrom-derive v0.1.6
[INFO] [stderr]    Compiling yoke-derive v0.8.1
[INFO] [stderr]    Compiling zerovec-derive v0.11.2
[INFO] [stderr]    Compiling displaydoc v0.2.5
[INFO] [stderr]    Compiling tokio-macros v2.6.0
[INFO] [stderr]    Compiling serde_derive v1.0.228
[INFO] [stderr]    Compiling thiserror-impl v2.0.18
[INFO] [stderr]    Compiling tokio v1.49.0
[INFO] [stderr]    Compiling zerofrom v0.1.6
[INFO] [stderr]    Compiling yoke v0.8.1
[INFO] [stderr]    Compiling thiserror v2.0.18
[INFO] [stderr]    Compiling zerotrie v0.2.3
[INFO] [stderr]    Compiling zerovec v0.11.5
[INFO] [stderr]    Compiling tinystr v0.8.2
[INFO] [stderr]    Compiling potential_utf v0.1.4
[INFO] [stderr]    Compiling icu_collections v2.1.1
[INFO] [stderr]    Compiling icu_locale_core v2.1.1
[INFO] [stderr]    Compiling serde v1.0.228
[INFO] [stderr]    Compiling chrono v0.4.43
[INFO] [stderr]    Compiling icu_provider v2.1.1
[INFO] [stderr]    Compiling icu_normalizer v2.1.1
[INFO] [stderr]    Compiling icu_properties v2.1.2
[INFO] [stderr]    Compiling idna_adapter v1.2.1
[INFO] [stderr]    Compiling idna v1.1.0
[INFO] [stderr]    Compiling url v2.5.8
[INFO] [stderr]    Compiling hyper v1.8.1
[INFO] [stderr]    Compiling tower v0.5.3
[INFO] [stderr]    Compiling tokio-rustls v0.26.4
[INFO] [stderr]    Compiling tower-http v0.6.8
[INFO] [stderr]    Compiling hyper-util v0.1.20
[INFO] [stderr]    Compiling hyper-rustls v0.27.7
[INFO] [stderr]    Compiling reqwest v0.13.2
[INFO] [stderr]    Compiling itchio-api v0.3.0 (/opt/rustwide/workdir)
[INFO] [stderr]     Finished `release` profile [optimized] target(s) in 1m 13s
[INFO] running `Command { std: "docker" "inspect" "be1af49db08348d61296f5917beaa13348965a3f8bb09907b0e9b72b8299824c", kill_on_drop: false }`
[INFO] running `Command { std: "docker" "exec" "-e" "SOURCE_DIR=/opt/rustwide/workdir" "-e" "CARGO_HOME=/opt/rustwide/cargo-home" "-e" "RUSTUP_HOME=/opt/rustwide/rustup-home" "-e" "CARGO_TARGET_DIR=/opt/rustwide/target" "-e" "CARGO_INCREMENTAL=0" "-e" "RUST_BACKTRACE=full" "-e" "RUSTFLAGS=--cap-lints=warn" "-e" "RUSTDOCFLAGS=--cap-lints=warn" "-w" "/opt/rustwide/workdir" "--user" "0:0" "be1af49db08348d61296f5917beaa13348965a3f8bb09907b0e9b72b8299824c" "/opt/rustwide/cargo-home/bin/cargo" "+1.99.0-beta.8" "test" "--frozen" "--release", kill_on_drop: false }`
[INFO] [stderr]     Finished `release` profile [optimized] target(s) in 0.20s
[INFO] [stderr]      Running unittests src/lib.rs (/opt/rustwide/target/release/deps/itchio_api-e9a07e3abbd5731e)
[INFO] [stdout] 
[INFO] [stdout] running 18 tests
[INFO] [stdout] test me::tests::good ... FAILED
[INFO] [stdout] test credentials_info::tests::good ... FAILED
[INFO] [stdout] test download_keys::tests::good ... FAILED
[INFO] [stdout] test download_keys::tests::bad_key ... FAILED
[INFO] [stdout] test my_games::tests::good_games ... FAILED
[INFO] [stdout] test search::tests::good ... FAILED
[INFO] [stdout] test my_games::tests::good_graphs ... FAILED
[INFO] [stdout] test users::tests::bad_user ... FAILED
[INFO] [stdout] test users::tests::good ... FAILED
[INFO] [stdout] test my_games::tests::bad_key_games ... FAILED
[INFO] [stdout] test wharf::tests::good ... FAILED
[INFO] [stdout] test wharf::tests::bad_key ... FAILED
[INFO] [stdout] test my_games::tests::bad_key_graphs ... FAILED
[INFO] [stdout] test me::tests::bad_key ... FAILED
[INFO] [stdout] test credentials_info::tests::bad_key ... FAILED
[INFO] [stdout] test purchases::tests::bad_key ... FAILED
[INFO] [stdout] test search::tests::bad_key ... FAILED
[INFO] [stderr] error: test failed, to rerun pass `--lib`
[INFO] [stdout] test users::tests::bad_key ... FAILED
[INFO] [stdout] 
[INFO] [stdout] failures:
[INFO] [stdout] 
[INFO] [stdout] ---- me::tests::good stdout ----
[INFO] [stdout] 
[INFO] [stdout] thread 'me::tests::good' (2880) panicked at src/me.rs:28:41:
[INFO] [stdout] KEY has to be set: NotPresent
[INFO] [stdout] stack backtrace:
[INFO] [stdout]    0:     0x604c353c0961 - <<std[70759c8f55707aa4]::sys::backtrace::BacktraceLock>::print::DisplayBacktrace as core[df12db4294e9bfd3]::fmt::Display>::fmt
[INFO] [stdout]    1:     0x604c353d6cea - core[df12db4294e9bfd3]::fmt::write
[INFO] [stdout]    2:     0x604c353c581c - <alloc[2182bb758b4b3781]::vec::Vec<u8> as core[df12db4294e9bfd3]::io::write::Write>::write_fmt
[INFO] [stdout]    3:     0x604c3539b4a6 - std[70759c8f55707aa4]::panicking::default_hook::{closure#0}
[INFO] [stdout]    4:     0x604c353b8569 - std[70759c8f55707aa4]::panicking::default_hook
[INFO] [stdout]    5:     0x604c34fb85d0 - test[9d35eded1c95d3be]::test_main_inner::<test[9d35eded1c95d3be]::test_main_static::{closure#0}>::{closure#0}
[INFO] [stdout]    6:     0x604c353b8892 - std[70759c8f55707aa4]::panicking::panic_with_hook
[INFO] [stdout]    7:     0x604c3539b552 - std[70759c8f55707aa4]::panicking::panic_handler::{closure#0}
[INFO] [stdout]    8:     0x604c35393f19 - std[70759c8f55707aa4]::sys::backtrace::__rust_end_short_backtrace::<std[70759c8f55707aa4]::panicking::panic_handler::{closure#0}, !>
[INFO] [stdout]    9:     0x604c3539c3dd - __rustc[8fa7c3cbc660c2b3]::rust_begin_unwind
[INFO] [stdout]   10:     0x604c353d744c - core[df12db4294e9bfd3]::panicking::panic_fmt
[INFO] [stdout]   11:     0x604c353d7222 - core[df12db4294e9bfd3]::result::unwrap_failed
[INFO] [stdout]   12:     0x604c34f84ba8 - itchio_api[b59319128a8acdac]::me::tests::good::{closure#0}
[INFO] [stdout]   13:     0x604c34fa175a - <tokio[1ea70a83a00c3f3f]::runtime::scheduler::current_thread::CurrentThread>::block_on::<core[df12db4294e9bfd3]::pin::Pin<&mut dyn core[df12db4294e9bfd3]::future::future::Future<Output = ()>>>
[INFO] [stdout]   14:     0x604c34faa02d - <tokio[1ea70a83a00c3f3f]::runtime::runtime::Runtime>::block_on::<core[df12db4294e9bfd3]::pin::Pin<&mut dyn core[df12db4294e9bfd3]::future::future::Future<Output = ()>>>
[INFO] [stdout]   15:     0x604c34f85f1c - itchio_api[b59319128a8acdac]::me::tests::good
[INFO] [stdout]   16:     0x604c34f9b0e9 - <itchio_api[b59319128a8acdac]::me::tests::good::{closure#0} as core[df12db4294e9bfd3]::ops::function::FnOnce<()>>::call_once
[INFO] [stdout]   17:     0x604c34fab8bb - test[9d35eded1c95d3be]::__rust_begin_short_backtrace::<core[df12db4294e9bfd3]::result::Result<(), alloc[2182bb758b4b3781]::string::String>, fn() -> core[df12db4294e9bfd3]::result::Result<(), alloc[2182bb758b4b3781]::string::String>>
[INFO] [stdout]   18:     0x604c34fb8f25 - test[9d35eded1c95d3be]::run_test::{closure#0}
[INFO] [stdout]   19:     0x604c34fb27e4 - std[70759c8f55707aa4]::sys::backtrace::__rust_begin_short_backtrace::<test[9d35eded1c95d3be]::run_test::{closure#1}, ()>
[INFO] [stdout]   20:     0x604c34fbc082 - <std[70759c8f55707aa4]::thread::lifecycle::spawn_unchecked<test[9d35eded1c95d3be]::run_test::{closure#1}, ()>::{closure#1} as core[df12db4294e9bfd3]::ops::function::FnOnce<()>>::call_once::{shim:vtable#0}
[INFO] [stdout]   21:     0x604c353bfe89 - <std[70759c8f55707aa4]::sys::thread::unix::Thread>::new::thread_start
[INFO] [stdout]   22:     0x77f381689dfa - <unknown>
[INFO] [stdout]   23:     0x77f38171d3d4 - clone
[INFO] [stdout]   24:                0x0 - <unknown>
[INFO] [stdout] 
[INFO] [stdout] ---- credentials_info::tests::good stdout ----
[INFO] [stdout] 
[INFO] [stdout] thread 'credentials_info::tests::good' (2876) panicked at src/credentials_info.rs:30:41:
[INFO] [stdout] KEY has to be set: NotPresent
[INFO] [stdout] stack backtrace:
[INFO] [stdout]    0:     0x604c353c0961 - <<std[70759c8f55707aa4]::sys::backtrace::BacktraceLock>::print::DisplayBacktrace as core[df12db4294e9bfd3]::fmt::Display>::fmt
[INFO] [stdout]    1:     0x604c353d6cea - core[df12db4294e9bfd3]::fmt::write
[INFO] [stdout]    2:     0x604c353c581c - <alloc[2182bb758b4b3781]::vec::Vec<u8> as core[df12db4294e9bfd3]::io::write::Write>::write_fmt
[INFO] [stdout]    3:     0x604c3539b4a6 - std[70759c8f55707aa4]::panicking::default_hook::{closure#0}
[INFO] [stdout]    4:     0x604c353b8569 - std[70759c8f55707aa4]::panicking::default_hook
[INFO] [stdout]    5:     0x604c34fb85d0 - test[9d35eded1c95d3be]::test_main_inner::<test[9d35eded1c95d3be]::test_main_static::{closure#0}>::{closure#0}
[INFO] [stdout]    6:     0x604c353b8892 - std[70759c8f55707aa4]::panicking::panic_with_hook
[INFO] [stdout]    7:     0x604c3539b552 - std[70759c8f55707aa4]::panicking::panic_handler::{closure#0}
[INFO] [stdout]    8:     0x604c35393f19 - std[70759c8f55707aa4]::sys::backtrace::__rust_end_short_backtrace::<std[70759c8f55707aa4]::panicking::panic_handler::{closure#0}, !>
[INFO] [stdout]    9:     0x604c3539c3dd - __rustc[8fa7c3cbc660c2b3]::rust_begin_unwind
[INFO] [stdout]   10:     0x604c353d744c - core[df12db4294e9bfd3]::panicking::panic_fmt
[INFO] [stdout]   11:     0x604c353d7222 - core[df12db4294e9bfd3]::result::unwrap_failed
[INFO] [stdout]   12:     0x604c34f95711 - itchio_api[b59319128a8acdac]::credentials_info::tests::good::{closure#0}
[INFO] [stdout]   13:     0x604c34fa175a - <tokio[1ea70a83a00c3f3f]::runtime::scheduler::current_thread::CurrentThread>::block_on::<core[df12db4294e9bfd3]::pin::Pin<&mut dyn core[df12db4294e9bfd3]::future::future::Future<Output = ()>>>
[INFO] [stdout]   14:     0x604c34faa02d - <tokio[1ea70a83a00c3f3f]::runtime::runtime::Runtime>::block_on::<core[df12db4294e9bfd3]::pin::Pin<&mut dyn core[df12db4294e9bfd3]::future::future::Future<Output = ()>>>
[INFO] [stdout]   15:     0x604c34f95b6c - itchio_api[b59319128a8acdac]::credentials_info::tests::good
[INFO] [stdout]   16:     0x604c34f9b0a9 - <itchio_api[b59319128a8acdac]::credentials_info::tests::good::{closure#0} as core[df12db4294e9bfd3]::ops::function::FnOnce<()>>::call_once
[INFO] [stdout]   17:     0x604c34fab8bb - test[9d35eded1c95d3be]::__rust_begin_short_backtrace::<core[df12db4294e9bfd3]::result::Result<(), alloc[2182bb758b4b3781]::string::String>, fn() -> core[df12db4294e9bfd3]::result::Result<(), alloc[2182bb758b4b3781]::string::String>>
[INFO] [stdout]   18:     0x604c34fb8f25 - test[9d35eded1c95d3be]::run_test::{closure#0}
[INFO] [stdout]   19:     0x604c34fb27e4 - std[70759c8f55707aa4]::sys::backtrace::__rust_begin_short_backtrace::<test[9d35eded1c95d3be]::run_test::{closure#1}, ()>
[INFO] [stdout]   20:     0x604c34fbc082 - <std[70759c8f55707aa4]::thread::lifecycle::spawn_unchecked<test[9d35eded1c95d3be]::run_test::{closure#1}, ()>::{closure#1} as core[df12db4294e9bfd3]::ops::function::FnOnce<()>>::call_once::{shim:vtable#0}
[INFO] [stdout]   21:     0x604c353bfe89 - <std[70759c8f55707aa4]::sys::thread::unix::Thread>::new::thread_start
[INFO] [stdout]   22:     0x77f381689dfa - <unknown>
[INFO] [stdout]   23:     0x77f38171d3d4 - clone
[INFO] [stdout]   24:                0x0 - <unknown>
[INFO] [stdout] 
[INFO] [stdout] ---- download_keys::tests::good stdout ----
[INFO] [stdout] 
[INFO] [stdout] thread 'download_keys::tests::good' (2878) panicked at src/download_keys.rs:43:41:
[INFO] [stdout] KEY has to be set: NotPresent
[INFO] [stdout] stack backtrace:
[INFO] [stdout]    0:     0x604c353c0961 - <<std[70759c8f55707aa4]::sys::backtrace::BacktraceLock>::print::DisplayBacktrace as core[df12db4294e9bfd3]::fmt::Display>::fmt
[INFO] [stdout]    1:     0x604c353d6cea - core[df12db4294e9bfd3]::fmt::write
[INFO] [stdout]    2:     0x604c353c581c - <alloc[2182bb758b4b3781]::vec::Vec<u8> as core[df12db4294e9bfd3]::io::write::Write>::write_fmt
[INFO] [stdout]    3:     0x604c3539b4a6 - std[70759c8f55707aa4]::panicking::default_hook::{closure#0}
[INFO] [stdout]    4:     0x604c353b8569 - std[70759c8f55707aa4]::panicking::default_hook
[INFO] [stdout]    5:     0x604c34fb85d0 - test[9d35eded1c95d3be]::test_main_inner::<test[9d35eded1c95d3be]::test_main_static::{closure#0}>::{closure#0}
[INFO] [stdout]    6:     0x604c353b8892 - std[70759c8f55707aa4]::panicking::panic_with_hook
[INFO] [stdout]    7:     0x604c3539b552 - std[70759c8f55707aa4]::panicking::panic_handler::{closure#0}
[INFO] [stdout]    8:     0x604c35393f19 - std[70759c8f55707aa4]::sys::backtrace::__rust_end_short_backtrace::<std[70759c8f55707aa4]::panicking::panic_handler::{closure#0}, !>
[INFO] [stdout]    9:     0x604c3539c3dd - __rustc[8fa7c3cbc660c2b3]::rust_begin_unwind
[INFO] [stdout]   10:     0x604c353d744c - core[df12db4294e9bfd3]::panicking::panic_fmt
[INFO] [stdout]   11:     0x604c353d7222 - core[df12db4294e9bfd3]::result::unwrap_failed
[INFO] [stdout]   12:     0x604c34f8dad7 - itchio_api[b59319128a8acdac]::download_keys::tests::good::{closure#0}
[INFO] [stdout]   13:     0x604c34fa175a - <tokio[1ea70a83a00c3f3f]::runtime::scheduler::current_thread::CurrentThread>::block_on::<core[df12db4294e9bfd3]::pin::Pin<&mut dyn core[df12db4294e9bfd3]::future::future::Future<Output = ()>>>
[INFO] [stdout]   14:     0x604c34faa02d - <tokio[1ea70a83a00c3f3f]::runtime::runtime::Runtime>::block_on::<core[df12db4294e9bfd3]::pin::Pin<&mut dyn core[df12db4294e9bfd3]::future::future::Future<Output = ()>>>
[INFO] [stdout]   15:     0x604c34f8e1d8 - itchio_api[b59319128a8acdac]::download_keys::tests::good
[INFO] [stdout]   16:     0x604c34f9b069 - <itchio_api[b59319128a8acdac]::download_keys::tests::good::{closure#0} as core[df12db4294e9bfd3]::ops::function::FnOnce<()>>::call_once
[INFO] [stdout]   17:     0x604c34fab8bb - test[9d35eded1c95d3be]::__rust_begin_short_backtrace::<core[df12db4294e9bfd3]::result::Result<(), alloc[2182bb758b4b3781]::string::String>, fn() -> core[df12db4294e9bfd3]::result::Result<(), alloc[2182bb758b4b3781]::string::String>>
[INFO] [stdout]   18:     0x604c34fb8f25 - test[9d35eded1c95d3be]::run_test::{closure#0}
[INFO] [stdout]   19:     0x604c34fb27e4 - std[70759c8f55707aa4]::sys::backtrace::__rust_begin_short_backtrace::<test[9d35eded1c95d3be]::run_test::{closure#1}, ()>
[INFO] [stdout]   20:     0x604c34fbc082 - <std[70759c8f55707aa4]::thread::lifecycle::spawn_unchecked<test[9d35eded1c95d3be]::run_test::{closure#1}, ()>::{closure#1} as core[df12db4294e9bfd3]::ops::function::FnOnce<()>>::call_once::{shim:vtable#0}
[INFO] [stdout]   21:     0x604c353bfe89 - <std[70759c8f55707aa4]::sys::thread::unix::Thread>::new::thread_start
[INFO] [stdout]   22:     0x77f381689dfa - <unknown>
[INFO] [stdout]   23:     0x77f38171d3d4 - clone
[INFO] [stdout]   24:                0x0 - <unknown>
[INFO] [stdout] 
[INFO] [stdout] ---- download_keys::tests::bad_key stdout ----
[INFO] [stdout] 
[INFO] [stdout] thread 'download_keys::tests::bad_key' (2877) panicked at src/download_keys.rs:57:47:
[INFO] [stdout] DOWNLOAD_KEY has to be set: NotPresent
[INFO] [stdout] stack backtrace:
[INFO] [stdout]    0:     0x604c353c0961 - <<std[70759c8f55707aa4]::sys::backtrace::BacktraceLock>::print::DisplayBacktrace as core[df12db4294e9bfd3]::fmt::Display>::fmt
[INFO] [stdout]    1:     0x604c353d6cea - core[df12db4294e9bfd3]::fmt::write
[INFO] [stdout]    2:     0x604c353c581c - <alloc[2182bb758b4b3781]::vec::Vec<u8> as core[df12db4294e9bfd3]::io::write::Write>::write_fmt
[INFO] [stdout]    3:     0x604c3539b4a6 - std[70759c8f55707aa4]::panicking::default_hook::{closure#0}
[INFO] [stdout]    4:     0x604c353b8569 - std[70759c8f55707aa4]::panicking::default_hook
[INFO] [stdout]    5:     0x604c34fb85d0 - test[9d35eded1c95d3be]::test_main_inner::<test[9d35eded1c95d3be]::test_main_static::{closure#0}>::{closure#0}
[INFO] [stdout]    6:     0x604c353b8892 - std[70759c8f55707aa4]::panicking::panic_with_hook
[INFO] [stdout]    7:     0x604c3539b552 - std[70759c8f55707aa4]::panicking::panic_handler::{closure#0}
[INFO] [stdout]    8:     0x604c35393f19 - std[70759c8f55707aa4]::sys::backtrace::__rust_end_short_backtrace::<std[70759c8f55707aa4]::panicking::panic_handler::{closure#0}, !>
[INFO] [stdout]    9:     0x604c3539c3dd - __rustc[8fa7c3cbc660c2b3]::rust_begin_unwind
[INFO] [stdout]   10:     0x604c353d744c - core[df12db4294e9bfd3]::panicking::panic_fmt
[INFO] [stdout]   11:     0x604c353d7222 - core[df12db4294e9bfd3]::result::unwrap_failed
[INFO] [stdout]   12:     0x604c34f8dfec - itchio_api[b59319128a8acdac]::download_keys::tests::bad_key::{closure#0}
[INFO] [stdout]   13:     0x604c34fa175a - <tokio[1ea70a83a00c3f3f]::runtime::scheduler::current_thread::CurrentThread>::block_on::<core[df12db4294e9bfd3]::pin::Pin<&mut dyn core[df12db4294e9bfd3]::future::future::Future<Output = ()>>>
[INFO] [stdout]   14:     0x604c34faa02d - <tokio[1ea70a83a00c3f3f]::runtime::runtime::Runtime>::block_on::<core[df12db4294e9bfd3]::pin::Pin<&mut dyn core[df12db4294e9bfd3]::future::future::Future<Output = ()>>>
[INFO] [stdout]   15:     0x604c34f8e318 - itchio_api[b59319128a8acdac]::download_keys::tests::bad_key
[INFO] [stdout]   16:     0x604c34f9b089 - <itchio_api[b59319128a8acdac]::download_keys::tests::bad_key::{closure#0} as core[df12db4294e9bfd3]::ops::function::FnOnce<()>>::call_once
[INFO] [stdout]   17:     0x604c34fab8bb - test[9d35eded1c95d3be]::__rust_begin_short_backtrace::<core[df12db4294e9bfd3]::result::Result<(), alloc[2182bb758b4b3781]::string::String>, fn() -> core[df12db4294e9bfd3]::result::Result<(), alloc[2182bb758b4b3781]::string::String>>
[INFO] [stdout]   18:     0x604c34fb8f25 - test[9d35eded1c95d3be]::run_test::{closure#0}
[INFO] [stdout]   19:     0x604c34fb27e4 - std[70759c8f55707aa4]::sys::backtrace::__rust_begin_short_backtrace::<test[9d35eded1c95d3be]::run_test::{closure#1}, ()>
[INFO] [stdout]   20:     0x604c34fbc082 - <std[70759c8f55707aa4]::thread::lifecycle::spawn_unchecked<test[9d35eded1c95d3be]::run_test::{closure#1}, ()>::{closure#1} as core[df12db4294e9bfd3]::ops::function::FnOnce<()>>::call_once::{shim:vtable#0}
[INFO] [stdout]   21:     0x604c353bfe89 - <std[70759c8f55707aa4]::sys::thread::unix::Thread>::new::thread_start
[INFO] [stdout]   22:     0x77f381689dfa - <unknown>
[INFO] [stdout]   23:     0x77f38171d3d4 - clone
[INFO] [stdout]   24:                0x0 - <unknown>
[INFO] [stdout] 
[INFO] [stdout] ---- my_games::tests::good_games stdout ----
[INFO] [stdout] 
[INFO] [stdout] thread 'my_games::tests::good_games' (2883) panicked at src/my_games.rs:104:41:
[INFO] [stdout] KEY has to be set: NotPresent
[INFO] [stdout] stack backtrace:
[INFO] [stdout]    0:     0x604c353c0961 - <<std[70759c8f55707aa4]::sys::backtrace::BacktraceLock>::print::DisplayBacktrace as core[df12db4294e9bfd3]::fmt::Display>::fmt
[INFO] [stdout]    1:     0x604c353d6cea - core[df12db4294e9bfd3]::fmt::write
[INFO] [stdout]    2:     0x604c353c581c - <alloc[2182bb758b4b3781]::vec::Vec<u8> as core[df12db4294e9bfd3]::io::write::Write>::write_fmt
[INFO] [stdout]    3:     0x604c3539b4a6 - std[70759c8f55707aa4]::panicking::default_hook::{closure#0}
[INFO] [stdout]    4:     0x604c353b8569 - std[70759c8f55707aa4]::panicking::default_hook
[INFO] [stdout]    5:     0x604c34fb85d0 - test[9d35eded1c95d3be]::test_main_inner::<test[9d35eded1c95d3be]::test_main_static::{closure#0}>::{closure#0}
[INFO] [stdout]    6:     0x604c353b8892 - std[70759c8f55707aa4]::panicking::panic_with_hook
[INFO] [stdout]    7:     0x604c3539b552 - std[70759c8f55707aa4]::panicking::panic_handler::{closure#0}
[INFO] [stdout]    8:     0x604c35393f19 - std[70759c8f55707aa4]::sys::backtrace::__rust_end_short_backtrace::<std[70759c8f55707aa4]::panicking::panic_handler::{closure#0}, !>
[INFO] [stdout]    9:     0x604c3539c3dd - __rustc[8fa7c3cbc660c2b3]::rust_begin_unwind
[INFO] [stdout]   10:     0x604c353d744c - core[df12db4294e9bfd3]::panicking::panic_fmt
[INFO] [stdout]   11:     0x604c353d7222 - core[df12db4294e9bfd3]::result::unwrap_failed
[INFO] [stdout]   12:     0x604c34f80612 - itchio_api[b59319128a8acdac]::my_games::tests::good_games::{closure#0}
[INFO] [stdout]   13:     0x604c34fa175a - <tokio[1ea70a83a00c3f3f]::runtime::scheduler::current_thread::CurrentThread>::block_on::<core[df12db4294e9bfd3]::pin::Pin<&mut dyn core[df12db4294e9bfd3]::future::future::Future<Output = ()>>>
[INFO] [stdout]   14:     0x604c34faa02d - <tokio[1ea70a83a00c3f3f]::runtime::runtime::Runtime>::block_on::<core[df12db4294e9bfd3]::pin::Pin<&mut dyn core[df12db4294e9bfd3]::future::future::Future<Output = ()>>>
[INFO] [stdout]   15:     0x604c34f8121c - itchio_api[b59319128a8acdac]::my_games::tests::good_games
[INFO] [stdout]   16:     0x604c34f9b209 - <itchio_api[b59319128a8acdac]::my_games::tests::good_games::{closure#0} as core[df12db4294e9bfd3]::ops::function::FnOnce<()>>::call_once
[INFO] [stdout]   17:     0x604c34fab8bb - test[9d35eded1c95d3be]::__rust_begin_short_backtrace::<core[df12db4294e9bfd3]::result::Result<(), alloc[2182bb758b4b3781]::string::String>, fn() -> core[df12db4294e9bfd3]::result::Result<(), alloc[2182bb758b4b3781]::string::String>>
[INFO] [stdout]   18:     0x604c34fb8f25 - test[9d35eded1c95d3be]::run_test::{closure#0}
[INFO] [stdout]   19:     0x604c34fb27e4 - std[70759c8f55707aa4]::sys::backtrace::__rust_begin_short_backtrace::<test[9d35eded1c95d3be]::run_test::{closure#1}, ()>
[INFO] [stdout]   20:     0x604c34fbc082 - <std[70759c8f55707aa4]::thread::lifecycle::spawn_unchecked<test[9d35eded1c95d3be]::run_test::{closure#1}, ()>::{closure#1} as core[df12db4294e9bfd3]::ops::function::FnOnce<()>>::call_once::{shim:vtable#0}
[INFO] [stdout]   21:     0x604c353bfe89 - <std[70759c8f55707aa4]::sys::thread::unix::Thread>::new::thread_start
[INFO] [stdout]   22:     0x77f381689dfa - <unknown>
[INFO] [stdout]   23:     0x77f38171d3d4 - clone
[INFO] [stdout]   24:                0x0 - <unknown>
[INFO] [stdout] 
[INFO] [stdout] ---- search::tests::good stdout ----
[INFO] [stdout] 
[INFO] [stdout] thread 'search::tests::good' (2887) panicked at src/search.rs:59:41:
[INFO] [stdout] KEY has to be set: NotPresent
[INFO] [stdout] stack backtrace:
[INFO] [stdout]    0:     0x604c353c0961 - <<std[70759c8f55707aa4]::sys::backtrace::BacktraceLock>::print::DisplayBacktrace as core[df12db4294e9bfd3]::fmt::Display>::fmt
[INFO] [stdout]    1:     0x604c353d6cea - core[df12db4294e9bfd3]::fmt::write
[INFO] [stdout]    2:     0x604c353c581c - <alloc[2182bb758b4b3781]::vec::Vec<u8> as core[df12db4294e9bfd3]::io::write::Write>::write_fmt
[INFO] [stdout]    3:     0x604c3539b4a6 - std[70759c8f55707aa4]::panicking::default_hook::{closure#0}
[INFO] [stdout]    4:     0x604c353b8569 - std[70759c8f55707aa4]::panicking::default_hook
[INFO] [stdout]    5:     0x604c34fb85d0 - test[9d35eded1c95d3be]::test_main_inner::<test[9d35eded1c95d3be]::test_main_static::{closure#0}>::{closure#0}
[INFO] [stdout]    6:     0x604c353b8892 - std[70759c8f55707aa4]::panicking::panic_with_hook
[INFO] [stdout]    7:     0x604c3539b552 - std[70759c8f55707aa4]::panicking::panic_handler::{closure#0}
[INFO] [stdout]    8:     0x604c35393f19 - std[70759c8f55707aa4]::sys::backtrace::__rust_end_short_backtrace::<std[70759c8f55707aa4]::panicking::panic_handler::{closure#0}, !>
[INFO] [stdout]    9:     0x604c3539c3dd - __rustc[8fa7c3cbc660c2b3]::rust_begin_unwind
[INFO] [stdout]   10:     0x604c353d744c - core[df12db4294e9bfd3]::panicking::panic_fmt
[INFO] [stdout]   11:     0x604c353d7222 - core[df12db4294e9bfd3]::result::unwrap_failed
[INFO] [stdout]   12:     0x604c34f919a2 - itchio_api[b59319128a8acdac]::search::tests::good::{closure#0}
[INFO] [stdout]   13:     0x604c34fa175a - <tokio[1ea70a83a00c3f3f]::runtime::scheduler::current_thread::CurrentThread>::block_on::<core[df12db4294e9bfd3]::pin::Pin<&mut dyn core[df12db4294e9bfd3]::future::future::Future<Output = ()>>>
[INFO] [stdout]   14:     0x604c34faa02d - <tokio[1ea70a83a00c3f3f]::runtime::runtime::Runtime>::block_on::<core[df12db4294e9bfd3]::pin::Pin<&mut dyn core[df12db4294e9bfd3]::future::future::Future<Output = ()>>>
[INFO] [stdout]   15:     0x604c34f91e9c - itchio_api[b59319128a8acdac]::search::tests::good
[INFO] [stdout]   16:     0x604c34f9b1c9 - <itchio_api[b59319128a8acdac]::search::tests::good::{closure#0} as core[df12db4294e9bfd3]::ops::function::FnOnce<()>>::call_once
[INFO] [stdout]   17:     0x604c34fab8bb - test[9d35eded1c95d3be]::__rust_begin_short_backtrace::<core[df12db4294e9bfd3]::result::Result<(), alloc[2182bb758b4b3781]::string::String>, fn() -> core[df12db4294e9bfd3]::result::Result<(), alloc[2182bb758b4b3781]::string::String>>
[INFO] [stdout]   18:     0x604c34fb8f25 - test[9d35eded1c95d3be]::run_test::{closure#0}
[INFO] [stdout]   19:     0x604c34fb27e4 - std[70759c8f55707aa4]::sys::backtrace::__rust_begin_short_backtrace::<test[9d35eded1c95d3be]::run_test::{closure#1}, ()>
[INFO] [stdout]   20:     0x604c34fbc082 - <std[70759c8f55707aa4]::thread::lifecycle::spawn_unchecked<test[9d35eded1c95d3be]::run_test::{closure#1}, ()>::{closure#1} as core[df12db4294e9bfd3]::ops::function::FnOnce<()>>::call_once::{shim:vtable#0}
[INFO] [stdout]   21:     0x604c353bfe89 - <std[70759c8f55707aa4]::sys::thread::unix::Thread>::new::thread_start
[INFO] [stdout]   22:     0x77f381689dfa - <unknown>
[INFO] [stdout]   23:     0x77f38171d3d4 - clone
[INFO] [stdout]   24:                0x0 - <unknown>
[INFO] [stdout] 
[INFO] [stdout] ---- my_games::tests::good_graphs stdout ----
[INFO] [stdout] 
[INFO] [stdout] thread 'my_games::tests::good_graphs' (2884) panicked at src/my_games.rs:120:41:
[INFO] [stdout] KEY has to be set: NotPresent
[INFO] [stdout] stack backtrace:
[INFO] [stdout]    0:     0x604c353c0961 - <<std[70759c8f55707aa4]::sys::backtrace::BacktraceLock>::print::DisplayBacktrace as core[df12db4294e9bfd3]::fmt::Display>::fmt
[INFO] [stdout]    1:     0x604c353d6cea - core[df12db4294e9bfd3]::fmt::write
[INFO] [stdout]    2:     0x604c353c581c - <alloc[2182bb758b4b3781]::vec::Vec<u8> as core[df12db4294e9bfd3]::io::write::Write>::write_fmt
[INFO] [stdout]    3:     0x604c3539b4a6 - std[70759c8f55707aa4]::panicking::default_hook::{closure#0}
[INFO] [stdout]    4:     0x604c353b8569 - std[70759c8f55707aa4]::panicking::default_hook
[INFO] [stdout]    5:     0x604c34fb85d0 - test[9d35eded1c95d3be]::test_main_inner::<test[9d35eded1c95d3be]::test_main_static::{closure#0}>::{closure#0}
[INFO] [stdout]    6:     0x604c353b8892 - std[70759c8f55707aa4]::panicking::panic_with_hook
[INFO] [stdout]    7:     0x604c3539b552 - std[70759c8f55707aa4]::panicking::panic_handler::{closure#0}
[INFO] [stdout]    8:     0x604c35393f19 - std[70759c8f55707aa4]::sys::backtrace::__rust_end_short_backtrace::<std[70759c8f55707aa4]::panicking::panic_handler::{closure#0}, !>
[INFO] [stdout]    9:     0x604c3539c3dd - __rustc[8fa7c3cbc660c2b3]::rust_begin_unwind
[INFO] [stdout]   10:     0x604c353d744c - core[df12db4294e9bfd3]::panicking::panic_fmt
[INFO] [stdout]   11:     0x604c353d7222 - core[df12db4294e9bfd3]::result::unwrap_failed
[INFO] [stdout]   12:     0x604c34f80a50 - itchio_api[b59319128a8acdac]::my_games::tests::good_graphs::{closure#0}
[INFO] [stdout]   13:     0x604c34fa175a - <tokio[1ea70a83a00c3f3f]::runtime::scheduler::current_thread::CurrentThread>::block_on::<core[df12db4294e9bfd3]::pin::Pin<&mut dyn core[df12db4294e9bfd3]::future::future::Future<Output = ()>>>
[INFO] [stdout]   14:     0x604c34faa02d - <tokio[1ea70a83a00c3f3f]::runtime::runtime::Runtime>::block_on::<core[df12db4294e9bfd3]::pin::Pin<&mut dyn core[df12db4294e9bfd3]::future::future::Future<Output = ()>>>
[INFO] [stdout]   15:     0x604c34f813ac - itchio_api[b59319128a8acdac]::my_games::tests::good_graphs
[INFO] [stdout]   16:     0x604c34f9b229 - <itchio_api[b59319128a8acdac]::my_games::tests::good_graphs::{closure#0} as core[df12db4294e9bfd3]::ops::function::FnOnce<()>>::call_once
[INFO] [stdout]   17:     0x604c34fab8bb - test[9d35eded1c95d3be]::__rust_begin_short_backtrace::<core[df12db4294e9bfd3]::result::Result<(), alloc[2182bb758b4b3781]::string::String>, fn() -> core[df12db4294e9bfd3]::result::Result<(), alloc[2182bb758b4b3781]::string::String>>
[INFO] [stdout]   18:     0x604c34fb8f25 - test[9d35eded1c95d3be]::run_test::{closure#0}
[INFO] [stdout]   19:     0x604c34fb27e4 - std[70759c8f55707aa4]::sys::backtrace::__rust_begin_short_backtrace::<test[9d35eded1c95d3be]::run_test::{closure#1}, ()>
[INFO] [stdout]   20:     0x604c34fbc082 - <std[70759c8f55707aa4]::thread::lifecycle::spawn_unchecked<test[9d35eded1c95d3be]::run_test::{closure#1}, ()>::{closure#1} as core[df12db4294e9bfd3]::ops::function::FnOnce<()>>::call_once::{shim:vtable#0}
[INFO] [stdout]   21:     0x604c353bfe89 - <std[70759c8f55707aa4]::sys::thread::unix::Thread>::new::thread_start
[INFO] [stdout]   22:     0x77f381689dfa - <unknown>
[INFO] [stdout]   23:     0x77f38171d3d4 - clone
[INFO] [stdout]   24:                0x0 - <unknown>
[INFO] [stdout] 
[INFO] [stdout] ---- users::tests::bad_user stdout ----
[INFO] [stdout] 
[INFO] [stdout] thread 'users::tests::bad_user' (2889) panicked at src/users.rs:37:41:
[INFO] [stdout] KEY has to be set: NotPresent
[INFO] [stdout] stack backtrace:
[INFO] [stdout]    0:     0x604c353c0961 - <<std[70759c8f55707aa4]::sys::backtrace::BacktraceLock>::print::DisplayBacktrace as core[df12db4294e9bfd3]::fmt::Display>::fmt
[INFO] [stdout]    1:     0x604c353d6cea - core[df12db4294e9bfd3]::fmt::write
[INFO] [stdout]    2:     0x604c353c581c - <alloc[2182bb758b4b3781]::vec::Vec<u8> as core[df12db4294e9bfd3]::io::write::Write>::write_fmt
[INFO] [stdout]    3:     0x604c3539b4a6 - std[70759c8f55707aa4]::panicking::default_hook::{closure#0}
[INFO] [stdout]    4:     0x604c353b8569 - std[70759c8f55707aa4]::panicking::default_hook
[INFO] [stdout]    5:     0x604c34fb85d0 - test[9d35eded1c95d3be]::test_main_inner::<test[9d35eded1c95d3be]::test_main_static::{closure#0}>::{closure#0}
[INFO] [stdout]    6:     0x604c353b8892 - std[70759c8f55707aa4]::panicking::panic_with_hook
[INFO] [stdout]    7:     0x604c3539b552 - std[70759c8f55707aa4]::panicking::panic_handler::{closure#0}
[INFO] [stdout]    8:     0x604c35393f19 - std[70759c8f55707aa4]::sys::backtrace::__rust_end_short_backtrace::<std[70759c8f55707aa4]::panicking::panic_handler::{closure#0}, !>
[INFO] [stdout]    9:     0x604c3539c3dd - __rustc[8fa7c3cbc660c2b3]::rust_begin_unwind
[INFO] [stdout]   10:     0x604c353d744c - core[df12db4294e9bfd3]::panicking::panic_fmt
[INFO] [stdout]   11:     0x604c353d7222 - core[df12db4294e9bfd3]::result::unwrap_failed
[INFO] [stdout]   12:     0x604c34f89d23 - itchio_api[b59319128a8acdac]::users::tests::bad_user::{closure#0}
[INFO] [stdout]   13:     0x604c34fa175a - <tokio[1ea70a83a00c3f3f]::runtime::scheduler::current_thread::CurrentThread>::block_on::<core[df12db4294e9bfd3]::pin::Pin<&mut dyn core[df12db4294e9bfd3]::future::future::Future<Output = ()>>>
[INFO] [stdout]   14:     0x604c34faa02d - <tokio[1ea70a83a00c3f3f]::runtime::runtime::Runtime>::block_on::<core[df12db4294e9bfd3]::pin::Pin<&mut dyn core[df12db4294e9bfd3]::future::future::Future<Output = ()>>>
[INFO] [stdout]   15:     0x604c34f8a20c - itchio_api[b59319128a8acdac]::users::tests::bad_user
[INFO] [stdout]   16:     0x604c34f9b169 - <itchio_api[b59319128a8acdac]::users::tests::bad_user::{closure#0} as core[df12db4294e9bfd3]::ops::function::FnOnce<()>>::call_once
[INFO] [stdout]   17:     0x604c34fab8bb - test[9d35eded1c95d3be]::__rust_begin_short_backtrace::<core[df12db4294e9bfd3]::result::Result<(), alloc[2182bb758b4b3781]::string::String>, fn() -> core[df12db4294e9bfd3]::result::Result<(), alloc[2182bb758b4b3781]::string::String>>
[INFO] [stdout]   18:     0x604c34fb8f25 - test[9d35eded1c95d3be]::run_test::{closure#0}
[INFO] [stdout]   19:     0x604c34fb27e4 - std[70759c8f55707aa4]::sys::backtrace::__rust_begin_short_backtrace::<test[9d35eded1c95d3be]::run_test::{closure#1}, ()>
[INFO] [stdout]   20:     0x604c34fbc082 - <std[70759c8f55707aa4]::thread::lifecycle::spawn_unchecked<test[9d35eded1c95d3be]::run_test::{closure#1}, ()>::{closure#1} as core[df12db4294e9bfd3]::ops::function::FnOnce<()>>::call_once::{shim:vtable#0}
[INFO] [stdout]   21:     0x604c353bfe89 - <std[70759c8f55707aa4]::sys::thread::unix::Thread>::new::thread_start
[INFO] [stdout]   22:     0x77f381689dfa - <unknown>
[INFO] [stdout]   23:     0x77f38171d3d4 - clone
[INFO] [stdout]   24:                0x0 - <unknown>
[INFO] [stdout] 
[INFO] [stdout] ---- users::tests::good stdout ----
[INFO] [stdout] 
[INFO] [stdout] thread 'users::tests::good' (2890) panicked at src/users.rs:28:41:
[INFO] [stdout] KEY has to be set: NotPresent
[INFO] [stdout] stack backtrace:
[INFO] [stdout]    0:     0x604c353c0961 - <<std[70759c8f55707aa4]::sys::backtrace::BacktraceLock>::print::DisplayBacktrace as core[df12db4294e9bfd3]::fmt::Display>::fmt
[INFO] [stdout]    1:     0x604c353d6cea - core[df12db4294e9bfd3]::fmt::write
[INFO] [stdout]    2:     0x604c353c581c - <alloc[2182bb758b4b3781]::vec::Vec<u8> as core[df12db4294e9bfd3]::io::write::Write>::write_fmt
[INFO] [stdout]    3:     0x604c3539b4a6 - std[70759c8f55707aa4]::panicking::default_hook::{closure#0}
[INFO] [stdout]    4:     0x604c353b8569 - std[70759c8f55707aa4]::panicking::default_hook
[INFO] [stdout]    5:     0x604c34fb85d0 - test[9d35eded1c95d3be]::test_main_inner::<test[9d35eded1c95d3be]::test_main_static::{closure#0}>::{closure#0}
[INFO] [stdout]    6:     0x604c353b8892 - std[70759c8f55707aa4]::panicking::panic_with_hook
[INFO] [stdout]    7:     0x604c3539b552 - std[70759c8f55707aa4]::panicking::panic_handler::{closure#0}
[INFO] [stdout]    8:     0x604c35393f19 - std[70759c8f55707aa4]::sys::backtrace::__rust_end_short_backtrace::<std[70759c8f55707aa4]::panicking::panic_handler::{closure#0}, !>
[INFO] [stdout]    9:     0x604c3539c3dd - __rustc[8fa7c3cbc660c2b3]::rust_begin_unwind
[INFO] [stdout]   10:     0x604c353d744c - core[df12db4294e9bfd3]::panicking::panic_fmt
[INFO] [stdout]   11:     0x604c353d7222 - core[df12db4294e9bfd3]::result::unwrap_failed
[INFO] [stdout]   12:     0x604c34f896b4 - itchio_api[b59319128a8acdac]::users::tests::good::{closure#0}
[INFO] [stdout]   13:     0x604c34fa175a - <tokio[1ea70a83a00c3f3f]::runtime::scheduler::current_thread::CurrentThread>::block_on::<core[df12db4294e9bfd3]::pin::Pin<&mut dyn core[df12db4294e9bfd3]::future::future::Future<Output = ()>>>
[INFO] [stdout]   14:     0x604c34faa02d - <tokio[1ea70a83a00c3f3f]::runtime::runtime::Runtime>::block_on::<core[df12db4294e9bfd3]::pin::Pin<&mut dyn core[df12db4294e9bfd3]::future::future::Future<Output = ()>>>
[INFO] [stdout]   15:     0x604c34f89eec - itchio_api[b59319128a8acdac]::users::tests::good
[INFO] [stdout]   16:     0x604c34f9b129 - <itchio_api[b59319128a8acdac]::users::tests::good::{closure#0} as core[df12db4294e9bfd3]::ops::function::FnOnce<()>>::call_once
[INFO] [stdout]   17:     0x604c34fab8bb - test[9d35eded1c95d3be]::__rust_begin_short_backtrace::<core[df12db4294e9bfd3]::result::Result<(), alloc[2182bb758b4b3781]::string::String>, fn() -> core[df12db4294e9bfd3]::result::Result<(), alloc[2182bb758b4b3781]::string::String>>
[INFO] [stdout]   18:     0x604c34fb8f25 - test[9d35eded1c95d3be]::run_test::{closure#0}
[INFO] [stdout]   19:     0x604c34fb27e4 - std[70759c8f55707aa4]::sys::backtrace::__rust_begin_short_backtrace::<test[9d35eded1c95d3be]::run_test::{closure#1}, ()>
[INFO] [stdout]   20:     0x604c34fbc082 - <std[70759c8f55707aa4]::thread::lifecycle::spawn_unchecked<test[9d35eded1c95d3be]::run_test::{closure#1}, ()>::{closure#1} as core[df12db4294e9bfd3]::ops::function::FnOnce<()>>::call_once::{shim:vtable#0}
[INFO] [stdout]   21:     0x604c353bfe89 - <std[70759c8f55707aa4]::sys::thread::unix::Thread>::new::thread_start
[INFO] [stdout]   22:     0x77f381689dfa - <unknown>
[INFO] [stdout]   23:     0x77f38171d3d4 - clone
[INFO] [stdout]   24:                0x0 - <unknown>
[INFO] [stdout] 
[INFO] [stdout] ---- my_games::tests::bad_key_games stdout ----
[INFO] [stdout] 
[INFO] [stdout] thread 'my_games::tests::bad_key_games' (2881) panicked at src/my_games.rs:114:5:
[INFO] [stdout] assertion failed: games.is_err_and(|err| matches!(err, ItchioError::BadKey))
[INFO] [stdout] stack backtrace:
[INFO] [stdout]    0:     0x604c353c0961 - <<std[70759c8f55707aa4]::sys::backtrace::BacktraceLock>::print::DisplayBacktrace as core[df12db4294e9bfd3]::fmt::Display>::fmt
[INFO] [stdout]    1:     0x604c353d6cea - core[df12db4294e9bfd3]::fmt::write
[INFO] [stdout]    2:     0x604c353c581c - <alloc[2182bb758b4b3781]::vec::Vec<u8> as core[df12db4294e9bfd3]::io::write::Write>::write_fmt
[INFO] [stdout]    3:     0x604c3539b4a6 - std[70759c8f55707aa4]::panicking::default_hook::{closure#0}
[INFO] [stdout]    4:     0x604c353b8569 - std[70759c8f55707aa4]::panicking::default_hook
[INFO] [stdout]    5:     0x604c34fb85d0 - test[9d35eded1c95d3be]::test_main_inner::<test[9d35eded1c95d3be]::test_main_static::{closure#0}>::{closure#0}
[INFO] [stdout]    6:     0x604c353b8892 - std[70759c8f55707aa4]::panicking::panic_with_hook
[INFO] [stdout]    7:     0x604c3539b584 - std[70759c8f55707aa4]::panicking::panic_handler::{closure#0}
[INFO] [stdout]    8:     0x604c35393f19 - std[70759c8f55707aa4]::sys::backtrace::__rust_end_short_backtrace::<std[70759c8f55707aa4]::panicking::panic_handler::{closure#0}, !>
[INFO] [stdout]    9:     0x604c3539c3dd - __rustc[8fa7c3cbc660c2b3]::rust_begin_unwind
[INFO] [stdout]   10:     0x604c353d744c - core[df12db4294e9bfd3]::panicking::panic_fmt
[INFO] [stdout]   11:     0x604c353d7412 - core[df12db4294e9bfd3]::panicking::panic
[INFO] [stdout]   12:     0x604c34f80cf4 - itchio_api[b59319128a8acdac]::my_games::tests::bad_key_games::{closure#0}
[INFO] [stdout]   13:     0x604c34fa175a - <tokio[1ea70a83a00c3f3f]::runtime::scheduler::current_thread::CurrentThread>::block_on::<core[df12db4294e9bfd3]::pin::Pin<&mut dyn core[df12db4294e9bfd3]::future::future::Future<Output = ()>>>
[INFO] [stdout]   14:     0x604c34faa02d - <tokio[1ea70a83a00c3f3f]::runtime::runtime::Runtime>::block_on::<core[df12db4294e9bfd3]::pin::Pin<&mut dyn core[df12db4294e9bfd3]::future::future::Future<Output = ()>>>
[INFO] [stdout]   15:     0x604c34f8153c - itchio_api[b59319128a8acdac]::my_games::tests::bad_key_games
[INFO] [stdout]   16:     0x604c34f9b249 - <itchio_api[b59319128a8acdac]::my_games::tests::bad_key_games::{closure#0} as core[df12db4294e9bfd3]::ops::function::FnOnce<()>>::call_once
[INFO] [stdout]   17:     0x604c34fab8bb - test[9d35eded1c95d3be]::__rust_begin_short_backtrace::<core[df12db4294e9bfd3]::result::Result<(), alloc[2182bb758b4b3781]::string::String>, fn() -> core[df12db4294e9bfd3]::result::Result<(), alloc[2182bb758b4b3781]::string::String>>
[INFO] [stdout]   18:     0x604c34fb8f25 - test[9d35eded1c95d3be]::run_test::{closure#0}
[INFO] [stdout]   19:     0x604c34fb27e4 - std[70759c8f55707aa4]::sys::backtrace::__rust_begin_short_backtrace::<test[9d35eded1c95d3be]::run_test::{closure#1}, ()>
[INFO] [stdout]   20:     0x604c34fbc082 - <std[70759c8f55707aa4]::thread::lifecycle::spawn_unchecked<test[9d35eded1c95d3be]::run_test::{closure#1}, ()>::{closure#1} as core[df12db4294e9bfd3]::ops::function::FnOnce<()>>::call_once::{shim:vtable#0}
[INFO] [stdout]   21:     0x604c353bfe89 - <std[70759c8f55707aa4]::sys::thread::unix::Thread>::new::thread_start
[INFO] [stdout]   22:     0x77f381689dfa - <unknown>
[INFO] [stdout]   23:     0x77f38171d3d4 - clone
[INFO] [stdout]   24:                0x0 - <unknown>
[INFO] [stdout] 
[INFO] [stdout] ---- wharf::tests::good stdout ----
[INFO] [stdout] 
[INFO] [stdout] thread 'wharf::tests::good' (2896) panicked at src/wharf.rs:27:41:
[INFO] [stdout] KEY has to be set: NotPresent
[INFO] [stdout] stack backtrace:
[INFO] [stdout]    0:     0x604c353c0961 - <<std[70759c8f55707aa4]::sys::backtrace::BacktraceLock>::print::DisplayBacktrace as core[df12db4294e9bfd3]::fmt::Display>::fmt
[INFO] [stdout]    1:     0x604c353d6cea - core[df12db4294e9bfd3]::fmt::write
[INFO] [stdout]    2:     0x604c353c581c - <alloc[2182bb758b4b3781]::vec::Vec<u8> as core[df12db4294e9bfd3]::io::write::Write>::write_fmt
[INFO] [stdout]    3:     0x604c3539b4a6 - std[70759c8f55707aa4]::panicking::default_hook::{closure#0}
[INFO] [stdout]    4:     0x604c353b8569 - std[70759c8f55707aa4]::panicking::default_hook
[INFO] [stdout]    5:     0x604c34fb85d0 - test[9d35eded1c95d3be]::test_main_inner::<test[9d35eded1c95d3be]::test_main_static::{closure#0}>::{closure#0}
[INFO] [stdout]    6:     0x604c353b8892 - std[70759c8f55707aa4]::panicking::panic_with_hook
[INFO] [stdout]    7:     0x604c3539b552 - std[70759c8f55707aa4]::panicking::panic_handler::{closure#0}
[INFO] [stdout]    8:     0x604c35393f19 - std[70759c8f55707aa4]::sys::backtrace::__rust_end_short_backtrace::<std[70759c8f55707aa4]::panicking::panic_handler::{closure#0}, !>
[INFO] [stdout]    9:     0x604c3539c3dd - __rustc[8fa7c3cbc660c2b3]::rust_begin_unwind
[INFO] [stdout]   10:     0x604c353d744c - core[df12db4294e9bfd3]::panicking::panic_fmt
[INFO] [stdout]   11:     0x604c353d7222 - core[df12db4294e9bfd3]::result::unwrap_failed
[INFO] [stdout]   12:     0x604c34f991a5 - itchio_api[b59319128a8acdac]::wharf::tests::good::{closure#0}
[INFO] [stdout]   13:     0x604c34fa175a - <tokio[1ea70a83a00c3f3f]::runtime::scheduler::current_thread::CurrentThread>::block_on::<core[df12db4294e9bfd3]::pin::Pin<&mut dyn core[df12db4294e9bfd3]::future::future::Future<Output = ()>>>
[INFO] [stdout]   14:     0x604c34faa02d - <tokio[1ea70a83a00c3f3f]::runtime::runtime::Runtime>::block_on::<core[df12db4294e9bfd3]::pin::Pin<&mut dyn core[df12db4294e9bfd3]::future::future::Future<Output = ()>>>
[INFO] [stdout]   15:     0x604c34f995bc - itchio_api[b59319128a8acdac]::wharf::tests::good
[INFO] [stdout]   16:     0x604c34f9b189 - <itchio_api[b59319128a8acdac]::wharf::tests::good::{closure#0} as core[df12db4294e9bfd3]::ops::function::FnOnce<()>>::call_once
[INFO] [stdout]   17:     0x604c34fab8bb - test[9d35eded1c95d3be]::__rust_begin_short_backtrace::<core[df12db4294e9bfd3]::result::Result<(), alloc[2182bb758b4b3781]::string::String>, fn() -> core[df12db4294e9bfd3]::result::Result<(), alloc[2182bb758b4b3781]::string::String>>
[INFO] [stdout]   18:     0x604c34fb8f25 - test[9d35eded1c95d3be]::run_test::{closure#0}
[INFO] [stdout]   19:     0x604c34fb27e4 - std[70759c8f55707aa4]::sys::backtrace::__rust_begin_short_backtrace::<test[9d35eded1c95d3be]::run_test::{closure#1}, ()>
[INFO] [stdout]   20:     0x604c34fbc082 - <std[70759c8f55707aa4]::thread::lifecycle::spawn_unchecked<test[9d35eded1c95d3be]::run_test::{closure#1}, ()>::{closure#1} as core[df12db4294e9bfd3]::ops::function::FnOnce<()>>::call_once::{shim:vtable#0}
[INFO] [stdout]   21:     0x604c353bfe89 - <std[70759c8f55707aa4]::sys::thread::unix::Thread>::new::thread_start
[INFO] [stdout]   22:     0x77f381689dfa - <unknown>
[INFO] [stdout]   23:     0x77f38171d3d4 - clone
[INFO] [stdout]   24:                0x0 - <unknown>
[INFO] [stdout] 
[INFO] [stdout] ---- wharf::tests::bad_key stdout ----
[INFO] [stdout] 
[INFO] [stdout] thread 'wharf::tests::bad_key' (2891) panicked at src/wharf.rs:37:5:
[INFO] [stdout] assertion failed: wharf.is_err_and(|err| matches!(err, ItchioError::BadKey))
[INFO] [stdout] stack backtrace:
[INFO] [stdout]    0:     0x604c353c0961 - <<std[70759c8f55707aa4]::sys::backtrace::BacktraceLock>::print::DisplayBacktrace as core[df12db4294e9bfd3]::fmt::Display>::fmt
[INFO] [stdout]    1:     0x604c353d6cea - core[df12db4294e9bfd3]::fmt::write
[INFO] [stdout]    2:     0x604c353c581c - <alloc[2182bb758b4b3781]::vec::Vec<u8> as core[df12db4294e9bfd3]::io::write::Write>::write_fmt
[INFO] [stdout]    3:     0x604c3539b4a6 - std[70759c8f55707aa4]::panicking::default_hook::{closure#0}
[INFO] [stdout]    4:     0x604c353b8569 - std[70759c8f55707aa4]::panicking::default_hook
[INFO] [stdout]    5:     0x604c34fb85d0 - test[9d35eded1c95d3be]::test_main_inner::<test[9d35eded1c95d3be]::test_main_static::{closure#0}>::{closure#0}
[INFO] [stdout]    6:     0x604c353b8892 - std[70759c8f55707aa4]::panicking::panic_with_hook
[INFO] [stdout]    7:     0x604c3539b584 - std[70759c8f55707aa4]::panicking::panic_handler::{closure#0}
[INFO] [stdout]    8:     0x604c35393f19 - std[70759c8f55707aa4]::sys::backtrace::__rust_end_short_backtrace::<std[70759c8f55707aa4]::panicking::panic_handler::{closure#0}, !>
[INFO] [stdout]    9:     0x604c3539c3dd - __rustc[8fa7c3cbc660c2b3]::rust_begin_unwind
[INFO] [stdout]   10:     0x604c353d744c - core[df12db4294e9bfd3]::panicking::panic_fmt
[INFO] [stdout]   11:     0x604c353d7412 - core[df12db4294e9bfd3]::panicking::panic
[INFO] [stdout]   12:     0x604c34f99439 - itchio_api[b59319128a8acdac]::wharf::tests::bad_key::{closure#0}
[INFO] [stdout]   13:     0x604c34fa175a - <tokio[1ea70a83a00c3f3f]::runtime::scheduler::current_thread::CurrentThread>::block_on::<core[df12db4294e9bfd3]::pin::Pin<&mut dyn core[df12db4294e9bfd3]::future::future::Future<Output = ()>>>
[INFO] [stdout]   14:     0x604c34faa02d - <tokio[1ea70a83a00c3f3f]::runtime::runtime::Runtime>::block_on::<core[df12db4294e9bfd3]::pin::Pin<&mut dyn core[df12db4294e9bfd3]::future::future::Future<Output = ()>>>
[INFO] [stdout]   15:     0x604c34f9974c - itchio_api[b59319128a8acdac]::wharf::tests::bad_key
[INFO] [stdout]   16:     0x604c34f9b1a9 - <itchio_api[b59319128a8acdac]::wharf::tests::bad_key::{closure#0} as core[df12db4294e9bfd3]::ops::function::FnOnce<()>>::call_once
[INFO] [stdout]   17:     0x604c34fab8bb - test[9d35eded1c95d3be]::__rust_begin_short_backtrace::<core[df12db4294e9bfd3]::result::Result<(), alloc[2182bb758b4b3781]::string::String>, fn() -> core[df12db4294e9bfd3]::result::Result<(), alloc[2182bb758b4b3781]::string::String>>
[INFO] [stdout]   18:     0x604c34fb8f25 - test[9d35eded1c95d3be]::run_test::{closure#0}
[INFO] [stdout]   19:     0x604c34fb27e4 - std[70759c8f55707aa4]::sys::backtrace::__rust_begin_short_backtrace::<test[9d35eded1c95d3be]::run_test::{closure#1}, ()>
[INFO] [stdout]   20:     0x604c34fbc082 - <std[70759c8f55707aa4]::thread::lifecycle::spawn_unchecked<test[9d35eded1c95d3be]::run_test::{closure#1}, ()>::{closure#1} as core[df12db4294e9bfd3]::ops::function::FnOnce<()>>::call_once::{shim:vtable#0}
[INFO] [stdout]   21:     0x604c353bfe89 - <std[70759c8f55707aa4]::sys::thread::unix::Thread>::new::thread_start
[INFO] [stdout]   22:     0x77f381689dfa - <unknown>
[INFO] [stdout]   23:     0x77f38171d3d4 - clone
[INFO] [stdout]   24:                0x0 - <unknown>
[INFO] [stdout] 
[INFO] [stdout] ---- my_games::tests::bad_key_graphs stdout ----
[INFO] [stdout] Error spotted: HTTP request failed: error sending request for url (https://itch.io/api/1/key/my-games/graphs)
[INFO] [stdout] 
[INFO] [stdout] thread 'my_games::tests::bad_key_graphs' (2882) panicked at src/my_games.rs:130:5:
[INFO] [stdout] assertion failed: graphs.is_err_and(|err| matches!(err, ItchioError::BadKey))
[INFO] [stdout] stack backtrace:
[INFO] [stdout]    0:     0x604c353c0961 - <<std[70759c8f55707aa4]::sys::backtrace::BacktraceLock>::print::DisplayBacktrace as core[df12db4294e9bfd3]::fmt::Display>::fmt
[INFO] [stdout]    1:     0x604c353d6cea - core[df12db4294e9bfd3]::fmt::write
[INFO] [stdout]    2:     0x604c353c581c - <alloc[2182bb758b4b3781]::vec::Vec<u8> as core[df12db4294e9bfd3]::io::write::Write>::write_fmt
[INFO] [stdout]    3:     0x604c3539b4a6 - std[70759c8f55707aa4]::panicking::default_hook::{closure#0}
[INFO] [stdout]    4:     0x604c353b8569 - std[70759c8f55707aa4]::panicking::default_hook
[INFO] [stdout]    5:     0x604c34fb85d0 - test[9d35eded1c95d3be]::test_main_inner::<test[9d35eded1c95d3be]::test_main_static::{closure#0}>::{closure#0}
[INFO] [stdout]    6:     0x604c353b8892 - std[70759c8f55707aa4]::panicking::panic_with_hook
[INFO] [stdout]    7:     0x604c3539b584 - std[70759c8f55707aa4]::panicking::panic_handler::{closure#0}
[INFO] [stdout]    8:     0x604c35393f19 - std[70759c8f55707aa4]::sys::backtrace::__rust_end_short_backtrace::<std[70759c8f55707aa4]::panicking::panic_handler::{closure#0}, !>
[INFO] [stdout]    9:     0x604c3539c3dd - __rustc[8fa7c3cbc660c2b3]::rust_begin_unwind
[INFO] [stdout]   10:     0x604c353d744c - core[df12db4294e9bfd3]::panicking::panic_fmt
[INFO] [stdout]   11:     0x604c353d7412 - core[df12db4294e9bfd3]::panicking::panic
[INFO] [stdout]   12:     0x604c34f8106d - itchio_api[b59319128a8acdac]::my_games::tests::bad_key_graphs::{closure#0}
[INFO] [stdout]   13:     0x604c34fa175a - <tokio[1ea70a83a00c3f3f]::runtime::scheduler::current_thread::CurrentThread>::block_on::<core[df12db4294e9bfd3]::pin::Pin<&mut dyn core[df12db4294e9bfd3]::future::future::Future<Output = ()>>>
[INFO] [stdout]   14:     0x604c34faa02d - <tokio[1ea70a83a00c3f3f]::runtime::runtime::Runtime>::block_on::<core[df12db4294e9bfd3]::pin::Pin<&mut dyn core[df12db4294e9bfd3]::future::future::Future<Output = ()>>>
[INFO] [stdout]   15:     0x604c34f816cc - itchio_api[b59319128a8acdac]::my_games::tests::bad_key_graphs
[INFO] [stdout]   16:     0x604c34f9b269 - <itchio_api[b59319128a8acdac]::my_games::tests::bad_key_graphs::{closure#0} as core[df12db4294e9bfd3]::ops::function::FnOnce<()>>::call_once
[INFO] [stdout]   17:     0x604c34fab8bb - test[9d35eded1c95d3be]::__rust_begin_short_backtrace::<core[df12db4294e9bfd3]::result::Result<(), alloc[2182bb758b4b3781]::string::String>, fn() -> core[df12db4294e9bfd3]::result::Result<(), alloc[2182bb758b4b3781]::string::String>>
[INFO] [stdout]   18:     0x604c34fb8f25 - test[9d35eded1c95d3be]::run_test::{closure#0}
[INFO] [stdout]   19:     0x604c34fb27e4 - std[70759c8f55707aa4]::sys::backtrace::__rust_begin_short_backtrace::<test[9d35eded1c95d3be]::run_test::{closure#1}, ()>
[INFO] [stdout]   20:     0x604c34fbc082 - <std[70759c8f55707aa4]::thread::lifecycle::spawn_unchecked<test[9d35eded1c95d3be]::run_test::{closure#1}, ()>::{closure#1} as core[df12db4294e9bfd3]::ops::function::FnOnce<()>>::call_once::{shim:vtable#0}
[INFO] [stdout]   21:     0x604c353bfe89 - <std[70759c8f55707aa4]::sys::thread::unix::Thread>::new::thread_start
[INFO] [stdout]   22:     0x77f381689dfa - <unknown>
[INFO] [stdout]   23:     0x77f38171d3d4 - clone
[INFO] [stdout]   24:                0x0 - <unknown>
[INFO] [stdout] 
[INFO] [stdout] ---- me::tests::bad_key stdout ----
[INFO] [stdout] 
[INFO] [stdout] thread 'me::tests::bad_key' (2879) panicked at src/me.rs:38:5:
[INFO] [stdout] assertion failed: me.is_err_and(|err| matches!(err, ItchioError::BadKey))
[INFO] [stdout] stack backtrace:
[INFO] [stdout]    0:     0x604c353c0961 - <<std[70759c8f55707aa4]::sys::backtrace::BacktraceLock>::print::DisplayBacktrace as core[df12db4294e9bfd3]::fmt::Display>::fmt
[INFO] [stdout]    1:     0x604c353d6cea - core[df12db4294e9bfd3]::fmt::write
[INFO] [stdout]    2:     0x604c353c581c - <alloc[2182bb758b4b3781]::vec::Vec<u8> as core[df12db4294e9bfd3]::io::write::Write>::write_fmt
[INFO] [stdout]    3:     0x604c3539b4a6 - std[70759c8f55707aa4]::panicking::default_hook::{closure#0}
[INFO] [stdout]    4:     0x604c353b8569 - std[70759c8f55707aa4]::panicking::default_hook
[INFO] [stdout]    5:     0x604c34fb85d0 - test[9d35eded1c95d3be]::test_main_inner::<test[9d35eded1c95d3be]::test_main_static::{closure#0}>::{closure#0}
[INFO] [stdout]    6:     0x604c353b8892 - std[70759c8f55707aa4]::panicking::panic_with_hook
[INFO] [stdout]    7:     0x604c3539b584 - std[70759c8f55707aa4]::panicking::panic_handler::{closure#0}
[INFO] [stdout]    8:     0x604c35393f19 - std[70759c8f55707aa4]::sys::backtrace::__rust_end_short_backtrace::<std[70759c8f55707aa4]::panicking::panic_handler::{closure#0}, !>
[INFO] [stdout]    9:     0x604c3539c3dd - __rustc[8fa7c3cbc660c2b3]::rust_begin_unwind
[INFO] [stdout]   10:     0x604c353d744c - core[df12db4294e9bfd3]::panicking::panic_fmt
[INFO] [stdout]   11:     0x604c353d7412 - core[df12db4294e9bfd3]::panicking::panic
[INFO] [stdout]   12:     0x604c34f85b62 - itchio_api[b59319128a8acdac]::me::tests::bad_key::{closure#0}
[INFO] [stdout]   13:     0x604c34fa175a - <tokio[1ea70a83a00c3f3f]::runtime::scheduler::current_thread::CurrentThread>::block_on::<core[df12db4294e9bfd3]::pin::Pin<&mut dyn core[df12db4294e9bfd3]::future::future::Future<Output = ()>>>
[INFO] [stdout]   14:     0x604c34faa02d - <tokio[1ea70a83a00c3f3f]::runtime::runtime::Runtime>::block_on::<core[df12db4294e9bfd3]::pin::Pin<&mut dyn core[df12db4294e9bfd3]::future::future::Future<Output = ()>>>
[INFO] [stdout]   15:     0x604c34f860ac - itchio_api[b59319128a8acdac]::me::tests::bad_key
[INFO] [stdout]   16:     0x604c34f9b109 - <itchio_api[b59319128a8acdac]::me::tests::bad_key::{closure#0} as core[df12db4294e9bfd3]::ops::function::FnOnce<()>>::call_once
[INFO] [stdout]   17:     0x604c34fab8bb - test[9d35eded1c95d3be]::__rust_begin_short_backtrace::<core[df12db4294e9bfd3]::result::Result<(), alloc[2182bb758b4b3781]::string::String>, fn() -> core[df12db4294e9bfd3]::result::Result<(), alloc[2182bb758b4b3781]::string::String>>
[INFO] [stdout]   18:     0x604c34fb8f25 - test[9d35eded1c95d3be]::run_test::{closure#0}
[INFO] [stdout]   19:     0x604c34fb27e4 - std[70759c8f55707aa4]::sys::backtrace::__rust_begin_short_backtrace::<test[9d35eded1c95d3be]::run_test::{closure#1}, ()>
[INFO] [stdout]   20:     0x604c34fbc082 - <std[70759c8f55707aa4]::thread::lifecycle::spawn_unchecked<test[9d35eded1c95d3be]::run_test::{closure#1}, ()>::{closure#1} as core[df12db4294e9bfd3]::ops::function::FnOnce<()>>::call_once::{shim:vtable#0}
[INFO] [stdout]   21:     0x604c353bfe89 - <std[70759c8f55707aa4]::sys::thread::unix::Thread>::new::thread_start
[INFO] [stdout]   22:     0x77f381689dfa - <unknown>
[INFO] [stdout]   23:     0x77f38171d3d4 - clone
[INFO] [stdout]   24:                0x0 - <unknown>
[INFO] [stdout] 
[INFO] [stdout] ---- credentials_info::tests::bad_key stdout ----
[INFO] [stdout] 
[INFO] [stdout] thread 'credentials_info::tests::bad_key' (2875) panicked at src/credentials_info.rs:40:5:
[INFO] [stdout] assertion failed: credentials.is_err_and(|err| matches!(err, ItchioError::BadKey))
[INFO] [stdout] stack backtrace:
[INFO] [stdout]    0:     0x604c353c0961 - <<std[70759c8f55707aa4]::sys::backtrace::BacktraceLock>::print::DisplayBacktrace as core[df12db4294e9bfd3]::fmt::Display>::fmt
[INFO] [stdout]    1:     0x604c353d6cea - core[df12db4294e9bfd3]::fmt::write
[INFO] [stdout]    2:     0x604c353c581c - <alloc[2182bb758b4b3781]::vec::Vec<u8> as core[df12db4294e9bfd3]::io::write::Write>::write_fmt
[INFO] [stdout]    3:     0x604c3539b4a6 - std[70759c8f55707aa4]::panicking::default_hook::{closure#0}
[INFO] [stdout]    4:     0x604c353b8569 - std[70759c8f55707aa4]::panicking::default_hook
[INFO] [stdout]    5:     0x604c34fb85d0 - test[9d35eded1c95d3be]::test_main_inner::<test[9d35eded1c95d3be]::test_main_static::{closure#0}>::{closure#0}
[INFO] [stdout]    6:     0x604c353b8892 - std[70759c8f55707aa4]::panicking::panic_with_hook
[INFO] [stdout]    7:     0x604c3539b584 - std[70759c8f55707aa4]::panicking::panic_handler::{closure#0}
[INFO] [stdout]    8:     0x604c35393f19 - std[70759c8f55707aa4]::sys::backtrace::__rust_end_short_backtrace::<std[70759c8f55707aa4]::panicking::panic_handler::{closure#0}, !>
[INFO] [stdout]    9:     0x604c3539c3dd - __rustc[8fa7c3cbc660c2b3]::rust_begin_unwind
[INFO] [stdout]   10:     0x604c353d744c - core[df12db4294e9bfd3]::panicking::panic_fmt
[INFO] [stdout]   11:     0x604c353d7412 - core[df12db4294e9bfd3]::panicking::panic
[INFO] [stdout]   12:     0x604c34f959d6 - itchio_api[b59319128a8acdac]::credentials_info::tests::bad_key::{closure#0}
[INFO] [stdout]   13:     0x604c34fa175a - <tokio[1ea70a83a00c3f3f]::runtime::scheduler::current_thread::CurrentThread>::block_on::<core[df12db4294e9bfd3]::pin::Pin<&mut dyn core[df12db4294e9bfd3]::future::future::Future<Output = ()>>>
[INFO] [stdout]   14:     0x604c34faa02d - <tokio[1ea70a83a00c3f3f]::runtime::runtime::Runtime>::block_on::<core[df12db4294e9bfd3]::pin::Pin<&mut dyn core[df12db4294e9bfd3]::future::future::Future<Output = ()>>>
[INFO] [stdout]   15:     0x604c34f95cfc - itchio_api[b59319128a8acdac]::credentials_info::tests::bad_key
[INFO] [stdout]   16:     0x604c34f9b0c9 - <itchio_api[b59319128a8acdac]::credentials_info::tests::bad_key::{closure#0} as core[df12db4294e9bfd3]::ops::function::FnOnce<()>>::call_once
[INFO] [stdout]   17:     0x604c34fab8bb - test[9d35eded1c95d3be]::__rust_begin_short_backtrace::<core[df12db4294e9bfd3]::result::Result<(), alloc[2182bb758b4b3781]::string::String>, fn() -> core[df12db4294e9bfd3]::result::Result<(), alloc[2182bb758b4b3781]::string::String>>
[INFO] [stdout]   18:     0x604c34fb8f25 - test[9d35eded1c95d3be]::run_test::{closure#0}
[INFO] [stdout]   19:     0x604c34fb27e4 - std[70759c8f55707aa4]::sys::backtrace::__rust_begin_short_backtrace::<test[9d35eded1c95d3be]::run_test::{closure#1}, ()>
[INFO] [stdout]   20:     0x604c34fbc082 - <std[70759c8f55707aa4]::thread::lifecycle::spawn_unchecked<test[9d35eded1c95d3be]::run_test::{closure#1}, ()>::{closure#1} as core[df12db4294e9bfd3]::ops::function::FnOnce<()>>::call_once::{shim:vtable#0}
[INFO] [stdout]   21:     0x604c353bfe89 - <std[70759c8f55707aa4]::sys::thread::unix::Thread>::new::thread_start
[INFO] [stdout]   22:     0x77f381689dfa - <unknown>
[INFO] [stdout]   23:     0x77f38171d3d4 - clone
[INFO] [stdout]   24:                0x0 - <unknown>
[INFO] [stdout] 
[INFO] [stdout] ---- purchases::tests::bad_key stdout ----
[INFO] [stdout] 
[INFO] [stdout] thread 'purchases::tests::bad_key' (2885) panicked at src/purchases.rs:65:5:
[INFO] [stdout] assertion failed: purchases.is_err_and(|err| matches!(err, ItchioError::BadKey))
[INFO] [stdout] stack backtrace:
[INFO] [stdout]    0:     0x604c353c0961 - <<std[70759c8f55707aa4]::sys::backtrace::BacktraceLock>::print::DisplayBacktrace as core[df12db4294e9bfd3]::fmt::Display>::fmt
[INFO] [stdout]    1:     0x604c353d6cea - core[df12db4294e9bfd3]::fmt::write
[INFO] [stdout]    2:     0x604c353c581c - <alloc[2182bb758b4b3781]::vec::Vec<u8> as core[df12db4294e9bfd3]::io::write::Write>::write_fmt
[INFO] [stdout]    3:     0x604c3539b4a6 - std[70759c8f55707aa4]::panicking::default_hook::{closure#0}
[INFO] [stdout]    4:     0x604c353b8569 - std[70759c8f55707aa4]::panicking::default_hook
[INFO] [stdout]    5:     0x604c34fb85d0 - test[9d35eded1c95d3be]::test_main_inner::<test[9d35eded1c95d3be]::test_main_static::{closure#0}>::{closure#0}
[INFO] [stdout]    6:     0x604c353b8892 - std[70759c8f55707aa4]::panicking::panic_with_hook
[INFO] [stdout]    7:     0x604c3539b584 - std[70759c8f55707aa4]::panicking::panic_handler::{closure#0}
[INFO] [stdout]    8:     0x604c35393f19 - std[70759c8f55707aa4]::sys::backtrace::__rust_end_short_backtrace::<std[70759c8f55707aa4]::panicking::panic_handler::{closure#0}, !>
[INFO] [stdout]    9:     0x604c3539c3dd - __rustc[8fa7c3cbc660c2b3]::rust_begin_unwind
[INFO] [stdout]   10:     0x604c353d744c - core[df12db4294e9bfd3]::panicking::panic_fmt
[INFO] [stdout]   11:     0x604c353d7412 - core[df12db4294e9bfd3]::panicking::panic
[INFO] [stdout]   12:     0x604c34fa0790 - itchio_api[b59319128a8acdac]::purchases::tests::bad_key::{closure#0}
[INFO] [stdout]   13:     0x604c34fa175a - <tokio[1ea70a83a00c3f3f]::runtime::scheduler::current_thread::CurrentThread>::block_on::<core[df12db4294e9bfd3]::pin::Pin<&mut dyn core[df12db4294e9bfd3]::future::future::Future<Output = ()>>>
[INFO] [stdout]   14:     0x604c34faa02d - <tokio[1ea70a83a00c3f3f]::runtime::runtime::Runtime>::block_on::<core[df12db4294e9bfd3]::pin::Pin<&mut dyn core[df12db4294e9bfd3]::future::future::Future<Output = ()>>>
[INFO] [stdout]   15:     0x604c34fa101c - itchio_api[b59319128a8acdac]::purchases::tests::bad_key
[INFO] [stdout]   16:     0x604c34f9b289 - <itchio_api[b59319128a8acdac]::purchases::tests::bad_key::{closure#0} as core[df12db4294e9bfd3]::ops::function::FnOnce<()>>::call_once
[INFO] [stdout]   17:     0x604c34fab8bb - test[9d35eded1c95d3be]::__rust_begin_short_backtrace::<core[df12db4294e9bfd3]::result::Result<(), alloc[2182bb758b4b3781]::string::String>, fn() -> core[df12db4294e9bfd3]::result::Result<(), alloc[2182bb758b4b3781]::string::String>>
[INFO] [stdout]   18:     0x604c34fb8f25 - test[9d35eded1c95d3be]::run_test::{closure#0}
[INFO] [stdout]   19:     0x604c34fb27e4 - std[70759c8f55707aa4]::sys::backtrace::__rust_begin_short_backtrace::<test[9d35eded1c95d3be]::run_test::{closure#1}, ()>
[INFO] [stdout]   20:     0x604c34fbc082 - <std[70759c8f55707aa4]::thread::lifecycle::spawn_unchecked<test[9d35eded1c95d3be]::run_test::{closure#1}, ()>::{closure#1} as core[df12db4294e9bfd3]::ops::function::FnOnce<()>>::call_once::{shim:vtable#0}
[INFO] [stdout]   21:     0x604c353bfe89 - <std[70759c8f55707aa4]::sys::thread::unix::Thread>::new::thread_start
[INFO] [stdout]   22:     0x77f381689dfa - <unknown>
[INFO] [stdout]   23:     0x77f38171d3d4 - clone
[INFO] [stdout]   24:                0x0 - <unknown>
[INFO] [stdout] 
[INFO] [stdout] ---- search::tests::bad_key stdout ----
[INFO] [stdout] 
[INFO] [stdout] thread 'search::tests::bad_key' (2886) panicked at src/search.rs:69:5:
[INFO] [stdout] assertion failed: search.is_err_and(|err| matches!(err, ItchioError::BadKey))
[INFO] [stdout] stack backtrace:
[INFO] [stdout]    0:     0x604c353c0961 - <<std[70759c8f55707aa4]::sys::backtrace::BacktraceLock>::print::DisplayBacktrace as core[df12db4294e9bfd3]::fmt::Display>::fmt
[INFO] [stdout]    1:     0x604c353d6cea - core[df12db4294e9bfd3]::fmt::write
[INFO] [stdout]    2:     0x604c353c581c - <alloc[2182bb758b4b3781]::vec::Vec<u8> as core[df12db4294e9bfd3]::io::write::Write>::write_fmt
[INFO] [stdout]    3:     0x604c3539b4a6 - std[70759c8f55707aa4]::panicking::default_hook::{closure#0}
[INFO] [stdout]    4:     0x604c353b8569 - std[70759c8f55707aa4]::panicking::default_hook
[INFO] [stdout]    5:     0x604c34fb85d0 - test[9d35eded1c95d3be]::test_main_inner::<test[9d35eded1c95d3be]::test_main_static::{closure#0}>::{closure#0}
[INFO] [stdout]    6:     0x604c353b8892 - std[70759c8f55707aa4]::panicking::panic_with_hook
[INFO] [stdout]    7:     0x604c3539b584 - std[70759c8f55707aa4]::panicking::panic_handler::{closure#0}
[INFO] [stdout]    8:     0x604c35393f19 - std[70759c8f55707aa4]::sys::backtrace::__rust_end_short_backtrace::<std[70759c8f55707aa4]::panicking::panic_handler::{closure#0}, !>
[INFO] [stdout]    9:     0x604c3539c3dd - __rustc[8fa7c3cbc660c2b3]::rust_begin_unwind
[INFO] [stdout]   10:     0x604c353d744c - core[df12db4294e9bfd3]::panicking::panic_fmt
[INFO] [stdout]   11:     0x604c353d7412 - core[df12db4294e9bfd3]::panicking::panic
[INFO] [stdout]   12:     0x604c34f91cc0 - itchio_api[b59319128a8acdac]::search::tests::bad_key::{closure#0}
[INFO] [stdout]   13:     0x604c34fa175a - <tokio[1ea70a83a00c3f3f]::runtime::scheduler::current_thread::CurrentThread>::block_on::<core[df12db4294e9bfd3]::pin::Pin<&mut dyn core[df12db4294e9bfd3]::future::future::Future<Output = ()>>>
[INFO] [stdout]   14:     0x604c34faa02d - <tokio[1ea70a83a00c3f3f]::runtime::runtime::Runtime>::block_on::<core[df12db4294e9bfd3]::pin::Pin<&mut dyn core[df12db4294e9bfd3]::future::future::Future<Output = ()>>>
[INFO] [stdout]   15:     0x604c34f9202c - itchio_api[b59319128a8acdac]::search::tests::bad_key
[INFO] [stdout]   16:     0x604c34f9b1e9 - <itchio_api[b59319128a8acdac]::search::tests::bad_key::{closure#0} as core[df12db4294e9bfd3]::ops::function::FnOnce<()>>::call_once
[INFO] [stdout]   17:     0x604c34fab8bb - test[9d35eded1c95d3be]::__rust_begin_short_backtrace::<core[df12db4294e9bfd3]::result::Result<(), alloc[2182bb758b4b3781]::string::String>, fn() -> core[df12db4294e9bfd3]::result::Result<(), alloc[2182bb758b4b3781]::string::String>>
[INFO] [stdout]   18:     0x604c34fb8f25 - test[9d35eded1c95d3be]::run_test::{closure#0}
[INFO] [stdout]   19:     0x604c34fb27e4 - std[70759c8f55707aa4]::sys::backtrace::__rust_begin_short_backtrace::<test[9d35eded1c95d3be]::run_test::{closure#1}, ()>
[INFO] [stdout]   20:     0x604c34fbc082 - <std[70759c8f55707aa4]::thread::lifecycle::spawn_unchecked<test[9d35eded1c95d3be]::run_test::{closure#1}, ()>::{closure#1} as core[df12db4294e9bfd3]::ops::function::FnOnce<()>>::call_once::{shim:vtable#0}
[INFO] [stdout]   21:     0x604c353bfe89 - <std[70759c8f55707aa4]::sys::thread::unix::Thread>::new::thread_start
[INFO] [stdout]   22:     0x77f381689dfa - <unknown>
[INFO] [stdout]   23:     0x77f38171d3d4 - clone
[INFO] [stdout]   24:                0x0 - <unknown>
[INFO] [stdout] 
[INFO] [stdout] ---- users::tests::bad_key stdout ----
[INFO] [stdout] 
[INFO] [stdout] thread 'users::tests::bad_key' (2888) panicked at src/users.rs:47:5:
[INFO] [stdout] assertion failed: user.is_err_and(|err| matches!(err, ItchioError::BadKey))
[INFO] [stdout] stack backtrace:
[INFO] [stdout]    0:     0x604c353c0961 - <<std[70759c8f55707aa4]::sys::backtrace::BacktraceLock>::print::DisplayBacktrace as core[df12db4294e9bfd3]::fmt::Display>::fmt
[INFO] [stdout]    1:     0x604c353d6cea - core[df12db4294e9bfd3]::fmt::write
[INFO] [stdout]    2:     0x604c353c581c - <alloc[2182bb758b4b3781]::vec::Vec<u8> as core[df12db4294e9bfd3]::io::write::Write>::write_fmt
[INFO] [stdout]    3:     0x604c3539b4a6 - std[70759c8f55707aa4]::panicking::default_hook::{closure#0}
[INFO] [stdout]    4:     0x604c353b8569 - std[70759c8f55707aa4]::panicking::default_hook
[INFO] [stdout]    5:     0x604c34fb85d0 - test[9d35eded1c95d3be]::test_main_inner::<test[9d35eded1c95d3be]::test_main_static::{closure#0}>::{closure#0}
[INFO] [stdout]    6:     0x604c353b8892 - std[70759c8f55707aa4]::panicking::panic_with_hook
[INFO] [stdout]    7:     0x604c3539b584 - std[70759c8f55707aa4]::panicking::panic_handler::{closure#0}
[INFO] [stdout]    8:     0x604c35393f19 - std[70759c8f55707aa4]::sys::backtrace::__rust_end_short_backtrace::<std[70759c8f55707aa4]::panicking::panic_handler::{closure#0}, !>
[INFO] [stdout]    9:     0x604c3539c3dd - __rustc[8fa7c3cbc660c2b3]::rust_begin_unwind
[INFO] [stdout]   10:     0x604c353d744c - core[df12db4294e9bfd3]::panicking::panic_fmt
[INFO] [stdout]   11:     0x604c353d7412 - core[df12db4294e9bfd3]::panicking::panic
[INFO] [stdout]   12:     0x604c34f8999a - itchio_api[b59319128a8acdac]::users::tests::bad_key::{closure#0}
[INFO] [stdout]   13:     0x604c34fa175a - <tokio[1ea70a83a00c3f3f]::runtime::scheduler::current_thread::CurrentThread>::block_on::<core[df12db4294e9bfd3]::pin::Pin<&mut dyn core[df12db4294e9bfd3]::future::future::Future<Output = ()>>>
[INFO] [stdout]   14:     0x604c34faa02d - <tokio[1ea70a83a00c3f3f]::runtime::runtime::Runtime>::block_on::<core[df12db4294e9bfd3]::pin::Pin<&mut dyn core[df12db4294e9bfd3]::future::future::Future<Output = ()>>>
[INFO] [stdout]   15:     0x604c34f8a07c - itchio_api[b59319128a8acdac]::users::tests::bad_key
[INFO] [stdout]   16:     0x604c34f9b149 - <itchio_api[b59319128a8acdac]::users::tests::bad_key::{closure#0} as core[df12db4294e9bfd3]::ops::function::FnOnce<()>>::call_once
[INFO] [stdout]   17:     0x604c34fab8bb - test[9d35eded1c95d3be]::__rust_begin_short_backtrace::<core[df12db4294e9bfd3]::result::Result<(), alloc[2182bb758b4b3781]::string::String>, fn() -> core[df12db4294e9bfd3]::result::Result<(), alloc[2182bb758b4b3781]::string::String>>
[INFO] [stdout]   18:     0x604c34fb8f25 - test[9d35eded1c95d3be]::run_test::{closure#0}
[INFO] [stdout]   19:     0x604c34fb27e4 - std[70759c8f55707aa4]::sys::backtrace::__rust_begin_short_backtrace::<test[9d35eded1c95d3be]::run_test::{closure#1}, ()>
[INFO] [stdout]   20:     0x604c34fbc082 - <std[70759c8f55707aa4]::thread::lifecycle::spawn_unchecked<test[9d35eded1c95d3be]::run_test::{closure#1}, ()>::{closure#1} as core[df12db4294e9bfd3]::ops::function::FnOnce<()>>::call_once::{shim:vtable#0}
[INFO] [stdout]   21:     0x604c353bfe89 - <std[70759c8f55707aa4]::sys::thread::unix::Thread>::new::thread_start
[INFO] [stdout]   22:     0x77f381689dfa - <unknown>
[INFO] [stdout]   23:     0x77f38171d3d4 - clone
[INFO] [stdout]   24:                0x0 - <unknown>
[INFO] [stdout] 
[INFO] [stdout] 
[INFO] [stdout] failures:
[INFO] [stdout]     credentials_info::tests::bad_key
[INFO] [stdout]     credentials_info::tests::good
[INFO] [stdout]     download_keys::tests::bad_key
[INFO] [stdout]     download_keys::tests::good
[INFO] [stdout]     me::tests::bad_key
[INFO] [stdout]     me::tests::good
[INFO] [stdout]     my_games::tests::bad_key_games
[INFO] [stdout]     my_games::tests::bad_key_graphs
[INFO] [stdout]     my_games::tests::good_games
[INFO] [stdout]     my_games::tests::good_graphs
[INFO] [stdout]     purchases::tests::bad_key
[INFO] [stdout]     search::tests::bad_key
[INFO] [stdout]     search::tests::good
[INFO] [stdout]     users::tests::bad_key
[INFO] [stdout]     users::tests::bad_user
[INFO] [stdout]     users::tests::good
[INFO] [stdout]     wharf::tests::bad_key
[INFO] [stdout]     wharf::tests::good
[INFO] [stdout] 
[INFO] [stdout] test result: FAILED. 0 passed; 18 failed; 0 ignored; 0 measured; 0 filtered out; finished in 0.11s
[INFO] [stdout] 
[INFO] running `Command { std: "docker" "inspect" "be1af49db08348d61296f5917beaa13348965a3f8bb09907b0e9b72b8299824c", kill_on_drop: false }`
[INFO] running `Command { std: "docker" "rm" "-f" "be1af49db08348d61296f5917beaa13348965a3f8bb09907b0e9b72b8299824c", kill_on_drop: false }`
[INFO] [stdout] be1af49db08348d61296f5917beaa13348965a3f8bb09907b0e9b72b8299824c
