[INFO] fetching crate isr 0.8.0...
[INFO] testing isr-0.8.0 against 1.99.0-beta.8+cargoflags=--release for beta-release-1.100-2
[INFO] extracting crate isr 0.8.0 into /workspace/builds/worker-6-tc1/source
[INFO] started tweaking crates.io crate isr 0.8.0
[INFO] removed 0 missing examples
[INFO] finished tweaking crates.io crate isr 0.8.0
[INFO] tweaked toml for crates.io crate isr 0.8.0 written to /workspace/builds/worker-6-tc1/source/Cargo.toml
[INFO] validating manifest of crates.io crate isr 0.8.0 on toolchain 1.99.0-beta.8
[INFO] running `Command { std: CARGO_HOME="/workspace/cargo-home" RUSTUP_HOME="/workspace/rustup-home" "/workspace/cargo-home/bin/cargo" "+1.99.0-beta.8" "metadata" "--manifest-path" "Cargo.toml" "--no-deps", kill_on_drop: false }`
[INFO] crate crates.io crate isr 0.8.0 already has a lockfile, it will not be regenerated
[INFO] running `Command { std: CARGO_HOME="/workspace/cargo-home" RUSTUP_HOME="/workspace/rustup-home" "/workspace/cargo-home/bin/cargo" "+1.99.0-beta.8" "fetch" "--manifest-path" "Cargo.toml", kill_on_drop: false }`
[INFO] [stderr]     Updating crates.io index
[INFO] [stderr]  Downloading crates ...
[INFO] [stderr]   Downloaded isr-pdb v0.8.0
[INFO] [stderr]   Downloaded isr-core v0.8.0
[INFO] [stderr]   Downloaded isr-dwarf v0.8.0
[INFO] [stderr]   Downloaded isr-macros v0.8.0
[INFO] [stderr]   Downloaded pdb v0.8.0
[INFO] [stderr]   Downloaded isr-dl-windows v0.8.0
[INFO] [stderr]   Downloaded gimli v0.34.0
[INFO] [stderr]   Downloaded isr-dl v0.8.0
[INFO] [stderr]   Downloaded isr-dl-linux v0.8.0
[INFO] [stderr]   Downloaded debpkg v0.6.0
[INFO] [stderr]   Downloaded infer v0.8.1
[INFO] [stderr]   Downloaded isr-cache v0.8.0
[INFO] running `Command { std: "docker" "create" "-v" "/var/lib/crater-agent-workspace/builds/worker-6-tc1/source:/opt/rustwide/workdir:ro,Z" "-v" "/var/lib/crater-agent-workspace/builds/worker-6-tc1/target:/opt/rustwide/target:rw,Z" "-v" "/var/lib/crater-agent-workspace/cargo-home:/opt/rustwide/cargo-home:ro,Z" "-v" "/var/lib/crater-agent-workspace/rustup-home:/opt/rustwide/rustup-home:ro,Z" "-m" "1610612736" "--network" "none" "ghcr.io/rust-lang/crates-build-env/linux@sha256:77db811e55d90add9212f6832c23229e3de5f1c1f9905e8cb07319ea15df73ac" "sleep" "infinity", kill_on_drop: false }`
[INFO] [stdout] ea35a00f6ce74b08e1138f0d0fadd3414e5364d9caf7f8149fa1f0dbda566410
[INFO] running `Command { std: "docker" "start" "ea35a00f6ce74b08e1138f0d0fadd3414e5364d9caf7f8149fa1f0dbda566410", kill_on_drop: false }`
[INFO] running `Command { std: "docker" "inspect" "ea35a00f6ce74b08e1138f0d0fadd3414e5364d9caf7f8149fa1f0dbda566410", kill_on_drop: false }`
[INFO] running `Command { std: "docker" "exec" "-e" "SOURCE_DIR=/opt/rustwide/workdir" "-e" "CARGO_HOME=/opt/rustwide/cargo-home" "-e" "RUSTUP_HOME=/opt/rustwide/rustup-home" "-e" "CARGO_TARGET_DIR=/opt/rustwide/target" "-w" "/opt/rustwide/workdir" "--user" "0:0" "ea35a00f6ce74b08e1138f0d0fadd3414e5364d9caf7f8149fa1f0dbda566410" "/opt/rustwide/cargo-home/bin/cargo" "+1.99.0-beta.8" "metadata" "--no-deps" "--format-version=1", kill_on_drop: false }`
[INFO] running `Command { std: "docker" "inspect" "ea35a00f6ce74b08e1138f0d0fadd3414e5364d9caf7f8149fa1f0dbda566410", kill_on_drop: false }`
[INFO] running `Command { std: "docker" "exec" "-e" "SOURCE_DIR=/opt/rustwide/workdir" "-e" "CARGO_HOME=/opt/rustwide/cargo-home" "-e" "RUSTUP_HOME=/opt/rustwide/rustup-home" "-e" "CARGO_TARGET_DIR=/opt/rustwide/target" "-e" "CARGO_INCREMENTAL=0" "-e" "RUST_BACKTRACE=full" "-e" "RUSTFLAGS=--cap-lints=warn" "-e" "RUSTDOCFLAGS=--cap-lints=warn" "-w" "/opt/rustwide/workdir" "--user" "0:0" "ea35a00f6ce74b08e1138f0d0fadd3414e5364d9caf7f8149fa1f0dbda566410" "/opt/rustwide/cargo-home/bin/cargo" "+1.99.0-beta.8" "build" "--frozen" "--message-format=json" "--release", kill_on_drop: false }`
[INFO] [stderr]    Compiling proc-macro2 v1.0.107
[INFO] [stderr]    Compiling quote v1.0.47
[INFO] [stderr]    Compiling unicode-ident v1.0.24
[INFO] [stderr]    Compiling serde_core v1.0.229
[INFO] [stderr]    Compiling simdutf8 v0.1.5
[INFO] [stderr]    Compiling hashbrown v0.17.1
[INFO] [stderr]    Compiling equivalent v1.0.2
[INFO] [stderr]    Compiling thiserror v2.0.20
[INFO] [stderr]    Compiling syn v3.0.5
[INFO] [stderr]    Compiling syn v2.0.119
[INFO] [stderr]    Compiling indexmap v2.14.2
[INFO] [stderr]    Compiling munge_macro v0.4.7
[INFO] [stderr]    Compiling munge v0.4.7
[INFO] [stderr]    Compiling ptr_meta_derive v0.3.2
[INFO] [stderr]    Compiling bytecheck_derive v0.8.3
[INFO] [stderr]    Compiling rkyv_derive v0.8.18
[INFO] [stderr]    Compiling thiserror-impl v2.0.20
[INFO] [stderr]    Compiling ptr_meta v0.3.2
[INFO] [stderr]    Compiling rancor v0.1.3
[INFO] [stderr]    Compiling bytecheck v0.8.3
[INFO] [stderr]    Compiling rend v0.5.4
[INFO] [stderr]    Compiling rkyv v0.8.18
[INFO] [stderr]    Compiling isr-core v0.8.0
[INFO] [stderr]    Compiling isr-macros v0.8.0
[INFO] [stderr]    Compiling isr v0.8.0 (/opt/rustwide/workdir)
[INFO] [stderr]     Finished `release` profile [optimized + debuginfo] target(s) in 22.33s
[INFO] running `Command { std: "docker" "inspect" "ea35a00f6ce74b08e1138f0d0fadd3414e5364d9caf7f8149fa1f0dbda566410", kill_on_drop: false }`
[INFO] running `Command { std: "docker" "exec" "-e" "SOURCE_DIR=/opt/rustwide/workdir" "-e" "CARGO_HOME=/opt/rustwide/cargo-home" "-e" "RUSTUP_HOME=/opt/rustwide/rustup-home" "-e" "CARGO_TARGET_DIR=/opt/rustwide/target" "-e" "CARGO_INCREMENTAL=0" "-e" "RUST_BACKTRACE=full" "-e" "RUSTFLAGS=--cap-lints=warn" "-e" "RUSTDOCFLAGS=--cap-lints=warn" "-w" "/opt/rustwide/workdir" "--user" "0:0" "ea35a00f6ce74b08e1138f0d0fadd3414e5364d9caf7f8149fa1f0dbda566410" "/opt/rustwide/cargo-home/bin/cargo" "+1.99.0-beta.8" "test" "--frozen" "--no-run" "--message-format=json" "--release", kill_on_drop: false }`
[INFO] [stderr]    Compiling libc v0.2.189
[INFO] [stderr]    Compiling portable-atomic v1.15.0
[INFO] [stderr]    Compiling unicode-width v0.2.2
[INFO] [stderr]    Compiling unit-prefix v0.5.2
[INFO] [stderr]    Compiling console v0.16.4
[INFO] [stderr]    Compiling indicatif v0.18.6
[INFO] [stderr]    Compiling isr v0.8.0 (/opt/rustwide/workdir)
[INFO] [stderr]     Finished `release` profile [optimized + debuginfo] target(s) in 5.90s
[INFO] running `Command { std: "docker" "inspect" "ea35a00f6ce74b08e1138f0d0fadd3414e5364d9caf7f8149fa1f0dbda566410", kill_on_drop: false }`
[INFO] running `Command { std: "docker" "exec" "-e" "SOURCE_DIR=/opt/rustwide/workdir" "-e" "CARGO_HOME=/opt/rustwide/cargo-home" "-e" "RUSTUP_HOME=/opt/rustwide/rustup-home" "-e" "CARGO_TARGET_DIR=/opt/rustwide/target" "-e" "CARGO_INCREMENTAL=0" "-e" "RUST_BACKTRACE=full" "-e" "RUSTFLAGS=--cap-lints=warn" "-e" "RUSTDOCFLAGS=--cap-lints=warn" "-w" "/opt/rustwide/workdir" "--user" "0:0" "ea35a00f6ce74b08e1138f0d0fadd3414e5364d9caf7f8149fa1f0dbda566410" "/opt/rustwide/cargo-home/bin/cargo" "+1.99.0-beta.8" "test" "--frozen" "--release", kill_on_drop: false }`
[INFO] [stderr]     Finished `release` profile [optimized + debuginfo] target(s) in 0.12s
[INFO] [stderr]      Running unittests src/lib.rs (/opt/rustwide/target/release/deps/isr-b923861e4cf97de0)
[INFO] [stdout] 
[INFO] [stdout] running 0 tests
[INFO] [stdout] 
[INFO] [stdout] test result: ok. 0 passed; 0 failed; 0 ignored; 0 measured; 0 filtered out; finished in 0.00s
[INFO] [stdout] 
[INFO] [stderr]    Doc-tests isr
[INFO] [stdout] 
[INFO] [stdout] running 1 test
[INFO] [stdout] test src/lib.rs - (line 35) - compile ... FAILED
[INFO] [stdout] 
[INFO] [stdout] failures:
[INFO] [stdout] 
[INFO] [stdout] ---- src/lib.rs - (line 35) stdout ----
[INFO] [stdout] error[E0433]: cannot find `download` in `isr`
[INFO] [stdout]    --> src/lib.rs:38:5
[INFO] [stdout]     |
[INFO] [stdout]  38 |     download::windows::CodeView,
[INFO] [stdout]     |     ^^^^^^^^ could not find `download` in `isr`
[INFO] [stdout]     |
[INFO] [stdout] note: found an item that was configured out
[INFO] [stdout]    --> src/lib.rs:137:9
[INFO] [stdout]     |
[INFO] [stdout] 136 | #[cfg(any(feature = "dl-linux", feature = "dl-windows"))]
[INFO] [stdout]     |          ---------------------------------------------- the item is gated here
[INFO] [stdout] 137 | pub mod download {
[INFO] [stdout]     |         ^^^^^^^^
[INFO] [stdout] 
[INFO] [stdout] error[E0432]: unresolved import `isr::IsrCache`
[INFO] [stdout]    --> src/lib.rs:40:5
[INFO] [stdout]     |
[INFO] [stdout]  40 |     IsrCache,
[INFO] [stdout]     |     ^^^^^^^^ no `IsrCache` in the root
[INFO] [stdout]     |
[INFO] [stdout] note: found an item that was configured out
[INFO] [stdout]    --> src/lib.rs:120:22
[INFO] [stdout]     |
[INFO] [stdout] 118 | #[cfg(feature = "cache")]
[INFO] [stdout]     |       ----------------- the item is gated behind the `cache` feature
[INFO] [stdout] 119 | #[doc(inline)]
[INFO] [stdout] 120 | pub use self::cache::IsrCache;
[INFO] [stdout]     |                      ^^^^^^^^
[INFO] [stdout] 
[INFO] [stdout] error: aborting due to 2 previous errors
[INFO] [stdout] 
[INFO] [stdout] Some errors have detailed explanations: E0432, E0433.
[INFO] [stdout] For more information about an error, try `rustc --explain E0432`.
[INFO] [stdout] Couldn't compile the test.
[INFO] [stdout] 
[INFO] [stdout] failures:
[INFO] [stdout]     src/lib.rs - (line 35)
[INFO] [stdout] 
[INFO] [stdout] test result: FAILED. 0 passed; 1 failed; 0 ignored; 0 measured; 0 filtered out; finished in 0.11s
[INFO] [stdout] 
[INFO] [stdout] all doctests ran in 0.24s; merged doctests compilation took 0.12s
[INFO] [stderr] error: doctest failed, to rerun pass `--doc`
[INFO] running `Command { std: "docker" "inspect" "ea35a00f6ce74b08e1138f0d0fadd3414e5364d9caf7f8149fa1f0dbda566410", kill_on_drop: false }`
[INFO] running `Command { std: "docker" "rm" "-f" "ea35a00f6ce74b08e1138f0d0fadd3414e5364d9caf7f8149fa1f0dbda566410", kill_on_drop: false }`
[INFO] [stdout] ea35a00f6ce74b08e1138f0d0fadd3414e5364d9caf7f8149fa1f0dbda566410
