[INFO] fetching crate isotarp 0.1.12...
[INFO] testing isotarp-0.1.12 against 1.99.0-beta.8+cargoflags=--release for beta-release-1.100-2
[INFO] extracting crate isotarp 0.1.12 into /workspace/builds/worker-5-tc1/source
[INFO] started tweaking crates.io crate isotarp 0.1.12
[INFO] removed 0 missing tests
[INFO] finished tweaking crates.io crate isotarp 0.1.12
[INFO] tweaked toml for crates.io crate isotarp 0.1.12 written to /workspace/builds/worker-5-tc1/source/Cargo.toml
[INFO] validating manifest of crates.io crate isotarp 0.1.12 on toolchain 1.99.0-beta.8
[INFO] running `Command { std: CARGO_HOME="/workspace/cargo-home" RUSTUP_HOME="/workspace/rustup-home" "/workspace/cargo-home/bin/cargo" "+1.99.0-beta.8" "metadata" "--manifest-path" "Cargo.toml" "--no-deps", kill_on_drop: false }`
[INFO] crate crates.io crate isotarp 0.1.12 already has a lockfile, it will not be regenerated
[INFO] running `Command { std: CARGO_HOME="/workspace/cargo-home" RUSTUP_HOME="/workspace/rustup-home" "/workspace/cargo-home/bin/cargo" "+1.99.0-beta.8" "fetch" "--manifest-path" "Cargo.toml", kill_on_drop: false }`
[INFO] [stderr]     Blocking waiting for file lock on package cache
[INFO] [stderr]     Updating crates.io index
[INFO] [stderr]  Downloading crates ...
[INFO] [stderr]   Downloaded cargo-husky v1.5.0
[INFO] running `Command { std: "docker" "create" "-v" "/var/lib/crater-agent-workspace/builds/worker-5-tc1/source:/opt/rustwide/workdir:ro,Z" "-v" "/var/lib/crater-agent-workspace/builds/worker-5-tc1/target:/opt/rustwide/target:rw,Z" "-v" "/var/lib/crater-agent-workspace/cargo-home:/opt/rustwide/cargo-home:ro,Z" "-v" "/var/lib/crater-agent-workspace/rustup-home:/opt/rustwide/rustup-home:ro,Z" "-m" "1610612736" "--network" "none" "ghcr.io/rust-lang/crates-build-env/linux@sha256:77db811e55d90add9212f6832c23229e3de5f1c1f9905e8cb07319ea15df73ac" "sleep" "infinity", kill_on_drop: false }`
[INFO] [stdout] 182c5cf2840986b60c0e222257fcc0c06c80249d4c95997a4f319a6ebc5901ce
[INFO] running `Command { std: "docker" "start" "182c5cf2840986b60c0e222257fcc0c06c80249d4c95997a4f319a6ebc5901ce", kill_on_drop: false }`
[INFO] running `Command { std: "docker" "inspect" "182c5cf2840986b60c0e222257fcc0c06c80249d4c95997a4f319a6ebc5901ce", kill_on_drop: false }`
[INFO] running `Command { std: "docker" "exec" "-e" "SOURCE_DIR=/opt/rustwide/workdir" "-e" "CARGO_HOME=/opt/rustwide/cargo-home" "-e" "RUSTUP_HOME=/opt/rustwide/rustup-home" "-e" "CARGO_TARGET_DIR=/opt/rustwide/target" "-w" "/opt/rustwide/workdir" "--user" "0:0" "182c5cf2840986b60c0e222257fcc0c06c80249d4c95997a4f319a6ebc5901ce" "/opt/rustwide/cargo-home/bin/cargo" "+1.99.0-beta.8" "metadata" "--no-deps" "--format-version=1", kill_on_drop: false }`
[INFO] running `Command { std: "docker" "inspect" "182c5cf2840986b60c0e222257fcc0c06c80249d4c95997a4f319a6ebc5901ce", kill_on_drop: false }`
[INFO] running `Command { std: "docker" "exec" "-e" "SOURCE_DIR=/opt/rustwide/workdir" "-e" "CARGO_HOME=/opt/rustwide/cargo-home" "-e" "RUSTUP_HOME=/opt/rustwide/rustup-home" "-e" "CARGO_TARGET_DIR=/opt/rustwide/target" "-e" "CARGO_INCREMENTAL=0" "-e" "RUST_BACKTRACE=full" "-e" "RUSTFLAGS=--cap-lints=warn" "-e" "RUSTDOCFLAGS=--cap-lints=warn" "-w" "/opt/rustwide/workdir" "--user" "0:0" "182c5cf2840986b60c0e222257fcc0c06c80249d4c95997a4f319a6ebc5901ce" "/opt/rustwide/cargo-home/bin/cargo" "+1.99.0-beta.8" "build" "--frozen" "--message-format=json" "--release", kill_on_drop: false }`
[INFO] [stderr]    Compiling wildmatch v2.4.0
[INFO] [stderr]    Compiling clap_builder v4.5.37
[INFO] [stderr]    Compiling num_cpus v1.16.0
[INFO] [stderr]    Compiling serde v1.0.219
[INFO] [stderr]    Compiling rayon v1.10.0
[INFO] [stderr]    Compiling clap v4.5.37
[INFO] [stderr]    Compiling serde_json v1.0.140
[INFO] [stderr]    Compiling isotarp v0.1.12 (/opt/rustwide/workdir)
[INFO] [stderr]     Finished `release` profile [optimized] target(s) in 13.03s
[INFO] running `Command { std: "docker" "inspect" "182c5cf2840986b60c0e222257fcc0c06c80249d4c95997a4f319a6ebc5901ce", kill_on_drop: false }`
[INFO] running `Command { std: "docker" "exec" "-e" "SOURCE_DIR=/opt/rustwide/workdir" "-e" "CARGO_HOME=/opt/rustwide/cargo-home" "-e" "RUSTUP_HOME=/opt/rustwide/rustup-home" "-e" "CARGO_TARGET_DIR=/opt/rustwide/target" "-e" "CARGO_INCREMENTAL=0" "-e" "RUST_BACKTRACE=full" "-e" "RUSTFLAGS=--cap-lints=warn" "-e" "RUSTDOCFLAGS=--cap-lints=warn" "-w" "/opt/rustwide/workdir" "--user" "0:0" "182c5cf2840986b60c0e222257fcc0c06c80249d4c95997a4f319a6ebc5901ce" "/opt/rustwide/cargo-home/bin/cargo" "+1.99.0-beta.8" "test" "--frozen" "--no-run" "--message-format=json" "--release", kill_on_drop: false }`
[INFO] [stderr]    Compiling cargo-husky v1.5.0
[INFO] [stderr]    Compiling isotarp v0.1.12 (/opt/rustwide/workdir)
[INFO] [stderr]     Finished `release` profile [optimized] target(s) in 1.45s
[INFO] running `Command { std: "docker" "inspect" "182c5cf2840986b60c0e222257fcc0c06c80249d4c95997a4f319a6ebc5901ce", kill_on_drop: false }`
[INFO] running `Command { std: "docker" "exec" "-e" "SOURCE_DIR=/opt/rustwide/workdir" "-e" "CARGO_HOME=/opt/rustwide/cargo-home" "-e" "RUSTUP_HOME=/opt/rustwide/rustup-home" "-e" "CARGO_TARGET_DIR=/opt/rustwide/target" "-e" "CARGO_INCREMENTAL=0" "-e" "RUST_BACKTRACE=full" "-e" "RUSTFLAGS=--cap-lints=warn" "-e" "RUSTDOCFLAGS=--cap-lints=warn" "-w" "/opt/rustwide/workdir" "--user" "0:0" "182c5cf2840986b60c0e222257fcc0c06c80249d4c95997a4f319a6ebc5901ce" "/opt/rustwide/cargo-home/bin/cargo" "+1.99.0-beta.8" "test" "--frozen" "--release", kill_on_drop: false }`
[INFO] [stderr]     Finished `release` profile [optimized] target(s) in 0.07s
[INFO] [stderr]      Running unittests src/lib.rs (/opt/rustwide/target/release/deps/isotarp-85c91f07ec88c55b)
[INFO] [stderr]      Running unittests src/main.rs (/opt/rustwide/target/release/deps/isotarp-4e9cc3c3c6b4d42a)
[INFO] [stdout] 
[INFO] [stdout] running 0 tests
[INFO] [stdout] 
[INFO] [stdout] test result: ok. 0 passed; 0 failed; 0 ignored; 0 measured; 0 filtered out; finished in 0.00s
[INFO] [stdout] 
[INFO] [stdout] 
[INFO] [stdout] running 0 tests
[INFO] [stdout] 
[INFO] [stdout] test result: ok. 0 passed; 0 failed; 0 ignored; 0 measured; 0 filtered out; finished in 0.00s
[INFO] [stdout] 
[INFO] [stderr]      Running tests/cli.rs (/opt/rustwide/target/release/deps/cli-3a67c3f92d665ffb)
[INFO] [stdout] 
[INFO] [stdout] running 10 tests
[INFO] [stdout] test test_exact_match ... ok
[INFO] [stdout] test test_no_match ... ok
[INFO] [stdout] test test_non_prefixed_exact_match ... ok
[INFO] [stdout] test test_duplicate_matches ... ok
[INFO] [stdout] test test_wildcard_all_tests ... ok
[INFO] [stdout] test test_question_mark_wildcard ... ok
[INFO] [stdout] test test_multiple_patterns ... ok
[INFO] [stdout] test test_wildcard_module_prefix ... ok
[INFO] [stdout] test test_wildcard_non_prefixed_specific ... ok
[INFO] [stdout] test test_wildcard_specific_prefix ... ok
[INFO] [stdout] 
[INFO] [stdout] test result: ok. 10 passed; 0 failed; 0 ignored; 0 measured; 0 filtered out; finished in 0.00s
[INFO] [stdout] 
[INFO] [stderr]      Running tests/integration_tests.rs (/opt/rustwide/target/release/deps/integration_tests-483590761e2d0db9)
[INFO] [stdout] 
[INFO] [stdout] running 1 test
[INFO] [stdout] test test_coverage_analysis_demo_lib ... FAILED
[INFO] [stdout] 
[INFO] [stdout] failures:
[INFO] [stdout] 
[INFO] [stdout] ---- test_coverage_analysis_demo_lib stdout ----
[INFO] [stdout] 
[INFO] [stdout] thread 'test_coverage_analysis_demo_lib' (447) panicked at tests/integration_tests.rs:9:5:
[INFO] [stdout] Test fixtures directory doesn't exist
[INFO] [stdout] stack backtrace:
[INFO] [stdout]    0:     0x5f1ddbf104b1 - <<std[70759c8f55707aa4]::sys::backtrace::BacktraceLock>::print::DisplayBacktrace as core[df12db4294e9bfd3]::fmt::Display>::fmt
[INFO] [stdout]    1:     0x5f1ddbf250ca - core[df12db4294e9bfd3]::fmt::write
[INFO] [stdout]    2:     0x5f1ddbf14bac - <alloc[2182bb758b4b3781]::vec::Vec<u8> as core[df12db4294e9bfd3]::io::write::Write>::write_fmt
[INFO] [stdout]    3:     0x5f1ddbeebb76 - std[70759c8f55707aa4]::panicking::default_hook::{closure#0}
[INFO] [stdout]    4:     0x5f1ddbf080f9 - std[70759c8f55707aa4]::panicking::default_hook
[INFO] [stdout]    5:     0x5f1ddbea3aa0 - test[9d35eded1c95d3be]::test_main_inner::<test[9d35eded1c95d3be]::test_main_static::{closure#0}>::{closure#0}
[INFO] [stdout]    6:     0x5f1ddbf082b2 - std[70759c8f55707aa4]::panicking::panic_with_hook
[INFO] [stdout]    7:     0x5f1ddbeebc54 - std[70759c8f55707aa4]::panicking::panic_handler::{closure#0}
[INFO] [stdout]    8:     0x5f1ddbee4769 - std[70759c8f55707aa4]::sys::backtrace::__rust_end_short_backtrace::<std[70759c8f55707aa4]::panicking::panic_handler::{closure#0}, !>
[INFO] [stdout]    9:     0x5f1ddbeec81d - __rustc[8fa7c3cbc660c2b3]::rust_begin_unwind
[INFO] [stdout]   10:     0x5f1ddbf257fc - core[df12db4294e9bfd3]::panicking::panic_fmt
[INFO] [stdout]   11:     0x5f1ddbe92e99 - <integration_tests[5d6c8cca9a4a679e]::test_coverage_analysis_demo_lib::{closure#0} as core[df12db4294e9bfd3]::ops::function::FnOnce<()>>::call_once
[INFO] [stdout]   12:     0x5f1ddbe96d8b - test[9d35eded1c95d3be]::__rust_begin_short_backtrace::<core[df12db4294e9bfd3]::result::Result<(), alloc[2182bb758b4b3781]::string::String>, fn() -> core[df12db4294e9bfd3]::result::Result<(), alloc[2182bb758b4b3781]::string::String>>
[INFO] [stdout]   13:     0x5f1ddbea43f5 - test[9d35eded1c95d3be]::run_test::{closure#0}
[INFO] [stdout]   14:     0x5f1ddbe9dcb4 - std[70759c8f55707aa4]::sys::backtrace::__rust_begin_short_backtrace::<test[9d35eded1c95d3be]::run_test::{closure#1}, ()>
[INFO] [stdout]   15:     0x5f1ddbea7552 - <std[70759c8f55707aa4]::thread::lifecycle::spawn_unchecked<test[9d35eded1c95d3be]::run_test::{closure#1}, ()>::{closure#1} as core[df12db4294e9bfd3]::ops::function::FnOnce<()>>::call_once::{shim:vtable#0}
[INFO] [stdout]   16:     0x5f1ddbf0fa19 - <std[70759c8f55707aa4]::sys::thread::unix::Thread>::new::thread_start
[INFO] [stdout]   17:     0x71ba1b2b2dfa - <unknown>
[INFO] [stdout]   18:     0x71ba1b3463d4 - clone
[INFO] [stdout]   19:                0x0 - <unknown>
[INFO] [stdout] 
[INFO] [stdout] 
[INFO] [stdout] failures:
[INFO] [stdout]     test_coverage_analysis_demo_lib
[INFO] [stdout] 
[INFO] [stdout] test result: FAILED. 0 passed; 1 failed; 0 ignored; 0 measured; 0 filtered out; finished in 0.00s
[INFO] [stdout] 
[INFO] [stderr] error: test failed, to rerun pass `--test integration_tests`
[INFO] running `Command { std: "docker" "inspect" "182c5cf2840986b60c0e222257fcc0c06c80249d4c95997a4f319a6ebc5901ce", kill_on_drop: false }`
[INFO] running `Command { std: "docker" "rm" "-f" "182c5cf2840986b60c0e222257fcc0c06c80249d4c95997a4f319a6ebc5901ce", kill_on_drop: false }`
[INFO] [stdout] 182c5cf2840986b60c0e222257fcc0c06c80249d4c95997a4f319a6ebc5901ce
