[INFO] fetching crate iso_8583_rs 0.2.2...
[INFO] testing iso_8583_rs-0.2.2 against 1.100.0-beta.1+cargoflags=--release for beta-release-1.100-2
[INFO] extracting crate iso_8583_rs 0.2.2 into /workspace/builds/worker-0-tc2/source
[INFO] started tweaking crates.io crate iso_8583_rs 0.2.2
[INFO] finished tweaking crates.io crate iso_8583_rs 0.2.2
[INFO] tweaked toml for crates.io crate iso_8583_rs 0.2.2 written to /workspace/builds/worker-0-tc2/source/Cargo.toml
[INFO] validating manifest of crates.io crate iso_8583_rs 0.2.2 on toolchain 1.100.0-beta.1
[INFO] running `Command { std: CARGO_HOME="/workspace/cargo-home" RUSTUP_HOME="/workspace/rustup-home" "/workspace/cargo-home/bin/cargo" "+1.100.0-beta.1" "metadata" "--manifest-path" "Cargo.toml" "--no-deps", kill_on_drop: false }`
[INFO] crate crates.io crate iso_8583_rs 0.2.2 already has a lockfile, it will not be regenerated
[INFO] running `Command { std: CARGO_HOME="/workspace/cargo-home" RUSTUP_HOME="/workspace/rustup-home" "/workspace/cargo-home/bin/cargo" "+1.100.0-beta.1" "fetch" "--manifest-path" "Cargo.toml", kill_on_drop: false }`
[INFO] [stderr] warning: `package.homepage` is redundant with `package.repository`
[INFO] [stderr]   --> Cargo.toml:31:12
[INFO] [stderr]    |
[INFO] [stderr] 31 | homepage = "https://github.com/Raa-11/iso8583"
[INFO] [stderr]    |            ^^^^^^^^^^^^^^^^^^^^^^^^^^^^^^^^^^^
[INFO] [stderr] ...
[INFO] [stderr] 37 | repository = "https://github.com/Raa-11/iso8583"
[INFO] [stderr]    |              -----------------------------------
[INFO] [stderr]    |
[INFO] [stderr]    = note: `cargo::redundant_homepage` is set to `warn` by default
[INFO] [stderr] help: consider removing `package.homepage`
[INFO] [stderr] warning: `iso_8583_rs` (manifest) generated 1 warning
[INFO] running `Command { std: "docker" "create" "-v" "/var/lib/crater-agent-workspace/builds/worker-0-tc2/source:/opt/rustwide/workdir:ro,Z" "-v" "/var/lib/crater-agent-workspace/builds/worker-0-tc2/target:/opt/rustwide/target:rw,Z" "-v" "/var/lib/crater-agent-workspace/cargo-home:/opt/rustwide/cargo-home:ro,Z" "-v" "/var/lib/crater-agent-workspace/rustup-home:/opt/rustwide/rustup-home:ro,Z" "-m" "1610612736" "--network" "none" "ghcr.io/rust-lang/crates-build-env/linux@sha256:77db811e55d90add9212f6832c23229e3de5f1c1f9905e8cb07319ea15df73ac" "sleep" "infinity", kill_on_drop: false }`
[INFO] [stdout] 75ec52cf0f9a618a2b01a462ca39be46ee0320e81ab86cfc130517e1980f5c05
[INFO] running `Command { std: "docker" "start" "75ec52cf0f9a618a2b01a462ca39be46ee0320e81ab86cfc130517e1980f5c05", kill_on_drop: false }`
[INFO] running `Command { std: "docker" "inspect" "75ec52cf0f9a618a2b01a462ca39be46ee0320e81ab86cfc130517e1980f5c05", kill_on_drop: false }`
[INFO] running `Command { std: "docker" "exec" "-e" "SOURCE_DIR=/opt/rustwide/workdir" "-e" "CARGO_HOME=/opt/rustwide/cargo-home" "-e" "RUSTUP_HOME=/opt/rustwide/rustup-home" "-e" "CARGO_TARGET_DIR=/opt/rustwide/target" "-w" "/opt/rustwide/workdir" "--user" "0:0" "75ec52cf0f9a618a2b01a462ca39be46ee0320e81ab86cfc130517e1980f5c05" "/opt/rustwide/cargo-home/bin/cargo" "+1.100.0-beta.1" "metadata" "--no-deps" "--format-version=1", kill_on_drop: false }`
[INFO] running `Command { std: "docker" "inspect" "75ec52cf0f9a618a2b01a462ca39be46ee0320e81ab86cfc130517e1980f5c05", kill_on_drop: false }`
[INFO] running `Command { std: "docker" "exec" "-e" "SOURCE_DIR=/opt/rustwide/workdir" "-e" "CARGO_HOME=/opt/rustwide/cargo-home" "-e" "RUSTUP_HOME=/opt/rustwide/rustup-home" "-e" "CARGO_TARGET_DIR=/opt/rustwide/target" "-e" "CARGO_INCREMENTAL=0" "-e" "RUST_BACKTRACE=full" "-e" "RUSTFLAGS=--cap-lints=warn" "-e" "RUSTDOCFLAGS=--cap-lints=warn" "-w" "/opt/rustwide/workdir" "--user" "0:0" "75ec52cf0f9a618a2b01a462ca39be46ee0320e81ab86cfc130517e1980f5c05" "/opt/rustwide/cargo-home/bin/cargo" "+1.100.0-beta.1" "build" "--frozen" "--message-format=json" "--release", kill_on_drop: false }`
[INFO] [stderr] warning: `package.homepage` is redundant with `package.repository`
[INFO] [stderr]   --> Cargo.toml:31:12
[INFO] [stderr]    |
[INFO] [stderr] 31 | homepage = "https://github.com/Raa-11/iso8583"
[INFO] [stderr]    |            ^^^^^^^^^^^^^^^^^^^^^^^^^^^^^^^^^^^
[INFO] [stderr] ...
[INFO] [stderr] 37 | repository = "https://github.com/Raa-11/iso8583"
[INFO] [stderr]    |              -----------------------------------
[INFO] [stderr]    |
[INFO] [stderr]    = note: `cargo::redundant_homepage` is set to `warn` by default
[INFO] [stderr] help: consider removing `package.homepage`
[INFO] [stderr] warning: `iso_8583_rs` (manifest) generated 1 warning
[INFO] [stderr]    Compiling rustversion v1.0.23
[INFO] [stderr]    Compiling proc-macro2 v1.0.107
[INFO] [stderr]    Compiling unicode-ident v1.0.26
[INFO] [stderr]    Compiling quote v1.0.47
[INFO] [stderr]    Compiling serde_core v1.0.229
[INFO] [stderr]    Compiling autocfg v1.5.1
[INFO] [stderr]    Compiling simdutf8 v0.1.5
[INFO] [stderr]    Compiling zmij v1.0.23
[INFO] [stderr]    Compiling cfg-if v1.0.5
[INFO] [stderr]    Compiling scopeguard v1.2.0
[INFO] [stderr]    Compiling multiversion_no_op v1.0.0
[INFO] [stderr]    Compiling core_detect v1.0.0
[INFO] [stderr]    Compiling serde v1.0.229
[INFO] [stderr]    Compiling arraydeque v0.5.1
[INFO] [stderr]    Compiling anstyle v1.0.14
[INFO] [stderr]    Compiling unicode-width v0.2.2
[INFO] [stderr]    Compiling num-traits v0.2.19
[INFO] [stderr]    Compiling smallvec v1.16.2
[INFO] [stderr]    Compiling annotate-snippets v0.12.16
[INFO] [stderr]    Compiling nohash-hasher v0.2.0
[INFO] [stderr]    Compiling encoding_rs v0.8.42
[INFO] [stderr]    Compiling base64 v0.23.1
[INFO] [stderr]    Compiling granit-parser v1.3.0
[INFO] [stderr]    Compiling syn v3.0.6
[INFO] [stderr]    Compiling encoding_rs_io v0.1.8
[INFO] [stderr]    Compiling serde-saphyr v1.3.0
[INFO] [stderr]    Compiling serde_derive v1.0.229
[INFO] [stderr]    Compiling iso_8583_rs v0.2.2 (/opt/rustwide/workdir)
[INFO] [stderr]     Finished `release` profile [optimized] target(s) in 35.65s
[INFO] running `Command { std: "docker" "inspect" "75ec52cf0f9a618a2b01a462ca39be46ee0320e81ab86cfc130517e1980f5c05", kill_on_drop: false }`
[INFO] running `Command { std: "docker" "exec" "-e" "SOURCE_DIR=/opt/rustwide/workdir" "-e" "CARGO_HOME=/opt/rustwide/cargo-home" "-e" "RUSTUP_HOME=/opt/rustwide/rustup-home" "-e" "CARGO_TARGET_DIR=/opt/rustwide/target" "-e" "CARGO_INCREMENTAL=0" "-e" "RUST_BACKTRACE=full" "-e" "RUSTFLAGS=--cap-lints=warn" "-e" "RUSTDOCFLAGS=--cap-lints=warn" "-w" "/opt/rustwide/workdir" "--user" "0:0" "75ec52cf0f9a618a2b01a462ca39be46ee0320e81ab86cfc130517e1980f5c05" "/opt/rustwide/cargo-home/bin/cargo" "+1.100.0-beta.1" "test" "--frozen" "--no-run" "--message-format=json" "--release", kill_on_drop: false }`
[INFO] [stderr] warning: `package.homepage` is redundant with `package.repository`
[INFO] [stderr]   --> Cargo.toml:31:12
[INFO] [stderr]    |
[INFO] [stderr] 31 | homepage = "https://github.com/Raa-11/iso8583"
[INFO] [stderr]    |            ^^^^^^^^^^^^^^^^^^^^^^^^^^^^^^^^^^^
[INFO] [stderr] ...
[INFO] [stderr] 37 | repository = "https://github.com/Raa-11/iso8583"
[INFO] [stderr]    |              -----------------------------------
[INFO] [stderr]    |
[INFO] [stderr]    = note: `cargo::redundant_homepage` is set to `warn` by default
[INFO] [stderr] help: consider removing `package.homepage`
[INFO] [stderr] warning: `iso_8583_rs` (manifest) generated 1 warning
[INFO] [stderr]    Compiling proc-macro2 v1.0.107
[INFO] [stderr]    Compiling quote v1.0.47
[INFO] [stderr]    Compiling libc v0.2.189
[INFO] [stderr]    Compiling stable_deref_trait v1.2.1
[INFO] [stderr]    Compiling shlex v2.0.1
[INFO] [stderr]    Compiling find-msvc-tools v0.1.14
[INFO] [stderr]    Compiling itoa v1.0.18
[INFO] [stderr]    Compiling bytes v1.12.1
[INFO] [stderr]    Compiling pin-project-lite v0.2.17
[INFO] [stderr]    Compiling smallvec v1.16.2
[INFO] [stderr]    Compiling serde_core v1.0.229
[INFO] [stderr]    Compiling futures-core v0.3.34
[INFO] [stderr]    Compiling cc v1.5.1
[INFO] [stderr]    Compiling pkg-config v0.3.34
[INFO] [stderr]    Compiling vcpkg v0.2.15
[INFO] [stderr]    Compiling litemap v0.8.3
[INFO] [stderr]    Compiling serde v1.0.229
[INFO] [stderr]    Compiling writeable v0.6.4
[INFO] [stderr]    Compiling http v1.5.0
[INFO] [stderr]    Compiling icu_properties_data v2.3.0
[INFO] [stderr]    Compiling syn v3.0.6
[INFO] [stderr]    Compiling syn v2.0.119
[INFO] [stderr]    Compiling utf8_iter v1.0.4
[INFO] [stderr]    Compiling slab v0.4.12
[INFO] [stderr]    Compiling icu_normalizer_data v2.3.0
[INFO] [stderr]    Compiling once_cell v1.21.4
[INFO] [stderr]    Compiling equivalent v1.0.2
[INFO] [stderr]    Compiling hashbrown v0.17.1
[INFO] [stderr]    Compiling percent-encoding v2.3.2
[INFO] [stderr]    Compiling tracing-core v0.1.36
[INFO] [stderr]    Compiling socket2 v0.6.5
[INFO] [stderr]    Compiling mio v1.2.3
[INFO] [stderr]    Compiling openssl-sys v0.9.117
[INFO] [stderr]    Compiling indexmap v2.14.2
[INFO] [stderr]    Compiling http-body v1.1.0
[INFO] [stderr]    Compiling tokio v1.53.1
[INFO] [stderr]    Compiling futures-task v0.3.34
[INFO] [stderr]    Compiling openssl v0.10.81
[INFO] [stderr]    Compiling httparse v1.10.1
[INFO] [stderr]    Compiling futures-sink v0.3.34
[INFO] [stderr]    Compiling bitflags v2.13.2
[INFO] [stderr]    Compiling crossbeam-utils v0.8.23
[INFO] [stderr]    Compiling foreign-types-shared v0.1.1
[INFO] [stderr]    Compiling foreign-types v0.3.2
[INFO] [stderr]    Compiling futures-util v0.3.34
[INFO] [stderr]    Compiling tracing v0.1.44
[INFO] [stderr]    Compiling anstyle v1.0.14
[INFO] [stderr]    Compiling tower-service v0.3.3
[INFO] [stderr]    Compiling native-tls v0.2.18
[INFO] [stderr]    Compiling fnv v1.0.7
[INFO] [stderr]    Compiling atomic-waker v1.1.2
[INFO] [stderr]    Compiling try-lock v0.2.5
[INFO] [stderr]    Compiling zerocopy v0.8.59
[INFO] [stderr]    Compiling crossbeam-epoch v0.9.21
[INFO] [stderr]    Compiling want v0.3.1
[INFO] [stderr]    Compiling form_urlencoded v1.2.2
[INFO] [stderr]    Compiling futures-channel v0.3.34
[INFO] [stderr]    Compiling log v0.4.34
[INFO] [stderr]    Compiling synstructure v0.14.0
[INFO] [stderr]    Compiling openssl-probe v0.2.1
[INFO] [stderr]    Compiling memchr v2.8.3
[INFO] [stderr]    Compiling crossbeam-deque v0.8.8
[INFO] [stderr]    Compiling anyhow v1.0.104
[INFO] [stderr]    Compiling sync_wrapper v1.0.2
[INFO] [stderr]    Compiling ryu v1.0.23
[INFO] [stderr]    Compiling ipnet v2.12.2
[INFO] [stderr]    Compiling serde_json v1.0.151
[INFO] [stderr]    Compiling either v1.18.0
[INFO] [stderr]    Compiling tower-layer v0.3.3
[INFO] [stderr]    Compiling rayon-core v1.13.0
[INFO] [stderr]    Compiling version_check v0.9.5
[INFO] [stderr]    Compiling zerofrom-derive v0.1.8
[INFO] [stderr]    Compiling yoke-derive v0.8.3
[INFO] [stderr]    Compiling zerovec-derive v0.11.6
[INFO] [stderr]    Compiling displaydoc v0.2.7
[INFO] [stderr]    Compiling serde_derive v1.0.229
[INFO] [stderr]    Compiling serde_yml v0.0.12
[INFO] [stderr]    Compiling openssl-macros v0.1.1
[INFO] [stderr]    Compiling zerocopy-derive v0.8.59
[INFO] [stderr]    Compiling http-body-util v0.1.5
[INFO] [stderr]    Compiling zerofrom v0.1.8
[INFO] [stderr]    Compiling yoke v0.8.3
[INFO] [stderr]    Compiling alloca v0.4.0
[INFO] [stderr]    Compiling clap_lex v1.1.1
[INFO] [stderr]    Compiling zerotrie v0.2.5
[INFO] [stderr]    Compiling ciborium-io v0.2.2
[INFO] [stderr]    Compiling plotters-backend v0.3.7
[INFO] [stderr]    Compiling regex-syntax v0.8.11
[INFO] [stderr]    Compiling zerovec v0.11.8
[INFO] [stderr]    Compiling zeroize v1.9.0
[INFO] [stderr]    Compiling plotters-svg v0.3.7
[INFO] [stderr]    Compiling rustls-pki-types v1.15.1
[INFO] [stderr]    Compiling annotate-snippets v0.12.16
[INFO] [stderr]    Compiling tinystr v0.8.4
[INFO] [stderr]    Compiling icu_locale_core v2.3.0
[INFO] [stderr]    Compiling potential_utf v0.1.6
[INFO] [stderr]    Compiling icu_collections v2.3.0
[INFO] [stderr]    Compiling tokio-util v0.7.19
[INFO] [stderr]    Compiling icu_provider v2.3.1
[INFO] [stderr]    Compiling icu_properties v2.3.0
[INFO] [stderr]    Compiling icu_normalizer v2.3.0
[INFO] [stderr]    Compiling h2 v0.4.19
[INFO] [stderr]    Compiling tower v0.5.3
[INFO] [stderr]    Compiling serde_urlencoded v0.7.1
[INFO] [stderr]    Compiling regex-automata v0.4.18
[INFO] [stderr]    Compiling tokio-native-tls v0.3.1
[INFO] [stderr]    Compiling clap_builder v4.6.7
[INFO] [stderr]    Compiling granit-parser v1.3.0
[INFO] [stderr]    Compiling libyml v0.0.5
[INFO] [stderr]    Compiling idna_adapter v1.2.2
[INFO] [stderr]    Compiling idna v1.1.0
[INFO] [stderr]    Compiling url v2.5.8
[INFO] [stderr]    Compiling tower-http v0.6.11
[INFO] [stderr]    Compiling hyper v1.11.1
[INFO] [stderr]    Compiling half v2.7.1
[INFO] [stderr]    Compiling itertools v0.13.0
[INFO] [stderr]    Compiling ciborium-ll v0.2.2
[INFO] [stderr]    Compiling base64 v0.22.1
[INFO] [stderr]    Compiling mime v0.3.17
[INFO] [stderr]    Compiling same-file v1.0.6
[INFO] [stderr]    Compiling cpufeatures v0.2.17
[INFO] [stderr]    Compiling cast v0.3.0
[INFO] [stderr]    Compiling const-hex v1.19.3
[INFO] [stderr]    Compiling walkdir v2.5.0
[INFO] [stderr]    Compiling ciborium v0.2.2
[INFO] [stderr]    Compiling hyper-util v0.1.21
[INFO] [stderr]    Compiling serde-saphyr v1.3.0
[INFO] [stderr]    Compiling tinytemplate v1.2.1
[INFO] [stderr]    Compiling criterion-plot v0.8.2
[INFO] [stderr]    Compiling clap v4.6.7
[INFO] [stderr]    Compiling rayon v1.12.0
[INFO] [stderr]    Compiling regex v1.13.1
[INFO] [stderr]    Compiling plotters v0.3.7
[INFO] [stderr]    Compiling page_size v0.6.0
[INFO] [stderr]    Compiling oorandom v11.1.5
[INFO] [stderr]    Compiling hyper-tls v0.6.0
[INFO] [stderr]    Compiling reqwest v0.12.28
[INFO] [stderr]    Compiling anes v0.1.6
[INFO] [stderr]    Compiling iso_8583_rs v0.1.1
[INFO] [stderr]    Compiling iso_8583_rs v0.2.2 (/opt/rustwide/workdir)
[INFO] [stderr]    Compiling criterion v0.8.2
[INFO] [stderr]     Finished `release` profile [optimized] target(s) in 3m 10s
[INFO] running `Command { std: "docker" "inspect" "75ec52cf0f9a618a2b01a462ca39be46ee0320e81ab86cfc130517e1980f5c05", kill_on_drop: false }`
[INFO] running `Command { std: "docker" "exec" "-e" "SOURCE_DIR=/opt/rustwide/workdir" "-e" "CARGO_HOME=/opt/rustwide/cargo-home" "-e" "RUSTUP_HOME=/opt/rustwide/rustup-home" "-e" "CARGO_TARGET_DIR=/opt/rustwide/target" "-e" "CARGO_INCREMENTAL=0" "-e" "RUST_BACKTRACE=full" "-e" "RUSTFLAGS=--cap-lints=warn" "-e" "RUSTDOCFLAGS=--cap-lints=warn" "-w" "/opt/rustwide/workdir" "--user" "0:0" "75ec52cf0f9a618a2b01a462ca39be46ee0320e81ab86cfc130517e1980f5c05" "/opt/rustwide/cargo-home/bin/cargo" "+1.100.0-beta.1" "test" "--frozen" "--release", kill_on_drop: false }`
[INFO] [stderr] warning: `package.homepage` is redundant with `package.repository`
[INFO] [stderr]   --> Cargo.toml:31:12
[INFO] [stderr]    |
[INFO] [stderr] 31 | homepage = "https://github.com/Raa-11/iso8583"
[INFO] [stderr]    |            ^^^^^^^^^^^^^^^^^^^^^^^^^^^^^^^^^^^
[INFO] [stderr] ...
[INFO] [stderr] 37 | repository = "https://github.com/Raa-11/iso8583"
[INFO] [stderr]    |              -----------------------------------
[INFO] [stderr]    |
[INFO] [stderr]    = note: `cargo::redundant_homepage` is set to `warn` by default
[INFO] [stderr] help: consider removing `package.homepage`
[INFO] [stderr] warning: `iso_8583_rs` (manifest) generated 1 warning
[INFO] [stderr]     Finished `release` profile [optimized] target(s) in 0.40s
[INFO] [stderr]      Running unittests src/lib.rs (/opt/rustwide/target/release/build/iso_8583_rs/c76bc8c0071f8d4e/out/iso_8583_rs-c76bc8c0071f8d4e)
[INFO] [stdout] 
[INFO] [stdout] running 10 tests
[INFO] [stdout] test bitmap::tests::hex_roundtrip ... ok
[INFO] [stdout] test length::tests::roundtrip ... ok
[INFO] [stdout] test converter::tests::roundtrip ... ok
[INFO] [stdout] test charset::tests::classes ... ok
[INFO] [stdout] test bitmap::tests::pop_field_iterates_in_order ... ok
[INFO] [stdout] test spec::tests::accepts_mofax_style_spec ... ok
[INFO] [stdout] test spec::tests::rejects_invalid_definitions ... ok
[INFO] [stdout] test validators::tests::mti ... ok
[INFO] [stdout] test charset::tests::swar_matches_bytewise ... ok
[INFO] [stdout] test numeric::tests::swar_matches_std ... ok
[INFO] [stdout] 
[INFO] [stdout] test result: ok. 10 passed; 0 failed; 0 ignored; 0 measured; 0 filtered out; finished in 0.03s
[INFO] [stdout] 
[INFO] [stderr]    Doc-tests iso_8583_rs
[INFO] [stdout] 
[INFO] [stdout] running 45 tests
[INFO] [stdout] test src/builder.rs - builder::Builder<'a>::new (line 53) ... FAILED
[INFO] [stdout] test src/builder.rs - builder::Builder<'a>::pack_into (line 219) ... FAILED
[INFO] [stdout] test src/builder.rs - builder::Builder<'a>::set (line 87) ... FAILED
[INFO] [stdout] test src/builder.rs - builder::Builder<'a>::packed_len (line 136) ... ok
[INFO] [stdout] test src/charset.rs - charset::all_alphanumeric (line 112) ... ok
[INFO] [stdout] test src/charset.rs - charset::all_alpha (line 99) ... ok
[INFO] [stdout] test src/builder.rs - builder::Builder<'a>::pack_to_slice (line 165) ... ok
[INFO] [stdout] test src/builder.rs - builder::Builder (line 12) ... ok
[INFO] [stdout] test src/charset.rs - charset::all_digits (line 35) ... FAILED
[INFO] [stdout] test src/error.rs - error::Error (line 11) ... FAILED
[INFO] [stdout] test src/charset.rs - charset::all_printable (line 55) ... ok
[INFO] [stdout] test src/lib.rs - ReadmeDoctests (line 166) ... ok
[INFO] [stdout] test src/lib.rs - (line 17) ... ok
[INFO] [stdout] test src/lib.rs - ReadmeDoctests (line 275) ... ok
[INFO] [stdout] test src/lib.rs - ReadmeDoctests (line 517) - compile ... ok
[INFO] [stdout] test src/lib.rs - ReadmeDoctests (line 301) ... ok
[INFO] [stdout] test src/lib.rs - ReadmeDoctests (line 252) ... ok
[INFO] [stdout] test src/lib.rs - ReadmeDoctests (line 407) ... FAILED
[INFO] [stdout] test src/lib.rs - ReadmeDoctests (line 339) ... FAILED
[INFO] [stdout] test src/lib.rs - ReadmeDoctests (line 378) ... ok
[INFO] [stdout] test src/lib.rs - ReadmeDoctests (line 441) ... ok
[INFO] [stdout] test src/lib.rs - ReadmeDoctests (line 583) ... ok
[INFO] [stdout] test src/lib.rs - ReadmeDoctests (line 563) ... ok
[INFO] [stdout] test src/lib.rs - ReadmeDoctests (line 485) ... ok
[INFO] [stdout] test src/message.rs - message::Message (line 17) ... ok
[INFO] [stdout] test src/message.rs - message::Message<'a>::get (line 228) ... ok
[INFO] [stdout] test src/message.rs - message::Message<'a>::fields (line 319) ... ok
[INFO] [stdout] test src/message.rs - message::Message<'a>::get_str (line 279) ... ok
[INFO] [stdout] test src/message.rs - message::Message<'a>::get_u64 (line 300) ... ok
[INFO] [stdout] test src/message.rs - message::Message<'a>::has (line 205) ... ok
[INFO] [stdout] test src/message.rs - message::Message<'a>::parse (line 52) ... ok
[INFO] [stdout] test src/message.rs - message::Message<'a>::get_validated (line 259) ... ok
[INFO] [stdout] test src/message.rs - message::Message<'a>::parse_lazy (line 81) ... ok
[INFO] [stdout] test src/message.rs - message::Message<'a>::validate (line 184) ... ok
[INFO] [stdout] test src/spec.rs - spec::CompiledSpec (line 214) ... ok
[INFO] [stdout] test src/numeric.rs - numeric::parse_digits_u64 (line 26) ... ok
[INFO] [stdout] test src/spec.rs - spec::CompiledSpec::compile (line 245) ... ok
[INFO] [stdout] test src/spec.rs - spec::CompiledSpec::from_file (line 305) ... ok
[INFO] [stdout] test src/spec.rs - spec::ContentType::check (line 110) ... ok
[INFO] [stdout] test src/spec.rs - spec::ContentType::parse (line 91) ... ok
[INFO] [stdout] test src/spec.rs - spec::FieldDef (line 135) ... ok
[INFO] [stdout] test src/spec.rs - spec::FieldDef::validate (line 179) ... ok
[INFO] [stdout] test src/spec.rs - spec::LenType::parse (line 30) ... ok
[INFO] [stdout] test src/spec.rs - spec::LenType::prefix_len (line 50) ... ok
[INFO] [stdout] test src/specfile.rs - specfile::spec_from_file (line 57) ... ok
[INFO] [stdout] 
[INFO] [stdout] failures:
[INFO] [stdout] 
[INFO] [stdout] ---- src/builder.rs - builder::Builder<'a>::new (line 53) stdout ----
[INFO] [stdout] Couldn't compile the test.
[INFO] [stdout] ---- src/builder.rs - builder::Builder<'a>::pack_into (line 219) stdout ----
[INFO] [stdout] Couldn't compile the test.
[INFO] [stdout] ---- src/builder.rs - builder::Builder<'a>::set (line 87) stdout ----
[INFO] [stdout] Couldn't compile the test.
[INFO] [stdout] ---- src/charset.rs - charset::all_digits (line 35) stdout ----
[INFO] [stdout] Couldn't compile the test.
[INFO] [stdout] ---- src/error.rs - error::Error (line 11) stdout ----
[INFO] [stdout] Couldn't compile the test.
[INFO] [stdout] ---- src/lib.rs - ReadmeDoctests (line 407) stdout ----
[INFO] [stdout] Couldn't compile the test.
[INFO] [stdout] ---- src/lib.rs - ReadmeDoctests (line 339) stdout ----
[INFO] [stdout] Couldn't compile the test.
[INFO] [stdout] 
[INFO] [stdout] failures:
[INFO] [stdout]     src/builder.rs - builder::Builder<'a>::new (line 53)
[INFO] [stdout]     src/builder.rs - builder::Builder<'a>::pack_into (line 219)
[INFO] [stdout]     src/builder.rs - builder::Builder<'a>::set (line 87)
[INFO] [stdout]     src/charset.rs - charset::all_digits (line 35)
[INFO] [stdout]     src/error.rs - error::Error (line 11)
[INFO] [stdout]     src/lib.rs - ReadmeDoctests (line 339)
[INFO] [stdout]     src/lib.rs - ReadmeDoctests (line 407)
[INFO] [stdout] 
[INFO] [stdout] test result: FAILED. 38 passed; 7 failed; 0 ignored; 0 measured; 0 filtered out; finished in 157.75s
[INFO] [stdout] 
[INFO] [stderr] error: doctest failed, to rerun pass `--doc`
[INFO] running `Command { std: "docker" "inspect" "75ec52cf0f9a618a2b01a462ca39be46ee0320e81ab86cfc130517e1980f5c05", kill_on_drop: false }`
[INFO] running `Command { std: "docker" "rm" "-f" "75ec52cf0f9a618a2b01a462ca39be46ee0320e81ab86cfc130517e1980f5c05", kill_on_drop: false }`
[INFO] [stdout] 75ec52cf0f9a618a2b01a462ca39be46ee0320e81ab86cfc130517e1980f5c05
